[INFO] fetching crate rustorm_dao 0.20.0...
[INFO] testing rustorm_dao-0.20.0 against 1.100.0-beta.1+cargoflags=--release for beta-release-1.100-2
[INFO] extracting crate rustorm_dao 0.20.0 into /workspace/builds/worker-1-tc2/source
[INFO] started tweaking crates.io crate rustorm_dao 0.20.0
[INFO] finished tweaking crates.io crate rustorm_dao 0.20.0
[INFO] tweaked toml for crates.io crate rustorm_dao 0.20.0 written to /workspace/builds/worker-1-tc2/source/Cargo.toml
[INFO] validating manifest of crates.io crate rustorm_dao 0.20.0 on toolchain 1.100.0-beta.1
[INFO] running `Command { std: CARGO_HOME="/workspace/cargo-home" RUSTUP_HOME="/workspace/rustup-home" "/workspace/cargo-home/bin/cargo" "+1.100.0-beta.1" "metadata" "--manifest-path" "Cargo.toml" "--no-deps", kill_on_drop: false }`
[INFO] running `Command { std: CARGO_HOME="/workspace/cargo-home" RUSTUP_HOME="/workspace/rustup-home" "/workspace/cargo-home/bin/cargo" "+1.100.0-beta.1" "generate-lockfile" "--manifest-path" "Cargo.toml", kill_on_drop: false }`
[INFO] [stderr]     Updating crates.io index
[INFO] [stderr]      Locking 66 packages to highest compatible versions
[INFO] [stderr]       Adding base64 v0.9.3 (available: v0.23.1)
[INFO] [stderr]       Adding bigdecimal v0.0.14 (available: v0.4.11)
[INFO] [stderr]       Adding geo v0.4.13 (available: v0.33.1)
[INFO] [stderr]       Adding thiserror v1.0.69 (available: v2.0.21)
[INFO] [stderr]       Adding time v0.1.45 (available: v0.3.55)
[INFO] [stderr]       Adding uuid v0.5.1 (available: v1.28.0)
[INFO] [stderr]       Adding wasi v0.10.0+wasi-snapshot-preview1 (available: v0.10.2+wasi-snapshot-preview1)
[INFO] running `Command { std: CARGO_HOME="/workspace/cargo-home" RUSTUP_HOME="/workspace/rustup-home" "/workspace/cargo-home/bin/cargo" "+1.100.0-beta.1" "fetch" "--manifest-path" "Cargo.toml", kill_on_drop: false }`
[INFO] running `Command { std: "docker" "create" "-v" "/var/lib/crater-agent-workspace/builds/worker-1-tc2/source:/opt/rustwide/workdir:ro,Z" "-v" "/var/lib/crater-agent-workspace/builds/worker-1-tc2/target:/opt/rustwide/target:rw,Z" "-v" "/var/lib/crater-agent-workspace/cargo-home:/opt/rustwide/cargo-home:ro,Z" "-v" "/var/lib/crater-agent-workspace/rustup-home:/opt/rustwide/rustup-home:ro,Z" "-m" "1610612736" "--network" "none" "ghcr.io/rust-lang/crates-build-env/linux@sha256:77db811e55d90add9212f6832c23229e3de5f1c1f9905e8cb07319ea15df73ac" "sleep" "infinity", kill_on_drop: false }`
[INFO] [stdout] e4d3798a64c5d3246fc8afb610ebc5cf21edad701b9325290a466fd3c52e1580
[INFO] running `Command { std: "docker" "start" "e4d3798a64c5d3246fc8afb610ebc5cf21edad701b9325290a466fd3c52e1580", kill_on_drop: false }`
[INFO] running `Command { std: "docker" "inspect" "e4d3798a64c5d3246fc8afb610ebc5cf21edad701b9325290a466fd3c52e1580", kill_on_drop: false }`
[INFO] running `Command { std: "docker" "exec" "-e" "SOURCE_DIR=/opt/rustwide/workdir" "-e" "CARGO_HOME=/opt/rustwide/cargo-home" "-e" "RUSTUP_HOME=/opt/rustwide/rustup-home" "-e" "CARGO_TARGET_DIR=/opt/rustwide/target" "-w" "/opt/rustwide/workdir" "--user" "0:0" "e4d3798a64c5d3246fc8afb610ebc5cf21edad701b9325290a466fd3c52e1580" "/opt/rustwide/cargo-home/bin/cargo" "+1.100.0-beta.1" "metadata" "--no-deps" "--format-version=1", kill_on_drop: false }`
[INFO] running `Command { std: "docker" "inspect" "e4d3798a64c5d3246fc8afb610ebc5cf21edad701b9325290a466fd3c52e1580", kill_on_drop: false }`
[INFO] running `Command { std: "docker" "exec" "-e" "SOURCE_DIR=/opt/rustwide/workdir" "-e" "CARGO_HOME=/opt/rustwide/cargo-home" "-e" "RUSTUP_HOME=/opt/rustwide/rustup-home" "-e" "CARGO_TARGET_DIR=/opt/rustwide/target" "-e" "CARGO_INCREMENTAL=0" "-e" "RUST_BACKTRACE=full" "-e" "RUSTFLAGS=--cap-lints=warn" "-e" "RUSTDOCFLAGS=--cap-lints=warn" "-w" "/opt/rustwide/workdir" "--user" "0:0" "e4d3798a64c5d3246fc8afb610ebc5cf21edad701b9325290a466fd3c52e1580" "/opt/rustwide/cargo-home/bin/cargo" "+1.100.0-beta.1" "build" "--frozen" "--message-format=json" "--release", kill_on_drop: false }`
[INFO] [stderr]    Compiling num-bigint v0.2.6
[INFO] [stderr]    Compiling safemem v0.3.3
[INFO] [stderr]    Compiling syn v2.0.119
[INFO] [stderr]    Compiling syn v3.0.9
[INFO] [stderr]    Compiling num-integer v0.1.47
[INFO] [stderr]    Compiling num-traits v0.1.43
[INFO] [stderr]    Compiling time v0.1.45
[INFO] [stderr]    Compiling chrono v0.4.45
[INFO] [stderr]    Compiling uuid v0.5.1
[INFO] [stderr]    Compiling base64 v0.9.3
[INFO] [stderr]    Compiling bigdecimal v0.0.14
[INFO] [stderr]    Compiling thiserror-impl v1.0.69
[INFO] [stderr]    Compiling thiserror v1.0.69
[INFO] [stderr]    Compiling serde_derive v1.0.229
[INFO] [stderr]    Compiling geo v0.4.13
[INFO] [stderr]    Compiling rustorm_dao v0.20.0 (/opt/rustwide/workdir)
[INFO] [stdout] warning: use of deprecated associated function `chrono::DateTime::<Tz>::from_utc`: Use TimeZone::from_utc_datetime() or DateTime::from_naive_utc_and_offset instead
[INFO] [stdout]    --> src/value.rs:293:55
[INFO] [stdout]     |
[INFO] [stdout] 293 |             Value::Text(ref v) => Ok(DateTime::<Utc>::from_utc(parse_naive_date_time(v), Utc)),
[INFO] [stdout]     |                                                       ^^^^^^^^
[INFO] [stdout]     |
[INFO] [stdout] note: the lint level is defined here
[INFO] [stdout]    --> src/lib.rs:1:9
[INFO] [stdout]     |
[INFO] [stdout]   1 | #![deny(warnings)]
[INFO] [stdout]     |         ^^^^^^^^
[INFO] [stdout]     = note: `#[warn(deprecated)]` implied by `#[warn(warnings)]`
[INFO] [stdout] 
[INFO] [stdout] 
[INFO] [stdout] warning: use of deprecated associated function `chrono::DateTime::<Tz>::from_utc`: Use TimeZone::from_utc_datetime() or DateTime::from_naive_utc_and_offset instead
[INFO] [stdout]    --> src/value.rs:294:55
[INFO] [stdout]     |
[INFO] [stdout] 294 |             Value::DateTime(v) => Ok(DateTime::<Utc>::from_utc(v, Utc)),
[INFO] [stdout]     |                                                       ^^^^^^^^
[INFO] [stdout] 
[INFO] [stdout] 
[INFO] [stdout] warning: hiding a lifetime that's elided elsewhere is confusing
[INFO] [stdout]   --> src/rows.rs:35:17
[INFO] [stdout]    |
[INFO] [stdout] 35 |     pub fn iter(&self) -> Iter {
[INFO] [stdout]    |                 ^^^^^     ^^^^ the same lifetime is hidden here
[INFO] [stdout]    |                 |
[INFO] [stdout]    |                 the lifetime is elided here
[INFO] [stdout]    |
[INFO] [stdout]    = help: the same lifetime is referred to in inconsistent ways, making the signature confusing
[INFO] [stdout]    = note: `#[warn(mismatched_lifetime_syntaxes)]` implied by `#[warn(warnings)]`
[INFO] [stdout] help: use `'_` for type paths
[INFO] [stdout]    |
[INFO] [stdout] 35 |     pub fn iter(&self) -> Iter<'_> {
[INFO] [stdout]    |                               ++++
[INFO] [stdout] 
[INFO] [stdout] 
[INFO] [stderr] warning: unused dependency `time`
[INFO] [stderr]   --> Cargo.toml:27:15
[INFO] [stderr]    |
[INFO] [stderr] 27 | [dependencies.time]
[INFO] [stderr]    |               ^^^^^
[INFO] [stderr]    |
[INFO] [stderr]    = note: `cargo::unused_dependencies` is set to `warn` by default
[INFO] [stderr] help: consider removing the dependency on `time`
[INFO] [stderr] warning: `rustorm_dao` (manifest) generated 1 warning
[INFO] [stderr]     Finished `release` profile [optimized] target(s) in 18.34s
[INFO] running `Command { std: "docker" "inspect" "e4d3798a64c5d3246fc8afb610ebc5cf21edad701b9325290a466fd3c52e1580", kill_on_drop: false }`
[INFO] running `Command { std: "docker" "exec" "-e" "SOURCE_DIR=/opt/rustwide/workdir" "-e" "CARGO_HOME=/opt/rustwide/cargo-home" "-e" "RUSTUP_HOME=/opt/rustwide/rustup-home" "-e" "CARGO_TARGET_DIR=/opt/rustwide/target" "-e" "CARGO_INCREMENTAL=0" "-e" "RUST_BACKTRACE=full" "-e" "RUSTFLAGS=--cap-lints=warn" "-e" "RUSTDOCFLAGS=--cap-lints=warn" "-w" "/opt/rustwide/workdir" "--user" "0:0" "e4d3798a64c5d3246fc8afb610ebc5cf21edad701b9325290a466fd3c52e1580" "/opt/rustwide/cargo-home/bin/cargo" "+1.100.0-beta.1" "test" "--frozen" "--no-run" "--message-format=json" "--release", kill_on_drop: false }`
[INFO] [stderr]    Compiling rustorm_dao v0.20.0 (/opt/rustwide/workdir)
[INFO] [stdout] warning: use of deprecated associated function `chrono::DateTime::<Tz>::from_utc`: Use TimeZone::from_utc_datetime() or DateTime::from_naive_utc_and_offset instead
[INFO] [stdout]    --> src/value.rs:293:55
[INFO] [stdout]     |
[INFO] [stdout] 293 |             Value::Text(ref v) => Ok(DateTime::<Utc>::from_utc(parse_naive_date_time(v), Utc)),
[INFO] [stdout]     |                                                       ^^^^^^^^
[INFO] [stdout]     |
[INFO] [stdout] note: the lint level is defined here
[INFO] [stdout]    --> src/lib.rs:1:9
[INFO] [stdout]     |
[INFO] [stdout]   1 | #![deny(warnings)]
[INFO] [stdout]     |         ^^^^^^^^
[INFO] [stdout]     = note: `#[warn(deprecated)]` implied by `#[warn(warnings)]`
[INFO] [stdout] 
[INFO] [stdout] 
[INFO] [stdout] warning: use of deprecated associated function `chrono::DateTime::<Tz>::from_utc`: Use TimeZone::from_utc_datetime() or DateTime::from_naive_utc_and_offset instead
[INFO] [stdout]    --> src/value.rs:294:55
[INFO] [stdout]     |
[INFO] [stdout] 294 |             Value::DateTime(v) => Ok(DateTime::<Utc>::from_utc(v, Utc)),
[INFO] [stdout]     |                                                       ^^^^^^^^
[INFO] [stdout] 
[INFO] [stdout] 
[INFO] [stdout] warning: hiding a lifetime that's elided elsewhere is confusing
[INFO] [stdout]   --> src/rows.rs:35:17
[INFO] [stdout]    |
[INFO] [stdout] 35 |     pub fn iter(&self) -> Iter {
[INFO] [stdout]    |                 ^^^^^     ^^^^ the same lifetime is hidden here
[INFO] [stdout]    |                 |
[INFO] [stdout]    |                 the lifetime is elided here
[INFO] [stdout]    |
[INFO] [stdout]    = help: the same lifetime is referred to in inconsistent ways, making the signature confusing
[INFO] [stdout]    = note: `#[warn(mismatched_lifetime_syntaxes)]` implied by `#[warn(warnings)]`
[INFO] [stdout] help: use `'_` for type paths
[INFO] [stdout]    |
[INFO] [stdout] 35 |     pub fn iter(&self) -> Iter<'_> {
[INFO] [stdout]    |                               ++++
[INFO] [stdout] 
[INFO] [stdout] 
[INFO] [stdout] warning: use of deprecated associated function `chrono::DateTime::<Tz>::from_utc`: Use TimeZone::from_utc_datetime() or DateTime::from_naive_utc_and_offset instead
[INFO] [stdout]    --> src/value.rs:293:55
[INFO] [stdout]     |
[INFO] [stdout] 293 |             Value::Text(ref v) => Ok(DateTime::<Utc>::from_utc(parse_naive_date_time(v), Utc)),
[INFO] [stdout]     |                                                       ^^^^^^^^
[INFO] [stdout]     |
[INFO] [stdout] note: the lint level is defined here
[INFO] [stdout]    --> src/lib.rs:1:9
[INFO] [stdout]     |
[INFO] [stdout]   1 | #![deny(warnings)]
[INFO] [stdout]     |         ^^^^^^^^
[INFO] [stdout]     = note: `#[warn(deprecated)]` implied by `#[warn(warnings)]`
[INFO] [stdout] 
[INFO] [stdout] 
[INFO] [stdout] warning: use of deprecated associated function `chrono::DateTime::<Tz>::from_utc`: Use TimeZone::from_utc_datetime() or DateTime::from_naive_utc_and_offset instead
[INFO] [stdout]    --> src/value.rs:294:55
[INFO] [stdout]     |
[INFO] [stdout] 294 |             Value::DateTime(v) => Ok(DateTime::<Utc>::from_utc(v, Utc)),
[INFO] [stdout]     |                                                       ^^^^^^^^
[INFO] [stdout] 
[INFO] [stdout] 
[INFO] [stdout] warning: use of deprecated associated function `chrono::Utc::today`: use `Utc::now()` instead, potentially with `.date_naive()`
[INFO] [stdout]    --> src/value.rs:368:31
[INFO] [stdout]     |
[INFO] [stdout] 368 |         let _v7: Value = Utc::today().naive_utc().to_value();
[INFO] [stdout]     |                               ^^^^^
[INFO] [stdout] 
[INFO] [stdout] 
[INFO] [stdout] warning: use of deprecated associated function `chrono::DateTime::<Tz>::from_utc`: Use TimeZone::from_utc_datetime() or DateTime::from_naive_utc_and_offset instead
[INFO] [stdout]    --> src/value.rs:396:26
[INFO] [stdout]     |
[INFO] [stdout] 396 |         DateTime::<Utc>::from_utc(ts.unwrap(), Utc);
[INFO] [stdout]     |                          ^^^^^^^^
[INFO] [stdout] 
[INFO] [stdout] 
[INFO] [stdout] warning: hiding a lifetime that's elided elsewhere is confusing
[INFO] [stdout]   --> src/rows.rs:35:17
[INFO] [stdout]    |
[INFO] [stdout] 35 |     pub fn iter(&self) -> Iter {
[INFO] [stdout]    |                 ^^^^^     ^^^^ the same lifetime is hidden here
[INFO] [stdout]    |                 |
[INFO] [stdout]    |                 the lifetime is elided here
[INFO] [stdout]    |
[INFO] [stdout]    = help: the same lifetime is referred to in inconsistent ways, making the signature confusing
[INFO] [stdout]    = note: `#[warn(mismatched_lifetime_syntaxes)]` implied by `#[warn(warnings)]`
[INFO] [stdout] help: use `'_` for type paths
[INFO] [stdout]    |
[INFO] [stdout] 35 |     pub fn iter(&self) -> Iter<'_> {
[INFO] [stdout]    |                               ++++
[INFO] [stdout] 
[INFO] [stdout] 
[INFO] [stdout] warning: unused return value of `chrono::DateTime::<Tz>::from_utc` that must be used
[INFO] [stdout]    --> src/value.rs:396:9
[INFO] [stdout]     |
[INFO] [stdout] 396 |         DateTime::<Utc>::from_utc(ts.unwrap(), Utc);
[INFO] [stdout]     |         ^^^^^^^^^^^^^^^^^^^^^^^^^^^^^^^^^^^^^^^^^^^
[INFO] [stdout]     |
[INFO] [stdout]     = note: `#[warn(unused_must_use)]` implied by `#[warn(warnings)]`
[INFO] [stdout] help: use `let _ = ...` to ignore the resulting value
[INFO] [stdout]     |
[INFO] [stdout] 396 |         let _ = DateTime::<Utc>::from_utc(ts.unwrap(), Utc);
[INFO] [stdout]     |         +++++++
[INFO] [stdout] 
[INFO] [stdout] 
[INFO] [stderr] warning: unused dependency `time`
[INFO] [stderr]   --> Cargo.toml:27:15
[INFO] [stderr]    |
[INFO] [stderr] 27 | [dependencies.time]
[INFO] [stderr]    |               ^^^^^
[INFO] [stderr]    |
[INFO] [stderr]    = note: `cargo::unused_dependencies` is set to `warn` by default
[INFO] [stderr] help: consider removing the dependency on `time`
[INFO] [stderr] warning: `rustorm_dao` (manifest) generated 1 warning
[INFO] [stderr]     Finished `release` profile [optimized] target(s) in 1.69s
[INFO] running `Command { std: "docker" "inspect" "e4d3798a64c5d3246fc8afb610ebc5cf21edad701b9325290a466fd3c52e1580", kill_on_drop: false }`
[INFO] running `Command { std: "docker" "exec" "-e" "SOURCE_DIR=/opt/rustwide/workdir" "-e" "CARGO_HOME=/opt/rustwide/cargo-home" "-e" "RUSTUP_HOME=/opt/rustwide/rustup-home" "-e" "CARGO_TARGET_DIR=/opt/rustwide/target" "-e" "CARGO_INCREMENTAL=0" "-e" "RUST_BACKTRACE=full" "-e" "RUSTFLAGS=--cap-lints=warn" "-e" "RUSTDOCFLAGS=--cap-lints=warn" "-w" "/opt/rustwide/workdir" "--user" "0:0" "e4d3798a64c5d3246fc8afb610ebc5cf21edad701b9325290a466fd3c52e1580" "/opt/rustwide/cargo-home/bin/cargo" "+1.100.0-beta.1" "test" "--frozen" "--release", kill_on_drop: false }`
[INFO] [stderr] warning: use of deprecated associated function `chrono::DateTime::<Tz>::from_utc`: Use TimeZone::from_utc_datetime() or DateTime::from_naive_utc_and_offset instead
[INFO] [stderr]    --> src/value.rs:293:55
[INFO] [stderr]     |
[INFO] [stderr] 293 |             Value::Text(ref v) => Ok(DateTime::<Utc>::from_utc(parse_naive_date_time(v), Utc)),
[INFO] [stderr]     |                                                       ^^^^^^^^
[INFO] [stderr]     |
[INFO] [stderr] note: the lint level is defined here
[INFO] [stderr]    --> src/lib.rs:1:9
[INFO] [stderr]     |
[INFO] [stderr]   1 | #![deny(warnings)]
[INFO] [stderr]     |         ^^^^^^^^
[INFO] [stderr]     = note: `#[warn(deprecated)]` implied by `#[warn(warnings)]`
[INFO] [stderr] 
[INFO] [stderr] warning: use of deprecated associated function `chrono::DateTime::<Tz>::from_utc`: Use TimeZone::from_utc_datetime() or DateTime::from_naive_utc_and_offset instead
[INFO] [stderr]    --> src/value.rs:294:55
[INFO] [stderr]     |
[INFO] [stderr] 294 |             Value::DateTime(v) => Ok(DateTime::<Utc>::from_utc(v, Utc)),
[INFO] [stderr]     |                                                       ^^^^^^^^
[INFO] [stderr] 
[INFO] [stderr] warning: hiding a lifetime that's elided elsewhere is confusing
[INFO] [stderr]   --> src/rows.rs:35:17
[INFO] [stderr]    |
[INFO] [stderr] 35 |     pub fn iter(&self) -> Iter {
[INFO] [stderr]    |                 ^^^^^     ^^^^ the same lifetime is hidden here
[INFO] [stderr]    |                 |
[INFO] [stderr]    |                 the lifetime is elided here
[INFO] [stderr]    |
[INFO] [stderr]    = help: the same lifetime is referred to in inconsistent ways, making the signature confusing
[INFO] [stderr]    = note: `#[warn(mismatched_lifetime_syntaxes)]` implied by `#[warn(warnings)]`
[INFO] [stderr] help: use `'_` for type paths
[INFO] [stderr]    |
[INFO] [stderr] 35 |     pub fn iter(&self) -> Iter<'_> {
[INFO] [stderr]    |                               ++++
[INFO] [stderr] 
[INFO] [stderr] warning: `rustorm_dao` (lib) generated 3 warnings (run `cargo fix --lib -p rustorm_dao` to apply 1 suggestion)
[INFO] [stderr] warning: use of deprecated associated function `chrono::Utc::today`: use `Utc::now()` instead, potentially with `.date_naive()`
[INFO] [stderr]    --> src/value.rs:368:31
[INFO] [stderr]     |
[INFO] [stderr] 368 |         let _v7: Value = Utc::today().naive_utc().to_value();
[INFO] [stderr]     |                               ^^^^^
[INFO] [stderr] 
[INFO] [stderr] warning: use of deprecated associated function `chrono::DateTime::<Tz>::from_utc`: Use TimeZone::from_utc_datetime() or DateTime::from_naive_utc_and_offset instead
[INFO] [stderr]    --> src/value.rs:396:26
[INFO] [stderr]     |
[INFO] [stderr] 396 |         DateTime::<Utc>::from_utc(ts.unwrap(), Utc);
[INFO] [stderr]     |                          ^^^^^^^^
[INFO] [stderr] 
[INFO] [stderr] warning: unused return value of `chrono::DateTime::<Tz>::from_utc` that must be used
[INFO] [stderr]    --> src/value.rs:396:9
[INFO] [stderr]     |
[INFO] [stderr] 396 |         DateTime::<Utc>::from_utc(ts.unwrap(), Utc);
[INFO] [stderr]     |         ^^^^^^^^^^^^^^^^^^^^^^^^^^^^^^^^^^^^^^^^^^^
[INFO] [stderr]     |
[INFO] [stderr]     = note: `#[warn(unused_must_use)]` implied by `#[warn(warnings)]`
[INFO] [stderr] help: use `let _ = ...` to ignore the resulting value
[INFO] [stderr]     |
[INFO] [stderr] 396 |         let _ = DateTime::<Utc>::from_utc(ts.unwrap(), Utc);
[INFO] [stderr]     |         +++++++
[INFO] [stderr] 
[INFO] [stderr] warning: `rustorm_dao` (lib test) generated 6 warnings (3 duplicates)
[INFO] [stderr] warning: unused dependency `time`
[INFO] [stderr]   --> Cargo.toml:27:15
[INFO] [stderr]    |
[INFO] [stderr] 27 | [dependencies.time]
[INFO] [stderr]    |               ^^^^^
[INFO] [stderr]    |
[INFO] [stderr]    = note: `cargo::unused_dependencies` is set to `warn` by default
[INFO] [stderr] help: consider removing the dependency on `time`
[INFO] [stderr] warning: `rustorm_dao` (manifest) generated 1 warning
[INFO] [stderr]     Finished `release` profile [optimized] target(s) in 0.08s
[INFO] [stderr]      Running unittests src/lib.rs (/opt/rustwide/target/release/build/rustorm_dao/6e65d4ea4ba4d39a/out/rustorm_dao-6e65d4ea4ba4d39a)
[INFO] [stdout] 
[INFO] [stdout] running 15 tests
[INFO] [stdout] test rows::test::iteration_count2 ... ok
[INFO] [stdout] test dao::tests::insert_float ... ok
[INFO] [stdout] test rows::test::dao2 ... ok
[INFO] [stdout] test dao::tests::serialize_json ... ok
[INFO] [stdout] test dao::tests::referenced ... ok
[INFO] [stdout] test rows::test::iteration_count ... ok
[INFO] [stdout] test rows::test::dao ... ok
[INFO] [stdout] test dao::tests::insert_double ... ok
[INFO] [stdout] test dao::tests::uuid ... ok
[INFO] [stdout] test value::tests::data_sizes ... FAILED
[INFO] [stdout] test dao::tests::test_get_opt ... ok
[INFO] [stdout] test value::tests::naive_date_parse ... ok
[INFO] [stdout] test value::tests::naive_date_time_parse ... ok
[INFO] [stdout] test value::tests::date_time_conversion ... ok
[INFO] [stdout] test value::tests::test_types ... ok
[INFO] [stdout] 
[INFO] [stdout] failures:
[INFO] [stdout] 
[INFO] [stdout] ---- value::tests::data_sizes stdout ----
[INFO] [stdout] 
[INFO] [stdout] thread 'value::tests::data_sizes' (470) panicked at src/value.rs:351:9:
[INFO] [stdout] assertion `left == right` failed
[INFO] [stdout]   left: 48
[INFO] [stdout]  right: 40
[INFO] [stdout] stack backtrace:
[INFO] [stdout]    0:     0x55cbac200211 - <<std[617be2ca0a6fd877]::sys::backtrace::BacktraceLock>::print::DisplayBacktrace as core[a373ad73a504971]::fmt::Display>::fmt
[INFO] [stdout]    1:     0x55cbac21555a - core[a373ad73a504971]::fmt::write
[INFO] [stdout]    2:     0x55cbac2044dc - <alloc[2e1b2a31b91974c5]::vec::Vec<u8> as core[a373ad73a504971]::io::write::Write>::write_fmt
[INFO] [stdout]    3:     0x55cbac1dc676 - std[617be2ca0a6fd877]::panicking::default_hook::{closure#0}
[INFO] [stdout]    4:     0x55cbac1f88a9 - std[617be2ca0a6fd877]::panicking::default_hook
[INFO] [stdout]    5:     0x55cbac17fe10 - test[aada8e7e76ba119b]::test_main_inner::{closure#0}
[INFO] [stdout]    6:     0x55cbac1f8a62 - std[617be2ca0a6fd877]::panicking::panic_with_hook
[INFO] [stdout]    7:     0x55cbac1dc722 - std[617be2ca0a6fd877]::panicking::panic_handler::{closure#0}
[INFO] [stdout]    8:     0x55cbac1d5409 - std[617be2ca0a6fd877]::sys::backtrace::__rust_end_short_backtrace::<std[617be2ca0a6fd877]::panicking::panic_handler::{closure#0}, !>
[INFO] [stdout]    9:     0x55cbac1dd32d - __rustc[ea4f61d10b84890b]::rust_begin_unwind
[INFO] [stdout]   10:     0x55cbac215c8c - core[a373ad73a504971]::panicking::panic_fmt
[INFO] [stdout]   11:     0x55cbac215ba3 - core[a373ad73a504971]::panicking::assert_failed_inner
[INFO] [stdout]   12:     0x55cbac2110f8 - core[a373ad73a504971]::panicking::assert_failed::<usize, usize>
[INFO] [stdout]   13:     0x55cbac16c4c0 - <rustorm_dao[54e3bedeaeaf1e54]::value::tests::data_sizes::{closure#0} as core[a373ad73a504971]::ops::function::FnOnce<()>>::call_once
[INFO] [stdout]   14:     0x55cbac17325b - test[aada8e7e76ba119b]::__rust_begin_short_backtrace::<core[a373ad73a504971]::result::Result<(), alloc[2e1b2a31b91974c5]::string::String>, fn() -> core[a373ad73a504971]::result::Result<(), alloc[2e1b2a31b91974c5]::string::String>>
[INFO] [stdout]   15:     0x55cbac180435 - test[aada8e7e76ba119b]::run_test::{closure#0}
[INFO] [stdout]   16:     0x55cbac179d24 - std[617be2ca0a6fd877]::sys::backtrace::__rust_begin_short_backtrace::<test[aada8e7e76ba119b]::run_test::{closure#1}, ()>
[INFO] [stdout]   17:     0x55cbac1834c2 - <std[617be2ca0a6fd877]::thread::lifecycle::spawn_unchecked<test[aada8e7e76ba119b]::run_test::{closure#1}, ()>::{closure#1} as core[a373ad73a504971]::ops::function::FnOnce<()>>::call_once::{shim:vtable#0}
[INFO] [stdout]   18:     0x55cbac1ffa6f - <std[617be2ca0a6fd877]::sys::thread::unix::Thread>::new::thread_start
[INFO] [stdout]   19:     0x7a3f7c54bdfa - <unknown>
[INFO] [stdout]   20:     0x7a3f7c5df3d4 - clone
[INFO] [stdout]   21:                0x0 - <unknown>
[INFO] [stdout] 
[INFO] [stdout] 
[INFO] [stdout] failures:
[INFO] [stdout]     value::tests::data_sizes
[INFO] [stdout] 
[INFO] [stdout] test result: FAILED. 14 passed; 1 failed; 0 ignored; 0 measured; 0 filtered out; finished in 0.01s
[INFO] [stdout] 
[INFO] [stderr] error: test failed, to rerun pass `--lib`
[INFO] running `Command { std: "docker" "inspect" "e4d3798a64c5d3246fc8afb610ebc5cf21edad701b9325290a466fd3c52e1580", kill_on_drop: false }`
[INFO] running `Command { std: "docker" "rm" "-f" "e4d3798a64c5d3246fc8afb610ebc5cf21edad701b9325290a466fd3c52e1580", kill_on_drop: false }`
[INFO] [stdout] e4d3798a64c5d3246fc8afb610ebc5cf21edad701b9325290a466fd3c52e1580
