[INFO] fetching crate rustool 0.3.20...
[INFO] testing rustool-0.3.20 against 1.99.0-beta.8+cargoflags=--release for beta-release-1.100-2
[INFO] extracting crate rustool 0.3.20 into /workspace/builds/worker-1-tc1/source
[INFO] started tweaking crates.io crate rustool 0.3.20
[INFO] finished tweaking crates.io crate rustool 0.3.20
[INFO] tweaked toml for crates.io crate rustool 0.3.20 written to /workspace/builds/worker-1-tc1/source/Cargo.toml
[INFO] validating manifest of crates.io crate rustool 0.3.20 on toolchain 1.99.0-beta.8
[INFO] running `Command { std: CARGO_HOME="/workspace/cargo-home" RUSTUP_HOME="/workspace/rustup-home" "/workspace/cargo-home/bin/cargo" "+1.99.0-beta.8" "metadata" "--manifest-path" "Cargo.toml" "--no-deps", kill_on_drop: false }`
[INFO] crate crates.io crate rustool 0.3.20 already has a lockfile, it will not be regenerated
[INFO] running `Command { std: CARGO_HOME="/workspace/cargo-home" RUSTUP_HOME="/workspace/rustup-home" "/workspace/cargo-home/bin/cargo" "+1.99.0-beta.8" "fetch" "--manifest-path" "Cargo.toml", kill_on_drop: false }`
[INFO] [stderr]  Downloading crates ...
[INFO] [stderr]   Downloaded serial_test_derive v0.5.1
[INFO] [stderr]   Downloaded serial_test v0.5.1
[INFO] [stderr]   Downloaded simplelog v0.10.0
[INFO] [stderr]   Downloaded lock_api v0.4.3
[INFO] [stderr]   Downloaded num-complex v0.3.1
[INFO] [stderr]   Downloaded paste v1.0.5
[INFO] [stderr]   Downloaded redox_syscall v0.2.6
[INFO] [stderr]   Downloaded matrixmultiply v0.3.1
[INFO] [stderr]   Downloaded simba v0.4.0
[INFO] [stderr]   Downloaded serde_derive v1.0.125
[INFO] [stderr]   Downloaded serde v1.0.125
[INFO] [stderr]   Downloaded syn v1.0.69
[INFO] [stderr]   Downloaded itertools v0.10.0
[INFO] [stderr]   Downloaded nalgebra v0.26.1
[INFO] [stderr]   Downloaded libc v0.2.93
[INFO] running `Command { std: "docker" "create" "-v" "/var/lib/crater-agent-workspace/builds/worker-1-tc1/source:/opt/rustwide/workdir:ro,Z" "-v" "/var/lib/crater-agent-workspace/builds/worker-1-tc1/target:/opt/rustwide/target:rw,Z" "-v" "/var/lib/crater-agent-workspace/cargo-home:/opt/rustwide/cargo-home:ro,Z" "-v" "/var/lib/crater-agent-workspace/rustup-home:/opt/rustwide/rustup-home:ro,Z" "-m" "1610612736" "--network" "none" "ghcr.io/rust-lang/crates-build-env/linux@sha256:77db811e55d90add9212f6832c23229e3de5f1c1f9905e8cb07319ea15df73ac" "sleep" "infinity", kill_on_drop: false }`
[INFO] [stdout] 40a4da3393aac46b13e98a0b4747edd247bfa7f57c5ffd28901ee8d2176fb5ae
[INFO] running `Command { std: "docker" "start" "40a4da3393aac46b13e98a0b4747edd247bfa7f57c5ffd28901ee8d2176fb5ae", kill_on_drop: false }`
[INFO] running `Command { std: "docker" "inspect" "40a4da3393aac46b13e98a0b4747edd247bfa7f57c5ffd28901ee8d2176fb5ae", kill_on_drop: false }`
[INFO] running `Command { std: "docker" "exec" "-e" "SOURCE_DIR=/opt/rustwide/workdir" "-e" "CARGO_HOME=/opt/rustwide/cargo-home" "-e" "RUSTUP_HOME=/opt/rustwide/rustup-home" "-e" "CARGO_TARGET_DIR=/opt/rustwide/target" "-w" "/opt/rustwide/workdir" "--user" "0:0" "40a4da3393aac46b13e98a0b4747edd247bfa7f57c5ffd28901ee8d2176fb5ae" "/opt/rustwide/cargo-home/bin/cargo" "+1.99.0-beta.8" "metadata" "--no-deps" "--format-version=1", kill_on_drop: false }`
[INFO] running `Command { std: "docker" "inspect" "40a4da3393aac46b13e98a0b4747edd247bfa7f57c5ffd28901ee8d2176fb5ae", kill_on_drop: false }`
[INFO] running `Command { std: "docker" "exec" "-e" "SOURCE_DIR=/opt/rustwide/workdir" "-e" "CARGO_HOME=/opt/rustwide/cargo-home" "-e" "RUSTUP_HOME=/opt/rustwide/rustup-home" "-e" "CARGO_TARGET_DIR=/opt/rustwide/target" "-e" "CARGO_INCREMENTAL=0" "-e" "RUST_BACKTRACE=full" "-e" "RUSTFLAGS=--cap-lints=warn" "-e" "RUSTDOCFLAGS=--cap-lints=warn" "-w" "/opt/rustwide/workdir" "--user" "0:0" "40a4da3393aac46b13e98a0b4747edd247bfa7f57c5ffd28901ee8d2176fb5ae" "/opt/rustwide/cargo-home/bin/cargo" "+1.99.0-beta.8" "build" "--frozen" "--message-format=json" "--release", kill_on_drop: false }`
[INFO] [stderr]    Compiling autocfg v1.0.1
[INFO] [stderr]    Compiling libm v0.2.1
[INFO] [stderr]    Compiling proc-macro2 v1.0.26
[INFO] [stderr]    Compiling unicode-xid v0.2.1
[INFO] [stderr]    Compiling syn v1.0.69
[INFO] [stderr]    Compiling libc v0.2.93
[INFO] [stderr]    Compiling serde_derive v1.0.125
[INFO] [stderr]    Compiling serde v1.0.125
[INFO] [stderr]    Compiling cfg-if v1.0.0
[INFO] [stderr]    Compiling scopeguard v1.1.0
[INFO] [stderr]    Compiling instant v0.1.9
[INFO] [stderr]    Compiling typenum v1.13.0
[INFO] [stderr]    Compiling smallvec v1.6.1
[INFO] [stderr]    Compiling log v0.4.14
[INFO] [stderr]    Compiling ryu v1.0.5
[INFO] [stderr]    Compiling lock_api v0.4.3
[INFO] [stderr]    Compiling rawpointer v0.2.1
[INFO] [stderr]    Compiling paste v1.0.5
[INFO] [stderr]    Compiling serde_json v1.0.64
[INFO] [stderr]    Compiling num-traits v0.2.14
[INFO] [stderr]    Compiling num-integer v0.1.44
[INFO] [stderr]    Compiling num-rational v0.3.2
[INFO] [stderr]    Compiling num-complex v0.2.4
[INFO] [stderr]    Compiling quote v1.0.9
[INFO] [stderr]    Compiling matrixmultiply v0.3.1
[INFO] [stderr]    Compiling parking_lot_core v0.8.3
[INFO] [stderr]    Compiling time v0.1.44
[INFO] [stderr]    Compiling either v1.6.1
[INFO] [stderr]    Compiling termcolor v1.1.2
[INFO] [stderr]    Compiling parking_lot v0.11.1
[INFO] [stderr]    Compiling lazy_static v1.4.0
[INFO] [stderr]    Compiling itoa v0.4.7
[INFO] [stderr]    Compiling itertools v0.10.0
[INFO] [stderr]    Compiling approx v0.4.0
[INFO] [stderr]    Compiling approx v0.3.2
[INFO] [stderr]    Compiling chrono v0.4.19
[INFO] [stderr]    Compiling alga v0.9.3
[INFO] [stderr]    Compiling simplelog v0.10.0
[INFO] [stderr]    Compiling serial_test_derive v0.5.1
[INFO] [stderr]    Compiling serial_test v0.5.1
[INFO] [stderr]    Compiling num-complex v0.3.1
[INFO] [stderr]    Compiling simba v0.4.0
[INFO] [stderr]    Compiling nalgebra v0.26.1
[INFO] [stderr]    Compiling rustool v0.3.20 (/opt/rustwide/workdir)
[INFO] [stdout] warning: unused import: `self::macros::*`
[INFO] [stdout]   --> src/core/mod.rs:26:9
[INFO] [stdout]    |
[INFO] [stdout] 26 | pub use self::macros::*;
[INFO] [stdout]    |         ^^^^^^^^^^^^^^^
[INFO] [stdout]    |
[INFO] [stdout]    = note: `#[warn(unused_imports)]` (part of `#[warn(unused)]`) on by default
[INFO] [stdout] 
[INFO] [stdout] 
[INFO] [stdout] warning: private item shadows public glob re-export
[INFO] [stdout]   --> src/lib.rs:23:1
[INFO] [stdout]    |
[INFO] [stdout] 23 | extern crate log;
[INFO] [stdout]    | ^^^^^^^^^^^^^^^^^
[INFO] [stdout]    |
[INFO] [stdout] note: the name `log` in the type namespace is supposed to be publicly re-exported here
[INFO] [stdout]   --> src/lib.rs:19:9
[INFO] [stdout]    |
[INFO] [stdout] 19 | pub use crate::core::*;
[INFO] [stdout]    |         ^^^^^^^^^^^^^^
[INFO] [stdout] note: but the private item here shadows it
[INFO] [stdout]   --> src/lib.rs:23:1
[INFO] [stdout]    |
[INFO] [stdout] 23 | extern crate log;
[INFO] [stdout]    | ^^^^^^^^^^^^^^^^^
[INFO] [stdout]    = note: `#[warn(hidden_glob_reexports)]` on by default
[INFO] [stdout] 
[INFO] [stdout] 
[INFO] [stderr]     Finished `release` profile [optimized] target(s) in 44.66s
[INFO] [stderr] warning: the following packages contain code that will be rejected by a future version of Rust: nalgebra v0.26.1
[INFO] [stderr] note: to see what the problems were, use the option `--future-incompat-report`, or run `cargo report future-incompatibilities --id 5`
[INFO] running `Command { std: "docker" "inspect" "40a4da3393aac46b13e98a0b4747edd247bfa7f57c5ffd28901ee8d2176fb5ae", kill_on_drop: false }`
[INFO] running `Command { std: "docker" "exec" "-e" "SOURCE_DIR=/opt/rustwide/workdir" "-e" "CARGO_HOME=/opt/rustwide/cargo-home" "-e" "RUSTUP_HOME=/opt/rustwide/rustup-home" "-e" "CARGO_TARGET_DIR=/opt/rustwide/target" "-e" "CARGO_INCREMENTAL=0" "-e" "RUST_BACKTRACE=full" "-e" "RUSTFLAGS=--cap-lints=warn" "-e" "RUSTDOCFLAGS=--cap-lints=warn" "-w" "/opt/rustwide/workdir" "--user" "0:0" "40a4da3393aac46b13e98a0b4747edd247bfa7f57c5ffd28901ee8d2176fb5ae" "/opt/rustwide/cargo-home/bin/cargo" "+1.99.0-beta.8" "test" "--frozen" "--no-run" "--message-format=json" "--release", kill_on_drop: false }`
[INFO] [stderr]    Compiling rustool v0.3.20 (/opt/rustwide/workdir)
[INFO] [stdout] warning: unused import: `self::macros::*`
[INFO] [stdout]   --> src/core/mod.rs:26:9
[INFO] [stdout]    |
[INFO] [stdout] 26 | pub use self::macros::*;
[INFO] [stdout]    |         ^^^^^^^^^^^^^^^
[INFO] [stdout]    |
[INFO] [stdout]    = note: `#[warn(unused_imports)]` (part of `#[warn(unused)]`) on by default
[INFO] [stdout] 
[INFO] [stdout] 
[INFO] [stdout] warning: private item shadows public glob re-export
[INFO] [stdout]   --> src/lib.rs:23:1
[INFO] [stdout]    |
[INFO] [stdout] 23 | extern crate log;
[INFO] [stdout]    | ^^^^^^^^^^^^^^^^^
[INFO] [stdout]    |
[INFO] [stdout] note: the name `log` in the type namespace is supposed to be publicly re-exported here
[INFO] [stdout]   --> src/lib.rs:19:9
[INFO] [stdout]    |
[INFO] [stdout] 19 | pub use crate::core::*;
[INFO] [stdout]    |         ^^^^^^^^^^^^^^
[INFO] [stdout] note: but the private item here shadows it
[INFO] [stdout]   --> src/lib.rs:23:1
[INFO] [stdout]    |
[INFO] [stdout] 23 | extern crate log;
[INFO] [stdout]    | ^^^^^^^^^^^^^^^^^
[INFO] [stdout]    = note: `#[warn(hidden_glob_reexports)]` on by default
[INFO] [stdout] 
[INFO] [stdout] 
[INFO] [stdout] warning: unused import: `self::macros::*`
[INFO] [stdout]   --> src/core/mod.rs:26:9
[INFO] [stdout]    |
[INFO] [stdout] 26 | pub use self::macros::*;
[INFO] [stdout]    |         ^^^^^^^^^^^^^^^
[INFO] [stdout]    |
[INFO] [stdout]    = note: `#[warn(unused_imports)]` (part of `#[warn(unused)]`) on by default
[INFO] [stdout] 
[INFO] [stdout] 
[INFO] [stdout] warning: private item shadows public glob re-export
[INFO] [stdout]   --> src/lib.rs:23:1
[INFO] [stdout]    |
[INFO] [stdout] 23 | extern crate log;
[INFO] [stdout]    | ^^^^^^^^^^^^^^^^^
[INFO] [stdout]    |
[INFO] [stdout] note: the name `log` in the type namespace is supposed to be publicly re-exported here
[INFO] [stdout]   --> src/lib.rs:19:9
[INFO] [stdout]    |
[INFO] [stdout] 19 | pub use crate::core::*;
[INFO] [stdout]    |         ^^^^^^^^^^^^^^
[INFO] [stdout] note: but the private item here shadows it
[INFO] [stdout]   --> src/lib.rs:23:1
[INFO] [stdout]    |
[INFO] [stdout] 23 | extern crate log;
[INFO] [stdout]    | ^^^^^^^^^^^^^^^^^
[INFO] [stdout]    = note: `#[warn(hidden_glob_reexports)]` on by default
[INFO] [stdout] 
[INFO] [stdout] 
[INFO] [stdout] warning: unused borrow that must be used
[INFO] [stdout]  --> tests/core/json.rs:5:15
[INFO] [stdout]   |
[INFO] [stdout] 5 |     let map = tool::newjs!(("hey", "hello"), ("hi", 3.7));
[INFO] [stdout]   |               ^^^^^^^^^^^^^^^^^^^^^^^^^^^^^^^^^^^^^^^^^^^ the borrow produces a value
[INFO] [stdout]   |
[INFO] [stdout]   = note: `#[warn(unused_must_use)]` (part of `#[warn(unused)]`) on by default
[INFO] [stdout]   = note: this warning originates in the macro `tool::newjs` (in Nightly builds, run with -Z macro-backtrace for more info)
[INFO] [stdout] 
[INFO] [stdout] 
[INFO] [stdout] warning: unused borrow that must be used
[INFO] [stdout]   --> tests/core/json.rs:14:18
[INFO] [stdout]    |
[INFO] [stdout] 14 |     tool::addjs!(&mut map, ("hey", "hello"), ("hi", 3.7));
[INFO] [stdout]    |                  ^^^^^^^^ the borrow produces a value
[INFO] [stdout]    |
[INFO] [stdout] help: use `let _ = ...` to ignore the resulting value
[INFO] [stdout]    |
[INFO] [stdout] 14 |     tool::addjs!(let _ = &mut map;, ("hey", "hello"), ("hi", 3.7));
[INFO] [stdout]    |                  +++++++         +
[INFO] [stdout] 
[INFO] [stdout] 
[INFO] [stdout] warning: unused borrow that must be used
[INFO] [stdout]   --> tests/core/json.rs:22:15
[INFO] [stdout]    |
[INFO] [stdout] 22 |     let map = tool::newjs!(("hey", "hello"), ("hi", 3.7));
[INFO] [stdout]    |               ^^^^^^^^^^^^^^^^^^^^^^^^^^^^^^^^^^^^^^^^^^^ the borrow produces a value
[INFO] [stdout]    |
[INFO] [stdout]    = note: this warning originates in the macro `tool::newjs` (in Nightly builds, run with -Z macro-backtrace for more info)
[INFO] [stdout] 
[INFO] [stdout] 
[INFO] [stderr]     Finished `release` profile [optimized] target(s) in 19.66s
[INFO] [stderr] warning: the following packages contain code that will be rejected by a future version of Rust: nalgebra v0.26.1
[INFO] [stderr] note: to see what the problems were, use the option `--future-incompat-report`, or run `cargo report future-incompatibilities --id 5`
[INFO] running `Command { std: "docker" "inspect" "40a4da3393aac46b13e98a0b4747edd247bfa7f57c5ffd28901ee8d2176fb5ae", kill_on_drop: false }`
[INFO] running `Command { std: "docker" "exec" "-e" "SOURCE_DIR=/opt/rustwide/workdir" "-e" "CARGO_HOME=/opt/rustwide/cargo-home" "-e" "RUSTUP_HOME=/opt/rustwide/rustup-home" "-e" "CARGO_TARGET_DIR=/opt/rustwide/target" "-e" "CARGO_INCREMENTAL=0" "-e" "RUST_BACKTRACE=full" "-e" "RUSTFLAGS=--cap-lints=warn" "-e" "RUSTDOCFLAGS=--cap-lints=warn" "-w" "/opt/rustwide/workdir" "--user" "0:0" "40a4da3393aac46b13e98a0b4747edd247bfa7f57c5ffd28901ee8d2176fb5ae" "/opt/rustwide/cargo-home/bin/cargo" "+1.99.0-beta.8" "test" "--frozen" "--release", kill_on_drop: false }`
[INFO] [stderr] warning: unused import: `self::macros::*`
[INFO] [stderr]   --> src/core/mod.rs:26:9
[INFO] [stderr]    |
[INFO] [stderr] 26 | pub use self::macros::*;
[INFO] [stderr]    |         ^^^^^^^^^^^^^^^
[INFO] [stderr]    |
[INFO] [stderr]    = note: `#[warn(unused_imports)]` (part of `#[warn(unused)]`) on by default
[INFO] [stderr] 
[INFO] [stderr] warning: private item shadows public glob re-export
[INFO] [stderr]   --> src/lib.rs:23:1
[INFO] [stderr]    |
[INFO] [stderr] 23 | extern crate log;
[INFO] [stderr]    | ^^^^^^^^^^^^^^^^^
[INFO] [stderr]    |
[INFO] [stderr] note: the name `log` in the type namespace is supposed to be publicly re-exported here
[INFO] [stderr]   --> src/lib.rs:19:9
[INFO] [stderr]    |
[INFO] [stderr] 19 | pub use crate::core::*;
[INFO] [stderr]    |         ^^^^^^^^^^^^^^
[INFO] [stderr] note: but the private item here shadows it
[INFO] [stderr]   --> src/lib.rs:23:1
[INFO] [stderr]    |
[INFO] [stderr] 23 | extern crate log;
[INFO] [stderr]    | ^^^^^^^^^^^^^^^^^
[INFO] [stderr]    = note: `#[warn(hidden_glob_reexports)]` on by default
[INFO] [stderr] 
[INFO] [stderr] warning: `rustool` (lib) generated 2 warnings (run `cargo fix --lib -p rustool` to apply 1 suggestion)
[INFO] [stderr] warning: `rustool` (lib test) generated 2 warnings (2 duplicates)
[INFO] [stderr] warning: unused borrow that must be used
[INFO] [stderr]  --> tests/core/json.rs:5:15
[INFO] [stderr]   |
[INFO] [stderr] 5 |     let map = tool::newjs!(("hey", "hello"), ("hi", 3.7));
[INFO] [stderr]   |               ^^^^^^^^^^^^^^^^^^^^^^^^^^^^^^^^^^^^^^^^^^^ the borrow produces a value
[INFO] [stderr]   |
[INFO] [stderr]   = note: `#[warn(unused_must_use)]` (part of `#[warn(unused)]`) on by default
[INFO] [stderr]   = note: this warning originates in the macro `tool::newjs` (in Nightly builds, run with -Z macro-backtrace for more info)
[INFO] [stderr] 
[INFO] [stderr] warning: unused borrow that must be used
[INFO] [stderr]   --> tests/core/json.rs:14:18
[INFO] [stderr]    |
[INFO] [stderr] 14 |     tool::addjs!(&mut map, ("hey", "hello"), ("hi", 3.7));
[INFO] [stderr]    |                  ^^^^^^^^ the borrow produces a value
[INFO] [stderr]    |
[INFO] [stderr] help: use `let _ = ...` to ignore the resulting value
[INFO] [stderr]    |
[INFO] [stderr] 14 |     tool::addjs!(let _ = &mut map;, ("hey", "hello"), ("hi", 3.7));
[INFO] [stderr]    |                  +++++++         +
[INFO] [stderr] 
[INFO] [stderr] warning: unused borrow that must be used
[INFO] [stderr]   --> tests/core/json.rs:22:15
[INFO] [stderr]    |
[INFO] [stderr] 22 |     let map = tool::newjs!(("hey", "hello"), ("hi", 3.7));
[INFO] [stderr]    |               ^^^^^^^^^^^^^^^^^^^^^^^^^^^^^^^^^^^^^^^^^^^ the borrow produces a value
[INFO] [stderr]    |
[INFO] [stderr]    = note: this warning originates in the macro `tool::newjs` (in Nightly builds, run with -Z macro-backtrace for more info)
[INFO] [stderr] 
[INFO] [stderr] warning: `rustool` (test "lib") generated 3 warnings
[INFO] [stderr]     Finished `release` profile [optimized] target(s) in 0.10s
[INFO] [stderr] warning: the following packages contain code that will be rejected by a future version of Rust: nalgebra v0.26.1
[INFO] [stderr] note: to see what the problems were, use the option `--future-incompat-report`, or run `cargo report future-incompatibilities --id 5`
[INFO] [stderr]      Running unittests src/lib.rs (/opt/rustwide/target/release/deps/tool-a3294cbd8d44a091)
[INFO] [stdout] 
[INFO] [stdout] running 0 tests
[INFO] [stdout] 
[INFO] [stdout] test result: ok. 0 passed; 0 failed; 0 ignored; 0 measured; 0 filtered out; finished in 0.00s
[INFO] [stdout] 
[INFO] [stderr]      Running tests/lib.rs (/opt/rustwide/target/release/deps/lib-442c3c048ec9ae05)
[INFO] [stdout] 
[INFO] [stdout] running 17 tests
[INFO] [stdout] test core::geometry::test_direct_angle_negative ... ok
[INFO] [stdout] test core::geometry::test_direct_angle_positive ... ok
[INFO] [stdout] test core::geometry::compute_directions ... ok
[INFO] [stdout] test core::geometry::projection_plane ... ok
[INFO] [stdout] test core::matrix::test_linspace ... ok
[INFO] [stdout] test core::json::writejs ... FAILED
[INFO] [stdout] test core::matrix::test_linspace_integer ... ok
[INFO] [stdout] test core::matrix::test_linspace_odd ... ok
[INFO] [stdout] test core::log::init ... FAILED
[INFO] [stdout] test core::geometry::compute_distances ... ok
[INFO] [stdout] test core::geometry::projection_vector ... ok
[INFO] [stdout] test core::json::addjs ... ok
[INFO] [stdout] test core::matrix::test_size_range_with_step ... ok
[INFO] [stdout] test core::matrix::test_size_range_with_step_odd ... ok
[INFO] [stdout] test core::geometry::dotproduct ... ok
[INFO] [stdout] test it_works ... ok
[INFO] [stdout] test core::json::newjs ... ok
[INFO] [stdout] 
[INFO] [stdout] failures:
[INFO] [stdout] 
[INFO] [stdout] ---- core::json::writejs stdout ----
[INFO] [stdout] 
[INFO] [stdout] thread 'core::json::writejs' (922) panicked at tests/core/json.rs:23:5:
[INFO] [stdout] called `Result::unwrap()` on an `Err` value: Os { code: 2, kind: NotFound, message: "No such file or directory" }
[INFO] [stdout] stack backtrace:
[INFO] [stdout]    0:     0x55a531025987 - <<std[70759c8f55707aa4]::sys::backtrace::BacktraceLock>::print::DisplayBacktrace as core[df12db4294e9bfd3]::fmt::Display>::fmt
[INFO] [stdout]    1:     0x55a531000a1a - core[df12db4294e9bfd3]::fmt::write
[INFO] [stdout]    2:     0x55a531024f3b - <alloc[2182bb758b4b3781]::vec::Vec<u8> as core[df12db4294e9bfd3]::io::write::Write>::write_fmt
[INFO] [stdout]    3:     0x55a531024a1f - std[70759c8f55707aa4]::panicking::default_hook::{closure#0}
[INFO] [stdout]    4:     0x55a53102464a - std[70759c8f55707aa4]::panicking::default_hook
[INFO] [stdout]    5:     0x55a531024182 - std[70759c8f55707aa4]::panicking::panic_with_hook
[INFO] [stdout]    6:     0x55a53104b5a1 - std[70759c8f55707aa4]::panicking::panic_handler::{closure#0}
[INFO] [stdout]    7:     0x55a53104b559 - std[70759c8f55707aa4]::sys::backtrace::__rust_end_short_backtrace::<std[70759c8f55707aa4]::panicking::panic_handler::{closure#0}, !>
[INFO] [stdout]    8:     0x55a53104ba6c - __rustc[8fa7c3cbc660c2b3]::rust_begin_unwind
[INFO] [stdout]    9:     0x55a5310008ab - core[df12db4294e9bfd3]::panicking::panic_fmt
[INFO] [stdout]   10:     0x55a531003b01 - core[df12db4294e9bfd3]::result::unwrap_failed
[INFO] [stdout]   11:     0x55a530ff97c8 - <lib[24a3652fa3e7bd27]::core::json::writejs::{closure#0} as core[df12db4294e9bfd3]::ops::function::FnOnce<()>>::call_once
[INFO] [stdout]   12:     0x55a531063a2b - test[9d35eded1c95d3be]::__rust_begin_short_backtrace::<core[df12db4294e9bfd3]::result::Result<(), alloc[2182bb758b4b3781]::string::String>, fn() -> core[df12db4294e9bfd3]::result::Result<(), alloc[2182bb758b4b3781]::string::String>>
[INFO] [stdout]   13:     0x55a53105f03f - test[9d35eded1c95d3be]::run_test::{closure#0}
[INFO] [stdout]   14:     0x55a53105eabc - std[70759c8f55707aa4]::sys::backtrace::__rust_begin_short_backtrace::<test[9d35eded1c95d3be]::run_test::{closure#1}, ()>
[INFO] [stdout]   15:     0x55a53107bc7c - <std[70759c8f55707aa4]::thread::lifecycle::spawn_unchecked<test[9d35eded1c95d3be]::run_test::{closure#1}, ()>::{closure#1} as core[df12db4294e9bfd3]::ops::function::FnOnce<()>>::call_once::{shim:vtable#0}
[INFO] [stdout]   16:     0x55a53104ce22 - <std[70759c8f55707aa4]::sys::thread::unix::Thread>::new::thread_start
[INFO] [stdout]   17:     0x73197c339dfa - <unknown>
[INFO] [stdout]   18:     0x73197c3cd3d4 - clone
[INFO] [stdout]   19:                0x0 - <unknown>
[INFO] [stdout] 
[INFO] [stdout] ---- core::log::init stdout ----
[INFO] [stdout] 
[INFO] [stdout] thread 'core::log::init' (923) panicked at src/core/log.rs:26:36:
[INFO] [stdout] called `Result::unwrap()` on an `Err` value: Os { code: 2, kind: NotFound, message: "No such file or directory" }
[INFO] [stdout] stack backtrace:
[INFO] [stdout]    0:     0x55a531025987 - <<std[70759c8f55707aa4]::sys::backtrace::BacktraceLock>::print::DisplayBacktrace as core[df12db4294e9bfd3]::fmt::Display>::fmt
[INFO] [stdout]    1:     0x55a531000a1a - core[df12db4294e9bfd3]::fmt::write
[INFO] [stdout]    2:     0x55a531024f3b - <alloc[2182bb758b4b3781]::vec::Vec<u8> as core[df12db4294e9bfd3]::io::write::Write>::write_fmt
[INFO] [stdout]    3:     0x55a531024a1f - std[70759c8f55707aa4]::panicking::default_hook::{closure#0}
[INFO] [stdout]    4:     0x55a53102464a - std[70759c8f55707aa4]::panicking::default_hook
[INFO] [stdout]    5:     0x55a531024182 - std[70759c8f55707aa4]::panicking::panic_with_hook
[INFO] [stdout]    6:     0x55a53104b5a1 - std[70759c8f55707aa4]::panicking::panic_handler::{closure#0}
[INFO] [stdout]    7:     0x55a53104b559 - std[70759c8f55707aa4]::sys::backtrace::__rust_end_short_backtrace::<std[70759c8f55707aa4]::panicking::panic_handler::{closure#0}, !>
[INFO] [stdout]    8:     0x55a53104ba6c - __rustc[8fa7c3cbc660c2b3]::rust_begin_unwind
[INFO] [stdout]    9:     0x55a5310008ab - core[df12db4294e9bfd3]::panicking::panic_fmt
[INFO] [stdout]   10:     0x55a531003b01 - core[df12db4294e9bfd3]::result::unwrap_failed
[INFO] [stdout]   11:     0x55a530ff7bba - <lib[24a3652fa3e7bd27]::core::log::init::{closure#0} as core[df12db4294e9bfd3]::ops::function::FnOnce<()>>::call_once
[INFO] [stdout]   12:     0x55a531063a2b - test[9d35eded1c95d3be]::__rust_begin_short_backtrace::<core[df12db4294e9bfd3]::result::Result<(), alloc[2182bb758b4b3781]::string::String>, fn() -> core[df12db4294e9bfd3]::result::Result<(), alloc[2182bb758b4b3781]::string::String>>
[INFO] [stdout]   13:     0x55a53105f03f - test[9d35eded1c95d3be]::run_test::{closure#0}
[INFO] [stdout]   14:     0x55a53105eabc - std[70759c8f55707aa4]::sys::backtrace::__rust_begin_short_backtrace::<test[9d35eded1c95d3be]::run_test::{closure#1}, ()>
[INFO] [stdout]   15:     0x55a53107bc7c - <std[70759c8f55707aa4]::thread::lifecycle::spawn_unchecked<test[9d35eded1c95d3be]::run_test::{closure#1}, ()>::{closure#1} as core[df12db4294e9bfd3]::ops::function::FnOnce<()>>::call_once::{shim:vtable#0}
[INFO] [stdout]   16:     0x55a53104ce22 - <std[70759c8f55707aa4]::sys::thread::unix::Thread>::new::thread_start
[INFO] [stdout]   17:     0x73197c339dfa - <unknown>
[INFO] [stdout]   18:     0x73197c3cd3d4 - clone
[INFO] [stdout]   19:                0x0 - <unknown>
[INFO] [stdout] 
[INFO] [stdout] 
[INFO] [stdout] failures:
[INFO] [stdout]     core::json::writejs
[INFO] [stdout]     core::log::init
[INFO] [stdout] 
[INFO] [stdout] test result: FAILED. 15 passed; 2 failed; 0 ignored; 0 measured; 0 filtered out; finished in 0.02s
[INFO] [stdout] 
[INFO] [stderr] error: test failed, to rerun pass `--test lib`
[INFO] running `Command { std: "docker" "inspect" "40a4da3393aac46b13e98a0b4747edd247bfa7f57c5ffd28901ee8d2176fb5ae", kill_on_drop: false }`
[INFO] running `Command { std: "docker" "rm" "-f" "40a4da3393aac46b13e98a0b4747edd247bfa7f57c5ffd28901ee8d2176fb5ae", kill_on_drop: false }`
[INFO] [stdout] 40a4da3393aac46b13e98a0b4747edd247bfa7f57c5ffd28901ee8d2176fb5ae
