[INFO] fetching crate rustolio-db 0.1.0...
[INFO] testing rustolio-db-0.1.0 against 1.100.0-beta.1+cargoflags=--release for beta-release-1.100-2
[INFO] extracting crate rustolio-db 0.1.0 into /workspace/builds/worker-5-tc2/source
[INFO] started tweaking crates.io crate rustolio-db 0.1.0
[INFO] finished tweaking crates.io crate rustolio-db 0.1.0
[INFO] tweaked toml for crates.io crate rustolio-db 0.1.0 written to /workspace/builds/worker-5-tc2/source/Cargo.toml
[INFO] validating manifest of crates.io crate rustolio-db 0.1.0 on toolchain 1.100.0-beta.1
[INFO] running `Command { std: CARGO_HOME="/workspace/cargo-home" RUSTUP_HOME="/workspace/rustup-home" "/workspace/cargo-home/bin/cargo" "+1.100.0-beta.1" "metadata" "--manifest-path" "Cargo.toml" "--no-deps", kill_on_drop: false }`
[INFO] crate crates.io crate rustolio-db 0.1.0 already has a lockfile, it will not be regenerated
[INFO] running `Command { std: CARGO_HOME="/workspace/cargo-home" RUSTUP_HOME="/workspace/rustup-home" "/workspace/cargo-home/bin/cargo" "+1.100.0-beta.1" "fetch" "--manifest-path" "Cargo.toml", kill_on_drop: false }`
[INFO] running `Command { std: "docker" "create" "-v" "/var/lib/crater-agent-workspace/builds/worker-5-tc2/source:/opt/rustwide/workdir:ro,Z" "-v" "/var/lib/crater-agent-workspace/builds/worker-5-tc2/target:/opt/rustwide/target:rw,Z" "-v" "/var/lib/crater-agent-workspace/cargo-home:/opt/rustwide/cargo-home:ro,Z" "-v" "/var/lib/crater-agent-workspace/rustup-home:/opt/rustwide/rustup-home:ro,Z" "-m" "1610612736" "--network" "none" "ghcr.io/rust-lang/crates-build-env/linux@sha256:77db811e55d90add9212f6832c23229e3de5f1c1f9905e8cb07319ea15df73ac" "sleep" "infinity", kill_on_drop: false }`
[INFO] [stdout] b0294afd8f0ec95606cf98d6a605079f75813ee80d4778dc6d59227a72a585ee
[INFO] running `Command { std: "docker" "start" "b0294afd8f0ec95606cf98d6a605079f75813ee80d4778dc6d59227a72a585ee", kill_on_drop: false }`
[INFO] running `Command { std: "docker" "inspect" "b0294afd8f0ec95606cf98d6a605079f75813ee80d4778dc6d59227a72a585ee", kill_on_drop: false }`
[INFO] running `Command { std: "docker" "exec" "-e" "SOURCE_DIR=/opt/rustwide/workdir" "-e" "CARGO_HOME=/opt/rustwide/cargo-home" "-e" "RUSTUP_HOME=/opt/rustwide/rustup-home" "-e" "CARGO_TARGET_DIR=/opt/rustwide/target" "-w" "/opt/rustwide/workdir" "--user" "0:0" "b0294afd8f0ec95606cf98d6a605079f75813ee80d4778dc6d59227a72a585ee" "/opt/rustwide/cargo-home/bin/cargo" "+1.100.0-beta.1" "metadata" "--no-deps" "--format-version=1", kill_on_drop: false }`
[INFO] running `Command { std: "docker" "inspect" "b0294afd8f0ec95606cf98d6a605079f75813ee80d4778dc6d59227a72a585ee", kill_on_drop: false }`
[INFO] running `Command { std: "docker" "exec" "-e" "SOURCE_DIR=/opt/rustwide/workdir" "-e" "CARGO_HOME=/opt/rustwide/cargo-home" "-e" "RUSTUP_HOME=/opt/rustwide/rustup-home" "-e" "CARGO_TARGET_DIR=/opt/rustwide/target" "-e" "CARGO_INCREMENTAL=0" "-e" "RUST_BACKTRACE=full" "-e" "RUSTFLAGS=--cap-lints=warn" "-e" "RUSTDOCFLAGS=--cap-lints=warn" "-w" "/opt/rustwide/workdir" "--user" "0:0" "b0294afd8f0ec95606cf98d6a605079f75813ee80d4778dc6d59227a72a585ee" "/opt/rustwide/cargo-home/bin/cargo" "+1.100.0-beta.1" "build" "--frozen" "--message-format=json" "--release", kill_on_drop: false }`
[INFO] [stderr]    Compiling typenum v1.19.0
[INFO] [stderr]    Compiling zeroize v1.8.2
[INFO] [stderr]    Compiling libc v0.2.175
[INFO] [stderr]    Compiling subtle v2.6.1
[INFO] [stderr]    Compiling cfg-if v1.0.1
[INFO] [stderr]    Compiling wasm-bindgen-shared v0.2.100
[INFO] [stderr]    Compiling log v0.4.27
[INFO] [stderr]    Compiling generic-array v0.14.7
[INFO] [stderr]    Compiling wasm-bindgen v0.2.100
[INFO] [stderr]    Compiling rustversion v1.0.21
[INFO] [stderr]    Compiling const-oid v0.9.6
[INFO] [stderr]    Compiling pin-project-lite v0.2.16
[INFO] [stderr]    Compiling futures-core v0.3.31
[INFO] [stderr]    Compiling syn v2.0.104
[INFO] [stderr]    Compiling smallvec v1.15.1
[INFO] [stderr]    Compiling futures-sink v0.3.31
[INFO] [stderr]    Compiling serde_json v1.0.143
[INFO] [stderr]    Compiling bytes v1.10.1
[INFO] [stderr]    Compiling cpufeatures v0.2.17
[INFO] [stderr]    Compiling tracing-core v0.1.34
[INFO] [stderr]    Compiling slab v0.4.11
[INFO] [stderr]    Compiling base16ct v0.2.0
[INFO] [stderr]    Compiling pin-utils v0.1.0
[INFO] [stderr]    Compiling memchr v2.7.5
[INFO] [stderr]    Compiling der v0.7.10
[INFO] [stderr]    Compiling lock_api v0.4.13
[INFO] [stderr]    Compiling futures-channel v0.3.31
[INFO] [stderr]    Compiling ff v0.13.1
[INFO] [stderr]    Compiling parking_lot_core v0.9.11
[INFO] [stderr]    Compiling hashbrown v0.15.5
[INFO] [stderr]    Compiling futures-io v0.3.31
[INFO] [stderr]    Compiling regex-syntax v0.6.29
[INFO] [stderr]    Compiling futures-task v0.3.31
[INFO] [stderr]    Compiling group v0.13.0
[INFO] [stderr]    Compiling opaque-debug v0.3.1
[INFO] [stderr]    Compiling regex-syntax v0.8.8
[INFO] [stderr]    Compiling crc32fast v1.5.0
[INFO] [stderr]    Compiling httparse v1.10.1
[INFO] [stderr]    Compiling try-lock v0.2.5
[INFO] [stderr]    Compiling overload v0.1.1
[INFO] [stderr]    Compiling atomic-waker v1.1.2
[INFO] [stderr]    Compiling http v1.3.1
[INFO] [stderr]    Compiling keccak v0.1.5
[INFO] [stderr]    Compiling simd-adler32 v0.3.8
[INFO] [stderr]    Compiling deranged v0.5.5
[INFO] [stderr]    Compiling nu-ansi-term v0.46.0
[INFO] [stderr]    Compiling indexmap v2.10.0
[INFO] [stderr]    Compiling miniz_oxide v0.8.9
[INFO] [stderr]    Compiling want v0.3.1
[INFO] [stderr]    Compiling socket2 v0.6.0
[INFO] [stderr]    Compiling signal-hook-registry v1.4.6
[INFO] [stderr]    Compiling parking_lot v0.12.4
[INFO] [stderr]    Compiling regex-automata v0.1.10
[INFO] [stderr]    Compiling crypto-common v0.1.7
[INFO] [stderr]    Compiling block-buffer v0.10.4
[INFO] [stderr]    Compiling digest v0.10.7
[INFO] [stderr]    Compiling inout v0.1.4
[INFO] [stderr]    Compiling sec1 v0.7.3
[INFO] [stderr]    Compiling crypto-bigint v0.5.5
[INFO] [stderr]    Compiling mio v1.0.4
[INFO] [stderr]    Compiling hmac v0.12.1
[INFO] [stderr]    Compiling cipher v0.4.4
[INFO] [stderr]    Compiling universal-hash v0.5.1
[INFO] [stderr]    Compiling rfc6979 v0.4.0
[INFO] [stderr]    Compiling signature v2.2.0
[INFO] [stderr]    Compiling polyval v0.6.2
[INFO] [stderr]    Compiling spki v0.7.3
[INFO] [stderr]    Compiling http-body v1.0.1
[INFO] [stderr]    Compiling matchers v0.1.0
[INFO] [stderr]    Compiling sha2 v0.10.9
[INFO] [stderr]    Compiling ctr v0.9.2
[INFO] [stderr]    Compiling regex-automata v0.4.13
[INFO] [stderr]    Compiling aes v0.8.4
[INFO] [stderr]    Compiling ghash v0.5.1
[INFO] [stderr]    Compiling sha3 v0.10.8
[INFO] [stderr]    Compiling aead v0.5.2
[INFO] [stderr]    Compiling hybrid-array v0.2.3
[INFO] [stderr]    Compiling sharded-slab v0.1.7
[INFO] [stderr]    Compiling tracing-log v0.2.0
[INFO] [stderr]    Compiling kem v0.3.0-pre.0
[INFO] [stderr]    Compiling thread_local v1.1.9
[INFO] [stderr]    Compiling httpdate v1.0.3
[INFO] [stderr]    Compiling ryu v1.0.20
[INFO] [stderr]    Compiling num-conv v0.2.0
[INFO] [stderr]    Compiling getrandom v0.3.4
[INFO] [stderr]    Compiling elliptic-curve v0.13.8
[INFO] [stderr]    Compiling aes-gcm v0.10.3
[INFO] [stderr]    Compiling time v0.3.46
[INFO] [stderr]    Compiling flate2 v1.1.5
[INFO] [stderr]    Compiling http-body-util v0.1.3
[INFO] [stderr]    Compiling primeorder v0.13.6
[INFO] [stderr]    Compiling ecdsa v0.16.9
[INFO] [stderr]    Compiling p256 v0.13.2
[INFO] [stderr]    Compiling ml-kem v0.2.1
[INFO] [stderr]    Compiling wasm-bindgen-backend v0.2.100
[INFO] [stderr]    Compiling regex v1.12.2
[INFO] [stderr]    Compiling matchit v0.8.6
[INFO] [stderr]    Compiling inventory v0.3.21
[INFO] [stderr]    Compiling hashbrown v0.16.1
[INFO] [stderr]    Compiling wasm-bindgen-macro-support v0.2.100
[INFO] [stderr]    Compiling tokio-macros v2.5.0
[INFO] [stderr]    Compiling tracing-attributes v0.1.30
[INFO] [stderr]    Compiling serde_derive v1.0.228
[INFO] [stderr]    Compiling futures-macro v0.3.31
[INFO] [stderr]    Compiling derive_more-impl v2.1.1
[INFO] [stderr]    Compiling rustolio-utils-macros v0.1.0
[INFO] [stderr]    Compiling typed-builder-macro v0.23.2
[INFO] [stderr]    Compiling rustolio-web-router-macro v0.1.0
[INFO] [stderr]    Compiling rustolio-rpc-macro v0.1.0
[INFO] [stderr]    Compiling rustolio-web-core-macros v0.1.0
[INFO] [stderr]    Compiling hashlink v0.11.0
[INFO] [stderr]    Compiling tokio v1.47.1
[INFO] [stderr]    Compiling futures-util v0.3.31
[INFO] [stderr]    Compiling wasm-bindgen-macro v0.2.100
[INFO] [stderr]    Compiling tracing v0.1.41
[INFO] [stderr]    Compiling tracing-subscriber v0.3.19
[INFO] [stderr]    Compiling js-sys v0.3.77
[INFO] [stderr]    Compiling typed-builder v0.23.2
[INFO] [stderr]    Compiling serde v1.0.228
[INFO] [stderr]    Compiling futures-executor v0.3.31
[INFO] [stderr]    Compiling futures v0.3.31
[INFO] [stderr]    Compiling derive_more v2.1.1
[INFO] [stderr]    Compiling serde-wasm-bindgen v0.6.5
[INFO] [stderr]    Compiling web-sys v0.3.77
[INFO] [stderr]    Compiling wasm-bindgen-futures v0.4.50
[INFO] [stderr]    Compiling tokio-util v0.7.16
[INFO] [stderr]    Compiling h2 v0.4.12
[INFO] [stderr]    Compiling hyper v1.7.0
[INFO] [stderr]    Compiling rustolio-utils v0.1.0
[INFO] [stderr]    Compiling rustolio-build-utils v0.1.0
[INFO] [stderr]    Compiling rustolio-web v0.1.0
[INFO] [stderr]    Compiling rustolio-db v0.1.0 (/opt/rustwide/workdir)
[INFO] [stderr]    Compiling rustolio-server-router v0.1.0
[INFO] [stderr]    Compiling rustolio-rpc v0.1.0
[INFO] [stdout] warning: function `generate_dir` is never used
[INFO] [stdout]   --> src/test_utils/file.rs:13:8
[INFO] [stdout]    |
[INFO] [stdout] 13 | pub fn generate_dir(name: &'static str) -> (PathBuf, PathGuard) {
[INFO] [stdout]    |        ^^^^^^^^^^^^
[INFO] [stdout]    |
[INFO] [stdout]    = note: `#[warn(dead_code)]` (part of `#[warn(unused)]`) on by default
[INFO] [stdout] 
[INFO] [stdout] 
[INFO] [stdout] warning: struct `PathGuard` is never constructed
[INFO] [stdout]   --> src/test_utils/file.rs:20:12
[INFO] [stdout]    |
[INFO] [stdout] 20 | pub struct PathGuard {
[INFO] [stdout]    |            ^^^^^^^^^
[INFO] [stdout] 
[INFO] [stdout] 
[INFO] [stdout] warning: function `getset` is never used
[INFO] [stdout]   --> src/store/mod.rs:43:8
[INFO] [stdout]    |
[INFO] [stdout] 43 | pub fn getset(key: Key, value: Value) -> HandleFn<Option<Value>> {
[INFO] [stdout]    |        ^^^^^^
[INFO] [stdout] 
[INFO] [stdout] 
[INFO] [stdout] warning: field `disk_channel` is never read
[INFO] [stdout]   --> src/store/mod.rs:56:5
[INFO] [stdout]    |
[INFO] [stdout] 54 | pub struct Service {
[INFO] [stdout]    |            ------- field in this struct
[INFO] [stdout] 55 |     mem_channel: mpsc::Sender<memory::Action>,
[INFO] [stdout] 56 |     disk_channel: mpsc::Sender<disk::Action>,
[INFO] [stdout]    |     ^^^^^^^^^^^^
[INFO] [stdout]    |
[INFO] [stdout]    = note: `Service` has a derived impl for the trait `Debug`, but this is intentionally ignored during dead code analysis
[INFO] [stdout] 
[INFO] [stdout] 
[INFO] [stdout] warning: variant `Shutdown` is never constructed
[INFO] [stdout]   --> src/store/disk.rs:28:5
[INFO] [stdout]    |
[INFO] [stdout] 21 | pub enum Action {
[INFO] [stdout]    |          ------ variant in this enum
[INFO] [stdout] ...
[INFO] [stdout] 28 |     Shutdown(oneshot::Sender<()>),
[INFO] [stdout]    |     ^^^^^^^^
[INFO] [stdout] 
[INFO] [stdout] 
[INFO] [stdout] warning: variant `Shutdown` is never constructed
[INFO] [stdout]   --> src/store/memory.rs:21:5
[INFO] [stdout]    |
[INFO] [stdout] 19 | pub enum Action {
[INFO] [stdout]    |          ------ variant in this enum
[INFO] [stdout] 20 |     Update(HandleFn<BoxAny>, oneshot::Sender<Result<BoxAny>>),
[INFO] [stdout] 21 |     Shutdown(oneshot::Sender<()>),
[INFO] [stdout]    |     ^^^^^^^^
[INFO] [stdout] 
[INFO] [stdout] 
[INFO] [stdout] warning: fields `max_usage` and `current_usage` are never read
[INFO] [stdout]   --> src/store/memory.rs:25:5
[INFO] [stdout]    |
[INFO] [stdout] 24 | pub struct Store {
[INFO] [stdout]    |            ----- fields in this struct
[INFO] [stdout] 25 |     max_usage: usize,
[INFO] [stdout]    |     ^^^^^^^^^
[INFO] [stdout] 26 |     current_usage: usize,
[INFO] [stdout]    |     ^^^^^^^^^^^^^
[INFO] [stdout] 
[INFO] [stdout] 
[INFO] [stdout] warning: fields `username`, `encryption_cipher`, and `decapsulation_key` are never read
[INFO] [stdout]   --> src/client/mod.rs:41:5
[INFO] [stdout]    |
[INFO] [stdout] 40 | pub struct Client {
[INFO] [stdout]    |            ------ fields in this struct
[INFO] [stdout] 41 |     username: String,
[INFO] [stdout]    |     ^^^^^^^^
[INFO] [stdout] 42 |     private_key: crypto::signature::PrivateKey,
[INFO] [stdout] 43 |     encryption_cipher: crypto::encryption::Cipher,
[INFO] [stdout]    |     ^^^^^^^^^^^^^^^^^
[INFO] [stdout] 44 |     decapsulation_key: crypto::encapsulation::DecapsulationKey,
[INFO] [stdout]    |     ^^^^^^^^^^^^^^^^^
[INFO] [stdout]    |
[INFO] [stdout]    = note: `Client` has a derived impl for the trait `Clone`, but this is intentionally ignored during dead code analysis
[INFO] [stdout] 
[INFO] [stdout] 
[INFO] [stdout] warning: unused `std::result::Result` that must be used
[INFO] [stdout]    --> src/store/memory.rs:100:13
[INFO] [stdout]     |
[INFO] [stdout] 100 |             self.set_mem(key, value.clone().unwrap());
[INFO] [stdout]     |             ^^^^^^^^^^^^^^^^^^^^^^^^^^^^^^^^^^^^^^^^^
[INFO] [stdout]     |
[INFO] [stdout]     = note: this `Result` may be an `Err` variant, which should be handled
[INFO] [stdout]     = note: `#[warn(unused_must_use)]` (part of `#[warn(unused)]`) on by default
[INFO] [stdout] help: use `let _ = ...` to ignore the resulting value
[INFO] [stdout]     |
[INFO] [stdout] 100 |             let _ = self.set_mem(key, value.clone().unwrap());
[INFO] [stdout]     |             +++++++
[INFO] [stdout] 
[INFO] [stdout] 
[INFO] [stderr]     Finished `release` profile [optimized] target(s) in 1m 52s
[INFO] running `Command { std: "docker" "inspect" "b0294afd8f0ec95606cf98d6a605079f75813ee80d4778dc6d59227a72a585ee", kill_on_drop: false }`
[INFO] running `Command { std: "docker" "exec" "-e" "SOURCE_DIR=/opt/rustwide/workdir" "-e" "CARGO_HOME=/opt/rustwide/cargo-home" "-e" "RUSTUP_HOME=/opt/rustwide/rustup-home" "-e" "CARGO_TARGET_DIR=/opt/rustwide/target" "-e" "CARGO_INCREMENTAL=0" "-e" "RUST_BACKTRACE=full" "-e" "RUSTFLAGS=--cap-lints=warn" "-e" "RUSTDOCFLAGS=--cap-lints=warn" "-w" "/opt/rustwide/workdir" "--user" "0:0" "b0294afd8f0ec95606cf98d6a605079f75813ee80d4778dc6d59227a72a585ee" "/opt/rustwide/cargo-home/bin/cargo" "+1.100.0-beta.1" "test" "--frozen" "--no-run" "--message-format=json" "--release", kill_on_drop: false }`
[INFO] [stderr]    Compiling rustolio-db v0.1.0 (/opt/rustwide/workdir)
[INFO] [stdout] warning: function `generate_dir` is never used
[INFO] [stdout]   --> src/test_utils/file.rs:13:8
[INFO] [stdout]    |
[INFO] [stdout] 13 | pub fn generate_dir(name: &'static str) -> (PathBuf, PathGuard) {
[INFO] [stdout]    |        ^^^^^^^^^^^^
[INFO] [stdout]    |
[INFO] [stdout]    = note: `#[warn(dead_code)]` (part of `#[warn(unused)]`) on by default
[INFO] [stdout] 
[INFO] [stdout] 
[INFO] [stdout] warning: struct `PathGuard` is never constructed
[INFO] [stdout]   --> src/test_utils/file.rs:20:12
[INFO] [stdout]    |
[INFO] [stdout] 20 | pub struct PathGuard {
[INFO] [stdout]    |            ^^^^^^^^^
[INFO] [stdout] 
[INFO] [stdout] 
[INFO] [stdout] warning: function `getset` is never used
[INFO] [stdout]   --> src/store/mod.rs:43:8
[INFO] [stdout]    |
[INFO] [stdout] 43 | pub fn getset(key: Key, value: Value) -> HandleFn<Option<Value>> {
[INFO] [stdout]    |        ^^^^^^
[INFO] [stdout] 
[INFO] [stdout] 
[INFO] [stdout] warning: field `disk_channel` is never read
[INFO] [stdout]   --> src/store/mod.rs:56:5
[INFO] [stdout]    |
[INFO] [stdout] 54 | pub struct Service {
[INFO] [stdout]    |            ------- field in this struct
[INFO] [stdout] 55 |     mem_channel: mpsc::Sender<memory::Action>,
[INFO] [stdout] 56 |     disk_channel: mpsc::Sender<disk::Action>,
[INFO] [stdout]    |     ^^^^^^^^^^^^
[INFO] [stdout]    |
[INFO] [stdout]    = note: `Service` has a derived impl for the trait `Debug`, but this is intentionally ignored during dead code analysis
[INFO] [stdout] 
[INFO] [stdout] 
[INFO] [stdout] warning: variant `Shutdown` is never constructed
[INFO] [stdout]   --> src/store/disk.rs:28:5
[INFO] [stdout]    |
[INFO] [stdout] 21 | pub enum Action {
[INFO] [stdout]    |          ------ variant in this enum
[INFO] [stdout] ...
[INFO] [stdout] 28 |     Shutdown(oneshot::Sender<()>),
[INFO] [stdout]    |     ^^^^^^^^
[INFO] [stdout] 
[INFO] [stdout] 
[INFO] [stdout] warning: variant `Shutdown` is never constructed
[INFO] [stdout]   --> src/store/memory.rs:21:5
[INFO] [stdout]    |
[INFO] [stdout] 19 | pub enum Action {
[INFO] [stdout]    |          ------ variant in this enum
[INFO] [stdout] 20 |     Update(HandleFn<BoxAny>, oneshot::Sender<Result<BoxAny>>),
[INFO] [stdout] 21 |     Shutdown(oneshot::Sender<()>),
[INFO] [stdout]    |     ^^^^^^^^
[INFO] [stdout] 
[INFO] [stdout] 
[INFO] [stdout] warning: fields `max_usage` and `current_usage` are never read
[INFO] [stdout]   --> src/store/memory.rs:25:5
[INFO] [stdout]    |
[INFO] [stdout] 24 | pub struct Store {
[INFO] [stdout]    |            ----- fields in this struct
[INFO] [stdout] 25 |     max_usage: usize,
[INFO] [stdout]    |     ^^^^^^^^^
[INFO] [stdout] 26 |     current_usage: usize,
[INFO] [stdout]    |     ^^^^^^^^^^^^^
[INFO] [stdout] 
[INFO] [stdout] 
[INFO] [stdout] warning: fields `username`, `encryption_cipher`, and `decapsulation_key` are never read
[INFO] [stdout]   --> src/client/mod.rs:41:5
[INFO] [stdout]    |
[INFO] [stdout] 40 | pub struct Client {
[INFO] [stdout]    |            ------ fields in this struct
[INFO] [stdout] 41 |     username: String,
[INFO] [stdout]    |     ^^^^^^^^
[INFO] [stdout] 42 |     private_key: crypto::signature::PrivateKey,
[INFO] [stdout] 43 |     encryption_cipher: crypto::encryption::Cipher,
[INFO] [stdout]    |     ^^^^^^^^^^^^^^^^^
[INFO] [stdout] 44 |     decapsulation_key: crypto::encapsulation::DecapsulationKey,
[INFO] [stdout]    |     ^^^^^^^^^^^^^^^^^
[INFO] [stdout]    |
[INFO] [stdout]    = note: `Client` has a derived impl for the trait `Clone`, but this is intentionally ignored during dead code analysis
[INFO] [stdout] 
[INFO] [stdout] 
[INFO] [stdout] warning: unused `std::result::Result` that must be used
[INFO] [stdout]    --> src/store/memory.rs:100:13
[INFO] [stdout]     |
[INFO] [stdout] 100 |             self.set_mem(key, value.clone().unwrap());
[INFO] [stdout]     |             ^^^^^^^^^^^^^^^^^^^^^^^^^^^^^^^^^^^^^^^^^
[INFO] [stdout]     |
[INFO] [stdout]     = note: this `Result` may be an `Err` variant, which should be handled
[INFO] [stdout]     = note: `#[warn(unused_must_use)]` (part of `#[warn(unused)]`) on by default
[INFO] [stdout] help: use `let _ = ...` to ignore the resulting value
[INFO] [stdout]     |
[INFO] [stdout] 100 |             let _ = self.set_mem(key, value.clone().unwrap());
[INFO] [stdout]     |             +++++++
[INFO] [stdout] 
[INFO] [stdout] 
[INFO] [stdout] warning: variant `Shutdown` is never constructed
[INFO] [stdout]   --> src/store/disk.rs:28:5
[INFO] [stdout]    |
[INFO] [stdout] 21 | pub enum Action {
[INFO] [stdout]    |          ------ variant in this enum
[INFO] [stdout] ...
[INFO] [stdout] 28 |     Shutdown(oneshot::Sender<()>),
[INFO] [stdout]    |     ^^^^^^^^
[INFO] [stdout]    |
[INFO] [stdout]    = note: `#[warn(dead_code)]` (part of `#[warn(unused)]`) on by default
[INFO] [stdout] 
[INFO] [stdout] 
[INFO] [stdout] warning: variant `Shutdown` is never constructed
[INFO] [stdout]   --> src/store/memory.rs:21:5
[INFO] [stdout]    |
[INFO] [stdout] 19 | pub enum Action {
[INFO] [stdout]    |          ------ variant in this enum
[INFO] [stdout] 20 |     Update(HandleFn<BoxAny>, oneshot::Sender<Result<BoxAny>>),
[INFO] [stdout] 21 |     Shutdown(oneshot::Sender<()>),
[INFO] [stdout]    |     ^^^^^^^^
[INFO] [stdout] 
[INFO] [stdout] 
[INFO] [stdout] warning: fields `max_usage` and `current_usage` are never read
[INFO] [stdout]   --> src/store/memory.rs:25:5
[INFO] [stdout]    |
[INFO] [stdout] 24 | pub struct Store {
[INFO] [stdout]    |            ----- fields in this struct
[INFO] [stdout] 25 |     max_usage: usize,
[INFO] [stdout]    |     ^^^^^^^^^
[INFO] [stdout] 26 |     current_usage: usize,
[INFO] [stdout]    |     ^^^^^^^^^^^^^
[INFO] [stdout] 
[INFO] [stdout] 
[INFO] [stdout] warning: fields `username`, `encryption_cipher`, and `decapsulation_key` are never read
[INFO] [stdout]   --> src/client/mod.rs:41:5
[INFO] [stdout]    |
[INFO] [stdout] 40 | pub struct Client {
[INFO] [stdout]    |            ------ fields in this struct
[INFO] [stdout] 41 |     username: String,
[INFO] [stdout]    |     ^^^^^^^^
[INFO] [stdout] 42 |     private_key: crypto::signature::PrivateKey,
[INFO] [stdout] 43 |     encryption_cipher: crypto::encryption::Cipher,
[INFO] [stdout]    |     ^^^^^^^^^^^^^^^^^
[INFO] [stdout] 44 |     decapsulation_key: crypto::encapsulation::DecapsulationKey,
[INFO] [stdout]    |     ^^^^^^^^^^^^^^^^^
[INFO] [stdout]    |
[INFO] [stdout]    = note: `Client` has a derived impl for the trait `Clone`, but this is intentionally ignored during dead code analysis
[INFO] [stdout] 
[INFO] [stdout] 
[INFO] [stdout] warning: unused `std::result::Result` that must be used
[INFO] [stdout]    --> src/store/memory.rs:100:13
[INFO] [stdout]     |
[INFO] [stdout] 100 |             self.set_mem(key, value.clone().unwrap());
[INFO] [stdout]     |             ^^^^^^^^^^^^^^^^^^^^^^^^^^^^^^^^^^^^^^^^^
[INFO] [stdout]     |
[INFO] [stdout]     = note: this `Result` may be an `Err` variant, which should be handled
[INFO] [stdout]     = note: `#[warn(unused_must_use)]` (part of `#[warn(unused)]`) on by default
[INFO] [stdout] help: use `let _ = ...` to ignore the resulting value
[INFO] [stdout]     |
[INFO] [stdout] 100 |             let _ = self.set_mem(key, value.clone().unwrap());
[INFO] [stdout]     |             +++++++
[INFO] [stdout] 
[INFO] [stdout] 
[INFO] [stderr]     Finished `release` profile [optimized] target(s) in 5.31s
[INFO] running `Command { std: "docker" "inspect" "b0294afd8f0ec95606cf98d6a605079f75813ee80d4778dc6d59227a72a585ee", kill_on_drop: false }`
[INFO] running `Command { std: "docker" "exec" "-e" "SOURCE_DIR=/opt/rustwide/workdir" "-e" "CARGO_HOME=/opt/rustwide/cargo-home" "-e" "RUSTUP_HOME=/opt/rustwide/rustup-home" "-e" "CARGO_TARGET_DIR=/opt/rustwide/target" "-e" "CARGO_INCREMENTAL=0" "-e" "RUST_BACKTRACE=full" "-e" "RUSTFLAGS=--cap-lints=warn" "-e" "RUSTDOCFLAGS=--cap-lints=warn" "-w" "/opt/rustwide/workdir" "--user" "0:0" "b0294afd8f0ec95606cf98d6a605079f75813ee80d4778dc6d59227a72a585ee" "/opt/rustwide/cargo-home/bin/cargo" "+1.100.0-beta.1" "test" "--frozen" "--release", kill_on_drop: false }`
[INFO] [stderr] warning: function `generate_dir` is never used
[INFO] [stderr]   --> src/test_utils/file.rs:13:8
[INFO] [stderr]    |
[INFO] [stderr] 13 | pub fn generate_dir(name: &'static str) -> (PathBuf, PathGuard) {
[INFO] [stderr]    |        ^^^^^^^^^^^^
[INFO] [stderr]    |
[INFO] [stderr]    = note: `#[warn(dead_code)]` (part of `#[warn(unused)]`) on by default
[INFO] [stderr] 
[INFO] [stderr] warning: struct `PathGuard` is never constructed
[INFO] [stderr]   --> src/test_utils/file.rs:20:12
[INFO] [stderr]    |
[INFO] [stderr] 20 | pub struct PathGuard {
[INFO] [stderr]    |            ^^^^^^^^^
[INFO] [stderr] 
[INFO] [stderr] warning: function `getset` is never used
[INFO] [stderr]   --> src/store/mod.rs:43:8
[INFO] [stderr]    |
[INFO] [stderr] 43 | pub fn getset(key: Key, value: Value) -> HandleFn<Option<Value>> {
[INFO] [stderr]    |        ^^^^^^
[INFO] [stderr] 
[INFO] [stderr] warning: field `disk_channel` is never read
[INFO] [stderr]   --> src/store/mod.rs:56:5
[INFO] [stderr]    |
[INFO] [stderr] 54 | pub struct Service {
[INFO] [stderr]    |            ------- field in this struct
[INFO] [stderr] 55 |     mem_channel: mpsc::Sender<memory::Action>,
[INFO] [stderr] 56 |     disk_channel: mpsc::Sender<disk::Action>,
[INFO] [stderr]    |     ^^^^^^^^^^^^
[INFO] [stderr]    |
[INFO] [stderr]    = note: `Service` has a derived impl for the trait `Debug`, but this is intentionally ignored during dead code analysis
[INFO] [stderr] 
[INFO] [stderr] warning: variant `Shutdown` is never constructed
[INFO] [stderr]   --> src/store/disk.rs:28:5
[INFO] [stderr]    |
[INFO] [stderr] 21 | pub enum Action {
[INFO] [stderr]    |          ------ variant in this enum
[INFO] [stderr] ...
[INFO] [stderr] 28 |     Shutdown(oneshot::Sender<()>),
[INFO] [stderr]    |     ^^^^^^^^
[INFO] [stderr] 
[INFO] [stderr] warning: variant `Shutdown` is never constructed
[INFO] [stderr]   --> src/store/memory.rs:21:5
[INFO] [stderr]    |
[INFO] [stderr] 19 | pub enum Action {
[INFO] [stderr]    |          ------ variant in this enum
[INFO] [stderr] 20 |     Update(HandleFn<BoxAny>, oneshot::Sender<Result<BoxAny>>),
[INFO] [stderr] 21 |     Shutdown(oneshot::Sender<()>),
[INFO] [stderr]    |     ^^^^^^^^
[INFO] [stderr] 
[INFO] [stderr] warning: fields `max_usage` and `current_usage` are never read
[INFO] [stderr]   --> src/store/memory.rs:25:5
[INFO] [stderr]    |
[INFO] [stderr] 24 | pub struct Store {
[INFO] [stderr]    |            ----- fields in this struct
[INFO] [stderr] 25 |     max_usage: usize,
[INFO] [stderr]    |     ^^^^^^^^^
[INFO] [stderr] 26 |     current_usage: usize,
[INFO] [stderr]    |     ^^^^^^^^^^^^^
[INFO] [stderr] 
[INFO] [stderr] warning: fields `username`, `encryption_cipher`, and `decapsulation_key` are never read
[INFO] [stderr]   --> src/client/mod.rs:41:5
[INFO] [stderr]    |
[INFO] [stderr] 40 | pub struct Client {
[INFO] [stderr]    |            ------ fields in this struct
[INFO] [stderr] 41 |     username: String,
[INFO] [stderr]    |     ^^^^^^^^
[INFO] [stderr] 42 |     private_key: crypto::signature::PrivateKey,
[INFO] [stderr] 43 |     encryption_cipher: crypto::encryption::Cipher,
[INFO] [stderr]    |     ^^^^^^^^^^^^^^^^^
[INFO] [stderr] 44 |     decapsulation_key: crypto::encapsulation::DecapsulationKey,
[INFO] [stderr]    |     ^^^^^^^^^^^^^^^^^
[INFO] [stderr]    |
[INFO] [stderr]    = note: `Client` has a derived impl for the trait `Clone`, but this is intentionally ignored during dead code analysis
[INFO] [stderr] 
[INFO] [stderr] warning: unused `std::result::Result` that must be used
[INFO] [stderr]    --> src/store/memory.rs:100:13
[INFO] [stderr]     |
[INFO] [stderr] 100 |             self.set_mem(key, value.clone().unwrap());
[INFO] [stderr]     |             ^^^^^^^^^^^^^^^^^^^^^^^^^^^^^^^^^^^^^^^^^
[INFO] [stderr]     |
[INFO] [stderr]     = note: this `Result` may be an `Err` variant, which should be handled
[INFO] [stderr]     = note: `#[warn(unused_must_use)]` (part of `#[warn(unused)]`) on by default
[INFO] [stderr] help: use `let _ = ...` to ignore the resulting value
[INFO] [stderr]     |
[INFO] [stderr] 100 |             let _ = self.set_mem(key, value.clone().unwrap());
[INFO] [stderr]     |             +++++++
[INFO] [stderr] 
[INFO] [stderr] warning: variant `Shutdown` is never constructed
[INFO] [stderr]   --> src/store/disk.rs:28:5
[INFO] [stderr]    |
[INFO] [stderr] 21 | pub enum Action {
[INFO] [stderr]    |          ------ variant in this enum
[INFO] [stderr] ...
[INFO] [stderr] 28 |     Shutdown(oneshot::Sender<()>),
[INFO] [stderr]    |     ^^^^^^^^
[INFO] [stderr]    |
[INFO] [stderr]    = note: `#[warn(dead_code)]` (part of `#[warn(unused)]`) on by default
[INFO] [stderr] 
[INFO] [stderr] warning: `rustolio-db` (lib) generated 9 warnings
[INFO] [stderr] warning: `rustolio-db` (lib test) generated 5 warnings (4 duplicates)
[INFO] [stderr]     Finished `release` profile [optimized] target(s) in 0.20s
[INFO] [stderr]      Running unittests src/lib.rs (/opt/rustwide/target/release/build/rustolio-db/3300b13b88f1b7a4/out/rustolio_db-3300b13b88f1b7a4)
[INFO] [stdout] 
[INFO] [stdout] running 5 tests
[INFO] [stdout] test store::tests::test_store_operation ... FAILED
[INFO] [stdout] test store::disk::tests::test_disk_store ... FAILED
[INFO] [stdout] test store::tests::test_store_replication ... FAILED
[INFO] [stdout] test store::disk::tests::test_read_write ... FAILED
[INFO] [stdout] test store::disk::tests::test_disk_store_channel ... FAILED
[INFO] [stdout] 
[INFO] [stdout] failures:
[INFO] [stdout] 
[INFO] [stdout] ---- store::tests::test_store_operation stdout ----
[INFO] [stdout] 
[INFO] [stdout] thread 'store::tests::test_store_operation' (2989) panicked at src/test_utils/file.rs:16:31:
[INFO] [stdout] called `Result::unwrap()` on an `Err` value: Os { code: 30, kind: ReadOnlyFilesystem, message: "Read-only file system" }
[INFO] [stdout] stack backtrace:
[INFO] [stdout]    0:     0x64dbb8c59621 - <<std[617be2ca0a6fd877]::sys::backtrace::BacktraceLock>::print::DisplayBacktrace as core[a373ad73a504971]::fmt::Display>::fmt
[INFO] [stdout]    1:     0x64dbb8c6e1ea - core[a373ad73a504971]::fmt::write
[INFO] [stdout]    2:     0x64dbb8c5dcec - <alloc[2e1b2a31b91974c5]::vec::Vec<u8> as core[a373ad73a504971]::io::write::Write>::write_fmt
[INFO] [stdout]    3:     0x64dbb8c343e6 - std[617be2ca0a6fd877]::panicking::default_hook::{closure#0}
[INFO] [stdout]    4:     0x64dbb8c512c9 - std[617be2ca0a6fd877]::panicking::default_hook
[INFO] [stdout]    5:     0x64dbb8ba7200 - test[aada8e7e76ba119b]::test_main_inner::{closure#0}
[INFO] [stdout]    6:     0x64dbb8c515f2 - std[617be2ca0a6fd877]::panicking::panic_with_hook
[INFO] [stdout]    7:     0x64dbb8c34492 - std[617be2ca0a6fd877]::panicking::panic_handler::{closure#0}
[INFO] [stdout]    8:     0x64dbb8c2d089 - std[617be2ca0a6fd877]::sys::backtrace::__rust_end_short_backtrace::<std[617be2ca0a6fd877]::panicking::panic_handler::{closure#0}, !>
[INFO] [stdout]    9:     0x64dbb8c3509d - __rustc[ea4f61d10b84890b]::rust_begin_unwind
[INFO] [stdout]   10:     0x64dbb8c6e94c - core[a373ad73a504971]::panicking::panic_fmt
[INFO] [stdout]   11:     0x64dbb8c6e722 - core[a373ad73a504971]::result::unwrap_failed
[INFO] [stdout]   12:     0x64dbb8b896e6 - rustolio_db[f2a26113a9407656]::test_utils::file::generate_dir
[INFO] [stdout]   13:     0x64dbb8b96cd4 - rustolio_db[f2a26113a9407656]::store::tests::test_store_operation::{closure#0}
[INFO] [stdout]   14:     0x64dbb8b82fc8 - <tokio[a667b150bdda8973]::runtime::context::scoped::Scoped<tokio[a667b150bdda8973]::runtime::scheduler::Context>>::set::<<tokio[a667b150bdda8973]::runtime::scheduler::current_thread::CoreGuard>::enter<<tokio[a667b150bdda8973]::runtime::scheduler::current_thread::CoreGuard>::block_on<core[a373ad73a504971]::pin::Pin<&mut core[a373ad73a504971]::pin::Pin<&mut dyn core[a373ad73a504971]::future::future::Future<Output = ()>>>>::{closure#0}, core[a373ad73a504971]::option::Option<()>>::{closure#0}, (alloc[2e1b2a31b91974c5]::boxed::Box<tokio[a667b150bdda8973]::runtime::scheduler::current_thread::Core>, core[a373ad73a504971]::option::Option<()>)>
[INFO] [stdout]   15:     0x64dbb8b82a5b - <tokio[a667b150bdda8973]::runtime::runtime::Runtime>::block_on::<core[a373ad73a504971]::pin::Pin<&mut dyn core[a373ad73a504971]::future::future::Future<Output = ()>>>
[INFO] [stdout]   16:     0x64dbb8b9a3fe - <rustolio_db[f2a26113a9407656]::store::tests::test_store_operation::{closure#0} as core[a373ad73a504971]::ops::function::FnOnce<()>>::call_once
[INFO] [stdout]   17:     0x64dbb8b9a64b - test[aada8e7e76ba119b]::__rust_begin_short_backtrace::<core[a373ad73a504971]::result::Result<(), alloc[2e1b2a31b91974c5]::string::String>, fn() -> core[a373ad73a504971]::result::Result<(), alloc[2e1b2a31b91974c5]::string::String>>
[INFO] [stdout]   18:     0x64dbb8ba7825 - test[aada8e7e76ba119b]::run_test::{closure#0}
[INFO] [stdout]   19:     0x64dbb8ba1114 - std[617be2ca0a6fd877]::sys::backtrace::__rust_begin_short_backtrace::<test[aada8e7e76ba119b]::run_test::{closure#1}, ()>
[INFO] [stdout]   20:     0x64dbb8baa8b2 - <std[617be2ca0a6fd877]::thread::lifecycle::spawn_unchecked<test[aada8e7e76ba119b]::run_test::{closure#1}, ()>::{closure#1} as core[a373ad73a504971]::ops::function::FnOnce<()>>::call_once::{shim:vtable#0}
[INFO] [stdout]   21:     0x64dbb8c58e3f - <std[617be2ca0a6fd877]::sys::thread::unix::Thread>::new::thread_start
[INFO] [stdout]   22:     0x730daa692dfa - <unknown>
[INFO] [stdout]   23:     0x730daa7263d4 - clone
[INFO] [stdout]   24:                0x0 - <unknown>
[INFO] [stdout] 
[INFO] [stdout] ---- store::disk::tests::test_disk_store stdout ----
[INFO] [stdout] 
[INFO] [stdout] thread 'store::disk::tests::test_disk_store' (2986) panicked at src/test_utils/file.rs:16:31:
[INFO] [stdout] called `Result::unwrap()` on an `Err` value: Os { code: 30, kind: ReadOnlyFilesystem, message: "Read-only file system" }
[INFO] [stdout] stack backtrace:
[INFO] [stdout]    0:     0x64dbb8c59621 - <<std[617be2ca0a6fd877]::sys::backtrace::BacktraceLock>::print::DisplayBacktrace as core[a373ad73a504971]::fmt::Display>::fmt
[INFO] [stdout]    1:     0x64dbb8c6e1ea - core[a373ad73a504971]::fmt::write
[INFO] [stdout]    2:     0x64dbb8c5dcec - <alloc[2e1b2a31b91974c5]::vec::Vec<u8> as core[a373ad73a504971]::io::write::Write>::write_fmt
[INFO] [stdout]    3:     0x64dbb8c343e6 - std[617be2ca0a6fd877]::panicking::default_hook::{closure#0}
[INFO] [stdout]    4:     0x64dbb8c512c9 - std[617be2ca0a6fd877]::panicking::default_hook
[INFO] [stdout]    5:     0x64dbb8ba7200 - test[aada8e7e76ba119b]::test_main_inner::{closure#0}
[INFO] [stdout]    6:     0x64dbb8c515f2 - std[617be2ca0a6fd877]::panicking::panic_with_hook
[INFO] [stdout]    7:     0x64dbb8c34492 - std[617be2ca0a6fd877]::panicking::panic_handler::{closure#0}
[INFO] [stdout]    8:     0x64dbb8c2d089 - std[617be2ca0a6fd877]::sys::backtrace::__rust_end_short_backtrace::<std[617be2ca0a6fd877]::panicking::panic_handler::{closure#0}, !>
[INFO] [stdout]    9:     0x64dbb8c3509d - __rustc[ea4f61d10b84890b]::rust_begin_unwind
[INFO] [stdout]   10:     0x64dbb8c6e94c - core[a373ad73a504971]::panicking::panic_fmt
[INFO] [stdout]   11:     0x64dbb8c6e722 - core[a373ad73a504971]::result::unwrap_failed
[INFO] [stdout]   12:     0x64dbb8b896e6 - rustolio_db[f2a26113a9407656]::test_utils::file::generate_dir
[INFO] [stdout]   13:     0x64dbb8b786f2 - rustolio_db[f2a26113a9407656]::store::disk::tests::test_disk_store::{closure#0}
[INFO] [stdout]   14:     0x64dbb8b82fc8 - <tokio[a667b150bdda8973]::runtime::context::scoped::Scoped<tokio[a667b150bdda8973]::runtime::scheduler::Context>>::set::<<tokio[a667b150bdda8973]::runtime::scheduler::current_thread::CoreGuard>::enter<<tokio[a667b150bdda8973]::runtime::scheduler::current_thread::CoreGuard>::block_on<core[a373ad73a504971]::pin::Pin<&mut core[a373ad73a504971]::pin::Pin<&mut dyn core[a373ad73a504971]::future::future::Future<Output = ()>>>>::{closure#0}, core[a373ad73a504971]::option::Option<()>>::{closure#0}, (alloc[2e1b2a31b91974c5]::boxed::Box<tokio[a667b150bdda8973]::runtime::scheduler::current_thread::Core>, core[a373ad73a504971]::option::Option<()>)>
[INFO] [stdout]   15:     0x64dbb8b82a5b - <tokio[a667b150bdda8973]::runtime::runtime::Runtime>::block_on::<core[a373ad73a504971]::pin::Pin<&mut dyn core[a373ad73a504971]::future::future::Future<Output = ()>>>
[INFO] [stdout]   16:     0x64dbb8b7bbae - <rustolio_db[f2a26113a9407656]::store::disk::tests::test_disk_store::{closure#0} as core[a373ad73a504971]::ops::function::FnOnce<()>>::call_once
[INFO] [stdout]   17:     0x64dbb8b9a64b - test[aada8e7e76ba119b]::__rust_begin_short_backtrace::<core[a373ad73a504971]::result::Result<(), alloc[2e1b2a31b91974c5]::string::String>, fn() -> core[a373ad73a504971]::result::Result<(), alloc[2e1b2a31b91974c5]::string::String>>
[INFO] [stdout]   18:     0x64dbb8ba7825 - test[aada8e7e76ba119b]::run_test::{closure#0}
[INFO] [stdout]   19:     0x64dbb8ba1114 - std[617be2ca0a6fd877]::sys::backtrace::__rust_begin_short_backtrace::<test[aada8e7e76ba119b]::run_test::{closure#1}, ()>
[INFO] [stdout]   20:     0x64dbb8baa8b2 - <std[617be2ca0a6fd877]::thread::lifecycle::spawn_unchecked<test[aada8e7e76ba119b]::run_test::{closure#1}, ()>::{closure#1} as core[a373ad73a504971]::ops::function::FnOnce<()>>::call_once::{shim:vtable#0}
[INFO] [stdout]   21:     0x64dbb8c58e3f - <std[617be2ca0a6fd877]::sys::thread::unix::Thread>::new::thread_start
[INFO] [stdout]   22:     0x730daa692dfa - <unknown>
[INFO] [stdout]   23:     0x730daa7263d4 - clone
[INFO] [stdout]   24:                0x0 - <unknown>
[INFO] [stdout] 
[INFO] [stdout] ---- store::tests::test_store_replication stdout ----
[INFO] [stdout] 
[INFO] [stdout] thread 'store::tests::test_store_replication' (2990) panicked at src/test_utils/file.rs:16:31:
[INFO] [stdout] called `Result::unwrap()` on an `Err` value: Os { code: 30, kind: ReadOnlyFilesystem, message: "Read-only file system" }
[INFO] [stdout] stack backtrace:
[INFO] [stdout]    0:     0x64dbb8c59621 - <<std[617be2ca0a6fd877]::sys::backtrace::BacktraceLock>::print::DisplayBacktrace as core[a373ad73a504971]::fmt::Display>::fmt
[INFO] [stdout]    1:     0x64dbb8c6e1ea - core[a373ad73a504971]::fmt::write
[INFO] [stdout]    2:     0x64dbb8c5dcec - <alloc[2e1b2a31b91974c5]::vec::Vec<u8> as core[a373ad73a504971]::io::write::Write>::write_fmt
[INFO] [stdout]    3:     0x64dbb8c343e6 - std[617be2ca0a6fd877]::panicking::default_hook::{closure#0}
[INFO] [stdout]    4:     0x64dbb8c512c9 - std[617be2ca0a6fd877]::panicking::default_hook
[INFO] [stdout]    5:     0x64dbb8ba7200 - test[aada8e7e76ba119b]::test_main_inner::{closure#0}
[INFO] [stdout]    6:     0x64dbb8c515f2 - std[617be2ca0a6fd877]::panicking::panic_with_hook
[INFO] [stdout]    7:     0x64dbb8c34492 - std[617be2ca0a6fd877]::panicking::panic_handler::{closure#0}
[INFO] [stdout]    8:     0x64dbb8c2d089 - std[617be2ca0a6fd877]::sys::backtrace::__rust_end_short_backtrace::<std[617be2ca0a6fd877]::panicking::panic_handler::{closure#0}, !>
[INFO] [stdout]    9:     0x64dbb8c3509d - __rustc[ea4f61d10b84890b]::rust_begin_unwind
[INFO] [stdout]   10:     0x64dbb8c6e94c - core[a373ad73a504971]::panicking::panic_fmt
[INFO] [stdout]   11:     0x64dbb8c6e722 - core[a373ad73a504971]::result::unwrap_failed
[INFO] [stdout]   12:     0x64dbb8b896e6 - rustolio_db[f2a26113a9407656]::test_utils::file::generate_dir
[INFO] [stdout]   13:     0x64dbb8b98dbb - rustolio_db[f2a26113a9407656]::store::tests::test_store_replication::{closure#0}
[INFO] [stdout]   14:     0x64dbb8b82fc8 - <tokio[a667b150bdda8973]::runtime::context::scoped::Scoped<tokio[a667b150bdda8973]::runtime::scheduler::Context>>::set::<<tokio[a667b150bdda8973]::runtime::scheduler::current_thread::CoreGuard>::enter<<tokio[a667b150bdda8973]::runtime::scheduler::current_thread::CoreGuard>::block_on<core[a373ad73a504971]::pin::Pin<&mut core[a373ad73a504971]::pin::Pin<&mut dyn core[a373ad73a504971]::future::future::Future<Output = ()>>>>::{closure#0}, core[a373ad73a504971]::option::Option<()>>::{closure#0}, (alloc[2e1b2a31b91974c5]::boxed::Box<tokio[a667b150bdda8973]::runtime::scheduler::current_thread::Core>, core[a373ad73a504971]::option::Option<()>)>
[INFO] [stdout]   15:     0x64dbb8b82a5b - <tokio[a667b150bdda8973]::runtime::runtime::Runtime>::block_on::<core[a373ad73a504971]::pin::Pin<&mut dyn core[a373ad73a504971]::future::future::Future<Output = ()>>>
[INFO] [stdout]   16:     0x64dbb8b9a55e - <rustolio_db[f2a26113a9407656]::store::tests::test_store_replication::{closure#0} as core[a373ad73a504971]::ops::function::FnOnce<()>>::call_once
[INFO] [stdout]   17:     0x64dbb8b9a64b - test[aada8e7e76ba119b]::__rust_begin_short_backtrace::<core[a373ad73a504971]::result::Result<(), alloc[2e1b2a31b91974c5]::string::String>, fn() -> core[a373ad73a504971]::result::Result<(), alloc[2e1b2a31b91974c5]::string::String>>
[INFO] [stdout]   18:     0x64dbb8ba7825 - test[aada8e7e76ba119b]::run_test::{closure#0}
[INFO] [stdout]   19:     0x64dbb8ba1114 - std[617be2ca0a6fd877]::sys::backtrace::__rust_begin_short_backtrace::<test[aada8e7e76ba119b]::run_test::{closure#1}, ()>
[INFO] [stdout]   20:     0x64dbb8baa8b2 - <std[617be2ca0a6fd877]::thread::lifecycle::spawn_unchecked<test[aada8e7e76ba119b]::run_test::{closure#1}, ()>::{closure#1} as core[a373ad73a504971]::ops::function::FnOnce<()>>::call_once::{shim:vtable#0}
[INFO] [stdout]   21:     0x64dbb8c58e3f - <std[617be2ca0a6fd877]::sys::thread::unix::Thread>::new::thread_start
[INFO] [stdout]   22:     0x730daa692dfa - <unknown>
[INFO] [stdout]   23:     0x730daa7263d4 - clone
[INFO] [stdout]   24:                0x0 - <unknown>
[INFO] [stdout] 
[INFO] [stdout] ---- store::disk::tests::test_read_write stdout ----
[INFO] [stdout] 
[INFO] [stdout] thread 'store::disk::tests::test_read_write' (2988) panicked at src/test_utils/file.rs:16:31:
[INFO] [stdout] called `Result::unwrap()` on an `Err` value: Os { code: 30, kind: ReadOnlyFilesystem, message: "Read-only file system" }
[INFO] [stdout] stack backtrace:
[INFO] [stdout]    0:     0x64dbb8c59621 - <<std[617be2ca0a6fd877]::sys::backtrace::BacktraceLock>::print::DisplayBacktrace as core[a373ad73a504971]::fmt::Display>::fmt
[INFO] [stdout]    1:     0x64dbb8c6e1ea - core[a373ad73a504971]::fmt::write
[INFO] [stdout]    2:     0x64dbb8c5dcec - <alloc[2e1b2a31b91974c5]::vec::Vec<u8> as core[a373ad73a504971]::io::write::Write>::write_fmt
[INFO] [stdout]    3:     0x64dbb8c343e6 - std[617be2ca0a6fd877]::panicking::default_hook::{closure#0}
[INFO] [stdout]    4:     0x64dbb8c512c9 - std[617be2ca0a6fd877]::panicking::default_hook
[INFO] [stdout]    5:     0x64dbb8ba7200 - test[aada8e7e76ba119b]::test_main_inner::{closure#0}
[INFO] [stdout]    6:     0x64dbb8c515f2 - std[617be2ca0a6fd877]::panicking::panic_with_hook
[INFO] [stdout]    7:     0x64dbb8c34492 - std[617be2ca0a6fd877]::panicking::panic_handler::{closure#0}
[INFO] [stdout]    8:     0x64dbb8c2d089 - std[617be2ca0a6fd877]::sys::backtrace::__rust_end_short_backtrace::<std[617be2ca0a6fd877]::panicking::panic_handler::{closure#0}, !>
[INFO] [stdout]    9:     0x64dbb8c3509d - __rustc[ea4f61d10b84890b]::rust_begin_unwind
[INFO] [stdout]   10:     0x64dbb8c6e94c - core[a373ad73a504971]::panicking::panic_fmt
[INFO] [stdout]   11:     0x64dbb8c6e722 - core[a373ad73a504971]::result::unwrap_failed
[INFO] [stdout]   12:     0x64dbb8b896e6 - rustolio_db[f2a26113a9407656]::test_utils::file::generate_dir
[INFO] [stdout]   13:     0x64dbb8b79543 - rustolio_db[f2a26113a9407656]::store::disk::tests::test_read_write::{closure#0}
[INFO] [stdout]   14:     0x64dbb8b82fc8 - <tokio[a667b150bdda8973]::runtime::context::scoped::Scoped<tokio[a667b150bdda8973]::runtime::scheduler::Context>>::set::<<tokio[a667b150bdda8973]::runtime::scheduler::current_thread::CoreGuard>::enter<<tokio[a667b150bdda8973]::runtime::scheduler::current_thread::CoreGuard>::block_on<core[a373ad73a504971]::pin::Pin<&mut core[a373ad73a504971]::pin::Pin<&mut dyn core[a373ad73a504971]::future::future::Future<Output = ()>>>>::{closure#0}, core[a373ad73a504971]::option::Option<()>>::{closure#0}, (alloc[2e1b2a31b91974c5]::boxed::Box<tokio[a667b150bdda8973]::runtime::scheduler::current_thread::Core>, core[a373ad73a504971]::option::Option<()>)>
[INFO] [stdout]   15:     0x64dbb8b82a5b - <tokio[a667b150bdda8973]::runtime::runtime::Runtime>::block_on::<core[a373ad73a504971]::pin::Pin<&mut dyn core[a373ad73a504971]::future::future::Future<Output = ()>>>
[INFO] [stdout]   16:     0x64dbb8b7bd0e - <rustolio_db[f2a26113a9407656]::store::disk::tests::test_read_write::{closure#0} as core[a373ad73a504971]::ops::function::FnOnce<()>>::call_once
[INFO] [stdout]   17:     0x64dbb8b9a64b - test[aada8e7e76ba119b]::__rust_begin_short_backtrace::<core[a373ad73a504971]::result::Result<(), alloc[2e1b2a31b91974c5]::string::String>, fn() -> core[a373ad73a504971]::result::Result<(), alloc[2e1b2a31b91974c5]::string::String>>
[INFO] [stdout]   18:     0x64dbb8ba7825 - test[aada8e7e76ba119b]::run_test::{closure#0}
[INFO] [stdout]   19:     0x64dbb8ba1114 - std[617be2ca0a6fd877]::sys::backtrace::__rust_begin_short_backtrace::<test[aada8e7e76ba119b]::run_test::{closure#1}, ()>
[INFO] [stdout]   20:     0x64dbb8baa8b2 - <std[617be2ca0a6fd877]::thread::lifecycle::spawn_unchecked<test[aada8e7e76ba119b]::run_test::{closure#1}, ()>::{closure#1} as core[a373ad73a504971]::ops::function::FnOnce<()>>::call_once::{shim:vtable#0}
[INFO] [stdout]   21:     0x64dbb8c58e3f - <std[617be2ca0a6fd877]::sys::thread::unix::Thread>::new::thread_start
[INFO] [stdout]   22:     0x730daa692dfa - <unknown>
[INFO] [stdout]   23:     0x730daa7263d4 - clone
[INFO] [stdout]   24:                0x0 - <unknown>
[INFO] [stdout] 
[INFO] [stdout] ---- store::disk::tests::test_disk_store_channel stdout ----
[INFO] [stdout] 
[INFO] [stdout] thread 'store::disk::tests::test_disk_store_channel' (2987) panicked at src/test_utils/file.rs:16:31:
[INFO] [stdout] called `Result::unwrap()` on an `Err` value: Os { code: 30, kind: ReadOnlyFilesystem, message: "Read-only file system" }
[INFO] [stdout] stack backtrace:
[INFO] [stdout]    0:     0x64dbb8c59621 - <<std[617be2ca0a6fd877]::sys::backtrace::BacktraceLock>::print::DisplayBacktrace as core[a373ad73a504971]::fmt::Display>::fmt
[INFO] [stdout]    1:     0x64dbb8c6e1ea - core[a373ad73a504971]::fmt::write
[INFO] [stdout]    2:     0x64dbb8c5dcec - <alloc[2e1b2a31b91974c5]::vec::Vec<u8> as core[a373ad73a504971]::io::write::Write>::write_fmt
[INFO] [stdout]    3:     0x64dbb8c343e6 - std[617be2ca0a6fd877]::panicking::default_hook::{closure#0}
[INFO] [stdout]    4:     0x64dbb8c512c9 - std[617be2ca0a6fd877]::panicking::default_hook
[INFO] [stdout]    5:     0x64dbb8ba7200 - test[aada8e7e76ba119b]::test_main_inner::{closure#0}
[INFO] [stdout]    6:     0x64dbb8c515f2 - std[617be2ca0a6fd877]::panicking::panic_with_hook
[INFO] [stdout]    7:     0x64dbb8c34492 - std[617be2ca0a6fd877]::panicking::panic_handler::{closure#0}
[INFO] [stdout]    8:     0x64dbb8c2d089 - std[617be2ca0a6fd877]::sys::backtrace::__rust_end_short_backtrace::<std[617be2ca0a6fd877]::panicking::panic_handler::{closure#0}, !>
[INFO] [stdout]    9:     0x64dbb8c3509d - __rustc[ea4f61d10b84890b]::rust_begin_unwind
[INFO] [stdout]   10:     0x64dbb8c6e94c - core[a373ad73a504971]::panicking::panic_fmt
[INFO] [stdout]   11:     0x64dbb8c6e722 - core[a373ad73a504971]::result::unwrap_failed
[INFO] [stdout]   12:     0x64dbb8b896e6 - rustolio_db[f2a26113a9407656]::test_utils::file::generate_dir
[INFO] [stdout]   13:     0x64dbb8b79e15 - rustolio_db[f2a26113a9407656]::store::disk::tests::test_disk_store_channel::{closure#0}
[INFO] [stdout]   14:     0x64dbb8b82fc8 - <tokio[a667b150bdda8973]::runtime::context::scoped::Scoped<tokio[a667b150bdda8973]::runtime::scheduler::Context>>::set::<<tokio[a667b150bdda8973]::runtime::scheduler::current_thread::CoreGuard>::enter<<tokio[a667b150bdda8973]::runtime::scheduler::current_thread::CoreGuard>::block_on<core[a373ad73a504971]::pin::Pin<&mut core[a373ad73a504971]::pin::Pin<&mut dyn core[a373ad73a504971]::future::future::Future<Output = ()>>>>::{closure#0}, core[a373ad73a504971]::option::Option<()>>::{closure#0}, (alloc[2e1b2a31b91974c5]::boxed::Box<tokio[a667b150bdda8973]::runtime::scheduler::current_thread::Core>, core[a373ad73a504971]::option::Option<()>)>
[INFO] [stdout]   15:     0x64dbb8b82a5b - <tokio[a667b150bdda8973]::runtime::runtime::Runtime>::block_on::<core[a373ad73a504971]::pin::Pin<&mut dyn core[a373ad73a504971]::future::future::Future<Output = ()>>>
[INFO] [stdout]   16:     0x64dbb8b7be4e - <rustolio_db[f2a26113a9407656]::store::disk::tests::test_disk_store_channel::{closure#0} as core[a373ad73a504971]::ops::function::FnOnce<()>>::call_once
[INFO] [stdout]   17:     0x64dbb8b9a64b - test[aada8e7e76ba119b]::__rust_begin_short_backtrace::<core[a373ad73a504971]::result::Result<(), alloc[2e1b2a31b91974c5]::string::String>, fn() -> core[a373ad73a504971]::result::Result<(), alloc[2e1b2a31b91974c5]::string::String>>
[INFO] [stdout]   18:     0x64dbb8ba7825 - test[aada8e7e76ba119b]::run_test::{closure#0}
[INFO] [stdout]   19:     0x64dbb8ba1114 - std[617be2ca0a6fd877]::sys::backtrace::__rust_begin_short_backtrace::<test[aada8e7e76ba119b]::run_test::{closure#1}, ()>
[INFO] [stdout]   20:     0x64dbb8baa8b2 - <std[617be2ca0a6fd877]::thread::lifecycle::spawn_unchecked<test[aada8e7e76ba119b]::run_test::{closure#1}, ()>::{closure#1} as core[a373ad73a504971]::ops::function::FnOnce<()>>::call_once::{shim:vtable#0}
[INFO] [stdout]   21:     0x64dbb8c58e3f - <std[617be2ca0a6fd877]::sys::thread::unix::Thread>::new::thread_start
[INFO] [stdout]   22:     0x730daa692dfa - <unknown>
[INFO] [stdout]   23:     0x730daa7263d4 - clone
[INFO] [stdout]   24:                0x0 - <unknown>
[INFO] [stdout] 
[INFO] [stdout] 
[INFO] [stdout] failures:
[INFO] [stdout]     store::disk::tests::test_disk_store
[INFO] [stdout]     store::disk::tests::test_disk_store_channel
[INFO] [stdout]     store::disk::tests::test_read_write
[INFO] [stdout]     store::tests::test_store_operation
[INFO] [stdout]     store::tests::test_store_replication
[INFO] [stdout] 
[INFO] [stdout] test result: FAILED. 0 passed; 5 failed; 0 ignored; 0 measured; 0 filtered out; finished in 0.00s
[INFO] [stdout] 
[INFO] [stderr] error: test failed, to rerun pass `--lib`
[INFO] running `Command { std: "docker" "inspect" "b0294afd8f0ec95606cf98d6a605079f75813ee80d4778dc6d59227a72a585ee", kill_on_drop: false }`
[INFO] running `Command { std: "docker" "rm" "-f" "b0294afd8f0ec95606cf98d6a605079f75813ee80d4778dc6d59227a72a585ee", kill_on_drop: false }`
[INFO] [stdout] b0294afd8f0ec95606cf98d6a605079f75813ee80d4778dc6d59227a72a585ee
