[INFO] fetching crate rustoa 0.1.8...
[INFO] testing rustoa-0.1.8 against 1.100.0-beta.1+cargoflags=--release for beta-release-1.100-2
[INFO] extracting crate rustoa 0.1.8 into /workspace/builds/worker-7-tc2/source
[INFO] started tweaking crates.io crate rustoa 0.1.8
[INFO] finished tweaking crates.io crate rustoa 0.1.8
[INFO] tweaked toml for crates.io crate rustoa 0.1.8 written to /workspace/builds/worker-7-tc2/source/Cargo.toml
[INFO] validating manifest of crates.io crate rustoa 0.1.8 on toolchain 1.100.0-beta.1
[INFO] running `Command { std: CARGO_HOME="/workspace/cargo-home" RUSTUP_HOME="/workspace/rustup-home" "/workspace/cargo-home/bin/cargo" "+1.100.0-beta.1" "metadata" "--manifest-path" "Cargo.toml" "--no-deps", kill_on_drop: false }`
[INFO] running `Command { std: CARGO_HOME="/workspace/cargo-home" RUSTUP_HOME="/workspace/rustup-home" "/workspace/cargo-home/bin/cargo" "+1.100.0-beta.1" "generate-lockfile" "--manifest-path" "Cargo.toml", kill_on_drop: false }`
[INFO] [stderr]     Updating crates.io index
[INFO] [stderr]      Locking 152 packages to highest compatible versions
[INFO] [stderr]       Adding reqwest v0.10.10 (available: v0.13.5)
[INFO] running `Command { std: CARGO_HOME="/workspace/cargo-home" RUSTUP_HOME="/workspace/rustup-home" "/workspace/cargo-home/bin/cargo" "+1.100.0-beta.1" "fetch" "--manifest-path" "Cargo.toml", kill_on_drop: false }`
[INFO] running `Command { std: "docker" "create" "-v" "/var/lib/crater-agent-workspace/builds/worker-7-tc2/source:/opt/rustwide/workdir:ro,Z" "-v" "/var/lib/crater-agent-workspace/builds/worker-7-tc2/target:/opt/rustwide/target:rw,Z" "-v" "/var/lib/crater-agent-workspace/cargo-home:/opt/rustwide/cargo-home:ro,Z" "-v" "/var/lib/crater-agent-workspace/rustup-home:/opt/rustwide/rustup-home:ro,Z" "-m" "1610612736" "--network" "none" "ghcr.io/rust-lang/crates-build-env/linux@sha256:77db811e55d90add9212f6832c23229e3de5f1c1f9905e8cb07319ea15df73ac" "sleep" "infinity", kill_on_drop: false }`
[INFO] [stdout] e98351a8dc8211508aa2e188bfde6ad842a8eebc659a3895d15874615a5808de
[INFO] running `Command { std: "docker" "start" "e98351a8dc8211508aa2e188bfde6ad842a8eebc659a3895d15874615a5808de", kill_on_drop: false }`
[INFO] running `Command { std: "docker" "inspect" "e98351a8dc8211508aa2e188bfde6ad842a8eebc659a3895d15874615a5808de", kill_on_drop: false }`
[INFO] running `Command { std: "docker" "exec" "-e" "SOURCE_DIR=/opt/rustwide/workdir" "-e" "CARGO_HOME=/opt/rustwide/cargo-home" "-e" "RUSTUP_HOME=/opt/rustwide/rustup-home" "-e" "CARGO_TARGET_DIR=/opt/rustwide/target" "-w" "/opt/rustwide/workdir" "--user" "0:0" "e98351a8dc8211508aa2e188bfde6ad842a8eebc659a3895d15874615a5808de" "/opt/rustwide/cargo-home/bin/cargo" "+1.100.0-beta.1" "metadata" "--no-deps" "--format-version=1", kill_on_drop: false }`
[INFO] running `Command { std: "docker" "inspect" "e98351a8dc8211508aa2e188bfde6ad842a8eebc659a3895d15874615a5808de", kill_on_drop: false }`
[INFO] running `Command { std: "docker" "exec" "-e" "SOURCE_DIR=/opt/rustwide/workdir" "-e" "CARGO_HOME=/opt/rustwide/cargo-home" "-e" "RUSTUP_HOME=/opt/rustwide/rustup-home" "-e" "CARGO_TARGET_DIR=/opt/rustwide/target" "-e" "CARGO_INCREMENTAL=0" "-e" "RUST_BACKTRACE=full" "-e" "RUSTFLAGS=--cap-lints=warn" "-e" "RUSTDOCFLAGS=--cap-lints=warn" "-w" "/opt/rustwide/workdir" "--user" "0:0" "e98351a8dc8211508aa2e188bfde6ad842a8eebc659a3895d15874615a5808de" "/opt/rustwide/cargo-home/bin/cargo" "+1.100.0-beta.1" "build" "--frozen" "--message-format=json" "--release", kill_on_drop: false }`
[INFO] [stderr]    Compiling libc v0.2.191
[INFO] [stderr]    Compiling bytes v0.5.6
[INFO] [stderr]    Compiling syn v3.0.9
[INFO] [stderr]    Compiling syn v2.0.119
[INFO] [stderr]    Compiling pin-project-lite v0.1.12
[INFO] [stderr]    Compiling tracing v0.1.44
[INFO] [stderr]    Compiling futures-util v0.3.34
[INFO] [stderr]    Compiling futures-channel v0.3.34
[INFO] [stderr]    Compiling httpdate v0.3.2
[INFO] [stderr]    Compiling serde_urlencoded v0.7.1
[INFO] [stderr]    Compiling regex v1.13.1
[INFO] [stderr]    Compiling http-body v0.3.1
[INFO] [stderr]    Compiling iovec v0.1.4
[INFO] [stderr]    Compiling net2 v0.2.39
[INFO] [stderr]    Compiling num_cpus v1.17.0
[INFO] [stderr]    Compiling openssl-sys v0.9.117
[INFO] [stderr]    Compiling socket2 v0.3.19
[INFO] [stderr]    Compiling mio v0.6.23
[INFO] [stderr]    Compiling tokio v0.2.25
[INFO] [stderr]    Compiling pin-project-internal v1.1.13
[INFO] [stderr]    Compiling openssl-macros v0.1.1
[INFO] [stderr]    Compiling openssl v0.10.81
[INFO] [stderr]    Compiling synstructure v0.14.0
[INFO] [stderr]    Compiling pin-project v1.1.13
[INFO] [stderr]    Compiling tracing-futures v0.2.5
[INFO] [stderr]    Compiling zerofrom-derive v0.1.8
[INFO] [stderr]    Compiling yoke-derive v0.8.4
[INFO] [stderr]    Compiling zerovec-derive v0.11.6
[INFO] [stderr]    Compiling displaydoc v0.2.7
[INFO] [stderr]    Compiling zerofrom v0.1.8
[INFO] [stderr]    Compiling yoke v0.8.3
[INFO] [stderr]    Compiling zerotrie v0.2.5
[INFO] [stderr]    Compiling zerovec v0.11.8
[INFO] [stderr]    Compiling tinystr v0.8.4
[INFO] [stderr]    Compiling potential_utf v0.1.6
[INFO] [stderr]    Compiling icu_collections v2.3.0
[INFO] [stderr]    Compiling icu_locale_core v2.3.0
[INFO] [stderr]    Compiling icu_provider v2.3.1
[INFO] [stderr]    Compiling tokio-util v0.3.1
[INFO] [stderr]    Compiling h2 v0.2.7
[INFO] [stderr]    Compiling icu_properties v2.3.0
[INFO] [stderr]    Compiling icu_normalizer v2.3.0
[INFO] [stderr]    Compiling native-tls v0.2.18
[INFO] [stderr]    Compiling tokio-tls v0.3.1
[INFO] [stderr]    Compiling idna_adapter v1.2.2
[INFO] [stderr]    Compiling idna v1.1.0
[INFO] [stderr]    Compiling url v2.5.8
[INFO] [stderr]    Compiling hyper v0.13.10
[INFO] [stderr]    Compiling hyper-tls v0.4.3
[INFO] [stderr]    Compiling reqwest v0.10.10
[INFO] [stderr]    Compiling rustoa v0.1.8 (/opt/rustwide/workdir)
[INFO] [stderr]     Finished `release` profile [optimized] target(s) in 38.28s
[INFO] running `Command { std: "docker" "inspect" "e98351a8dc8211508aa2e188bfde6ad842a8eebc659a3895d15874615a5808de", kill_on_drop: false }`
[INFO] running `Command { std: "docker" "exec" "-e" "SOURCE_DIR=/opt/rustwide/workdir" "-e" "CARGO_HOME=/opt/rustwide/cargo-home" "-e" "RUSTUP_HOME=/opt/rustwide/rustup-home" "-e" "CARGO_TARGET_DIR=/opt/rustwide/target" "-e" "CARGO_INCREMENTAL=0" "-e" "RUST_BACKTRACE=full" "-e" "RUSTFLAGS=--cap-lints=warn" "-e" "RUSTDOCFLAGS=--cap-lints=warn" "-w" "/opt/rustwide/workdir" "--user" "0:0" "e98351a8dc8211508aa2e188bfde6ad842a8eebc659a3895d15874615a5808de" "/opt/rustwide/cargo-home/bin/cargo" "+1.100.0-beta.1" "test" "--frozen" "--no-run" "--message-format=json" "--release", kill_on_drop: false }`
[INFO] [stderr]    Compiling rustoa v0.1.8 (/opt/rustwide/workdir)
[INFO] [stderr]     Finished `release` profile [optimized] target(s) in 1.61s
[INFO] running `Command { std: "docker" "inspect" "e98351a8dc8211508aa2e188bfde6ad842a8eebc659a3895d15874615a5808de", kill_on_drop: false }`
[INFO] running `Command { std: "docker" "exec" "-e" "SOURCE_DIR=/opt/rustwide/workdir" "-e" "CARGO_HOME=/opt/rustwide/cargo-home" "-e" "RUSTUP_HOME=/opt/rustwide/rustup-home" "-e" "CARGO_TARGET_DIR=/opt/rustwide/target" "-e" "CARGO_INCREMENTAL=0" "-e" "RUST_BACKTRACE=full" "-e" "RUSTFLAGS=--cap-lints=warn" "-e" "RUSTDOCFLAGS=--cap-lints=warn" "-w" "/opt/rustwide/workdir" "--user" "0:0" "e98351a8dc8211508aa2e188bfde6ad842a8eebc659a3895d15874615a5808de" "/opt/rustwide/cargo-home/bin/cargo" "+1.100.0-beta.1" "test" "--frozen" "--release", kill_on_drop: false }`
[INFO] [stderr]     Finished `release` profile [optimized] target(s) in 0.14s
[INFO] [stderr]      Running unittests src/lib.rs (/opt/rustwide/target/release/build/rustoa/01672ad4f6d56d35/out/rustoa-01672ad4f6d56d35)
[INFO] [stdout] 
[INFO] [stdout] running 7 tests
[INFO] [stdout] test tests::test_property ... FAILED
[INFO] [stdout] test tests::test_season ... ok
[INFO] [stdout] test tests::test_event ... FAILED
[INFO] [stdout] test tests::check_numbers ... FAILED
[INFO] [stdout] test tests::check_compat ... FAILED
[INFO] [stdout] test tests::check_number ... FAILED
[INFO] [stdout] test tests::correct_version ... FAILED
[INFO] [stdout] 
[INFO] [stdout] failures:
[INFO] [stdout] 
[INFO] [stdout] ---- tests::test_property stdout ----
[INFO] [stdout] 
[INFO] [stdout] thread 'tests::test_property' (1041) panicked at src/lib.rs:842:23:
[INFO] [stdout] Something went wrong: environment variable not found
[INFO] [stdout] stack backtrace:
[INFO] [stdout]    0:     0x613ce4f8e4f1 - <<std[617be2ca0a6fd877]::sys::backtrace::BacktraceLock>::print::DisplayBacktrace as core[a373ad73a504971]::fmt::Display>::fmt
[INFO] [stdout]    1:     0x613ce4fa5daa - core[a373ad73a504971]::fmt::write
[INFO] [stdout]    2:     0x613ce4f92cfc - <alloc[2e1b2a31b91974c5]::vec::Vec<u8> as core[a373ad73a504971]::io::write::Write>::write_fmt
[INFO] [stdout]    3:     0x613ce4f69796 - std[617be2ca0a6fd877]::panicking::default_hook::{closure#0}
[INFO] [stdout]    4:     0x613ce4f86379 - std[617be2ca0a6fd877]::panicking::default_hook
[INFO] [stdout]    5:     0x613ce4dc0cd0 - test[aada8e7e76ba119b]::test_main_inner::{closure#0}
[INFO] [stdout]    6:     0x613ce4f866a2 - std[617be2ca0a6fd877]::panicking::panic_with_hook
[INFO] [stdout]    7:     0x613ce4f69842 - std[617be2ca0a6fd877]::panicking::panic_handler::{closure#0}
[INFO] [stdout]    8:     0x613ce4f62479 - std[617be2ca0a6fd877]::sys::backtrace::__rust_end_short_backtrace::<std[617be2ca0a6fd877]::panicking::panic_handler::{closure#0}, !>
[INFO] [stdout]    9:     0x613ce4f6a63d - __rustc[ea4f61d10b84890b]::rust_begin_unwind
[INFO] [stdout]   10:     0x613ce4fa658c - core[a373ad73a504971]::panicking::panic_fmt
[INFO] [stdout]   11:     0x613ce4ce48ff - rustoa[250ed2284c93ceb4]::tests::create_client
[INFO] [stdout]   12:     0x613ce4ce642d - <rustoa[250ed2284c93ceb4]::tests::test_property::{closure#0} as core[a373ad73a504971]::ops::function::FnOnce<()>>::call_once
[INFO] [stdout]   13:     0x613ce4db411b - test[aada8e7e76ba119b]::__rust_begin_short_backtrace::<core[a373ad73a504971]::result::Result<(), alloc[2e1b2a31b91974c5]::string::String>, fn() -> core[a373ad73a504971]::result::Result<(), alloc[2e1b2a31b91974c5]::string::String>>
[INFO] [stdout]   14:     0x613ce4dc12f5 - test[aada8e7e76ba119b]::run_test::{closure#0}
[INFO] [stdout]   15:     0x613ce4dbabe4 - std[617be2ca0a6fd877]::sys::backtrace::__rust_begin_short_backtrace::<test[aada8e7e76ba119b]::run_test::{closure#1}, ()>
[INFO] [stdout]   16:     0x613ce4dc4382 - <std[617be2ca0a6fd877]::thread::lifecycle::spawn_unchecked<test[aada8e7e76ba119b]::run_test::{closure#1}, ()>::{closure#1} as core[a373ad73a504971]::ops::function::FnOnce<()>>::call_once::{shim:vtable#0}
[INFO] [stdout]   17:     0x613ce4f8d99f - <std[617be2ca0a6fd877]::sys::thread::unix::Thread>::new::thread_start
[INFO] [stdout]   18:     0x74eaed7b4dfa - <unknown>
[INFO] [stdout]   19:     0x74eaed8483d4 - clone
[INFO] [stdout]   20:                0x0 - <unknown>
[INFO] [stdout] 
[INFO] [stdout] ---- tests::test_event stdout ----
[INFO] [stdout] 
[INFO] [stdout] thread 'tests::test_event' (1040) panicked at src/lib.rs:842:23:
[INFO] [stdout] Something went wrong: environment variable not found
[INFO] [stdout] stack backtrace:
[INFO] [stdout]    0:     0x613ce4f8e4f1 - <<std[617be2ca0a6fd877]::sys::backtrace::BacktraceLock>::print::DisplayBacktrace as core[a373ad73a504971]::fmt::Display>::fmt
[INFO] [stderr] error: test failed, to rerun pass `--lib`
[INFO] [stdout]    1:     0x613ce4fa5daa - core[a373ad73a504971]::fmt::write
[INFO] [stdout]    2:     0x613ce4f92cfc - <alloc[2e1b2a31b91974c5]::vec::Vec<u8> as core[a373ad73a504971]::io::write::Write>::write_fmt
[INFO] [stdout]    3:     0x613ce4f69796 - std[617be2ca0a6fd877]::panicking::default_hook::{closure#0}
[INFO] [stdout]    4:     0x613ce4f86379 - std[617be2ca0a6fd877]::panicking::default_hook
[INFO] [stdout]    5:     0x613ce4dc0cd0 - test[aada8e7e76ba119b]::test_main_inner::{closure#0}
[INFO] [stdout]    6:     0x613ce4f866a2 - std[617be2ca0a6fd877]::panicking::panic_with_hook
[INFO] [stdout]    7:     0x613ce4f69842 - std[617be2ca0a6fd877]::panicking::panic_handler::{closure#0}
[INFO] [stdout]    8:     0x613ce4f62479 - std[617be2ca0a6fd877]::sys::backtrace::__rust_end_short_backtrace::<std[617be2ca0a6fd877]::panicking::panic_handler::{closure#0}, !>
[INFO] [stdout]    9:     0x613ce4f6a63d - __rustc[ea4f61d10b84890b]::rust_begin_unwind
[INFO] [stdout]   10:     0x613ce4fa658c - core[a373ad73a504971]::panicking::panic_fmt
[INFO] [stdout]   11:     0x613ce4ce48ff - rustoa[250ed2284c93ceb4]::tests::create_client
[INFO] [stdout]   12:     0x613ce4ce4b3f - <rustoa[250ed2284c93ceb4]::tests::test_event::{closure#0} as core[a373ad73a504971]::ops::function::FnOnce<()>>::call_once
[INFO] [stdout]   13:     0x613ce4db411b - test[aada8e7e76ba119b]::__rust_begin_short_backtrace::<core[a373ad73a504971]::result::Result<(), alloc[2e1b2a31b91974c5]::string::String>, fn() -> core[a373ad73a504971]::result::Result<(), alloc[2e1b2a31b91974c5]::string::String>>
[INFO] [stdout]   14:     0x613ce4dc12f5 - test[aada8e7e76ba119b]::run_test::{closure#0}
[INFO] [stdout]   15:     0x613ce4dbabe4 - std[617be2ca0a6fd877]::sys::backtrace::__rust_begin_short_backtrace::<test[aada8e7e76ba119b]::run_test::{closure#1}, ()>
[INFO] [stdout]   16:     0x613ce4dc4382 - <std[617be2ca0a6fd877]::thread::lifecycle::spawn_unchecked<test[aada8e7e76ba119b]::run_test::{closure#1}, ()>::{closure#1} as core[a373ad73a504971]::ops::function::FnOnce<()>>::call_once::{shim:vtable#0}
[INFO] [stdout]   17:     0x613ce4f8d99f - <std[617be2ca0a6fd877]::sys::thread::unix::Thread>::new::thread_start
[INFO] [stdout]   18:     0x74eaed7b4dfa - <unknown>
[INFO] [stdout]   19:     0x74eaed8483d4 - clone
[INFO] [stdout]   20:                0x0 - <unknown>
[INFO] [stdout] 
[INFO] [stdout] ---- tests::check_numbers stdout ----
[INFO] [stdout] 
[INFO] [stdout] thread 'tests::check_numbers' (1038) panicked at src/lib.rs:842:23:
[INFO] [stdout] Something went wrong: environment variable not found
[INFO] [stdout] stack backtrace:
[INFO] [stdout]    0:     0x613ce4f8e4f1 - <<std[617be2ca0a6fd877]::sys::backtrace::BacktraceLock>::print::DisplayBacktrace as core[a373ad73a504971]::fmt::Display>::fmt
[INFO] [stdout]    1:     0x613ce4fa5daa - core[a373ad73a504971]::fmt::write
[INFO] [stdout]    2:     0x613ce4f92cfc - <alloc[2e1b2a31b91974c5]::vec::Vec<u8> as core[a373ad73a504971]::io::write::Write>::write_fmt
[INFO] [stdout]    3:     0x613ce4f69796 - std[617be2ca0a6fd877]::panicking::default_hook::{closure#0}
[INFO] [stdout]    4:     0x613ce4f86379 - std[617be2ca0a6fd877]::panicking::default_hook
[INFO] [stdout]    5:     0x613ce4dc0cd0 - test[aada8e7e76ba119b]::test_main_inner::{closure#0}
[INFO] [stdout]    6:     0x613ce4f866a2 - std[617be2ca0a6fd877]::panicking::panic_with_hook
[INFO] [stdout]    7:     0x613ce4f69842 - std[617be2ca0a6fd877]::panicking::panic_handler::{closure#0}
[INFO] [stdout]    8:     0x613ce4f62479 - std[617be2ca0a6fd877]::sys::backtrace::__rust_end_short_backtrace::<std[617be2ca0a6fd877]::panicking::panic_handler::{closure#0}, !>
[INFO] [stdout]    9:     0x613ce4f6a63d - __rustc[ea4f61d10b84890b]::rust_begin_unwind
[INFO] [stdout]   10:     0x613ce4fa658c - core[a373ad73a504971]::panicking::panic_fmt
[INFO] [stdout]   11:     0x613ce4ce48ff - rustoa[250ed2284c93ceb4]::tests::create_client
[INFO] [stdout]   12:     0x613ce4ce620f - <rustoa[250ed2284c93ceb4]::tests::check_numbers::{closure#0} as core[a373ad73a504971]::ops::function::FnOnce<()>>::call_once
[INFO] [stdout]   13:     0x613ce4db411b - test[aada8e7e76ba119b]::__rust_begin_short_backtrace::<core[a373ad73a504971]::result::Result<(), alloc[2e1b2a31b91974c5]::string::String>, fn() -> core[a373ad73a504971]::result::Result<(), alloc[2e1b2a31b91974c5]::string::String>>
[INFO] [stdout]   14:     0x613ce4dc12f5 - test[aada8e7e76ba119b]::run_test::{closure#0}
[INFO] [stdout]   15:     0x613ce4dbabe4 - std[617be2ca0a6fd877]::sys::backtrace::__rust_begin_short_backtrace::<test[aada8e7e76ba119b]::run_test::{closure#1}, ()>
[INFO] [stdout]   16:     0x613ce4dc4382 - <std[617be2ca0a6fd877]::thread::lifecycle::spawn_unchecked<test[aada8e7e76ba119b]::run_test::{closure#1}, ()>::{closure#1} as core[a373ad73a504971]::ops::function::FnOnce<()>>::call_once::{shim:vtable#0}
[INFO] [stdout]   17:     0x613ce4f8d99f - <std[617be2ca0a6fd877]::sys::thread::unix::Thread>::new::thread_start
[INFO] [stdout]   18:     0x74eaed7b4dfa - <unknown>
[INFO] [stdout]   19:     0x74eaed8483d4 - clone
[INFO] [stdout]   20:                0x0 - <unknown>
[INFO] [stdout] 
[INFO] [stdout] ---- tests::check_compat stdout ----
[INFO] [stdout] 
[INFO] [stdout] thread 'tests::check_compat' (1036) panicked at src/lib.rs:842:23:
[INFO] [stdout] Something went wrong: environment variable not found
[INFO] [stdout] stack backtrace:
[INFO] [stdout]    0:     0x613ce4f8e4f1 - <<std[617be2ca0a6fd877]::sys::backtrace::BacktraceLock>::print::DisplayBacktrace as core[a373ad73a504971]::fmt::Display>::fmt
[INFO] [stdout]    1:     0x613ce4fa5daa - core[a373ad73a504971]::fmt::write
[INFO] [stdout]    2:     0x613ce4f92cfc - <alloc[2e1b2a31b91974c5]::vec::Vec<u8> as core[a373ad73a504971]::io::write::Write>::write_fmt
[INFO] [stdout]    3:     0x613ce4f69796 - std[617be2ca0a6fd877]::panicking::default_hook::{closure#0}
[INFO] [stdout]    4:     0x613ce4f86379 - std[617be2ca0a6fd877]::panicking::default_hook
[INFO] [stdout]    5:     0x613ce4dc0cd0 - test[aada8e7e76ba119b]::test_main_inner::{closure#0}
[INFO] [stdout]    6:     0x613ce4f866a2 - std[617be2ca0a6fd877]::panicking::panic_with_hook
[INFO] [stdout]    7:     0x613ce4f69842 - std[617be2ca0a6fd877]::panicking::panic_handler::{closure#0}
[INFO] [stdout]    8:     0x613ce4f62479 - std[617be2ca0a6fd877]::sys::backtrace::__rust_end_short_backtrace::<std[617be2ca0a6fd877]::panicking::panic_handler::{closure#0}, !>
[INFO] [stdout]    9:     0x613ce4f6a63d - __rustc[ea4f61d10b84890b]::rust_begin_unwind
[INFO] [stdout]   10:     0x613ce4fa658c - core[a373ad73a504971]::panicking::panic_fmt
[INFO] [stdout]   11:     0x613ce4ce48ff - rustoa[250ed2284c93ceb4]::tests::create_client
[INFO] [stdout]   12:     0x613ce4ce5294 - <rustoa[250ed2284c93ceb4]::tests::check_compat::{closure#0} as core[a373ad73a504971]::ops::function::FnOnce<()>>::call_once
[INFO] [stdout]   13:     0x613ce4db411b - test[aada8e7e76ba119b]::__rust_begin_short_backtrace::<core[a373ad73a504971]::result::Result<(), alloc[2e1b2a31b91974c5]::string::String>, fn() -> core[a373ad73a504971]::result::Result<(), alloc[2e1b2a31b91974c5]::string::String>>
[INFO] [stdout]   14:     0x613ce4dc12f5 - test[aada8e7e76ba119b]::run_test::{closure#0}
[INFO] [stdout]   15:     0x613ce4dbabe4 - std[617be2ca0a6fd877]::sys::backtrace::__rust_begin_short_backtrace::<test[aada8e7e76ba119b]::run_test::{closure#1}, ()>
[INFO] [stdout]   16:     0x613ce4dc4382 - <std[617be2ca0a6fd877]::thread::lifecycle::spawn_unchecked<test[aada8e7e76ba119b]::run_test::{closure#1}, ()>::{closure#1} as core[a373ad73a504971]::ops::function::FnOnce<()>>::call_once::{shim:vtable#0}
[INFO] [stdout]   17:     0x613ce4f8d99f - <std[617be2ca0a6fd877]::sys::thread::unix::Thread>::new::thread_start
[INFO] [stdout]   18:     0x74eaed7b4dfa - <unknown>
[INFO] [stdout]   19:     0x74eaed8483d4 - clone
[INFO] [stdout]   20:                0x0 - <unknown>
[INFO] [stdout] 
[INFO] [stdout] ---- tests::check_number stdout ----
[INFO] [stdout] 
[INFO] [stdout] thread 'tests::check_number' (1037) panicked at src/lib.rs:842:23:
[INFO] [stdout] Something went wrong: environment variable not found
[INFO] [stdout] stack backtrace:
[INFO] [stdout]    0:     0x613ce4f8e4f1 - <<std[617be2ca0a6fd877]::sys::backtrace::BacktraceLock>::print::DisplayBacktrace as core[a373ad73a504971]::fmt::Display>::fmt
[INFO] [stdout]    1:     0x613ce4fa5daa - core[a373ad73a504971]::fmt::write
[INFO] [stdout]    2:     0x613ce4f92cfc - <alloc[2e1b2a31b91974c5]::vec::Vec<u8> as core[a373ad73a504971]::io::write::Write>::write_fmt
[INFO] [stdout]    3:     0x613ce4f69796 - std[617be2ca0a6fd877]::panicking::default_hook::{closure#0}
[INFO] [stdout]    4:     0x613ce4f86379 - std[617be2ca0a6fd877]::panicking::default_hook
[INFO] [stdout]    5:     0x613ce4dc0cd0 - test[aada8e7e76ba119b]::test_main_inner::{closure#0}
[INFO] [stdout]    6:     0x613ce4f866a2 - std[617be2ca0a6fd877]::panicking::panic_with_hook
[INFO] [stdout]    7:     0x613ce4f69842 - std[617be2ca0a6fd877]::panicking::panic_handler::{closure#0}
[INFO] [stdout]    8:     0x613ce4f62479 - std[617be2ca0a6fd877]::sys::backtrace::__rust_end_short_backtrace::<std[617be2ca0a6fd877]::panicking::panic_handler::{closure#0}, !>
[INFO] [stdout]    9:     0x613ce4f6a63d - __rustc[ea4f61d10b84890b]::rust_begin_unwind
[INFO] [stdout]   10:     0x613ce4fa658c - core[a373ad73a504971]::panicking::panic_fmt
[INFO] [stdout]   11:     0x613ce4ce48ff - rustoa[250ed2284c93ceb4]::tests::create_client
[INFO] [stdout]   12:     0x613ce4ce6109 - <rustoa[250ed2284c93ceb4]::tests::check_number::{closure#0} as core[a373ad73a504971]::ops::function::FnOnce<()>>::call_once
[INFO] [stdout]   13:     0x613ce4db411b - test[aada8e7e76ba119b]::__rust_begin_short_backtrace::<core[a373ad73a504971]::result::Result<(), alloc[2e1b2a31b91974c5]::string::String>, fn() -> core[a373ad73a504971]::result::Result<(), alloc[2e1b2a31b91974c5]::string::String>>
[INFO] [stdout]   14:     0x613ce4dc12f5 - test[aada8e7e76ba119b]::run_test::{closure#0}
[INFO] [stdout]   15:     0x613ce4dbabe4 - std[617be2ca0a6fd877]::sys::backtrace::__rust_begin_short_backtrace::<test[aada8e7e76ba119b]::run_test::{closure#1}, ()>
[INFO] [stdout]   16:     0x613ce4dc4382 - <std[617be2ca0a6fd877]::thread::lifecycle::spawn_unchecked<test[aada8e7e76ba119b]::run_test::{closure#1}, ()>::{closure#1} as core[a373ad73a504971]::ops::function::FnOnce<()>>::call_once::{shim:vtable#0}
[INFO] [stdout]   17:     0x613ce4f8d99f - <std[617be2ca0a6fd877]::sys::thread::unix::Thread>::new::thread_start
[INFO] [stdout]   18:     0x74eaed7b4dfa - <unknown>
[INFO] [stdout]   19:     0x74eaed8483d4 - clone
[INFO] [stdout]   20:                0x0 - <unknown>
[INFO] [stdout] 
[INFO] [stdout] ---- tests::correct_version stdout ----
[INFO] [stdout] 
[INFO] [stdout] thread 'tests::correct_version' (1039) panicked at src/lib.rs:842:23:
[INFO] [stdout] Something went wrong: environment variable not found
[INFO] [stdout] stack backtrace:
[INFO] [stdout]    0:     0x613ce4f8e4f1 - <<std[617be2ca0a6fd877]::sys::backtrace::BacktraceLock>::print::DisplayBacktrace as core[a373ad73a504971]::fmt::Display>::fmt
[INFO] [stdout]    1:     0x613ce4fa5daa - core[a373ad73a504971]::fmt::write
[INFO] [stdout]    2:     0x613ce4f92cfc - <alloc[2e1b2a31b91974c5]::vec::Vec<u8> as core[a373ad73a504971]::io::write::Write>::write_fmt
[INFO] [stdout]    3:     0x613ce4f69796 - std[617be2ca0a6fd877]::panicking::default_hook::{closure#0}
[INFO] [stdout]    4:     0x613ce4f86379 - std[617be2ca0a6fd877]::panicking::default_hook
[INFO] [stdout]    5:     0x613ce4dc0cd0 - test[aada8e7e76ba119b]::test_main_inner::{closure#0}
[INFO] [stdout]    6:     0x613ce4f866a2 - std[617be2ca0a6fd877]::panicking::panic_with_hook
[INFO] [stdout]    7:     0x613ce4f69842 - std[617be2ca0a6fd877]::panicking::panic_handler::{closure#0}
[INFO] [stdout]    8:     0x613ce4f62479 - std[617be2ca0a6fd877]::sys::backtrace::__rust_end_short_backtrace::<std[617be2ca0a6fd877]::panicking::panic_handler::{closure#0}, !>
[INFO] [stdout]    9:     0x613ce4f6a63d - __rustc[ea4f61d10b84890b]::rust_begin_unwind
[INFO] [stdout]   10:     0x613ce4fa658c - core[a373ad73a504971]::panicking::panic_fmt
[INFO] [stdout]   11:     0x613ce4ce48ff - rustoa[250ed2284c93ceb4]::tests::create_client
[INFO] [stdout]   12:     0x613ce4ce67b7 - <rustoa[250ed2284c93ceb4]::tests::correct_version::{closure#0} as core[a373ad73a504971]::ops::function::FnOnce<()>>::call_once
[INFO] [stdout]   13:     0x613ce4db411b - test[aada8e7e76ba119b]::__rust_begin_short_backtrace::<core[a373ad73a504971]::result::Result<(), alloc[2e1b2a31b91974c5]::string::String>, fn() -> core[a373ad73a504971]::result::Result<(), alloc[2e1b2a31b91974c5]::string::String>>
[INFO] [stdout]   14:     0x613ce4dc12f5 - test[aada8e7e76ba119b]::run_test::{closure#0}
[INFO] [stdout]   15:     0x613ce4dbabe4 - std[617be2ca0a6fd877]::sys::backtrace::__rust_begin_short_backtrace::<test[aada8e7e76ba119b]::run_test::{closure#1}, ()>
[INFO] [stdout]   16:     0x613ce4dc4382 - <std[617be2ca0a6fd877]::thread::lifecycle::spawn_unchecked<test[aada8e7e76ba119b]::run_test::{closure#1}, ()>::{closure#1} as core[a373ad73a504971]::ops::function::FnOnce<()>>::call_once::{shim:vtable#0}
[INFO] [stdout]   17:     0x613ce4f8d99f - <std[617be2ca0a6fd877]::sys::thread::unix::Thread>::new::thread_start
[INFO] [stdout]   18:     0x74eaed7b4dfa - <unknown>
[INFO] [stdout]   19:     0x74eaed8483d4 - clone
[INFO] [stdout]   20:                0x0 - <unknown>
[INFO] [stdout] 
[INFO] [stdout] 
[INFO] [stdout] failures:
[INFO] [stdout]     tests::check_compat
[INFO] [stdout]     tests::check_number
[INFO] [stdout]     tests::check_numbers
[INFO] [stdout]     tests::correct_version
[INFO] [stdout]     tests::test_event
[INFO] [stdout]     tests::test_property
[INFO] [stdout] 
[INFO] [stdout] test result: FAILED. 1 passed; 6 failed; 0 ignored; 0 measured; 0 filtered out; finished in 0.00s
[INFO] [stdout] 
[INFO] running `Command { std: "docker" "inspect" "e98351a8dc8211508aa2e188bfde6ad842a8eebc659a3895d15874615a5808de", kill_on_drop: false }`
[INFO] running `Command { std: "docker" "rm" "-f" "e98351a8dc8211508aa2e188bfde6ad842a8eebc659a3895d15874615a5808de", kill_on_drop: false }`
[INFO] [stdout] e98351a8dc8211508aa2e188bfde6ad842a8eebc659a3895d15874615a5808de
