[INFO] fetching crate rustls-ticketer 0.0.2...
[INFO] testing rustls-ticketer-0.0.2 against 1.100.0-beta.1+cargoflags=--release for beta-release-1.100-2
[INFO] extracting crate rustls-ticketer 0.0.2 into /workspace/builds/worker-4-tc2/source
[INFO] started tweaking crates.io crate rustls-ticketer 0.0.2
[INFO] finished tweaking crates.io crate rustls-ticketer 0.0.2
[INFO] tweaked toml for crates.io crate rustls-ticketer 0.0.2 written to /workspace/builds/worker-4-tc2/source/Cargo.toml
[INFO] validating manifest of crates.io crate rustls-ticketer 0.0.2 on toolchain 1.100.0-beta.1
[INFO] running `Command { std: CARGO_HOME="/workspace/cargo-home" RUSTUP_HOME="/workspace/rustup-home" "/workspace/cargo-home/bin/cargo" "+1.100.0-beta.1" "metadata" "--manifest-path" "Cargo.toml" "--no-deps", kill_on_drop: false }`
[INFO] crate crates.io crate rustls-ticketer 0.0.2 already has a lockfile, it will not be regenerated
[INFO] running `Command { std: CARGO_HOME="/workspace/cargo-home" RUSTUP_HOME="/workspace/rustup-home" "/workspace/cargo-home/bin/cargo" "+1.100.0-beta.1" "fetch" "--manifest-path" "Cargo.toml", kill_on_drop: false }`
[INFO] running `Command { std: "docker" "create" "-v" "/var/lib/crater-agent-workspace/builds/worker-4-tc2/source:/opt/rustwide/workdir:ro,Z" "-v" "/var/lib/crater-agent-workspace/builds/worker-4-tc2/target:/opt/rustwide/target:rw,Z" "-v" "/var/lib/crater-agent-workspace/cargo-home:/opt/rustwide/cargo-home:ro,Z" "-v" "/var/lib/crater-agent-workspace/rustup-home:/opt/rustwide/rustup-home:ro,Z" "-m" "1610612736" "--network" "none" "ghcr.io/rust-lang/crates-build-env/linux@sha256:77db811e55d90add9212f6832c23229e3de5f1c1f9905e8cb07319ea15df73ac" "sleep" "infinity", kill_on_drop: false }`
[INFO] [stdout] 295aee30807cd6829d7bc98abf0a005b9a19fee1698e5dcf838de722725a7f9c
[INFO] running `Command { std: "docker" "start" "295aee30807cd6829d7bc98abf0a005b9a19fee1698e5dcf838de722725a7f9c", kill_on_drop: false }`
[INFO] running `Command { std: "docker" "inspect" "295aee30807cd6829d7bc98abf0a005b9a19fee1698e5dcf838de722725a7f9c", kill_on_drop: false }`
[INFO] running `Command { std: "docker" "exec" "-e" "SOURCE_DIR=/opt/rustwide/workdir" "-e" "CARGO_HOME=/opt/rustwide/cargo-home" "-e" "RUSTUP_HOME=/opt/rustwide/rustup-home" "-e" "CARGO_TARGET_DIR=/opt/rustwide/target" "-w" "/opt/rustwide/workdir" "--user" "0:0" "295aee30807cd6829d7bc98abf0a005b9a19fee1698e5dcf838de722725a7f9c" "/opt/rustwide/cargo-home/bin/cargo" "+1.100.0-beta.1" "metadata" "--no-deps" "--format-version=1", kill_on_drop: false }`
[INFO] running `Command { std: "docker" "inspect" "295aee30807cd6829d7bc98abf0a005b9a19fee1698e5dcf838de722725a7f9c", kill_on_drop: false }`
[INFO] running `Command { std: "docker" "exec" "-e" "SOURCE_DIR=/opt/rustwide/workdir" "-e" "CARGO_HOME=/opt/rustwide/cargo-home" "-e" "RUSTUP_HOME=/opt/rustwide/rustup-home" "-e" "CARGO_TARGET_DIR=/opt/rustwide/target" "-e" "CARGO_INCREMENTAL=0" "-e" "RUST_BACKTRACE=full" "-e" "RUSTFLAGS=--cap-lints=warn" "-e" "RUSTDOCFLAGS=--cap-lints=warn" "-w" "/opt/rustwide/workdir" "--user" "0:0" "295aee30807cd6829d7bc98abf0a005b9a19fee1698e5dcf838de722725a7f9c" "/opt/rustwide/cargo-home/bin/cargo" "+1.100.0-beta.1" "build" "--frozen" "--message-format=json" "--release", kill_on_drop: false }`
[INFO] [stderr]    Compiling proc-macro2 v1.0.106
[INFO] [stderr]    Compiling quote v1.0.45
[INFO] [stderr]    Compiling once_cell v1.21.4
[INFO] [stderr]    Compiling rustix v1.1.4
[INFO] [stderr]    Compiling getrandom v0.4.2
[INFO] [stderr]    Compiling rustls-pki-types v1.14.1
[INFO] [stderr]    Compiling linux-raw-sys v0.12.1
[INFO] [stderr]    Compiling bitflags v2.11.1
[INFO] [stderr]    Compiling rustls v0.23.40
[INFO] [stderr]    Compiling fastrand v2.4.1
[INFO] [stderr]    Compiling tracing-core v0.1.36
[INFO] [stderr]    Compiling pin-project-lite v0.2.17
[INFO] [stderr]    Compiling rustls-webpki v0.103.13
[INFO] [stderr]    Compiling syn v2.0.117
[INFO] [stderr]    Compiling tempfile v3.27.0
[INFO] [stderr]    Compiling tracing-attributes v0.1.31
[INFO] [stderr]    Compiling tracing v0.1.44
[INFO] [stderr]    Compiling rustls-ticketer v0.0.2 (/opt/rustwide/workdir)
[INFO] [stderr] warning: unused dependency `tempfile`
[INFO] [stderr]   --> Cargo.toml:10:15
[INFO] [stderr]    |
[INFO] [stderr] 10 | [dependencies.tempfile]
[INFO] [stderr]    |               ^^^^^^^^^
[INFO] [stderr]    |
[INFO] [stderr]    = note: `cargo::unused_dependencies` is set to `warn` by default
[INFO] [stderr] help: consider removing the dependency on `tempfile`
[INFO] [stderr] warning: unused dependency `tracing`
[INFO] [stderr]   --> Cargo.toml:13:15
[INFO] [stderr]    |
[INFO] [stderr] 13 | [dependencies.tracing]
[INFO] [stderr]    |               ^^^^^^^^
[INFO] [stderr]    |
[INFO] [stderr] help: consider removing the dependency on `tracing`
[INFO] [stderr] warning: `rustls-ticketer` (manifest) generated 2 warnings
[INFO] [stderr]     Finished `release` profile [optimized] target(s) in 36.68s
[INFO] running `Command { std: "docker" "inspect" "295aee30807cd6829d7bc98abf0a005b9a19fee1698e5dcf838de722725a7f9c", kill_on_drop: false }`
[INFO] running `Command { std: "docker" "exec" "-e" "SOURCE_DIR=/opt/rustwide/workdir" "-e" "CARGO_HOME=/opt/rustwide/cargo-home" "-e" "RUSTUP_HOME=/opt/rustwide/rustup-home" "-e" "CARGO_TARGET_DIR=/opt/rustwide/target" "-e" "CARGO_INCREMENTAL=0" "-e" "RUST_BACKTRACE=full" "-e" "RUSTFLAGS=--cap-lints=warn" "-e" "RUSTDOCFLAGS=--cap-lints=warn" "-w" "/opt/rustwide/workdir" "--user" "0:0" "295aee30807cd6829d7bc98abf0a005b9a19fee1698e5dcf838de722725a7f9c" "/opt/rustwide/cargo-home/bin/cargo" "+1.100.0-beta.1" "test" "--frozen" "--no-run" "--message-format=json" "--release", kill_on_drop: false }`
[INFO] [stderr]    Compiling aws-lc-rs v1.16.3
[INFO] [stderr]    Compiling jobserver v0.1.34
[INFO] [stderr]    Compiling rustls v0.23.40
[INFO] [stderr]    Compiling cc v1.2.61
[INFO] [stderr]    Compiling cmake v0.1.58
[INFO] [stderr]    Compiling aws-lc-sys v0.40.0
[INFO] [stderr]    Compiling rustls-webpki v0.103.13
[INFO] [stderr]    Compiling rustls-ticketer v0.0.2 (/opt/rustwide/workdir)
[INFO] [stderr] warning: unused dependency `tempfile`
[INFO] [stderr]   --> Cargo.toml:25:19
[INFO] [stderr]    |
[INFO] [stderr] 25 | [dev-dependencies.tempfile]
[INFO] [stderr]    |                   ^^^^^^^^^
[INFO] [stderr]    |
[INFO] [stderr]    = note: `cargo::unused_dependencies` is set to `warn` by default
[INFO] [stderr] help: consider removing the dependency on `tempfile`
[INFO] [stderr] warning: unused dependency `tempfile`
[INFO] [stderr]   --> Cargo.toml:10:15
[INFO] [stderr]    |
[INFO] [stderr] 10 | [dependencies.tempfile]
[INFO] [stderr]    |               ^^^^^^^^^
[INFO] [stderr]    |
[INFO] [stderr] help: consider removing the dependency on `tempfile`
[INFO] [stderr] warning: unused dependency `tracing`
[INFO] [stderr]   --> Cargo.toml:13:15
[INFO] [stderr]    |
[INFO] [stderr] 13 | [dependencies.tracing]
[INFO] [stderr]    |               ^^^^^^^^
[INFO] [stderr]    |
[INFO] [stderr] help: consider removing the dependency on `tracing`
[INFO] [stderr] warning: `rustls-ticketer` (manifest) generated 3 warnings
[INFO] [stderr]     Finished `release` profile [optimized] target(s) in 1m 49s
[INFO] running `Command { std: "docker" "inspect" "295aee30807cd6829d7bc98abf0a005b9a19fee1698e5dcf838de722725a7f9c", kill_on_drop: false }`
[INFO] running `Command { std: "docker" "exec" "-e" "SOURCE_DIR=/opt/rustwide/workdir" "-e" "CARGO_HOME=/opt/rustwide/cargo-home" "-e" "RUSTUP_HOME=/opt/rustwide/rustup-home" "-e" "CARGO_TARGET_DIR=/opt/rustwide/target" "-e" "CARGO_INCREMENTAL=0" "-e" "RUST_BACKTRACE=full" "-e" "RUSTFLAGS=--cap-lints=warn" "-e" "RUSTDOCFLAGS=--cap-lints=warn" "-w" "/opt/rustwide/workdir" "--user" "0:0" "295aee30807cd6829d7bc98abf0a005b9a19fee1698e5dcf838de722725a7f9c" "/opt/rustwide/cargo-home/bin/cargo" "+1.100.0-beta.1" "test" "--frozen" "--release", kill_on_drop: false }`
[INFO] [stderr] warning: unused dependency `tempfile`
[INFO] [stderr]   --> Cargo.toml:25:19
[INFO] [stderr]    |
[INFO] [stderr] 25 | [dev-dependencies.tempfile]
[INFO] [stderr]    |                   ^^^^^^^^^
[INFO] [stderr]    |
[INFO] [stderr]    = note: `cargo::unused_dependencies` is set to `warn` by default
[INFO] [stderr] help: consider removing the dependency on `tempfile`
[INFO] [stderr] warning: unused dependency `tempfile`
[INFO] [stderr]   --> Cargo.toml:10:15
[INFO] [stderr]    |
[INFO] [stderr] 10 | [dependencies.tempfile]
[INFO] [stderr]    |               ^^^^^^^^^
[INFO] [stderr]    |
[INFO] [stderr] help: consider removing the dependency on `tempfile`
[INFO] [stderr] warning: unused dependency `tracing`
[INFO] [stderr]   --> Cargo.toml:13:15
[INFO] [stderr]    |
[INFO] [stderr] 13 | [dependencies.tracing]
[INFO] [stderr]    |               ^^^^^^^^
[INFO] [stderr]    |
[INFO] [stderr] help: consider removing the dependency on `tracing`
[INFO] [stderr] warning: `rustls-ticketer` (manifest) generated 3 warnings
[INFO] [stderr]     Finished `release` profile [optimized] target(s) in 0.16s
[INFO] [stdout] 
[INFO] [stderr]      Running unittests src/lib.rs (/opt/rustwide/target/release/build/rustls-ticketer/bcfbd03d6a84b8cf/out/rustls_ticketer-bcfbd03d6a84b8cf)
[INFO] [stdout] running 3 tests
[INFO] [stderr] error: test failed, to rerun pass `--lib`
[INFO] [stdout] test tests::install_is_idempotent_and_returns_same_arc ... FAILED
[INFO] [stdout] test tests::ticketer_round_trips_application_payload ... FAILED
[INFO] [stdout] test tests::install_then_default_returns_some ... FAILED
[INFO] [stdout] 
[INFO] [stdout] failures:
[INFO] [stdout] 
[INFO] [stdout] ---- tests::install_is_idempotent_and_returns_same_arc stdout ----
[INFO] [stdout] 
[INFO] [stdout] thread 'tests::install_is_idempotent_and_returns_same_arc' (1812) panicked at src/lib.rs:109:36:
[INFO] [stdout] install ticketer: General("rustls-ticketer: enable either the `aws-lc-rs` or `ring` feature")
[INFO] [stdout] stack backtrace:
[INFO] [stdout]    0:     0x5acde859f611 - <<std[617be2ca0a6fd877]::sys::backtrace::BacktraceLock>::print::DisplayBacktrace as core[a373ad73a504971]::fmt::Display>::fmt
[INFO] [stdout]    1:     0x5acde85b39ba - core[a373ad73a504971]::fmt::write
[INFO] [stdout]    2:     0x5acde85a382c - <alloc[2e1b2a31b91974c5]::vec::Vec<u8> as core[a373ad73a504971]::io::write::Write>::write_fmt
[INFO] [stdout]    3:     0x5acde857ba76 - std[617be2ca0a6fd877]::panicking::default_hook::{closure#0}
[INFO] [stdout]    4:     0x5acde8597ca9 - std[617be2ca0a6fd877]::panicking::default_hook
[INFO] [stdout]    5:     0x5acde832dcb0 - test[aada8e7e76ba119b]::test_main_inner::{closure#0}
[INFO] [stdout]    6:     0x5acde8597e62 - std[617be2ca0a6fd877]::panicking::panic_with_hook
[INFO] [stdout]    7:     0x5acde857bb22 - std[617be2ca0a6fd877]::panicking::panic_handler::{closure#0}
[INFO] [stdout]    8:     0x5acde8574839 - std[617be2ca0a6fd877]::sys::backtrace::__rust_end_short_backtrace::<std[617be2ca0a6fd877]::panicking::panic_handler::{closure#0}, !>
[INFO] [stdout]    9:     0x5acde857c72d - __rustc[ea4f61d10b84890b]::rust_begin_unwind
[INFO] [stdout]   10:     0x5acde85b40ec - core[a373ad73a504971]::panicking::panic_fmt
[INFO] [stdout]   11:     0x5acde85b3ec2 - core[a373ad73a504971]::result::unwrap_failed
[INFO] [stdout]   12:     0x5acde8321071 - <rustls_ticketer[88e76d33fdfffb6f]::tests::install_is_idempotent_and_returns_same_arc::{closure#0} as core[a373ad73a504971]::ops::function::FnOnce<()>>::call_once
[INFO] [stdout]   13:     0x5acde83210fb - test[aada8e7e76ba119b]::__rust_begin_short_backtrace::<core[a373ad73a504971]::result::Result<(), alloc[2e1b2a31b91974c5]::string::String>, fn() -> core[a373ad73a504971]::result::Result<(), alloc[2e1b2a31b91974c5]::string::String>>
[INFO] [stdout]   14:     0x5acde832e2d5 - test[aada8e7e76ba119b]::run_test::{closure#0}
[INFO] [stdout]   15:     0x5acde8327bc4 - std[617be2ca0a6fd877]::sys::backtrace::__rust_begin_short_backtrace::<test[aada8e7e76ba119b]::run_test::{closure#1}, ()>
[INFO] [stdout]   16:     0x5acde8331362 - <std[617be2ca0a6fd877]::thread::lifecycle::spawn_unchecked<test[aada8e7e76ba119b]::run_test::{closure#1}, ()>::{closure#1} as core[a373ad73a504971]::ops::function::FnOnce<()>>::call_once::{shim:vtable#0}
[INFO] [stdout]   17:     0x5acde859ee6f - <std[617be2ca0a6fd877]::sys::thread::unix::Thread>::new::thread_start
[INFO] [stdout]   18:     0x73ef660abdfa - <unknown>
[INFO] [stdout]   19:     0x73ef6613f3d4 - clone
[INFO] [stdout]   20:                0x0 - <unknown>
[INFO] [stdout] 
[INFO] [stdout] ---- tests::ticketer_round_trips_application_payload stdout ----
[INFO] [stdout] 
[INFO] [stdout] thread 'tests::ticketer_round_trips_application_payload' (1814) panicked at src/lib.rs:119:36:
[INFO] [stdout] install ticketer: General("rustls-ticketer: enable either the `aws-lc-rs` or `ring` feature")
[INFO] [stdout] stack backtrace:
[INFO] [stdout]    0:     0x5acde859f611 - <<std[617be2ca0a6fd877]::sys::backtrace::BacktraceLock>::print::DisplayBacktrace as core[a373ad73a504971]::fmt::Display>::fmt
[INFO] [stdout]    1:     0x5acde85b39ba - core[a373ad73a504971]::fmt::write
[INFO] [stdout]    2:     0x5acde85a382c - <alloc[2e1b2a31b91974c5]::vec::Vec<u8> as core[a373ad73a504971]::io::write::Write>::write_fmt
[INFO] [stdout]    3:     0x5acde857ba76 - std[617be2ca0a6fd877]::panicking::default_hook::{closure#0}
[INFO] [stdout]    4:     0x5acde8597ca9 - std[617be2ca0a6fd877]::panicking::default_hook
[INFO] [stdout]    5:     0x5acde832dcb0 - test[aada8e7e76ba119b]::test_main_inner::{closure#0}
[INFO] [stdout]    6:     0x5acde8597e62 - std[617be2ca0a6fd877]::panicking::panic_with_hook
[INFO] [stdout]    7:     0x5acde857bb22 - std[617be2ca0a6fd877]::panicking::panic_handler::{closure#0}
[INFO] [stdout]    8:     0x5acde8574839 - std[617be2ca0a6fd877]::sys::backtrace::__rust_end_short_backtrace::<std[617be2ca0a6fd877]::panicking::panic_handler::{closure#0}, !>
[INFO] [stdout]    9:     0x5acde857c72d - __rustc[ea4f61d10b84890b]::rust_begin_unwind
[INFO] [stdout]   10:     0x5acde85b40ec - core[a373ad73a504971]::panicking::panic_fmt
[INFO] [stdout]   11:     0x5acde85b3ec2 - core[a373ad73a504971]::result::unwrap_failed
[INFO] [stdout]   12:     0x5acde8320f81 - <rustls_ticketer[88e76d33fdfffb6f]::tests::ticketer_round_trips_application_payload::{closure#0} as core[a373ad73a504971]::ops::function::FnOnce<()>>::call_once
[INFO] [stdout]   13:     0x5acde83210fb - test[aada8e7e76ba119b]::__rust_begin_short_backtrace::<core[a373ad73a504971]::result::Result<(), alloc[2e1b2a31b91974c5]::string::String>, fn() -> core[a373ad73a504971]::result::Result<(), alloc[2e1b2a31b91974c5]::string::String>>
[INFO] [stdout]   14:     0x5acde832e2d5 - test[aada8e7e76ba119b]::run_test::{closure#0}
[INFO] [stdout]   15:     0x5acde8327bc4 - std[617be2ca0a6fd877]::sys::backtrace::__rust_begin_short_backtrace::<test[aada8e7e76ba119b]::run_test::{closure#1}, ()>
[INFO] [stdout]   16:     0x5acde8331362 - <std[617be2ca0a6fd877]::thread::lifecycle::spawn_unchecked<test[aada8e7e76ba119b]::run_test::{closure#1}, ()>::{closure#1} as core[a373ad73a504971]::ops::function::FnOnce<()>>::call_once::{shim:vtable#0}
[INFO] [stdout]   17:     0x5acde859ee6f - <std[617be2ca0a6fd877]::sys::thread::unix::Thread>::new::thread_start
[INFO] [stdout]   18:     0x73ef660abdfa - <unknown>
[INFO] [stdout]   19:     0x73ef6613f3d4 - clone
[INFO] [stdout]   20:                0x0 - <unknown>
[INFO] [stdout] 
[INFO] [stdout] ---- tests::install_then_default_returns_some stdout ----
[INFO] [stdout] 
[INFO] [stdout] thread 'tests::install_then_default_returns_some' (1813) panicked at src/lib.rs:102:36:
[INFO] [stdout] install ticketer: General("rustls-ticketer: enable either the `aws-lc-rs` or `ring` feature")
[INFO] [stdout] stack backtrace:
[INFO] [stdout]    0:     0x5acde859f611 - <<std[617be2ca0a6fd877]::sys::backtrace::BacktraceLock>::print::DisplayBacktrace as core[a373ad73a504971]::fmt::Display>::fmt
[INFO] [stdout]    1:     0x5acde85b39ba - core[a373ad73a504971]::fmt::write
[INFO] [stdout]    2:     0x5acde85a382c - <alloc[2e1b2a31b91974c5]::vec::Vec<u8> as core[a373ad73a504971]::io::write::Write>::write_fmt
[INFO] [stdout]    3:     0x5acde857ba76 - std[617be2ca0a6fd877]::panicking::default_hook::{closure#0}
[INFO] [stdout]    4:     0x5acde8597ca9 - std[617be2ca0a6fd877]::panicking::default_hook
[INFO] [stdout]    5:     0x5acde832dcb0 - test[aada8e7e76ba119b]::test_main_inner::{closure#0}
[INFO] [stdout]    6:     0x5acde8597e62 - std[617be2ca0a6fd877]::panicking::panic_with_hook
[INFO] [stdout]    7:     0x5acde857bb22 - std[617be2ca0a6fd877]::panicking::panic_handler::{closure#0}
[INFO] [stdout]    8:     0x5acde8574839 - std[617be2ca0a6fd877]::sys::backtrace::__rust_end_short_backtrace::<std[617be2ca0a6fd877]::panicking::panic_handler::{closure#0}, !>
[INFO] [stdout]    9:     0x5acde857c72d - __rustc[ea4f61d10b84890b]::rust_begin_unwind
[INFO] [stdout]   10:     0x5acde85b40ec - core[a373ad73a504971]::panicking::panic_fmt
[INFO] [stdout]   11:     0x5acde85b3ec2 - core[a373ad73a504971]::result::unwrap_failed
[INFO] [stdout]   12:     0x5acde8320e91 - <rustls_ticketer[88e76d33fdfffb6f]::tests::install_then_default_returns_some::{closure#0} as core[a373ad73a504971]::ops::function::FnOnce<()>>::call_once
[INFO] [stdout]   13:     0x5acde83210fb - test[aada8e7e76ba119b]::__rust_begin_short_backtrace::<core[a373ad73a504971]::result::Result<(), alloc[2e1b2a31b91974c5]::string::String>, fn() -> core[a373ad73a504971]::result::Result<(), alloc[2e1b2a31b91974c5]::string::String>>
[INFO] [stdout]   14:     0x5acde832e2d5 - test[aada8e7e76ba119b]::run_test::{closure#0}
[INFO] [stdout]   15:     0x5acde8327bc4 - std[617be2ca0a6fd877]::sys::backtrace::__rust_begin_short_backtrace::<test[aada8e7e76ba119b]::run_test::{closure#1}, ()>
[INFO] [stdout]   16:     0x5acde8331362 - <std[617be2ca0a6fd877]::thread::lifecycle::spawn_unchecked<test[aada8e7e76ba119b]::run_test::{closure#1}, ()>::{closure#1} as core[a373ad73a504971]::ops::function::FnOnce<()>>::call_once::{shim:vtable#0}
[INFO] [stdout]   17:     0x5acde859ee6f - <std[617be2ca0a6fd877]::sys::thread::unix::Thread>::new::thread_start
[INFO] [stdout]   18:     0x73ef660abdfa - <unknown>
[INFO] [stdout]   19:     0x73ef6613f3d4 - clone
[INFO] [stdout]   20:                0x0 - <unknown>
[INFO] [stdout] 
[INFO] [stdout] 
[INFO] [stdout] failures:
[INFO] [stdout]     tests::install_is_idempotent_and_returns_same_arc
[INFO] [stdout]     tests::install_then_default_returns_some
[INFO] [stdout]     tests::ticketer_round_trips_application_payload
[INFO] [stdout] 
[INFO] [stdout] test result: FAILED. 0 passed; 3 failed; 0 ignored; 0 measured; 0 filtered out; finished in 0.00s
[INFO] [stdout] 
[INFO] running `Command { std: "docker" "inspect" "295aee30807cd6829d7bc98abf0a005b9a19fee1698e5dcf838de722725a7f9c", kill_on_drop: false }`
[INFO] running `Command { std: "docker" "rm" "-f" "295aee30807cd6829d7bc98abf0a005b9a19fee1698e5dcf838de722725a7f9c", kill_on_drop: false }`
[INFO] [stdout] 295aee30807cd6829d7bc98abf0a005b9a19fee1698e5dcf838de722725a7f9c
