[INFO] fetching crate rustls-openssl 0.4.2...
[INFO] testing rustls-openssl-0.4.2 against 1.99.0-beta.8+cargoflags=--release for beta-release-1.100-2
[INFO] extracting crate rustls-openssl 0.4.2 into /workspace/builds/worker-2-tc1/source
[INFO] started tweaking crates.io crate rustls-openssl 0.4.2
[INFO] removed 0 missing tests
[INFO] finished tweaking crates.io crate rustls-openssl 0.4.2
[INFO] tweaked toml for crates.io crate rustls-openssl 0.4.2 written to /workspace/builds/worker-2-tc1/source/Cargo.toml
[INFO] validating manifest of crates.io crate rustls-openssl 0.4.2 on toolchain 1.99.0-beta.8
[INFO] running `Command { std: CARGO_HOME="/workspace/cargo-home" RUSTUP_HOME="/workspace/rustup-home" "/workspace/cargo-home/bin/cargo" "+1.99.0-beta.8" "metadata" "--manifest-path" "Cargo.toml" "--no-deps", kill_on_drop: false }`
[INFO] crate crates.io crate rustls-openssl 0.4.2 already has a lockfile, it will not be regenerated
[INFO] running `Command { std: CARGO_HOME="/workspace/cargo-home" RUSTUP_HOME="/workspace/rustup-home" "/workspace/cargo-home/bin/cargo" "+1.99.0-beta.8" "fetch" "--manifest-path" "Cargo.toml", kill_on_drop: false }`
[INFO] [stderr]     Updating crates.io index
[INFO] [stderr]  Downloading crates ...
[INFO] [stderr]   Downloaded linktime-proc-macro v0.2.3
[INFO] [stderr]   Downloaded ctor v1.0.13
[INFO] [stderr]   Downloaded link-section v0.19.3
[INFO] [stderr]   Downloaded openssl-src v300.6.1+3.6.3
[INFO] [stderr]   Downloaded wycheproof v0.6.0
[INFO] running `Command { std: "docker" "create" "-v" "/var/lib/crater-agent-workspace/builds/worker-2-tc1/source:/opt/rustwide/workdir:ro,Z" "-v" "/var/lib/crater-agent-workspace/builds/worker-2-tc1/target:/opt/rustwide/target:rw,Z" "-v" "/var/lib/crater-agent-workspace/cargo-home:/opt/rustwide/cargo-home:ro,Z" "-v" "/var/lib/crater-agent-workspace/rustup-home:/opt/rustwide/rustup-home:ro,Z" "-m" "1610612736" "--network" "none" "ghcr.io/rust-lang/crates-build-env/linux@sha256:77db811e55d90add9212f6832c23229e3de5f1c1f9905e8cb07319ea15df73ac" "sleep" "infinity", kill_on_drop: false }`
[INFO] [stdout] 3ad8415db623b6ceff80e49971dac2ec4600ec49e24110fe94092be8f101e3e0
[INFO] running `Command { std: "docker" "start" "3ad8415db623b6ceff80e49971dac2ec4600ec49e24110fe94092be8f101e3e0", kill_on_drop: false }`
[INFO] running `Command { std: "docker" "inspect" "3ad8415db623b6ceff80e49971dac2ec4600ec49e24110fe94092be8f101e3e0", kill_on_drop: false }`
[INFO] running `Command { std: "docker" "exec" "-e" "SOURCE_DIR=/opt/rustwide/workdir" "-e" "CARGO_HOME=/opt/rustwide/cargo-home" "-e" "RUSTUP_HOME=/opt/rustwide/rustup-home" "-e" "CARGO_TARGET_DIR=/opt/rustwide/target" "-w" "/opt/rustwide/workdir" "--user" "0:0" "3ad8415db623b6ceff80e49971dac2ec4600ec49e24110fe94092be8f101e3e0" "/opt/rustwide/cargo-home/bin/cargo" "+1.99.0-beta.8" "metadata" "--no-deps" "--format-version=1", kill_on_drop: false }`
[INFO] running `Command { std: "docker" "inspect" "3ad8415db623b6ceff80e49971dac2ec4600ec49e24110fe94092be8f101e3e0", kill_on_drop: false }`
[INFO] running `Command { std: "docker" "exec" "-e" "SOURCE_DIR=/opt/rustwide/workdir" "-e" "CARGO_HOME=/opt/rustwide/cargo-home" "-e" "RUSTUP_HOME=/opt/rustwide/rustup-home" "-e" "CARGO_TARGET_DIR=/opt/rustwide/target" "-e" "CARGO_INCREMENTAL=0" "-e" "RUST_BACKTRACE=full" "-e" "RUSTFLAGS=--cap-lints=warn" "-e" "RUSTDOCFLAGS=--cap-lints=warn" "-w" "/opt/rustwide/workdir" "--user" "0:0" "3ad8415db623b6ceff80e49971dac2ec4600ec49e24110fe94092be8f101e3e0" "/opt/rustwide/cargo-home/bin/cargo" "+1.99.0-beta.8" "build" "--frozen" "--message-format=json" "--release", kill_on_drop: false }`
[INFO] [stderr]    Compiling cc v1.5.1
[INFO] [stderr]    Compiling zeroize v1.9.0
[INFO] [stderr]    Compiling rustls v0.23.45
[INFO] [stderr]    Compiling bitflags v2.13.2
[INFO] [stderr]    Compiling rustls-openssl v0.4.2 (/opt/rustwide/workdir)
[INFO] [stderr]    Compiling syn v2.0.119
[INFO] [stderr]    Compiling rustls-pki-types v1.15.1
[INFO] [stderr]    Compiling rustls-webpki v0.103.15
[INFO] [stderr]    Compiling openssl-sys v0.9.117
[INFO] [stderr]    Compiling openssl v0.10.81
[INFO] [stderr]    Compiling openssl-macros v0.1.1
[INFO] [stderr]     Finished `release` profile [optimized] target(s) in 20.86s
[INFO] running `Command { std: "docker" "inspect" "3ad8415db623b6ceff80e49971dac2ec4600ec49e24110fe94092be8f101e3e0", kill_on_drop: false }`
[INFO] running `Command { std: "docker" "exec" "-e" "SOURCE_DIR=/opt/rustwide/workdir" "-e" "CARGO_HOME=/opt/rustwide/cargo-home" "-e" "RUSTUP_HOME=/opt/rustwide/rustup-home" "-e" "CARGO_TARGET_DIR=/opt/rustwide/target" "-e" "CARGO_INCREMENTAL=0" "-e" "RUST_BACKTRACE=full" "-e" "RUSTFLAGS=--cap-lints=warn" "-e" "RUSTDOCFLAGS=--cap-lints=warn" "-w" "/opt/rustwide/workdir" "--user" "0:0" "3ad8415db623b6ceff80e49971dac2ec4600ec49e24110fe94092be8f101e3e0" "/opt/rustwide/cargo-home/bin/cargo" "+1.99.0-beta.8" "test" "--frozen" "--no-run" "--message-format=json" "--release", kill_on_drop: false }`
[INFO] [stderr]    Compiling aws-lc-rs v1.18.1
[INFO] [stderr]    Compiling rustls-pki-types v1.15.1
[INFO] [stderr]    Compiling aho-corasick v1.1.5
[INFO] [stderr]    Compiling regex-syntax v0.8.11
[INFO] [stderr]    Compiling rstest_macros v0.26.1
[INFO] [stderr]    Compiling deranged v0.5.8
[INFO] [stderr]    Compiling rustls v0.23.45
[INFO] [stderr]    Compiling cc v1.5.1
[INFO] [stderr]    Compiling toml_edit v0.25.15+spec-1.1.0
[INFO] [stderr]    Compiling time-core v0.1.9
[INFO] [stderr]    Compiling syn v3.0.6
[INFO] [stderr]    Compiling syn v2.0.119
[INFO] [stderr]    Compiling cfg-if v1.0.5
[INFO] [stderr]    Compiling relative-path v1.9.3
[INFO] [stderr]    Compiling serde_json v1.0.151
[INFO] [stderr]    Compiling futures-timer v3.0.4
[INFO] [stderr]    Compiling data-encoding v2.11.1
[INFO] [stderr]    Compiling linktime-proc-macro v0.2.3
[INFO] [stderr]    Compiling link-section v0.19.3
[INFO] [stderr]    Compiling rustls-pemfile v2.2.0
[INFO] [stderr]    Compiling webpki-roots v1.0.9
[INFO] [stderr]    Compiling ctor v1.0.13
[INFO] [stderr]    Compiling proc-macro-crate v3.5.0
[INFO] [stderr]    Compiling cmake v0.1.58
[INFO] [stderr]    Compiling openssl-sys v0.9.117
[INFO] [stderr]    Compiling aws-lc-sys v0.45.0
[INFO] [stderr]    Compiling openssl v0.10.81
[INFO] [stderr]    Compiling rustls-openssl v0.4.2 (/opt/rustwide/workdir)
[INFO] [stderr]    Compiling time v0.3.55
[INFO] [stderr]    Compiling regex-automata v0.4.18
[INFO] [stderr]    Compiling yasna v0.6.0
[INFO] [stderr]    Compiling serde_derive v1.0.229
[INFO] [stderr]    Compiling futures-macro v0.3.34
[INFO] [stderr]    Compiling futures-util v0.3.34
[INFO] [stderr]    Compiling openssl-macros v0.1.1
[INFO] [stderr]    Compiling regex v1.13.1
[INFO] [stderr]    Compiling serde v1.0.229
[INFO] [stderr]    Compiling wycheproof v0.6.0
[INFO] [stderr]    Compiling rstest v0.26.1
[INFO] [stderr]    Compiling rustls-webpki v0.103.15
[INFO] [stderr]    Compiling rcgen v0.14.10
[INFO] [stderr]     Finished `release` profile [optimized] target(s) in 1m 31s
[INFO] running `Command { std: "docker" "inspect" "3ad8415db623b6ceff80e49971dac2ec4600ec49e24110fe94092be8f101e3e0", kill_on_drop: false }`
[INFO] running `Command { std: "docker" "exec" "-e" "SOURCE_DIR=/opt/rustwide/workdir" "-e" "CARGO_HOME=/opt/rustwide/cargo-home" "-e" "RUSTUP_HOME=/opt/rustwide/rustup-home" "-e" "CARGO_TARGET_DIR=/opt/rustwide/target" "-e" "CARGO_INCREMENTAL=0" "-e" "RUST_BACKTRACE=full" "-e" "RUSTFLAGS=--cap-lints=warn" "-e" "RUSTDOCFLAGS=--cap-lints=warn" "-w" "/opt/rustwide/workdir" "--user" "0:0" "3ad8415db623b6ceff80e49971dac2ec4600ec49e24110fe94092be8f101e3e0" "/opt/rustwide/cargo-home/bin/cargo" "+1.99.0-beta.8" "test" "--frozen" "--release", kill_on_drop: false }`
[INFO] [stderr]     Finished `release` profile [optimized] target(s) in 0.12s
[INFO] [stderr]      Running unittests src/lib.rs (/opt/rustwide/target/release/deps/rustls_openssl-237912de40a8a798)
[INFO] [stdout] 
[INFO] [stdout] running 45 tests
[INFO] [stdout] test hash::tests::digest_under_a_base_only_provider ... ignored
[INFO] [stdout] test hash::tests::output_len_matches_digest ... ok
[INFO] [stdout] test hash::tests::fork_finish_leaves_the_original_usable ... ok
[INFO] [stdout] test hash::tests::one_shot_matches_known_answers ... ok
[INFO] [stdout] test hash::tests::fork_produces_an_independent_context ... ok
[INFO] [stdout] test aead::test::test_aes_available ... ok
[INFO] [stdout] test aead::test::test_aead::case_3 ... ok
[INFO] [stdout] test hkdf::test::hkdf_sha256 ... ok
[INFO] [stdout] test hash::tests::streaming_matches_known_answers ... ok
[INFO] [stdout] test hash::tests::digests_are_dispatched_through_the_provider_layer ... ok
[INFO] [stdout] test aead::test::test_aead::case_1 ... ok
[INFO] [stdout] test openssl_internal::hpke::tests::try_from ... ok
[INFO] [stdout] test kx_group::ec::test::generated_keys_agree::case_3_secp521r1 ... ok
[INFO] [stdout] test quic::test::chacha20_poly1305_short_header_packet ... ok
[INFO] [stdout] test prf::test::test_sha256 ... ok
[INFO] [stdout] test aead::test::test_aead::case_2 ... ok
[INFO] [stdout] test prf::test::test_tls1_prf_sha384 ... ok
[INFO] [stdout] test kx_group::ec::test::generated_keys_agree::case_1_secp256r1 ... ok
[INFO] [stdout] test quic::test::quic_key_builder_reports_fips_directly ... ok
[INFO] [stdout] test spki::tests::der_lengths_use_the_shortest_form ... ok
[INFO] [stdout] test tests::aead_trait_impls_report_fips_directly ... ok
[INFO] [stdout] test hkdf::test::hkdf_sha384 ... ok
[INFO] [stdout] test kx_group::kem::test::encapsulation_round_trip::case_1_mlkem768 ... ok
[INFO] [stdout] test kx_group::ec::test::generated_keys_agree::case_2_secp384r1 ... ok
[INFO] [stdout] test quic::test::header_protection_fips_reporting ... ok
[INFO] [stdout] test kx_group::kem::test::encapsulation_round_trip::case_2_mlkem1024 ... ok
[INFO] [stdout] test quic::test::initial_test_vector_v2 ... ok
[INFO] [stdout] test quic::test::initial_test_vector_v1_client ... ok
[INFO] [stdout] test tests::every_suite_reports_fips_consistently ... ok
[INFO] [stdout] test tests::aes_gcm_tracks_openssl_fips_state ... ok
[INFO] [stdout] test quic::test::initial_test_vector_v1_server ... ok
[INFO] [stdout] test tests::chacha_is_never_fips_approved ... ok
[INFO] [stdout] test openssl_internal::hpke::tests::roundtrip ... ok
[INFO] [stdout] test verify::tests::ecdsa_spki_matches_openssl::case_2_p384 ... ok
[INFO] [stdout] test kx_group::kem::test::encapsulation_round_trip::case_3_x25519mlkem768 ... ok
[INFO] [stdout] test verify::tests::ecdsa_spki_matches_openssl::case_3_p521 ... ok
[INFO] [stdout] test verify::tests::ecdsa_spki_matches_openssl::case_1_p256 ... ok
[INFO] [stdout] test verify::tests::ed25519_spki_matches_openssl ... ok
[INFO] [stdout] test verify::tests::test_open_ssl_algorithm_debug ... ok
[INFO] [stdout] test verify::tests::unsupported_key_algorithms_are_rejected ... ok
[INFO] [stdout] test verify::tests::rsa_spki_matches_openssl ... ok
[INFO] [stdout] test kx_group::ec::test::test_ec_kx::case_1_secp256r1 ... ok
[INFO] [stdout] test kx_group::x25519::test::x25519 ... ok
[INFO] [stdout] test kx_group::ec::test::test_ec_kx::case_3_secp521r1 ... ok
[INFO] [stdout] test kx_group::ec::test::test_ec_kx::case_2_secp384r1 ... ok
[INFO] [stdout] 
[INFO] [stdout] test result: ok. 44 passed; 0 failed; 1 ignored; 0 measured; 0 filtered out; finished in 0.87s
[INFO] [stdout] 
[INFO] [stderr]      Running tests/it.rs (/opt/rustwide/target/release/deps/it-88295b36f30161de)
[INFO] [stdout] 
[INFO] [stdout] running 21 tests
[INFO] [stdout] test test_client_and_server::case_10_ed25519_tls12 ... ok
[INFO] [stdout] test test_ec_sign_and_verify::case_1_ecdsa_nistp256_sha256 ... ok
[INFO] [stdout] test test_ec_sign_and_verify::case_2_ecdsa_nistp384_sha384 ... ok
[INFO] [stdout] test test_ec_sign_and_verify::case_3_ecdsa_nistp521_sha512 ... ok
[INFO] [stdout] test test_client_and_server::case_03_tls13_chacha20_poly1305_sha256 ... ok
[INFO] [stdout] test test_classical_completion ... ok
[INFO] [stdout] test test_client_and_server::case_07_tls13_aes_256_gcm_sha384_secp384r1 ... ok
[INFO] [stdout] test test_client_and_server::case_02_tls13_aes_256_gcm_sha384 ... ok
[INFO] [stdout] test test_client_and_server::case_06_tls13_aes_256_gcm_sha384_x25519 ... ok
[INFO] [stdout] test test_to_internet::case_1 ... FAILED
[INFO] [stdout] test test_client_and_server::case_09_tls_ecdhe_ecdsa_with_aes_128_gcm_sha256 ... ok
[INFO] [stdout] test test_ed25119_sign_and_verify ... ok
[INFO] [stdout] test test_client_and_server::case_01_tls13_aes_128_gcm_sha256 ... ok
[INFO] [stdout] test test_to_internet::case_2_tls13_aes_256_gcm_sha384 ... FAILED
[INFO] [stdout] test test_rsa_sign_and_verify ... ok
[INFO] [stdout] test test_default_client ... ok
[INFO] [stdout] test test_client_and_server::case_12_tls13_aes_256_gcm_sha384_secp384r1 ... ok
[INFO] [stdout] test test_client_and_server::case_05_tls_ecdhe_rsa_with_aes_128_gcm_sha256 ... ok
[INFO] [stdout] test test_client_and_server::case_08_tls_ecdhe_rsa_with_chacha20_poly1305_sha256 ... ok
[INFO] [stdout] test test_client_and_server::case_04_tls_ecdhe_rsa_with_aes_256_gcm_sha384 ... ok
[INFO] [stdout] test test_client_and_server::case_11_tls_ecdhe_rsa_with_aes_256_gcm_sha384 ... ok
[INFO] [stdout] 
[INFO] [stdout] failures:
[INFO] [stdout] 
[INFO] [stdout] ---- test_to_internet::case_1 stdout ----
[INFO] [stdout] 
[INFO] [stdout] thread 'test_to_internet::case_1' (2739) panicked at tests/it.rs:288:62:
[INFO] [stdout] called `Result::unwrap()` on an `Err` value: Custom { kind: Uncategorized, error: "failed to lookup address information: Temporary failure in name resolution" }
[INFO] [stdout] stack backtrace:
[INFO] [stdout]    0:     0x5d580dd71ec1 - <<std[70759c8f55707aa4]::sys::backtrace::BacktraceLock>::print::DisplayBacktrace as core[df12db4294e9bfd3]::fmt::Display>::fmt
[INFO] [stdout]    1:     0x5d580dd87b5a - core[df12db4294e9bfd3]::fmt::write
[INFO] [stdout]    2:     0x5d580dd768ac - <alloc[2182bb758b4b3781]::vec::Vec<u8> as core[df12db4294e9bfd3]::io::write::Write>::write_fmt
[INFO] [stdout]    3:     0x5d580dd4cf96 - std[70759c8f55707aa4]::panicking::default_hook::{closure#0}
[INFO] [stdout]    4:     0x5d580dd697b9 - std[70759c8f55707aa4]::panicking::default_hook
[INFO] [stdout]    5:     0x5d580da290e0 - test[9d35eded1c95d3be]::test_main_inner::<test[9d35eded1c95d3be]::test_main_static::{closure#0}>::{closure#0}
[INFO] [stdout]    6:     0x5d580dd69972 - std[70759c8f55707aa4]::panicking::panic_with_hook
[INFO] [stdout]    7:     0x5d580dd4d042 - std[70759c8f55707aa4]::panicking::panic_handler::{closure#0}
[INFO] [stdout]    8:     0x5d580dd45d19 - std[70759c8f55707aa4]::sys::backtrace::__rust_end_short_backtrace::<std[70759c8f55707aa4]::panicking::panic_handler::{closure#0}, !>
[INFO] [stdout]    9:     0x5d580dd4de2d - __rustc[8fa7c3cbc660c2b3]::rust_begin_unwind
[INFO] [stdout]   10:     0x5d580dd8828c - core[df12db4294e9bfd3]::panicking::panic_fmt
[INFO] [stdout]   11:     0x5d580dd88062 - core[df12db4294e9bfd3]::result::unwrap_failed
[INFO] [stdout]   12:     0x5d580da002bf - it[939bddeba518cd4b]::test_to_internet
[INFO] [stdout]   13:     0x5d580da02e2b - <it[939bddeba518cd4b]::test_to_internet::case_1::{closure#0} as core[df12db4294e9bfd3]::ops::function::FnOnce<()>>::call_once
[INFO] [stdout]   14:     0x5d580da1c3cb - test[9d35eded1c95d3be]::__rust_begin_short_backtrace::<core[df12db4294e9bfd3]::result::Result<(), alloc[2182bb758b4b3781]::string::String>, fn() -> core[df12db4294e9bfd3]::result::Result<(), alloc[2182bb758b4b3781]::string::String>>
[INFO] [stdout]   15:     0x5d580da29a35 - test[9d35eded1c95d3be]::run_test::{closure#0}
[INFO] [stdout]   16:     0x5d580da232f4 - std[70759c8f55707aa4]::sys::backtrace::__rust_begin_short_backtrace::<test[9d35eded1c95d3be]::run_test::{closure#1}, ()>
[INFO] [stdout]   17:     0x5d580da2cb92 - <std[70759c8f55707aa4]::thread::lifecycle::spawn_unchecked<test[9d35eded1c95d3be]::run_test::{closure#1}, ()>::{closure#1} as core[df12db4294e9bfd3]::ops::function::FnOnce<()>>::call_once::{shim:vtable#0}
[INFO] [stdout]   18:     0x5d580dd70ff9 - <std[70759c8f55707aa4]::sys::thread::unix::Thread>::new::thread_start
[INFO] [stdout]   19:     0x78cec0863dfa - <unknown>
[INFO] [stdout]   20:     0x78cec08f73d4 - clone
[INFO] [stdout]   21:                0x0 - <unknown>
[INFO] [stdout] 
[INFO] [stdout] ---- test_to_internet::case_2_tls13_aes_256_gcm_sha384 stdout ----
[INFO] [stdout] 
[INFO] [stdout] thread 'test_to_internet::case_2_tls13_aes_256_gcm_sha384' (2740) panicked at tests/it.rs:288:62:
[INFO] [stdout] called `Result::unwrap()` on an `Err` value: Custom { kind: Uncategorized, error: "failed to lookup address information: Temporary failure in name resolution" }
[INFO] [stdout] stack backtrace:
[INFO] [stdout]    0:     0x5d580dd71ec1 - <<std[70759c8f55707aa4]::sys::backtrace::BacktraceLock>::print::DisplayBacktrace as core[df12db4294e9bfd3]::fmt::Display>::fmt
[INFO] [stdout]    1:     0x5d580dd87b5a - core[df12db4294e9bfd3]::fmt::write
[INFO] [stdout]    2:     0x5d580dd768ac - <alloc[2182bb758b4b3781]::vec::Vec<u8> as core[df12db4294e9bfd3]::io::write::Write>::write_fmt
[INFO] [stdout]    3:     0x5d580dd4cf96 - std[70759c8f55707aa4]::panicking::default_hook::{closure#0}
[INFO] [stdout]    4:     0x5d580dd697b9 - std[70759c8f55707aa4]::panicking::default_hook
[INFO] [stdout]    5:     0x5d580da290e0 - test[9d35eded1c95d3be]::test_main_inner::<test[9d35eded1c95d3be]::test_main_static::{closure#0}>::{closure#0}
[INFO] [stdout]    6:     0x5d580dd69972 - std[70759c8f55707aa4]::panicking::panic_with_hook
[INFO] [stdout]    7:     0x5d580dd4d042 - std[70759c8f55707aa4]::panicking::panic_handler::{closure#0}
[INFO] [stdout]    8:     0x5d580dd45d19 - std[70759c8f55707aa4]::sys::backtrace::__rust_end_short_backtrace::<std[70759c8f55707aa4]::panicking::panic_handler::{closure#0}, !>
[INFO] [stdout]    9:     0x5d580dd4de2d - __rustc[8fa7c3cbc660c2b3]::rust_begin_unwind
[INFO] [stdout]   10:     0x5d580dd8828c - core[df12db4294e9bfd3]::panicking::panic_fmt
[INFO] [stdout]   11:     0x5d580dd88062 - core[df12db4294e9bfd3]::result::unwrap_failed
[INFO] [stdout]   12:     0x5d580da002bf - it[939bddeba518cd4b]::test_to_internet
[INFO] [stdout]   13:     0x5d580da02deb - <it[939bddeba518cd4b]::test_to_internet::case_2_tls13_aes_256_gcm_sha384::{closure#0} as core[df12db4294e9bfd3]::ops::function::FnOnce<()>>::call_once
[INFO] [stdout]   14:     0x5d580da1c3cb - test[9d35eded1c95d3be]::__rust_begin_short_backtrace::<core[df12db4294e9bfd3]::result::Result<(), alloc[2182bb758b4b3781]::string::String>, fn() -> core[df12db4294e9bfd3]::result::Result<(), alloc[2182bb758b4b3781]::string::String>>
[INFO] [stdout]   15:     0x5d580da29a35 - test[9d35eded1c95d3be]::run_test::{closure#0}
[INFO] [stdout]   16:     0x5d580da232f4 - std[70759c8f55707aa4]::sys::backtrace::__rust_begin_short_backtrace::<test[9d35eded1c95d3be]::run_test::{closure#1}, ()>
[INFO] [stdout]   17:     0x5d580da2cb92 - <std[70759c8f55707aa4]::thread::lifecycle::spawn_unchecked<test[9d35eded1c95d3be]::run_test::{closure#1}, ()>::{closure#1} as core[df12db4294e9bfd3]::ops::function::FnOnce<()>>::call_once::{shim:vtable#0}
[INFO] [stdout]   18:     0x5d580dd70ff9 - <std[70759c8f55707aa4]::sys::thread::unix::Thread>::new::thread_start
[INFO] [stdout]   19:     0x78cec0863dfa - <unknown>
[INFO] [stdout]   20:     0x78cec08f73d4 - clone
[INFO] [stdout]   21:                0x0 - <unknown>
[INFO] [stdout] 
[INFO] [stdout] 
[INFO] [stdout] failures:
[INFO] [stdout]     test_to_internet::case_1
[INFO] [stdout]     test_to_internet::case_2_tls13_aes_256_gcm_sha384
[INFO] [stdout] 
[INFO] [stdout] test result: FAILED. 19 passed; 2 failed; 0 ignored; 0 measured; 0 filtered out; finished in 0.74s
[INFO] [stdout] 
[INFO] [stderr] error: test failed, to rerun pass `--test it`
[INFO] running `Command { std: "docker" "inspect" "3ad8415db623b6ceff80e49971dac2ec4600ec49e24110fe94092be8f101e3e0", kill_on_drop: false }`
[INFO] running `Command { std: "docker" "rm" "-f" "3ad8415db623b6ceff80e49971dac2ec4600ec49e24110fe94092be8f101e3e0", kill_on_drop: false }`
[INFO] [stdout] 3ad8415db623b6ceff80e49971dac2ec4600ec49e24110fe94092be8f101e3e0
