[INFO] fetching crate rustlog 0.3.2...
[INFO] testing rustlog-0.3.2 against 1.100.0-beta.1+cargoflags=--release for beta-release-1.100-2
[INFO] extracting crate rustlog 0.3.2 into /workspace/builds/worker-6-tc2/source
[INFO] started tweaking crates.io crate rustlog 0.3.2
[INFO] removed 0 missing examples
[INFO] removed 0 missing tests
[INFO] finished tweaking crates.io crate rustlog 0.3.2
[INFO] tweaked toml for crates.io crate rustlog 0.3.2 written to /workspace/builds/worker-6-tc2/source/Cargo.toml
[INFO] validating manifest of crates.io crate rustlog 0.3.2 on toolchain 1.100.0-beta.1
[INFO] running `Command { std: CARGO_HOME="/workspace/cargo-home" RUSTUP_HOME="/workspace/rustup-home" "/workspace/cargo-home/bin/cargo" "+1.100.0-beta.1" "metadata" "--manifest-path" "Cargo.toml" "--no-deps", kill_on_drop: false }`
[INFO] crate crates.io crate rustlog 0.3.2 already has a lockfile, it will not be regenerated
[INFO] running `Command { std: CARGO_HOME="/workspace/cargo-home" RUSTUP_HOME="/workspace/rustup-home" "/workspace/cargo-home/bin/cargo" "+1.100.0-beta.1" "fetch" "--manifest-path" "Cargo.toml", kill_on_drop: false }`
[INFO] running `Command { std: "docker" "create" "-v" "/var/lib/crater-agent-workspace/builds/worker-6-tc2/source:/opt/rustwide/workdir:ro,Z" "-v" "/var/lib/crater-agent-workspace/builds/worker-6-tc2/target:/opt/rustwide/target:rw,Z" "-v" "/var/lib/crater-agent-workspace/cargo-home:/opt/rustwide/cargo-home:ro,Z" "-v" "/var/lib/crater-agent-workspace/rustup-home:/opt/rustwide/rustup-home:ro,Z" "-m" "1610612736" "--network" "none" "ghcr.io/rust-lang/crates-build-env/linux@sha256:77db811e55d90add9212f6832c23229e3de5f1c1f9905e8cb07319ea15df73ac" "sleep" "infinity", kill_on_drop: false }`
[INFO] [stdout] 8104da1d9298bba67be786451c650f4b83877bc33ae61dda0fee7a614da2437b
[INFO] running `Command { std: "docker" "start" "8104da1d9298bba67be786451c650f4b83877bc33ae61dda0fee7a614da2437b", kill_on_drop: false }`
[INFO] running `Command { std: "docker" "inspect" "8104da1d9298bba67be786451c650f4b83877bc33ae61dda0fee7a614da2437b", kill_on_drop: false }`
[INFO] running `Command { std: "docker" "exec" "-e" "SOURCE_DIR=/opt/rustwide/workdir" "-e" "CARGO_HOME=/opt/rustwide/cargo-home" "-e" "RUSTUP_HOME=/opt/rustwide/rustup-home" "-e" "CARGO_TARGET_DIR=/opt/rustwide/target" "-w" "/opt/rustwide/workdir" "--user" "0:0" "8104da1d9298bba67be786451c650f4b83877bc33ae61dda0fee7a614da2437b" "/opt/rustwide/cargo-home/bin/cargo" "+1.100.0-beta.1" "metadata" "--no-deps" "--format-version=1", kill_on_drop: false }`
[INFO] running `Command { std: "docker" "inspect" "8104da1d9298bba67be786451c650f4b83877bc33ae61dda0fee7a614da2437b", kill_on_drop: false }`
[INFO] running `Command { std: "docker" "exec" "-e" "SOURCE_DIR=/opt/rustwide/workdir" "-e" "CARGO_HOME=/opt/rustwide/cargo-home" "-e" "RUSTUP_HOME=/opt/rustwide/rustup-home" "-e" "CARGO_TARGET_DIR=/opt/rustwide/target" "-e" "CARGO_INCREMENTAL=0" "-e" "RUST_BACKTRACE=full" "-e" "RUSTFLAGS=--cap-lints=warn" "-e" "RUSTDOCFLAGS=--cap-lints=warn" "-w" "/opt/rustwide/workdir" "--user" "0:0" "8104da1d9298bba67be786451c650f4b83877bc33ae61dda0fee7a614da2437b" "/opt/rustwide/cargo-home/bin/cargo" "+1.100.0-beta.1" "build" "--frozen" "--message-format=json" "--release", kill_on_drop: false }`
[INFO] [stderr]    Compiling rustlog v0.3.2 (/opt/rustwide/workdir)
[INFO] [stderr]     Finished `release` profile [optimized] target(s) in 0.78s
[INFO] running `Command { std: "docker" "inspect" "8104da1d9298bba67be786451c650f4b83877bc33ae61dda0fee7a614da2437b", kill_on_drop: false }`
[INFO] running `Command { std: "docker" "exec" "-e" "SOURCE_DIR=/opt/rustwide/workdir" "-e" "CARGO_HOME=/opt/rustwide/cargo-home" "-e" "RUSTUP_HOME=/opt/rustwide/rustup-home" "-e" "CARGO_TARGET_DIR=/opt/rustwide/target" "-e" "CARGO_INCREMENTAL=0" "-e" "RUST_BACKTRACE=full" "-e" "RUSTFLAGS=--cap-lints=warn" "-e" "RUSTDOCFLAGS=--cap-lints=warn" "-w" "/opt/rustwide/workdir" "--user" "0:0" "8104da1d9298bba67be786451c650f4b83877bc33ae61dda0fee7a614da2437b" "/opt/rustwide/cargo-home/bin/cargo" "+1.100.0-beta.1" "test" "--frozen" "--no-run" "--message-format=json" "--release", kill_on_drop: false }`
[INFO] [stderr]    Compiling rustlog v0.3.2 (/opt/rustwide/workdir)
[INFO] [stderr]     Finished `release` profile [optimized] target(s) in 8.65s
[INFO] running `Command { std: "docker" "inspect" "8104da1d9298bba67be786451c650f4b83877bc33ae61dda0fee7a614da2437b", kill_on_drop: false }`
[INFO] running `Command { std: "docker" "exec" "-e" "SOURCE_DIR=/opt/rustwide/workdir" "-e" "CARGO_HOME=/opt/rustwide/cargo-home" "-e" "RUSTUP_HOME=/opt/rustwide/rustup-home" "-e" "CARGO_TARGET_DIR=/opt/rustwide/target" "-e" "CARGO_INCREMENTAL=0" "-e" "RUST_BACKTRACE=full" "-e" "RUSTFLAGS=--cap-lints=warn" "-e" "RUSTDOCFLAGS=--cap-lints=warn" "-w" "/opt/rustwide/workdir" "--user" "0:0" "8104da1d9298bba67be786451c650f4b83877bc33ae61dda0fee7a614da2437b" "/opt/rustwide/cargo-home/bin/cargo" "+1.100.0-beta.1" "test" "--frozen" "--release", kill_on_drop: false }`
[INFO] [stderr]     Finished `release` profile [optimized] target(s) in 0.08s
[INFO] [stderr]      Running unittests src/lib.rs (/opt/rustwide/target/release/build/rustlog/777827741b608557/out/rustlog-777827741b608557)
[INFO] [stdout] 
[INFO] [stdout] running 1 test
[INFO] [stdout] test tests::human_duration_formats_all_ranges ... ok
[INFO] [stdout] 
[INFO] [stdout] test result: ok. 1 passed; 0 failed; 0 ignored; 0 measured; 0 filtered out; finished in 0.00s
[INFO] [stdout] 
[INFO] [stderr]      Running tests/banner.rs (/opt/rustwide/target/release/build/rustlog/ad4ee3277afb5771/out/banner-ad4ee3277afb5771)
[INFO] [stdout] 
[INFO] [stdout] running 2 tests
[INFO] [stdout] test banner_prints_one_line ... ok
[INFO] [stdout] test banner_prints_own_meta ... ok
[INFO] [stdout] 
[INFO] [stdout] test result: ok. 2 passed; 0 failed; 0 ignored; 0 measured; 0 filtered out; finished in 0.00s
[INFO] [stdout] 
[INFO] [stderr]      Running tests/banner_newline.rs (/opt/rustwide/target/release/build/rustlog/ee3d56fcda47aaa9/out/banner_newline-ee3d56fcda47aaa9)
[INFO] [stdout] 
[INFO] [stdout] running 1 test
[INFO] [stdout] test banner_has_trailing_newline ... ok
[INFO] [stdout] 
[INFO] [stdout] test result: ok. 1 passed; 0 failed; 0 ignored; 0 measured; 0 filtered out; finished in 0.00s
[INFO] [stdout] 
[INFO] [stdout] 
[INFO] [stderr]      Running tests/color_env.rs (/opt/rustwide/target/release/build/rustlog/3c8d3801acdef333/out/color_env-3c8d3801acdef333)
[INFO] [stdout] running 1 test
[INFO] [stdout] test env_color_always_enables_ansi ... ok
[INFO] [stdout] 
[INFO] [stdout] test result: ok. 1 passed; 0 failed; 0 ignored; 0 measured; 0 filtered out; finished in 0.00s
[INFO] [stdout] 
[INFO] [stdout] 
[INFO] [stdout] running 1 test
[INFO] [stderr]      Running tests/color_env_invalid.rs (/opt/rustwide/target/release/build/rustlog/268ebde888ea13dd/out/color_env_invalid-268ebde888ea13dd)
[INFO] [stdout] test invalid_env_value_means_auto_no_ansi_on_writer ... ok
[INFO] [stdout] 
[INFO] [stdout] test result: ok. 1 passed; 0 failed; 0 ignored; 0 measured; 0 filtered out; finished in 0.00s
[INFO] [stdout] 
[INFO] [stderr]      Running tests/color_modes.rs (/opt/rustwide/target/release/build/rustlog/9f27105e01729382/out/color_modes-9f27105e01729382)
[INFO] [stdout] 
[INFO] [stdout] running 1 test
[INFO] [stdout] test color_mode_always_vs_never_vs_auto ... ok
[INFO] [stdout] 
[INFO] [stdout] test result: ok. 1 passed; 0 failed; 0 ignored; 0 measured; 0 filtered out; finished in 0.00s
[INFO] [stdout] 
[INFO] [stderr]      Running tests/concurrency.rs (/opt/rustwide/target/release/build/rustlog/0645275f9657e0a9/out/concurrency-0645275f9657e0a9)
[INFO] [stdout] 
[INFO] [stdout] running 1 test
[INFO] [stdout] test lines_are_atomic_under_concurrency ... ok
[INFO] [stdout] 
[INFO] [stdout] test result: ok. 1 passed; 0 failed; 0 ignored; 0 measured; 0 filtered out; finished in 0.00s
[INFO] [stdout] 
[INFO] [stderr]      Running tests/env.rs (/opt/rustwide/target/release/build/rustlog/2008b9fa1c419835/out/env-2008b9fa1c419835)
[INFO] [stdout] 
[INFO] [stdout] running 1 test
[INFO] [stdout] test init_from_env_sets_level_and_toggles ... ok
[INFO] [stdout] 
[INFO] [stdout] test result: ok. 1 passed; 0 failed; 0 ignored; 0 measured; 0 filtered out; finished in 0.00s
[INFO] [stdout] 
[INFO] [stderr]      Running tests/env_bools.rs (/opt/rustwide/target/release/build/rustlog/65041f24f7cea9a8/out/env_bools-65041f24f7cea9a8)
[INFO] [stderr] INFO  [ThreadId(2)] <tests/env_bools.rs:11> env-bools
[INFO] [stdout] 
[INFO] [stdout] running 1 test
[INFO] [stdout] test env_bool_zero_and_true_variants ... ok
[INFO] [stdout] 
[INFO] [stdout] test result: ok. 1 passed; 0 failed; 0 ignored; 0 measured; 0 filtered out; finished in 0.00s
[INFO] [stdout] 
[INFO] [stderr]      Running tests/env_levels_all.rs (/opt/rustwide/target/release/build/rustlog/f9300b325f294f1e/out/env_levels_all-f9300b325f294f1e)
[INFO] [stdout] 
[INFO] [stdout] running 1 test
[INFO] [stderr]      Running tests/env_more.rs (/opt/rustwide/target/release/build/rustlog/e2404dc80c1549e1/out/env_more-e2404dc80c1549e1)
[INFO] [stdout] test env_levels_cover_all_variants ... ok
[INFO] [stdout] 
[INFO] [stdout] test result: ok. 1 passed; 0 failed; 0 ignored; 0 measured; 0 filtered out; finished in 0.00s
[INFO] [stdout] 
[INFO] [stdout] 
[INFO] [stdout] running 2 tests
[INFO] [stdout] test boolean_env_variants_are_accepted ... ok
[INFO] [stdout] test invalid_level_keeps_previous ... ok
[INFO] [stdout] 
[INFO] [stdout] test result: ok. 2 passed; 0 failed; 0 ignored; 0 measured; 0 filtered out; finished in 0.00s
[INFO] [stdout] 
[INFO] [stderr]      Running tests/file_line.rs (/opt/rustwide/target/release/build/rustlog/715db6fa34203ef2/out/file_line-715db6fa34203ef2)
[INFO] [stdout] 
[INFO] [stdout] running 1 test
[INFO] [stdout] test file_line_toggle ... ok
[INFO] [stdout] 
[INFO] [stdout] test result: ok. 1 passed; 0 failed; 0 ignored; 0 measured; 0 filtered out; finished in 0.00s
[INFO] [stdout] 
[INFO] [stderr]      Running tests/groups_and_scope.rs (/opt/rustwide/target/release/build/rustlog/db805d823c9d4ceb/out/groups_and_scope-db805d823c9d4ceb)
[INFO] [stdout] 
[INFO] [stdout] running 1 test
[INFO] [stdout] test group_and_scope_timer_emit_lines ... ok
[INFO] [stdout] 
[INFO] [stdout] test result: ok. 1 passed; 0 failed; 0 ignored; 0 measured; 0 filtered out; finished in 0.01s
[INFO] [stdout] 
[INFO] [stderr]      Running tests/groups_toggle.rs (/opt/rustwide/target/release/build/rustlog/d0c8351a7352088b/out/groups_toggle-d0c8351a7352088b)
[INFO] [stdout] 
[INFO] [stdout] running 1 test
[INFO] [stdout] test group_visibility_toggle ... ok
[INFO] [stdout] 
[INFO] [stdout] test result: ok. 1 passed; 0 failed; 0 ignored; 0 measured; 0 filtered out; finished in 0.01s
[INFO] [stdout] 
[INFO] [stdout] 
[INFO] [stdout] running 0 tests
[INFO] [stdout] 
[INFO] [stdout] test result: ok. 0 passed; 0 failed; 0 ignored; 0 measured; 0 filtered out; finished in 0.00s
[INFO] [stdout] 
[INFO] [stderr]      Running tests/helpers.rs (/opt/rustwide/target/release/build/rustlog/c66c744393c1f363/out/helpers-c66c744393c1f363)
[INFO] [stderr]      Running tests/levels_color_all.rs (/opt/rustwide/target/release/build/rustlog/2972ee4390ec6ee9/out/levels_color_all-2972ee4390ec6ee9)
[INFO] [stdout] 
[INFO] [stdout] running 1 test
[INFO] [stdout] test color_per_level_all_arms ... ok
[INFO] [stdout] 
[INFO] [stdout] test result: ok. 1 passed; 0 failed; 0 ignored; 0 measured; 0 filtered out; finished in 0.00s
[INFO] [stdout] 
[INFO] [stderr]      Running tests/local_logger.rs (/opt/rustwide/target/release/build/rustlog/8f11b63c3c8c160d/out/local_logger-8f11b63c3c8c160d)
[INFO] [stdout] 
[INFO] [stdout] running 1 test
[INFO] [stdout] test default_and_local_coexist_and_use_own_settings ... FAILED
[INFO] [stdout] 
[INFO] [stdout] failures:
[INFO] [stdout] 
[INFO] [stdout] ---- default_and_local_coexist_and_use_own_settings stdout ----
[INFO] [stdout] 
[INFO] [stdout] thread 'default_and_local_coexist_and_use_own_settings' (845) panicked at tests/local_logger.rs:76:5:
[INFO] [stdout] local should include DEBUG at TRACE level
[INFO] [stdout] stack backtrace:
[INFO] [stdout]    0:     0x60beeb9c7b81 - <<std[617be2ca0a6fd877]::sys::backtrace::BacktraceLock>::print::DisplayBacktrace as core[a373ad73a504971]::fmt::Display>::fmt
[INFO] [stdout]    1:     0x60beeb9dbc3a - core[a373ad73a504971]::fmt::write
[INFO] [stdout]    2:     0x60beeb9cbe8c - <alloc[2e1b2a31b91974c5]::vec::Vec<u8> as core[a373ad73a504971]::io::write::Write>::write_fmt
[INFO] [stdout]    3:     0x60beeb9a3f26 - std[617be2ca0a6fd877]::panicking::default_hook::{closure#0}
[INFO] [stdout]    4:     0x60beeb9c0159 - std[617be2ca0a6fd877]::panicking::default_hook
[INFO] [stdout]    5:     0x60beeb959f00 - test[aada8e7e76ba119b]::test_main_inner::{closure#0}
[INFO] [stdout]    6:     0x60beeb9c0312 - std[617be2ca0a6fd877]::panicking::panic_with_hook
[INFO] [stdout]    7:     0x60beeb9a4004 - std[617be2ca0a6fd877]::panicking::panic_handler::{closure#0}
[INFO] [stdout]    8:     0x60beeb99cce9 - std[617be2ca0a6fd877]::sys::backtrace::__rust_end_short_backtrace::<std[617be2ca0a6fd877]::panicking::panic_handler::{closure#0}, !>
[INFO] [stdout]    9:     0x60beeb9a4bdd - __rustc[ea4f61d10b84890b]::rust_begin_unwind
[INFO] [stdout]   10:     0x60beeb9dc36c - core[a373ad73a504971]::panicking::panic_fmt
[INFO] [stdout]   11:     0x60beeb94ccdc - <local_logger[6b565f8e4f07ea7]::default_and_local_coexist_and_use_own_settings::{closure#0} as core[a373ad73a504971]::ops::function::FnOnce<()>>::call_once
[INFO] [stdout]   12:     0x60beeb94d34b - test[aada8e7e76ba119b]::__rust_begin_short_backtrace::<core[a373ad73a504971]::result::Result<(), alloc[2e1b2a31b91974c5]::string::String>, fn() -> core[a373ad73a504971]::result::Result<(), alloc[2e1b2a31b91974c5]::string::String>>
[INFO] [stdout]   13:     0x60beeb95a525 - test[aada8e7e76ba119b]::run_test::{closure#0}
[INFO] [stdout]   14:     0x60beeb953e14 - std[617be2ca0a6fd877]::sys::backtrace::__rust_begin_short_backtrace::<test[aada8e7e76ba119b]::run_test::{closure#1}, ()>
[INFO] [stdout]   15:     0x60beeb95d5b2 - <std[617be2ca0a6fd877]::thread::lifecycle::spawn_unchecked<test[aada8e7e76ba119b]::run_test::{closure#1}, ()>::{closure#1} as core[a373ad73a504971]::ops::function::FnOnce<()>>::call_once::{shim:vtable#0}
[INFO] [stdout]   16:     0x60beeb9c73df - <std[617be2ca0a6fd877]::sys::thread::unix::Thread>::new::thread_start
[INFO] [stdout]   17:     0x748aa9de6dfa - <unknown>
[INFO] [stdout]   18:     0x748aa9e7a3d4 - clone
[INFO] [stdout]   19:                0x0 - <unknown>
[INFO] [stdout] 
[INFO] [stdout] 
[INFO] [stdout] failures:
[INFO] [stdout]     default_and_local_coexist_and_use_own_settings
[INFO] [stdout] 
[INFO] [stdout] test result: FAILED. 0 passed; 1 failed; 0 ignored; 0 measured; 0 filtered out; finished in 0.01s
[INFO] [stdout] 
[INFO] [stderr] error: test failed, to rerun pass `--test local_logger`
[INFO] running `Command { std: "docker" "inspect" "8104da1d9298bba67be786451c650f4b83877bc33ae61dda0fee7a614da2437b", kill_on_drop: false }`
[INFO] running `Command { std: "docker" "rm" "-f" "8104da1d9298bba67be786451c650f4b83877bc33ae61dda0fee7a614da2437b", kill_on_drop: false }`
[INFO] [stdout] 8104da1d9298bba67be786451c650f4b83877bc33ae61dda0fee7a614da2437b
