[INFO] fetching crate rustlite 0.8.0...
[INFO] testing rustlite-0.8.0 against 1.100.0-beta.1+cargoflags=--release for beta-release-1.100-2
[INFO] extracting crate rustlite 0.8.0 into /workspace/builds/worker-5-tc2/source
[INFO] started tweaking crates.io crate rustlite 0.8.0
[INFO] removed 0 missing examples
[INFO] removed 0 missing tests
[INFO] finished tweaking crates.io crate rustlite 0.8.0
[INFO] tweaked toml for crates.io crate rustlite 0.8.0 written to /workspace/builds/worker-5-tc2/source/Cargo.toml
[INFO] validating manifest of crates.io crate rustlite 0.8.0 on toolchain 1.100.0-beta.1
[INFO] running `Command { std: CARGO_HOME="/workspace/cargo-home" RUSTUP_HOME="/workspace/rustup-home" "/workspace/cargo-home/bin/cargo" "+1.100.0-beta.1" "metadata" "--manifest-path" "Cargo.toml" "--no-deps", kill_on_drop: false }`
[INFO] crate crates.io crate rustlite 0.8.0 already has a lockfile, it will not be regenerated
[INFO] running `Command { std: CARGO_HOME="/workspace/cargo-home" RUSTUP_HOME="/workspace/rustup-home" "/workspace/cargo-home/bin/cargo" "+1.100.0-beta.1" "fetch" "--manifest-path" "Cargo.toml", kill_on_drop: false }`
[INFO] running `Command { std: "docker" "create" "-v" "/var/lib/crater-agent-workspace/builds/worker-5-tc2/source:/opt/rustwide/workdir:ro,Z" "-v" "/var/lib/crater-agent-workspace/builds/worker-5-tc2/target:/opt/rustwide/target:rw,Z" "-v" "/var/lib/crater-agent-workspace/cargo-home:/opt/rustwide/cargo-home:ro,Z" "-v" "/var/lib/crater-agent-workspace/rustup-home:/opt/rustwide/rustup-home:ro,Z" "-m" "1610612736" "--network" "none" "ghcr.io/rust-lang/crates-build-env/linux@sha256:77db811e55d90add9212f6832c23229e3de5f1c1f9905e8cb07319ea15df73ac" "sleep" "infinity", kill_on_drop: false }`
[INFO] [stdout] 53df2263ae3a93b2b576d7485f6a061725612c87271827ccc44a097c527c1892
[INFO] running `Command { std: "docker" "start" "53df2263ae3a93b2b576d7485f6a061725612c87271827ccc44a097c527c1892", kill_on_drop: false }`
[INFO] running `Command { std: "docker" "inspect" "53df2263ae3a93b2b576d7485f6a061725612c87271827ccc44a097c527c1892", kill_on_drop: false }`
[INFO] running `Command { std: "docker" "exec" "-e" "SOURCE_DIR=/opt/rustwide/workdir" "-e" "CARGO_HOME=/opt/rustwide/cargo-home" "-e" "RUSTUP_HOME=/opt/rustwide/rustup-home" "-e" "CARGO_TARGET_DIR=/opt/rustwide/target" "-w" "/opt/rustwide/workdir" "--user" "0:0" "53df2263ae3a93b2b576d7485f6a061725612c87271827ccc44a097c527c1892" "/opt/rustwide/cargo-home/bin/cargo" "+1.100.0-beta.1" "metadata" "--no-deps" "--format-version=1", kill_on_drop: false }`
[INFO] running `Command { std: "docker" "inspect" "53df2263ae3a93b2b576d7485f6a061725612c87271827ccc44a097c527c1892", kill_on_drop: false }`
[INFO] running `Command { std: "docker" "exec" "-e" "SOURCE_DIR=/opt/rustwide/workdir" "-e" "CARGO_HOME=/opt/rustwide/cargo-home" "-e" "RUSTUP_HOME=/opt/rustwide/rustup-home" "-e" "CARGO_TARGET_DIR=/opt/rustwide/target" "-e" "CARGO_INCREMENTAL=0" "-e" "RUST_BACKTRACE=full" "-e" "RUSTFLAGS=--cap-lints=warn" "-e" "RUSTDOCFLAGS=--cap-lints=warn" "-w" "/opt/rustwide/workdir" "--user" "0:0" "53df2263ae3a93b2b576d7485f6a061725612c87271827ccc44a097c527c1892" "/opt/rustwide/cargo-home/bin/cargo" "+1.100.0-beta.1" "build" "--frozen" "--message-format=json" "--release", kill_on_drop: false }`
[INFO] [stderr]    Compiling proc-macro2 v1.0.103
[INFO] [stderr]    Compiling unicode-ident v1.0.20
[INFO] [stderr]    Compiling quote v1.0.41
[INFO] [stderr]    Compiling regex-syntax v0.8.8
[INFO] [stderr]    Compiling log v0.4.28
[INFO] [stderr]    Compiling rustlite-core v0.8.0
[INFO] [stderr]    Compiling thiserror v2.0.17
[INFO] [stderr]    Compiling tracing-core v0.1.36
[INFO] [stderr]    Compiling deranged v0.5.5
[INFO] [stderr]    Compiling crc32fast v1.5.0
[INFO] [stderr]    Compiling crossbeam-channel v0.5.15
[INFO] [stderr]    Compiling tracing-log v0.2.0
[INFO] [stderr]    Compiling syn v2.0.108
[INFO] [stderr]    Compiling time v0.3.44
[INFO] [stderr]    Compiling regex-automata v0.4.13
[INFO] [stderr]    Compiling matchers v0.2.0
[INFO] [stderr]    Compiling tracing-attributes v0.1.31
[INFO] [stderr]    Compiling serde_derive v1.0.228
[INFO] [stderr]    Compiling thiserror-impl v2.0.17
[INFO] [stderr]    Compiling tracing v0.1.44
[INFO] [stderr]    Compiling tracing-subscriber v0.3.22
[INFO] [stderr]    Compiling serde v1.0.228
[INFO] [stderr]    Compiling tracing-appender v0.2.4
[INFO] [stderr]    Compiling bincode v1.3.3
[INFO] [stderr]    Compiling rustlite-wal v0.8.0
[INFO] [stderr]    Compiling rustlite-storage v0.8.0
[INFO] [stderr]    Compiling rustlite-snapshot v0.8.0
[INFO] [stderr]    Compiling rustlite v0.8.0 (/opt/rustwide/workdir)
[INFO] [stderr]     Finished `release` profile [optimized] target(s) in 34.74s
[INFO] running `Command { std: "docker" "inspect" "53df2263ae3a93b2b576d7485f6a061725612c87271827ccc44a097c527c1892", kill_on_drop: false }`
[INFO] running `Command { std: "docker" "exec" "-e" "SOURCE_DIR=/opt/rustwide/workdir" "-e" "CARGO_HOME=/opt/rustwide/cargo-home" "-e" "RUSTUP_HOME=/opt/rustwide/rustup-home" "-e" "CARGO_TARGET_DIR=/opt/rustwide/target" "-e" "CARGO_INCREMENTAL=0" "-e" "RUST_BACKTRACE=full" "-e" "RUSTFLAGS=--cap-lints=warn" "-e" "RUSTDOCFLAGS=--cap-lints=warn" "-w" "/opt/rustwide/workdir" "--user" "0:0" "53df2263ae3a93b2b576d7485f6a061725612c87271827ccc44a097c527c1892" "/opt/rustwide/cargo-home/bin/cargo" "+1.100.0-beta.1" "test" "--frozen" "--no-run" "--message-format=json" "--release", kill_on_drop: false }`
[INFO] [stderr]    Compiling serde_core v1.0.228
[INFO] [stderr]    Compiling serde v1.0.228
[INFO] [stderr]    Compiling zerocopy v0.8.27
[INFO] [stderr]    Compiling libc v0.2.177
[INFO] [stderr]    Compiling regex-automata v0.4.13
[INFO] [stderr]    Compiling num-traits v0.2.19
[INFO] [stderr]    Compiling serde_json v1.0.145
[INFO] [stderr]    Compiling zerocopy-derive v0.8.27
[INFO] [stderr]    Compiling memchr v2.7.6
[INFO] [stderr]    Compiling ciborium-io v0.2.2
[INFO] [stderr]    Compiling clap_lex v0.7.6
[INFO] [stderr]    Compiling anstyle v1.0.13
[INFO] [stderr]    Compiling rustix v1.1.2
[INFO] [stderr]    Compiling crossbeam-channel v0.5.15
[INFO] [stderr]    Compiling itertools v0.10.5
[INFO] [stderr]    Compiling linux-raw-sys v0.11.0
[INFO] [stderr]    Compiling bitflags v2.10.0
[INFO] [stderr]    Compiling anes v0.1.6
[INFO] [stderr]    Compiling clap_builder v4.5.50
[INFO] [stderr]    Compiling plotters v0.3.7
[INFO] [stderr]    Compiling criterion-plot v0.5.0
[INFO] [stderr]    Compiling getrandom v0.3.4
[INFO] [stderr]    Compiling is-terminal v0.4.17
[INFO] [stderr]    Compiling tempfile v3.23.0
[INFO] [stderr]    Compiling clap v4.5.50
[INFO] [stderr]    Compiling half v2.7.1
[INFO] [stderr]    Compiling matchers v0.2.0
[INFO] [stderr]    Compiling regex v1.12.2
[INFO] [stderr]    Compiling tracing-subscriber v0.3.22
[INFO] [stderr]    Compiling bincode v1.3.3
[INFO] [stderr]    Compiling ciborium-ll v0.2.2
[INFO] [stderr]    Compiling ciborium v0.2.2
[INFO] [stderr]    Compiling rustlite-wal v0.8.0
[INFO] [stderr]    Compiling tinytemplate v1.2.1
[INFO] [stderr]    Compiling rustlite-storage v0.8.0
[INFO] [stderr]    Compiling criterion v0.5.1
[INFO] [stderr]    Compiling tracing-appender v0.2.4
[INFO] [stderr]    Compiling rustlite-snapshot v0.8.0
[INFO] [stderr]    Compiling rustlite v0.8.0 (/opt/rustwide/workdir)
[INFO] [stderr]     Finished `release` profile [optimized] target(s) in 51.97s
[INFO] running `Command { std: "docker" "inspect" "53df2263ae3a93b2b576d7485f6a061725612c87271827ccc44a097c527c1892", kill_on_drop: false }`
[INFO] running `Command { std: "docker" "exec" "-e" "SOURCE_DIR=/opt/rustwide/workdir" "-e" "CARGO_HOME=/opt/rustwide/cargo-home" "-e" "RUSTUP_HOME=/opt/rustwide/rustup-home" "-e" "CARGO_TARGET_DIR=/opt/rustwide/target" "-e" "CARGO_INCREMENTAL=0" "-e" "RUST_BACKTRACE=full" "-e" "RUSTFLAGS=--cap-lints=warn" "-e" "RUSTDOCFLAGS=--cap-lints=warn" "-w" "/opt/rustwide/workdir" "--user" "0:0" "53df2263ae3a93b2b576d7485f6a061725612c87271827ccc44a097c527c1892" "/opt/rustwide/cargo-home/bin/cargo" "+1.100.0-beta.1" "test" "--frozen" "--release", kill_on_drop: false }`
[INFO] [stderr]     Finished `release` profile [optimized] target(s) in 0.11s
[INFO] [stderr]      Running unittests src/lib.rs (/opt/rustwide/target/release/build/rustlite/02dd1a40f573e3a5/out/rustlite-02dd1a40f573e3a5)
[INFO] [stdout] 
[INFO] [stdout] running 36 tests
[INFO] [stdout] test security::tests::test_validate_value ... ok
[INFO] [stdout] test logging::tests::test_log_config_builders ... ok
[INFO] [stdout] test security::tests::test_validate_index_name ... ok
[INFO] [stdout] test security::tests::test_validate_key ... ok
[INFO] [stdout] test logging::tests::test_log_config_defaults ... ok
[INFO] [stdout] test security::tests::test_validate_query ... ok
[INFO] [stdout] test tests::test_backward_compatibility ... ok
[INFO] [stdout] test tests::test_hash_index_operations ... ok
[INFO] [stdout] test tests::test_btree_index_operations ... ok
[INFO] [stdout] test tests::test_in_memory_database ... ok
[INFO] [stdout] test tests::test_multiple_isolation_levels ... ok
[INFO] [stdout] test tests::test_garbage_collection ... ok
[INFO] [stdout] test tests::test_mixed_transaction_and_direct_operations ... ok
[INFO] [stdout] test tests::test_query_with_where ... ok
[INFO] [stdout] test tests::test_simple_query ... ok
[INFO] [stdout] test tests::test_prepare_and_execute ... ok
[INFO] [stdout] test tests::test_serializable_isolation ... ok
[INFO] [stdout] test tests::test_transaction_delete ... ok
[INFO] [stdout] test tests::test_transaction_rollback ... ok
[INFO] [stdout] test tests::test_create_and_drop_index ... ok
[INFO] [stdout] test tests::test_transaction_scan ... ok
[INFO] [stdout] test tests::test_transaction_basic ... ok
[INFO] [stdout] test tests::test_transaction_error_handling ... ok
[INFO] [stdout] test tests::test_transaction_isolation ... ok
[INFO] [stdout] test tests::test_transaction_with_index ... ok
[INFO] [stdout] test tests::test_transaction_with_query ... ok
[INFO] [stdout] test tests::test_update ... ok
[INFO] [stdout] test tests::test_transaction_with_large_dataset ... ok
[INFO] [stdout] test tests::test_version ... FAILED
[INFO] [stdout] test tests::test_query_with_limit ... ok
[INFO] [stdout] test tests::test_persistent_database ... ok
[INFO] [stdout] test tests::test_index_info ... ok
[INFO] [stdout] test tests::test_concurrent_transaction_isolation ... ok
[INFO] [stdout] test tests::test_persistent_transactions ... ok
[INFO] [stdout] test tests::test_delete ... ok
[INFO] [stdout] test tests::test_persistence_across_reopens ... ok
[INFO] [stdout] 
[INFO] [stdout] failures:
[INFO] [stdout] 
[INFO] [stdout] ---- tests::test_version stdout ----
[INFO] [stdout] 
[INFO] [stdout] thread 'tests::test_version' (2047) panicked at src/lib.rs:744:9:
[INFO] [stdout] assertion `left == right` failed
[INFO] [stdout]   left: "0.8.0"
[INFO] [stdout]  right: "0.7.0"
[INFO] [stdout] stack backtrace:
[INFO] [stdout]    0:     0x5815f37d0731 - <<std[617be2ca0a6fd877]::sys::backtrace::BacktraceLock>::print::DisplayBacktrace as core[a373ad73a504971]::fmt::Display>::fmt
[INFO] [stdout]    1:     0x5815f37e694a - core[a373ad73a504971]::fmt::write
[INFO] [stdout]    2:     0x5815f37d4c9c - <alloc[2e1b2a31b91974c5]::vec::Vec<u8> as core[a373ad73a504971]::io::write::Write>::write_fmt
[INFO] [stdout]    3:     0x5815f37a9c76 - std[617be2ca0a6fd877]::panicking::default_hook::{closure#0}
[INFO] [stdout]    4:     0x5815f37c7309 - std[617be2ca0a6fd877]::panicking::default_hook
[INFO] [stdout]    5:     0x5815f37102f0 - test[aada8e7e76ba119b]::test_main_inner::{closure#0}
[INFO] [stdout]    6:     0x5815f37c74c2 - std[617be2ca0a6fd877]::panicking::panic_with_hook
[INFO] [stdout]    7:     0x5815f37a9d22 - std[617be2ca0a6fd877]::panicking::panic_handler::{closure#0}
[INFO] [stdout]    8:     0x5815f37a2879 - std[617be2ca0a6fd877]::sys::backtrace::__rust_end_short_backtrace::<std[617be2ca0a6fd877]::panicking::panic_handler::{closure#0}, !>
[INFO] [stdout]    9:     0x5815f37aa92d - __rustc[ea4f61d10b84890b]::rust_begin_unwind
[INFO] [stdout]   10:     0x5815f37e70ac - core[a373ad73a504971]::panicking::panic_fmt
[INFO] [stdout]   11:     0x5815f37e6fc3 - core[a373ad73a504971]::panicking::assert_failed_inner
[INFO] [stdout]   12:     0x5815f3700a56 - core[a373ad73a504971]::panicking::assert_failed::<&str, &str>
[INFO] [stdout]   13:     0x5815f36e88bf - <rustlite[fce25093f0b5d53a]::tests::test_version::{closure#0} as core[a373ad73a504971]::ops::function::FnOnce<()>>::call_once
[INFO] [stdout]   14:     0x5815f370373b - test[aada8e7e76ba119b]::__rust_begin_short_backtrace::<core[a373ad73a504971]::result::Result<(), alloc[2e1b2a31b91974c5]::string::String>, fn() -> core[a373ad73a504971]::result::Result<(), alloc[2e1b2a31b91974c5]::string::String>>
[INFO] [stdout]   15:     0x5815f3710915 - test[aada8e7e76ba119b]::run_test::{closure#0}
[INFO] [stdout]   16:     0x5815f370a204 - std[617be2ca0a6fd877]::sys::backtrace::__rust_begin_short_backtrace::<test[aada8e7e76ba119b]::run_test::{closure#1}, ()>
[INFO] [stdout]   17:     0x5815f37139a2 - <std[617be2ca0a6fd877]::thread::lifecycle::spawn_unchecked<test[aada8e7e76ba119b]::run_test::{closure#1}, ()>::{closure#1} as core[a373ad73a504971]::ops::function::FnOnce<()>>::call_once::{shim:vtable#0}
[INFO] [stdout]   18:     0x5815f37cfcbf - <std[617be2ca0a6fd877]::sys::thread::unix::Thread>::new::thread_start
[INFO] [stdout]   19:     0x736f614a9dfa - <unknown>
[INFO] [stdout]   20:     0x736f6153d3d4 - clone
[INFO] [stdout]   21:                0x0 - <unknown>
[INFO] [stdout] 
[INFO] [stdout] 
[INFO] [stdout] failures:
[INFO] [stdout]     tests::test_version
[INFO] [stdout] 
[INFO] [stdout] test result: FAILED. 35 passed; 1 failed; 0 ignored; 0 measured; 0 filtered out; finished in 0.03s
[INFO] [stdout] 
[INFO] [stderr] error: test failed, to rerun pass `--lib`
[INFO] running `Command { std: "docker" "inspect" "53df2263ae3a93b2b576d7485f6a061725612c87271827ccc44a097c527c1892", kill_on_drop: false }`
[INFO] running `Command { std: "docker" "rm" "-f" "53df2263ae3a93b2b576d7485f6a061725612c87271827ccc44a097c527c1892", kill_on_drop: false }`
[INFO] [stdout] 53df2263ae3a93b2b576d7485f6a061725612c87271827ccc44a097c527c1892
