[INFO] fetching crate rustinel-core 0.1.1...
[INFO] testing rustinel-core-0.1.1 against 1.100.0-beta.1+cargoflags=--release for beta-release-1.100-2
[INFO] extracting crate rustinel-core 0.1.1 into /workspace/builds/worker-6-tc2/source
[INFO] started tweaking crates.io crate rustinel-core 0.1.1
[INFO] removed 0 missing tests
[INFO] finished tweaking crates.io crate rustinel-core 0.1.1
[INFO] tweaked toml for crates.io crate rustinel-core 0.1.1 written to /workspace/builds/worker-6-tc2/source/Cargo.toml
[INFO] validating manifest of crates.io crate rustinel-core 0.1.1 on toolchain 1.100.0-beta.1
[INFO] running `Command { std: CARGO_HOME="/workspace/cargo-home" RUSTUP_HOME="/workspace/rustup-home" "/workspace/cargo-home/bin/cargo" "+1.100.0-beta.1" "metadata" "--manifest-path" "Cargo.toml" "--no-deps", kill_on_drop: false }`
[INFO] crate crates.io crate rustinel-core 0.1.1 already has a lockfile, it will not be regenerated
[INFO] running `Command { std: CARGO_HOME="/workspace/cargo-home" RUSTUP_HOME="/workspace/rustup-home" "/workspace/cargo-home/bin/cargo" "+1.100.0-beta.1" "fetch" "--manifest-path" "Cargo.toml", kill_on_drop: false }`
[INFO] running `Command { std: "docker" "create" "-v" "/var/lib/crater-agent-workspace/builds/worker-6-tc2/source:/opt/rustwide/workdir:ro,Z" "-v" "/var/lib/crater-agent-workspace/builds/worker-6-tc2/target:/opt/rustwide/target:rw,Z" "-v" "/var/lib/crater-agent-workspace/cargo-home:/opt/rustwide/cargo-home:ro,Z" "-v" "/var/lib/crater-agent-workspace/rustup-home:/opt/rustwide/rustup-home:ro,Z" "-m" "1610612736" "--network" "none" "ghcr.io/rust-lang/crates-build-env/linux@sha256:77db811e55d90add9212f6832c23229e3de5f1c1f9905e8cb07319ea15df73ac" "sleep" "infinity", kill_on_drop: false }`
[INFO] [stdout] 921dbd5f8e1f9bf8a94e10516d7824a2e48ea9ec03ea72439baa7bf6c41bb83d
[INFO] running `Command { std: "docker" "start" "921dbd5f8e1f9bf8a94e10516d7824a2e48ea9ec03ea72439baa7bf6c41bb83d", kill_on_drop: false }`
[INFO] running `Command { std: "docker" "inspect" "921dbd5f8e1f9bf8a94e10516d7824a2e48ea9ec03ea72439baa7bf6c41bb83d", kill_on_drop: false }`
[INFO] running `Command { std: "docker" "exec" "-e" "SOURCE_DIR=/opt/rustwide/workdir" "-e" "CARGO_HOME=/opt/rustwide/cargo-home" "-e" "RUSTUP_HOME=/opt/rustwide/rustup-home" "-e" "CARGO_TARGET_DIR=/opt/rustwide/target" "-w" "/opt/rustwide/workdir" "--user" "0:0" "921dbd5f8e1f9bf8a94e10516d7824a2e48ea9ec03ea72439baa7bf6c41bb83d" "/opt/rustwide/cargo-home/bin/cargo" "+1.100.0-beta.1" "metadata" "--no-deps" "--format-version=1", kill_on_drop: false }`
[INFO] running `Command { std: "docker" "inspect" "921dbd5f8e1f9bf8a94e10516d7824a2e48ea9ec03ea72439baa7bf6c41bb83d", kill_on_drop: false }`
[INFO] running `Command { std: "docker" "exec" "-e" "SOURCE_DIR=/opt/rustwide/workdir" "-e" "CARGO_HOME=/opt/rustwide/cargo-home" "-e" "RUSTUP_HOME=/opt/rustwide/rustup-home" "-e" "CARGO_TARGET_DIR=/opt/rustwide/target" "-e" "CARGO_INCREMENTAL=0" "-e" "RUST_BACKTRACE=full" "-e" "RUSTFLAGS=--cap-lints=warn" "-e" "RUSTDOCFLAGS=--cap-lints=warn" "-w" "/opt/rustwide/workdir" "--user" "0:0" "921dbd5f8e1f9bf8a94e10516d7824a2e48ea9ec03ea72439baa7bf6c41bb83d" "/opt/rustwide/cargo-home/bin/cargo" "+1.100.0-beta.1" "build" "--frozen" "--message-format=json" "--release", kill_on_drop: false }`
[INFO] [stderr]    Compiling proc-macro2 v1.0.106
[INFO] [stderr]    Compiling quote v1.0.45
[INFO] [stderr]    Compiling serde_core v1.0.228
[INFO] [stderr]    Compiling litemap v0.8.2
[INFO] [stderr]    Compiling writeable v0.6.3
[INFO] [stderr]    Compiling serde v1.0.228
[INFO] [stderr]    Compiling icu_properties_data v2.2.0
[INFO] [stderr]    Compiling icu_normalizer_data v2.2.0
[INFO] [stderr]    Compiling smallvec v1.15.1
[INFO] [stderr]    Compiling zmij v1.0.21
[INFO] [stderr]    Compiling winnow v1.0.3
[INFO] [stderr]    Compiling percent-encoding v2.3.2
[INFO] [stderr]    Compiling indexmap v2.14.0
[INFO] [stderr]    Compiling toml_writer v1.1.1+spec-1.1.0
[INFO] [stderr]    Compiling form_urlencoded v1.2.2
[INFO] [stderr]    Compiling serde_json v1.0.150
[INFO] [stderr]    Compiling memchr v2.8.1
[INFO] [stderr]    Compiling toml_parser v1.1.2+spec-1.1.0
[INFO] [stderr]    Compiling syn v2.0.117
[INFO] [stderr]    Compiling toml_datetime v0.7.5+spec-1.1.0
[INFO] [stderr]    Compiling serde_spanned v1.1.1
[INFO] [stderr]    Compiling semver v1.0.28
[INFO] [stderr]    Compiling toml v0.9.12+spec-1.1.0
[INFO] [stderr]    Compiling synstructure v0.13.2
[INFO] [stderr]    Compiling zerofrom-derive v0.1.7
[INFO] [stderr]    Compiling yoke-derive v0.8.2
[INFO] [stderr]    Compiling zerovec-derive v0.11.3
[INFO] [stderr]    Compiling displaydoc v0.2.6
[INFO] [stderr]    Compiling serde_derive v1.0.228
[INFO] [stderr]    Compiling thiserror-impl v1.0.69
[INFO] [stderr]    Compiling zerofrom v0.1.8
[INFO] [stderr]    Compiling yoke v0.8.2
[INFO] [stderr]    Compiling zerovec v0.11.6
[INFO] [stderr]    Compiling zerotrie v0.2.4
[INFO] [stderr]    Compiling thiserror v1.0.69
[INFO] [stderr]    Compiling tinystr v0.8.3
[INFO] [stderr]    Compiling potential_utf v0.1.5
[INFO] [stderr]    Compiling icu_collections v2.2.0
[INFO] [stderr]    Compiling icu_locale_core v2.2.0
[INFO] [stderr]    Compiling icu_provider v2.2.0
[INFO] [stderr]    Compiling icu_properties v2.2.0
[INFO] [stderr]    Compiling icu_normalizer v2.2.0
[INFO] [stderr]    Compiling serde_spanned v0.6.9
[INFO] [stderr]    Compiling toml_datetime v0.6.11
[INFO] [stderr]    Compiling chrono v0.4.44
[INFO] [stderr]    Compiling toml_edit v0.22.27
[INFO] [stderr]    Compiling idna_adapter v1.2.2
[INFO] [stderr]    Compiling idna v1.1.0
[INFO] [stderr]    Compiling url v2.5.8
[INFO] [stderr]    Compiling toml v0.8.23
[INFO] [stderr]    Compiling cargo-lock v11.0.1
[INFO] [stderr]    Compiling rustinel-core v0.1.1 (/opt/rustwide/workdir)
[INFO] [stderr] warning: unused dependency `chrono`
[INFO] [stderr]  --> Cargo.toml:4:15
[INFO] [stderr]   |
[INFO] [stderr] 4 | [dependencies.chrono]
[INFO] [stderr]   |               ^^^^^^^
[INFO] [stderr]   |
[INFO] [stderr]   = note: `cargo::unused_dependencies` is set to `warn` by default
[INFO] [stderr] help: consider removing the dependency on `chrono`
[INFO] [stderr] warning: `rustinel-core` (manifest) generated 1 warning
[INFO] [stderr]     Finished `release` profile [optimized] target(s) in 1m 26s
[INFO] running `Command { std: "docker" "inspect" "921dbd5f8e1f9bf8a94e10516d7824a2e48ea9ec03ea72439baa7bf6c41bb83d", kill_on_drop: false }`
[INFO] running `Command { std: "docker" "exec" "-e" "SOURCE_DIR=/opt/rustwide/workdir" "-e" "CARGO_HOME=/opt/rustwide/cargo-home" "-e" "RUSTUP_HOME=/opt/rustwide/rustup-home" "-e" "CARGO_TARGET_DIR=/opt/rustwide/target" "-e" "CARGO_INCREMENTAL=0" "-e" "RUST_BACKTRACE=full" "-e" "RUSTFLAGS=--cap-lints=warn" "-e" "RUSTDOCFLAGS=--cap-lints=warn" "-w" "/opt/rustwide/workdir" "--user" "0:0" "921dbd5f8e1f9bf8a94e10516d7824a2e48ea9ec03ea72439baa7bf6c41bb83d" "/opt/rustwide/cargo-home/bin/cargo" "+1.100.0-beta.1" "test" "--frozen" "--no-run" "--message-format=json" "--release", kill_on_drop: false }`
[INFO] [stderr]    Compiling libc v0.2.186
[INFO] [stderr]    Compiling getrandom v0.4.2
[INFO] [stderr]    Compiling rustix v1.1.4
[INFO] [stderr]    Compiling linux-raw-sys v0.12.1
[INFO] [stderr]    Compiling bitflags v2.11.1
[INFO] [stderr]    Compiling fastrand v2.4.1
[INFO] [stderr]    Compiling similar v2.7.0
[INFO] [stderr]    Compiling console v0.16.3
[INFO] [stderr]    Compiling tempfile v3.27.0
[INFO] [stderr]    Compiling insta v1.47.2
[INFO] [stderr]    Compiling rustinel-core v0.1.1 (/opt/rustwide/workdir)
[INFO] [stderr] warning: unused dependency `chrono`
[INFO] [stderr]  --> Cargo.toml:4:15
[INFO] [stderr]   |
[INFO] [stderr] 4 | [dependencies.chrono]
[INFO] [stderr]   |               ^^^^^^^
[INFO] [stderr]   |
[INFO] [stderr]   = note: `cargo::unused_dependencies` is set to `warn` by default
[INFO] [stderr] help: consider removing the dependency on `chrono`
[INFO] [stderr] warning: `rustinel-core` (manifest) generated 1 warning
[INFO] [stderr]     Finished `release` profile [optimized] target(s) in 50.51s
[INFO] running `Command { std: "docker" "inspect" "921dbd5f8e1f9bf8a94e10516d7824a2e48ea9ec03ea72439baa7bf6c41bb83d", kill_on_drop: false }`
[INFO] running `Command { std: "docker" "exec" "-e" "SOURCE_DIR=/opt/rustwide/workdir" "-e" "CARGO_HOME=/opt/rustwide/cargo-home" "-e" "RUSTUP_HOME=/opt/rustwide/rustup-home" "-e" "CARGO_TARGET_DIR=/opt/rustwide/target" "-e" "CARGO_INCREMENTAL=0" "-e" "RUST_BACKTRACE=full" "-e" "RUSTFLAGS=--cap-lints=warn" "-e" "RUSTDOCFLAGS=--cap-lints=warn" "-w" "/opt/rustwide/workdir" "--user" "0:0" "921dbd5f8e1f9bf8a94e10516d7824a2e48ea9ec03ea72439baa7bf6c41bb83d" "/opt/rustwide/cargo-home/bin/cargo" "+1.100.0-beta.1" "test" "--frozen" "--release", kill_on_drop: false }`
[INFO] [stderr] warning: unused dependency `chrono`
[INFO] [stderr]  --> Cargo.toml:4:15
[INFO] [stderr]   |
[INFO] [stderr] 4 | [dependencies.chrono]
[INFO] [stderr]   |               ^^^^^^^
[INFO] [stderr]   |
[INFO] [stderr]   = note: `cargo::unused_dependencies` is set to `warn` by default
[INFO] [stderr] help: consider removing the dependency on `chrono`
[INFO] [stderr] warning: `rustinel-core` (manifest) generated 1 warning
[INFO] [stderr]     Finished `release` profile [optimized] target(s) in 0.14s
[INFO] [stderr]      Running unittests src/lib.rs (/opt/rustwide/target/release/build/rustinel-core/b88e609df2d77ae2/out/rustinel_core-b88e609df2d77ae2)
[INFO] [stdout] 
[INFO] [stdout] running 115 tests
[INFO] [stdout] test advisory::tests::affected_below_patch ... ok
[INFO] [stdout] test advisory::tests::missing_dir_is_not_an_error ... ok
[INFO] [stdout] test advisory::tests::extract_toml_from_markdown_fence ... ok
[INFO] [stdout] test advisory::tests::extract_toml_rejects_plain_markdown ... ok
[INFO] [stdout] test advisory::tests::malformed_version_req_does_not_panic ... ok
[INFO] [stdout] test advisory::tests::multi_range_patched_real_shape ... ok
[INFO] [stdout] test advisory::tests::prerelease_against_caret_patched_bound ... ok
[INFO] [stdout] test advisory::tests::no_version_ranges_affects_all ... ok
[INFO] [stdout] test advisory::tests::prerelease_excluded_by_unaffected_bound ... ok
[INFO] [stdout] test advisory::tests::prerelease_in_affected_range_still_flags ... ok
[INFO] [stdout] test advisory::tests::prerelease_in_gap_is_affected ... ok
[INFO] [stdout] test advisory::tests::severity_from_cvss ... ok
[INFO] [stdout] test advisory::tests::unaffected_range_excluded ... ok
[INFO] [stdout] test advisory::tests::withdrawn_advisories_are_suppressed ... ok
[INFO] [stdout] test advisory::tests::advisories_only_match_crates_io_source ... ok
[INFO] [stdout] test advisory::tests::informational_is_lower_severity ... ok
[INFO] [stdout] test advisory::tests::extract_toml_from_bare_toml ... ok
[INFO] [stdout] test diff::tests::detects_version_change ... ok
[INFO] [stdout] test diff::tests::changed_versions_display_in_semver_order ... ok
[INFO] [stdout] test lockfile::tests::empty_lockfile_is_ok ... ok
[INFO] [stdout] test lockfile::tests::local_workspace_crate_has_no_source ... ok
[INFO] [stdout] test lockfile::tests::malformed_package_block_errors ... ok
[INFO] [stdout] test lockfile::tests::malformed_utf8_checksum_does_not_panic ... ok
[INFO] [stdout] test graph::tests::cycle_does_not_hang ... ok
[INFO] [stdout] test graph::tests::finds_transitive_path ... ok
[INFO] [stdout] test lockfile::tests::ordering_is_deterministic ... ok
[INFO] [stdout] test diff::tests::version_bump_is_only_changed_not_added_or_removed ... ok
[INFO] [stdout] test graph::tests::shortest_path_wins ... ok
[INFO] [stdout] test lockfile::tests::parses_simple_lockfile ... ok
[INFO] [stdout] test markdown::tests::neutralizes_html ... ok
[INFO] [stdout] test markdown::tests::strips_newlines ... ok
[INFO] [stdout] test lockfile::tests::parses_dependencies_block ... ok
[INFO] [stdout] test policy::tests::allowlisted_native_ffi_is_silent ... ok
[INFO] [stdout] test policy::tests::delta_fail_threshold ... ok
[INFO] [stdout] test lockfile::tests::version_field_tolerates_nonstandard_spacing ... ok
[INFO] [stdout] test policy::tests::denied_crate_signal_fails_and_allowlist_does_not_override ... ok
[INFO] [stdout] test markdown::tests::code_span_safe ... ok
[INFO] [stdout] test policy::tests::native_ffi_requires_review_under_balanced ... ok
[INFO] [stdout] test policy::tests::passes_below_threshold ... ok
[INFO] [stdout] test policy::tests::spdx_expression_semantics ... ok
[INFO] [stdout] test report::tests::human_output_mentions_project_risk ... ok
[INFO] [stdout] test report::tests::human_output_neutralizes_control_chars ... ok
[INFO] [stdout] test report::tests::json_has_schema_version ... ok
[INFO] [stdout] test report::tests::markdown_escapes_injection ... ok
[INFO] [stdout] test policy::tests::advisory_high_fails_balanced ... ok
[INFO] [stdout] test report::tests::sanitize_terminal_replaces_controls_and_bidi ... ok
[INFO] [stdout] test policy::tests::allowlisted_crate_downgrades_advisory ... ok
[INFO] [stdout] test policy::tests::denied_license_fails ... ok
[INFO] [stdout] test report::tests::sarif_is_valid_json_and_maps_levels ... ok
[INFO] [stdout] test risk::tests::advisories_sum_fully ... ok
[INFO] [stdout] test risk::tests::critical_pins_to_100 ... ok
[INFO] [stdout] test policy::tests::fails_above_project_threshold ... ok
[INFO] [stdout] test policy::tests::ignored_advisory_downgrades_to_warning ... ok
[INFO] [stdout] test risk::tests::different_classes_sum_fully ... ok
[INFO] [stdout] test risk::tests::diminishing_within_same_class ... ok
[INFO] [stdout] test risk::tests::empty_is_low ... ok
[INFO] [stdout] test risk::tests::explain_total_matches_score ... ok
[INFO] [stdout] test safety::tests::no_parent_components_detects_dotdot ... ok
[INFO] [stdout] test safety::tests::path_segment_validation ... ok
[INFO] [stdout] test advisory::tests::partial_exact_bound_covers_prereleases ... ok
[INFO] [stdout] test safety::tests::containment_blocks_escape ... ok
[INFO] [stdout] test safety::tests::crate_name_allows_normal ... ok
[INFO] [stdout] test safety::tests::crate_name_rejects_traversal_and_injection ... ok
[INFO] [stdout] test diff::tests::detects_added_and_removed ... ok
[INFO] [stdout] test safety::tests::read_cap_rejects_oversize ... ok
[INFO] [stdout] test risk::tests::level_boundaries ... ok
[INFO] [stdout] test sbom::tests::openvex_shape ... ok
[INFO] [stdout] test sbom::tests::openvex_marks_policy_ignored_as_not_affected ... ok
[INFO] [stdout] test risk::tests::many_low_findings_do_not_saturate ... ok
[INFO] [stdout] test sbom::tests::deterministic_render ... ok
[INFO] [stdout] test safety::tests::read_cap_decodes_non_utf8_lossily ... ok
[INFO] [stdout] test safety::tests::version_validation ... ok
[INFO] [stdout] test sbom::tests::osv_shape ... ok
[INFO] [stdout] test sbom::tests::cyclonedx_shape ... ok
[INFO] [stdout] test sbom::tests::sbom_embeds_checksums ... ok
[INFO] [stdout] test sbom::tests::spdx_shape ... ok
[INFO] [stdout] test sbom::tests::sbom_embeds_per_component_license_and_context ... ok
[INFO] [stdout] test signals::tests::benign_build_script_is_not_suspicious ... ok
[INFO] [stdout] test signals::tests::damerau_levenshtein_basics ... ok
[INFO] [stdout] test signals::tests::detects_typosquat_one_edit_away ... ok
[INFO] [stdout] test signals::tests::dual_use_service_domain_needs_secret_corroboration ... ok
[INFO] [stdout] test signals::tests::dlopen_in_a_feature_name_is_not_a_payload ... ok
[INFO] [stdout] test signals::tests::does_not_flag_legitimate_crates ... ok
[INFO] [stdout] test signals::tests::env_gated_requires_causal_proximity ... ok
[INFO] [stdout] test signals::tests::evidence_sample_is_walk_order_independent ... ok
[INFO] [stdout] test signals::tests::local_crate_not_flagged_for_ffi ... ok
[INFO] [stdout] test signals::tests::locate_crate_dir_rejects_path_traversal ... ok
[INFO] [stdout] test signals::tests::network_build_script_is_high ... ok
[INFO] [stdout] test signals::tests::freshness_flags_only_recent_versions ... ok
[INFO] [stdout] test signals::tests::known_good_crate_downgraded_to_baseline ... ok
[INFO] [stdout] test signals::tests::legit_lookalikes_are_not_typosquats ... ok
[INFO] [stdout] test signals::tests::owners_without_baseline_emits_nothing ... ok
[INFO] [stdout] test signals::tests::payload_build_script_is_medium ... ok
[INFO] [stdout] test signals::tests::owners_changed_flags_new_maintainer ... ok
[INFO] [stdout] test signals::tests::owners_changed_detected_on_later_version_without_first_metadata ... ok
[INFO] [stdout] test signals::tests::owners_changed_survives_known_good_baseline ... ok
[INFO] [stdout] test signals::tests::typosquat_cleared_by_high_downloads ... ok
[INFO] [stdout] test signals::tests::sort_is_severity_descending ... ok
[INFO] [stdout] test signals::tests::detects_multiple_versions ... ok
[INFO] [stdout] test signals::tests::owners_unchanged_emits_nothing ... ok
[INFO] [stdout] test signals::tests::detects_native_ffi_by_name ... ok
[INFO] [stdout] test signals::tests::sorted_dir_entries_is_lexicographic ... ok
[INFO] [stdout] test signals::tests::source_exfil_signal_builds_high ... ok
[INFO] [stdout] test signals::tests::typosquat_flagged_when_obscure ... ok
[INFO] [stderr] error: test failed, to rerun pass `--lib`
[INFO] [stdout] test signals::tests::typosquat_offline_is_quiet_info ... ok
[INFO] [stdout] test signals::tests::unsafe_scan_categorizes ... ok
[INFO] [stdout] test signals::tests::unsafe_scan_handles_char_literal_with_quote ... ok
[INFO] [stdout] test tests::analyze_safe_project ... FAILED
[INFO] [stdout] test tests::diff_reports_openssl_sys_added ... FAILED
[INFO] [stdout] test tests::offline_with_unreadable_explicit_db_does_not_fail ... FAILED
[INFO] [stdout] test tests::offline_without_db_does_not_fail ... FAILED
[INFO] [stdout] test signals::tests::unsafe_scan_counts_only_real_code ... ok
[INFO] [stdout] test signals::tests::unsafe_scan_ignores_comments_and_strings ... ok
[INFO] [stdout] test signals::tests::source_exfil_conjunction_must_hold_in_one_file ... ok
[INFO] [stdout] test tests::source_root_triggers_build_rs_signal ... FAILED
[INFO] [stdout] 
[INFO] [stdout] failures:
[INFO] [stdout] 
[INFO] [stdout] ---- tests::analyze_safe_project stdout ----
[INFO] [stdout] 
[INFO] [stdout] thread 'tests::analyze_safe_project' (1564) panicked at src/lib.rs:201:74:
[INFO] [stdout] called `Result::unwrap()` on an `Err` value: Io { path: "/opt/rustwide/workdir/../../fixtures/safe_project/Cargo.lock", source: Os { code: 2, kind: NotFound, message: "No such file or directory" } }
[INFO] [stdout] stack backtrace:
[INFO] [stdout]    0:     0x6459f13580a1 - <<std[617be2ca0a6fd877]::sys::backtrace::BacktraceLock>::print::DisplayBacktrace as core[a373ad73a504971]::fmt::Display>::fmt
[INFO] [stdout]    1:     0x6459f136f4da - core[a373ad73a504971]::fmt::write
[INFO] [stdout]    2:     0x6459f135c5ac - <alloc[2e1b2a31b91974c5]::vec::Vec<u8> as core[a373ad73a504971]::io::write::Write>::write_fmt
[INFO] [stdout]    3:     0x6459f1331fd6 - std[617be2ca0a6fd877]::panicking::default_hook::{closure#0}
[INFO] [stdout]    4:     0x6459f134f609 - std[617be2ca0a6fd877]::panicking::default_hook
[INFO] [stdout]    5:     0x6459f12de930 - test[aada8e7e76ba119b]::test_main_inner::{closure#0}
[INFO] [stdout]    6:     0x6459f134f7c2 - std[617be2ca0a6fd877]::panicking::panic_with_hook
[INFO] [stdout]    7:     0x6459f1332082 - std[617be2ca0a6fd877]::panicking::panic_handler::{closure#0}
[INFO] [stdout]    8:     0x6459f132aa49 - std[617be2ca0a6fd877]::sys::backtrace::__rust_end_short_backtrace::<std[617be2ca0a6fd877]::panicking::panic_handler::{closure#0}, !>
[INFO] [stdout]    9:     0x6459f1332c8d - __rustc[ea4f61d10b84890b]::rust_begin_unwind
[INFO] [stdout]   10:     0x6459f136fc4c - core[a373ad73a504971]::panicking::panic_fmt
[INFO] [stdout]   11:     0x6459f136fa22 - core[a373ad73a504971]::result::unwrap_failed
[INFO] [stdout]   12:     0x6459f12213bd - <rustinel_core[eae49250dae40d7a]::tests::analyze_safe_project::{closure#0} as core[a373ad73a504971]::ops::function::FnOnce<()>>::call_once
[INFO] [stdout]   13:     0x6459f12d1d7b - test[aada8e7e76ba119b]::__rust_begin_short_backtrace::<core[a373ad73a504971]::result::Result<(), alloc[2e1b2a31b91974c5]::string::String>, fn() -> core[a373ad73a504971]::result::Result<(), alloc[2e1b2a31b91974c5]::string::String>>
[INFO] [stdout]   14:     0x6459f12def55 - test[aada8e7e76ba119b]::run_test::{closure#0}
[INFO] [stdout]   15:     0x6459f12d8844 - std[617be2ca0a6fd877]::sys::backtrace::__rust_begin_short_backtrace::<test[aada8e7e76ba119b]::run_test::{closure#1}, ()>
[INFO] [stdout]   16:     0x6459f12e1fe2 - <std[617be2ca0a6fd877]::thread::lifecycle::spawn_unchecked<test[aada8e7e76ba119b]::run_test::{closure#1}, ()>::{closure#1} as core[a373ad73a504971]::ops::function::FnOnce<()>>::call_once::{shim:vtable#0}
[INFO] [stdout]   17:     0x6459f13573bf - <std[617be2ca0a6fd877]::sys::thread::unix::Thread>::new::thread_start
[INFO] [stdout]   18:     0x7a384411ddfa - <unknown>
[INFO] [stdout]   19:     0x7a38441b13d4 - clone
[INFO] [stdout]   20:                0x0 - <unknown>
[INFO] [stdout] 
[INFO] [stdout] ---- tests::diff_reports_openssl_sys_added stdout ----
[INFO] [stdout] 
[INFO] [stdout] thread 'tests::diff_reports_openssl_sys_added' (1565) panicked at src/lib.rs:212:77:
[INFO] [stdout] called `Result::unwrap()` on an `Err` value: Io { path: "/opt/rustwide/workdir/../../fixtures/diff/base/Cargo.lock", source: Os { code: 2, kind: NotFound, message: "No such file or directory" } }
[INFO] [stdout] stack backtrace:
[INFO] [stdout]    0:     0x6459f13580a1 - <<std[617be2ca0a6fd877]::sys::backtrace::BacktraceLock>::print::DisplayBacktrace as core[a373ad73a504971]::fmt::Display>::fmt
[INFO] [stdout]    1:     0x6459f136f4da - core[a373ad73a504971]::fmt::write
[INFO] [stdout]    2:     0x6459f135c5ac - <alloc[2e1b2a31b91974c5]::vec::Vec<u8> as core[a373ad73a504971]::io::write::Write>::write_fmt
[INFO] [stdout]    3:     0x6459f1331fd6 - std[617be2ca0a6fd877]::panicking::default_hook::{closure#0}
[INFO] [stdout]    4:     0x6459f134f609 - std[617be2ca0a6fd877]::panicking::default_hook
[INFO] [stdout]    5:     0x6459f12de930 - test[aada8e7e76ba119b]::test_main_inner::{closure#0}
[INFO] [stdout]    6:     0x6459f134f7c2 - std[617be2ca0a6fd877]::panicking::panic_with_hook
[INFO] [stdout]    7:     0x6459f1332082 - std[617be2ca0a6fd877]::panicking::panic_handler::{closure#0}
[INFO] [stdout]    8:     0x6459f132aa49 - std[617be2ca0a6fd877]::sys::backtrace::__rust_end_short_backtrace::<std[617be2ca0a6fd877]::panicking::panic_handler::{closure#0}, !>
[INFO] [stdout]    9:     0x6459f1332c8d - __rustc[ea4f61d10b84890b]::rust_begin_unwind
[INFO] [stdout]   10:     0x6459f136fc4c - core[a373ad73a504971]::panicking::panic_fmt
[INFO] [stdout]   11:     0x6459f136fa22 - core[a373ad73a504971]::result::unwrap_failed
[INFO] [stdout]   12:     0x6459f12219ab - <rustinel_core[eae49250dae40d7a]::tests::diff_reports_openssl_sys_added::{closure#0} as core[a373ad73a504971]::ops::function::FnOnce<()>>::call_once
[INFO] [stdout]   13:     0x6459f12d1d7b - test[aada8e7e76ba119b]::__rust_begin_short_backtrace::<core[a373ad73a504971]::result::Result<(), alloc[2e1b2a31b91974c5]::string::String>, fn() -> core[a373ad73a504971]::result::Result<(), alloc[2e1b2a31b91974c5]::string::String>>
[INFO] [stdout]   14:     0x6459f12def55 - test[aada8e7e76ba119b]::run_test::{closure#0}
[INFO] [stdout]   15:     0x6459f12d8844 - std[617be2ca0a6fd877]::sys::backtrace::__rust_begin_short_backtrace::<test[aada8e7e76ba119b]::run_test::{closure#1}, ()>
[INFO] [stdout]   16:     0x6459f12e1fe2 - <std[617be2ca0a6fd877]::thread::lifecycle::spawn_unchecked<test[aada8e7e76ba119b]::run_test::{closure#1}, ()>::{closure#1} as core[a373ad73a504971]::ops::function::FnOnce<()>>::call_once::{shim:vtable#0}
[INFO] [stdout]   17:     0x6459f13573bf - <std[617be2ca0a6fd877]::sys::thread::unix::Thread>::new::thread_start
[INFO] [stdout]   18:     0x7a384411ddfa - <unknown>
[INFO] [stdout]   19:     0x7a38441b13d4 - clone
[INFO] [stdout]   20:                0x0 - <unknown>
[INFO] [stdout] 
[INFO] [stdout] ---- tests::offline_with_unreadable_explicit_db_does_not_fail stdout ----
[INFO] [stdout] 
[INFO] [stdout] thread 'tests::offline_with_unreadable_explicit_db_does_not_fail' (1566) panicked at src/lib.rs:268:9:
[INFO] [stdout] offline must not hard-fail on an unreadable explicit DB
[INFO] [stdout] stack backtrace:
[INFO] [stdout]    0:     0x6459f13580a1 - <<std[617be2ca0a6fd877]::sys::backtrace::BacktraceLock>::print::DisplayBacktrace as core[a373ad73a504971]::fmt::Display>::fmt
[INFO] [stdout]    1:     0x6459f136f4da - core[a373ad73a504971]::fmt::write
[INFO] [stdout]    2:     0x6459f135c5ac - <alloc[2e1b2a31b91974c5]::vec::Vec<u8> as core[a373ad73a504971]::io::write::Write>::write_fmt
[INFO] [stdout]    3:     0x6459f1331fd6 - std[617be2ca0a6fd877]::panicking::default_hook::{closure#0}
[INFO] [stdout]    4:     0x6459f134f609 - std[617be2ca0a6fd877]::panicking::default_hook
[INFO] [stdout]    5:     0x6459f12de930 - test[aada8e7e76ba119b]::test_main_inner::{closure#0}
[INFO] [stdout]    6:     0x6459f134f7c2 - std[617be2ca0a6fd877]::panicking::panic_with_hook
[INFO] [stdout]    7:     0x6459f13320b4 - std[617be2ca0a6fd877]::panicking::panic_handler::{closure#0}
[INFO] [stdout]    8:     0x6459f132aa49 - std[617be2ca0a6fd877]::sys::backtrace::__rust_end_short_backtrace::<std[617be2ca0a6fd877]::panicking::panic_handler::{closure#0}, !>
[INFO] [stdout]    9:     0x6459f1332c8d - __rustc[ea4f61d10b84890b]::rust_begin_unwind
[INFO] [stdout]   10:     0x6459f136fc4c - core[a373ad73a504971]::panicking::panic_fmt
[INFO] [stdout]   11:     0x6459f1222883 - <rustinel_core[eae49250dae40d7a]::tests::offline_with_unreadable_explicit_db_does_not_fail::{closure#0} as core[a373ad73a504971]::ops::function::FnOnce<()>>::call_once
[INFO] [stdout]   12:     0x6459f12d1d7b - test[aada8e7e76ba119b]::__rust_begin_short_backtrace::<core[a373ad73a504971]::result::Result<(), alloc[2e1b2a31b91974c5]::string::String>, fn() -> core[a373ad73a504971]::result::Result<(), alloc[2e1b2a31b91974c5]::string::String>>
[INFO] [stdout]   13:     0x6459f12def55 - test[aada8e7e76ba119b]::run_test::{closure#0}
[INFO] [stdout]   14:     0x6459f12d8844 - std[617be2ca0a6fd877]::sys::backtrace::__rust_begin_short_backtrace::<test[aada8e7e76ba119b]::run_test::{closure#1}, ()>
[INFO] [stdout]   15:     0x6459f12e1fe2 - <std[617be2ca0a6fd877]::thread::lifecycle::spawn_unchecked<test[aada8e7e76ba119b]::run_test::{closure#1}, ()>::{closure#1} as core[a373ad73a504971]::ops::function::FnOnce<()>>::call_once::{shim:vtable#0}
[INFO] [stdout]   16:     0x6459f13573bf - <std[617be2ca0a6fd877]::sys::thread::unix::Thread>::new::thread_start
[INFO] [stdout]   17:     0x7a384411ddfa - <unknown>
[INFO] [stdout]   18:     0x7a38441b13d4 - clone
[INFO] [stdout]   19:                0x0 - <unknown>
[INFO] [stdout] 
[INFO] [stdout] ---- tests::offline_without_db_does_not_fail stdout ----
[INFO] [stdout] 
[INFO] [stdout] thread 'tests::offline_without_db_does_not_fail' (1567) panicked at src/lib.rs:246:55:
[INFO] [stdout] called `Result::unwrap()` on an `Err` value: Io { path: "/opt/rustwide/workdir/../../fixtures/safe_project/Cargo.lock", source: Os { code: 2, kind: NotFound, message: "No such file or directory" } }
[INFO] [stdout] stack backtrace:
[INFO] [stdout]    0:     0x6459f13580a1 - <<std[617be2ca0a6fd877]::sys::backtrace::BacktraceLock>::print::DisplayBacktrace as core[a373ad73a504971]::fmt::Display>::fmt
[INFO] [stdout]    1:     0x6459f136f4da - core[a373ad73a504971]::fmt::write
[INFO] [stdout]    2:     0x6459f135c5ac - <alloc[2e1b2a31b91974c5]::vec::Vec<u8> as core[a373ad73a504971]::io::write::Write>::write_fmt
[INFO] [stdout]    3:     0x6459f1331fd6 - std[617be2ca0a6fd877]::panicking::default_hook::{closure#0}
[INFO] [stdout]    4:     0x6459f134f609 - std[617be2ca0a6fd877]::panicking::default_hook
[INFO] [stdout]    5:     0x6459f12de930 - test[aada8e7e76ba119b]::test_main_inner::{closure#0}
[INFO] [stdout]    6:     0x6459f134f7c2 - std[617be2ca0a6fd877]::panicking::panic_with_hook
[INFO] [stdout]    7:     0x6459f1332082 - std[617be2ca0a6fd877]::panicking::panic_handler::{closure#0}
[INFO] [stdout]    8:     0x6459f132aa49 - std[617be2ca0a6fd877]::sys::backtrace::__rust_end_short_backtrace::<std[617be2ca0a6fd877]::panicking::panic_handler::{closure#0}, !>
[INFO] [stdout]    9:     0x6459f1332c8d - __rustc[ea4f61d10b84890b]::rust_begin_unwind
[INFO] [stdout]   10:     0x6459f136fc4c - core[a373ad73a504971]::panicking::panic_fmt
[INFO] [stdout]   11:     0x6459f136fa22 - core[a373ad73a504971]::result::unwrap_failed
[INFO] [stdout]   12:     0x6459f1221f8f - <rustinel_core[eae49250dae40d7a]::tests::offline_without_db_does_not_fail::{closure#0} as core[a373ad73a504971]::ops::function::FnOnce<()>>::call_once
[INFO] [stdout]   13:     0x6459f12d1d7b - test[aada8e7e76ba119b]::__rust_begin_short_backtrace::<core[a373ad73a504971]::result::Result<(), alloc[2e1b2a31b91974c5]::string::String>, fn() -> core[a373ad73a504971]::result::Result<(), alloc[2e1b2a31b91974c5]::string::String>>
[INFO] [stdout]   14:     0x6459f12def55 - test[aada8e7e76ba119b]::run_test::{closure#0}
[INFO] [stdout]   15:     0x6459f12d8844 - std[617be2ca0a6fd877]::sys::backtrace::__rust_begin_short_backtrace::<test[aada8e7e76ba119b]::run_test::{closure#1}, ()>
[INFO] [stdout]   16:     0x6459f12e1fe2 - <std[617be2ca0a6fd877]::thread::lifecycle::spawn_unchecked<test[aada8e7e76ba119b]::run_test::{closure#1}, ()>::{closure#1} as core[a373ad73a504971]::ops::function::FnOnce<()>>::call_once::{shim:vtable#0}
[INFO] [stdout]   17:     0x6459f13573bf - <std[617be2ca0a6fd877]::sys::thread::unix::Thread>::new::thread_start
[INFO] [stdout]   18:     0x7a384411ddfa - <unknown>
[INFO] [stdout]   19:     0x7a38441b13d4 - clone
[INFO] [stdout]   20:                0x0 - <unknown>
[INFO] [stdout] 
[INFO] [stdout] ---- tests::source_root_triggers_build_rs_signal stdout ----
[INFO] [stdout] 
[INFO] [stdout] thread 'tests::source_root_triggers_build_rs_signal' (1568) panicked at src/lib.rs:227:55:
[INFO] [stdout] called `Result::unwrap()` on an `Err` value: Io { path: "/opt/rustwide/workdir/../../fixtures/diff/head/Cargo.lock", source: Os { code: 2, kind: NotFound, message: "No such file or directory" } }
[INFO] [stdout] stack backtrace:
[INFO] [stdout]    0:     0x6459f13580a1 - <<std[617be2ca0a6fd877]::sys::backtrace::BacktraceLock>::print::DisplayBacktrace as core[a373ad73a504971]::fmt::Display>::fmt
[INFO] [stdout]    1:     0x6459f136f4da - core[a373ad73a504971]::fmt::write
[INFO] [stdout]    2:     0x6459f135c5ac - <alloc[2e1b2a31b91974c5]::vec::Vec<u8> as core[a373ad73a504971]::io::write::Write>::write_fmt
[INFO] [stdout]    3:     0x6459f1331fd6 - std[617be2ca0a6fd877]::panicking::default_hook::{closure#0}
[INFO] [stdout]    4:     0x6459f134f609 - std[617be2ca0a6fd877]::panicking::default_hook
[INFO] [stdout]    5:     0x6459f12de930 - test[aada8e7e76ba119b]::test_main_inner::{closure#0}
[INFO] [stdout]    6:     0x6459f134f7c2 - std[617be2ca0a6fd877]::panicking::panic_with_hook
[INFO] [stdout]    7:     0x6459f1332082 - std[617be2ca0a6fd877]::panicking::panic_handler::{closure#0}
[INFO] [stdout]    8:     0x6459f132aa49 - std[617be2ca0a6fd877]::sys::backtrace::__rust_end_short_backtrace::<std[617be2ca0a6fd877]::panicking::panic_handler::{closure#0}, !>
[INFO] [stdout]    9:     0x6459f1332c8d - __rustc[ea4f61d10b84890b]::rust_begin_unwind
[INFO] [stdout]   10:     0x6459f136fc4c - core[a373ad73a504971]::panicking::panic_fmt
[INFO] [stdout]   11:     0x6459f136fa22 - core[a373ad73a504971]::result::unwrap_failed
[INFO] [stdout]   12:     0x6459f122246c - <rustinel_core[eae49250dae40d7a]::tests::source_root_triggers_build_rs_signal::{closure#0} as core[a373ad73a504971]::ops::function::FnOnce<()>>::call_once
[INFO] [stdout]   13:     0x6459f12d1d7b - test[aada8e7e76ba119b]::__rust_begin_short_backtrace::<core[a373ad73a504971]::result::Result<(), alloc[2e1b2a31b91974c5]::string::String>, fn() -> core[a373ad73a504971]::result::Result<(), alloc[2e1b2a31b91974c5]::string::String>>
[INFO] [stdout]   14:     0x6459f12def55 - test[aada8e7e76ba119b]::run_test::{closure#0}
[INFO] [stdout]   15:     0x6459f12d8844 - std[617be2ca0a6fd877]::sys::backtrace::__rust_begin_short_backtrace::<test[aada8e7e76ba119b]::run_test::{closure#1}, ()>
[INFO] [stdout]   16:     0x6459f12e1fe2 - <std[617be2ca0a6fd877]::thread::lifecycle::spawn_unchecked<test[aada8e7e76ba119b]::run_test::{closure#1}, ()>::{closure#1} as core[a373ad73a504971]::ops::function::FnOnce<()>>::call_once::{shim:vtable#0}
[INFO] [stdout]   17:     0x6459f13573bf - <std[617be2ca0a6fd877]::sys::thread::unix::Thread>::new::thread_start
[INFO] [stdout]   18:     0x7a384411ddfa - <unknown>
[INFO] [stdout]   19:     0x7a38441b13d4 - clone
[INFO] [stdout]   20:                0x0 - <unknown>
[INFO] [stdout] 
[INFO] [stdout] 
[INFO] [stdout] failures:
[INFO] [stdout]     tests::analyze_safe_project
[INFO] [stdout]     tests::diff_reports_openssl_sys_added
[INFO] [stdout]     tests::offline_with_unreadable_explicit_db_does_not_fail
[INFO] [stdout]     tests::offline_without_db_does_not_fail
[INFO] [stdout]     tests::source_root_triggers_build_rs_signal
[INFO] [stdout] 
[INFO] [stdout] test result: FAILED. 110 passed; 5 failed; 0 ignored; 0 measured; 0 filtered out; finished in 0.04s
[INFO] [stdout] 
[INFO] running `Command { std: "docker" "inspect" "921dbd5f8e1f9bf8a94e10516d7824a2e48ea9ec03ea72439baa7bf6c41bb83d", kill_on_drop: false }`
[INFO] running `Command { std: "docker" "rm" "-f" "921dbd5f8e1f9bf8a94e10516d7824a2e48ea9ec03ea72439baa7bf6c41bb83d", kill_on_drop: false }`
[INFO] [stdout] 921dbd5f8e1f9bf8a94e10516d7824a2e48ea9ec03ea72439baa7bf6c41bb83d
