[INFO] fetching crate rustify-ml 0.1.2...
[INFO] testing rustify-ml-0.1.2 against 1.100.0-beta.1+cargoflags=--release for beta-release-1.100-2
[INFO] extracting crate rustify-ml 0.1.2 into /workspace/builds/worker-7-tc2/source
[INFO] started tweaking crates.io crate rustify-ml 0.1.2
[INFO] removed 0 missing tests
[INFO] finished tweaking crates.io crate rustify-ml 0.1.2
[INFO] tweaked toml for crates.io crate rustify-ml 0.1.2 written to /workspace/builds/worker-7-tc2/source/Cargo.toml
[INFO] validating manifest of crates.io crate rustify-ml 0.1.2 on toolchain 1.100.0-beta.1
[INFO] running `Command { std: CARGO_HOME="/workspace/cargo-home" RUSTUP_HOME="/workspace/rustup-home" "/workspace/cargo-home/bin/cargo" "+1.100.0-beta.1" "metadata" "--manifest-path" "Cargo.toml" "--no-deps", kill_on_drop: false }`
[INFO] crate crates.io crate rustify-ml 0.1.2 already has a lockfile, it will not be regenerated
[INFO] running `Command { std: CARGO_HOME="/workspace/cargo-home" RUSTUP_HOME="/workspace/rustup-home" "/workspace/cargo-home/bin/cargo" "+1.100.0-beta.1" "fetch" "--manifest-path" "Cargo.toml", kill_on_drop: false }`
[INFO] [stderr] warning: `package.homepage` is redundant with `package.repository`
[INFO] [stderr]   --> Cargo.toml:92:12
[INFO] [stderr]    |
[INFO] [stderr] 92 | homepage = "https://github.com/homezloco/rustify-ml"
[INFO] [stderr]    |            ^^^^^^^^^^^^^^^^^^^^^^^^^^^^^^^^^^^^^^^^^
[INFO] [stderr] ...
[INFO] [stderr] 97 | repository = "https://github.com/homezloco/rustify-ml"
[INFO] [stderr]    |              -----------------------------------------
[INFO] [stderr]    |
[INFO] [stderr]    = note: `cargo::redundant_homepage` is set to `warn` by default
[INFO] [stderr] help: consider removing `package.homepage`
[INFO] [stderr] warning: `rustify-ml` (manifest) generated 1 warning
[INFO] running `Command { std: "docker" "create" "-v" "/var/lib/crater-agent-workspace/builds/worker-7-tc2/source:/opt/rustwide/workdir:ro,Z" "-v" "/var/lib/crater-agent-workspace/builds/worker-7-tc2/target:/opt/rustwide/target:rw,Z" "-v" "/var/lib/crater-agent-workspace/cargo-home:/opt/rustwide/cargo-home:ro,Z" "-v" "/var/lib/crater-agent-workspace/rustup-home:/opt/rustwide/rustup-home:ro,Z" "-m" "1610612736" "--network" "none" "ghcr.io/rust-lang/crates-build-env/linux@sha256:77db811e55d90add9212f6832c23229e3de5f1c1f9905e8cb07319ea15df73ac" "sleep" "infinity", kill_on_drop: false }`
[INFO] [stdout] cbc7be90afe2fe22647fdbcea5c2766654abf42e64a4203aa2b14cb644ee269b
[INFO] running `Command { std: "docker" "start" "cbc7be90afe2fe22647fdbcea5c2766654abf42e64a4203aa2b14cb644ee269b", kill_on_drop: false }`
[INFO] running `Command { std: "docker" "inspect" "cbc7be90afe2fe22647fdbcea5c2766654abf42e64a4203aa2b14cb644ee269b", kill_on_drop: false }`
[INFO] running `Command { std: "docker" "exec" "-e" "SOURCE_DIR=/opt/rustwide/workdir" "-e" "CARGO_HOME=/opt/rustwide/cargo-home" "-e" "RUSTUP_HOME=/opt/rustwide/rustup-home" "-e" "CARGO_TARGET_DIR=/opt/rustwide/target" "-w" "/opt/rustwide/workdir" "--user" "0:0" "cbc7be90afe2fe22647fdbcea5c2766654abf42e64a4203aa2b14cb644ee269b" "/opt/rustwide/cargo-home/bin/cargo" "+1.100.0-beta.1" "metadata" "--no-deps" "--format-version=1", kill_on_drop: false }`
[INFO] running `Command { std: "docker" "inspect" "cbc7be90afe2fe22647fdbcea5c2766654abf42e64a4203aa2b14cb644ee269b", kill_on_drop: false }`
[INFO] running `Command { std: "docker" "exec" "-e" "SOURCE_DIR=/opt/rustwide/workdir" "-e" "CARGO_HOME=/opt/rustwide/cargo-home" "-e" "RUSTUP_HOME=/opt/rustwide/rustup-home" "-e" "CARGO_TARGET_DIR=/opt/rustwide/target" "-e" "CARGO_INCREMENTAL=0" "-e" "RUST_BACKTRACE=full" "-e" "RUSTFLAGS=--cap-lints=warn" "-e" "RUSTDOCFLAGS=--cap-lints=warn" "-w" "/opt/rustwide/workdir" "--user" "0:0" "cbc7be90afe2fe22647fdbcea5c2766654abf42e64a4203aa2b14cb644ee269b" "/opt/rustwide/cargo-home/bin/cargo" "+1.100.0-beta.1" "build" "--frozen" "--message-format=json" "--release", kill_on_drop: false }`
[INFO] [stderr] warning: `package.homepage` is redundant with `package.repository`
[INFO] [stderr]   --> Cargo.toml:92:12
[INFO] [stderr]    |
[INFO] [stderr] 92 | homepage = "https://github.com/homezloco/rustify-ml"
[INFO] [stderr]    |            ^^^^^^^^^^^^^^^^^^^^^^^^^^^^^^^^^^^^^^^^^
[INFO] [stderr] ...
[INFO] [stderr] 97 | repository = "https://github.com/homezloco/rustify-ml"
[INFO] [stderr]    |              -----------------------------------------
[INFO] [stderr]    |
[INFO] [stderr]    = note: `cargo::redundant_homepage` is set to `warn` by default
[INFO] [stderr] help: consider removing `package.homepage`
[INFO] [stderr] warning: `rustify-ml` (manifest) generated 1 warning
[INFO] [stderr]    Compiling zerocopy v0.8.39
[INFO] [stderr]    Compiling libc v0.2.182
[INFO] [stderr]    Compiling siphasher v1.0.2
[INFO] [stderr]    Compiling ahash v0.8.12
[INFO] [stderr]    Compiling libm v0.2.16
[INFO] [stderr]    Compiling either v1.15.0
[INFO] [stderr]    Compiling anyhow v1.0.101
[INFO] [stderr]    Compiling malachite-nz v0.4.22
[INFO] [stderr]    Compiling phf_shared v0.11.3
[INFO] [stderr]    Compiling num-traits v0.2.19
[INFO] [stderr]    Compiling smallvec v1.15.1
[INFO] [stderr]    Compiling itertools v0.11.0
[INFO] [stderr]    Compiling getopts v0.2.24
[INFO] [stderr]    Compiling tiny-keccak v2.0.2
[INFO] [stderr]    Compiling proc-macro2 v1.0.106
[INFO] [stderr]    Compiling derive_more-impl v1.0.0
[INFO] [stderr]    Compiling icu_normalizer v2.1.1
[INFO] [stderr]    Compiling jobserver v0.1.34
[INFO] [stderr]    Compiling cc v1.2.56
[INFO] [stderr]    Compiling getrandom v0.2.17
[INFO] [stderr]    Compiling rand_core v0.6.4
[INFO] [stderr]    Compiling unic-char-range v0.9.0
[INFO] [stderr]    Compiling unic-common v0.9.0
[INFO] [stderr]    Compiling rustpython-parser-vendored v0.4.0
[INFO] [stderr]    Compiling unic-ucd-version v0.9.0
[INFO] [stderr]    Compiling unic-char-property v0.9.0
[INFO] [stderr]    Compiling num-integer v0.1.46
[INFO] [stderr]    Compiling idna_adapter v1.2.1
[INFO] [stderr]    Compiling is-macro v0.3.7
[INFO] [stderr]    Compiling tracing-core v0.1.36
[INFO] [stderr]    Compiling derive_more v1.0.0
[INFO] [stderr]    Compiling quote v1.0.44
[INFO] [stderr]    Compiling regex-syntax v0.8.9
[INFO] [stderr]    Compiling form_urlencoded v1.2.2
[INFO] [stderr]    Compiling rustpython-parser-core v0.4.0
[INFO] [stderr]    Compiling idna v1.1.0
[INFO] [stderr]    Compiling openssl-sys v0.9.111
[INFO] [stderr]    Compiling libz-sys v1.1.23
[INFO] [stderr]    Compiling libssh2-sys v0.3.1
[INFO] [stderr]    Compiling libgit2-sys v0.16.2+1.7.2
[INFO] [stderr]    Compiling phf v0.11.3
[INFO] [stderr]    Compiling tracing v0.1.44
[INFO] [stderr]    Compiling syn v2.0.116
[INFO] [stderr]    Compiling ppv-lite86 v0.2.21
[INFO] [stderr]    Compiling regex-automata v0.4.14
[INFO] [stderr]    Compiling rand_chacha v0.3.1
[INFO] [stderr]    Compiling rand v0.8.5
[INFO] [stderr]    Compiling hashbrown v0.14.5
[INFO] [stderr]    Compiling url v2.5.8
[INFO] [stderr]    Compiling tracing-log v0.2.0
[INFO] [stderr]    Compiling unic-ucd-ident v0.9.0
[INFO] [stderr]    Compiling unic-emoji-char v0.9.0
[INFO] [stderr]    Compiling phf_generator v0.11.3
[INFO] [stderr]    Compiling phf_codegen v0.11.3
[INFO] [stderr]    Compiling unicode_names2_generator v1.3.0
[INFO] [stderr]    Compiling rustpython-parser v0.4.0
[INFO] [stderr]    Compiling malachite-base v0.4.22
[INFO] [stderr]    Compiling lalrpop-util v0.20.2
[INFO] [stderr]    Compiling rustc-hash v1.1.0
[INFO] [stderr]    Compiling unicode_names2 v1.3.0
[INFO] [stderr]    Compiling heck v0.5.0
[INFO] [stderr]    Compiling matchers v0.2.0
[INFO] [stderr]    Compiling tracing-subscriber v0.3.22
[INFO] [stderr]    Compiling prettyplease v0.2.37
[INFO] [stderr]    Compiling malachite-q v0.4.22
[INFO] [stderr]    Compiling malachite v0.4.22
[INFO] [stderr]    Compiling malachite-bigint v0.2.3
[INFO] [stderr]    Compiling rustpython-ast v0.4.0
[INFO] [stderr]    Compiling git2 v0.18.3
[INFO] [stderr]    Compiling rustify-ml v0.1.2 (/opt/rustwide/workdir)
[INFO] [stderr] warning: unused dependency `prettyplease`
[INFO] [stderr]   --> Cargo.toml:32:15
[INFO] [stderr]    |
[INFO] [stderr] 32 | [dependencies.prettyplease]
[INFO] [stderr]    |               ^^^^^^^^^^^^^
[INFO] [stderr]    |
[INFO] [stderr]    = note: `cargo::unused_dependencies` is set to `warn` by default
[INFO] [stderr] help: consider removing the dependency on `prettyplease`
[INFO] [stderr] warning: `rustify-ml` (manifest) generated 1 warning
[INFO] [stderr]     Finished `release` profile [optimized] target(s) in 4m 38s
[INFO] running `Command { std: "docker" "inspect" "cbc7be90afe2fe22647fdbcea5c2766654abf42e64a4203aa2b14cb644ee269b", kill_on_drop: false }`
[INFO] running `Command { std: "docker" "exec" "-e" "SOURCE_DIR=/opt/rustwide/workdir" "-e" "CARGO_HOME=/opt/rustwide/cargo-home" "-e" "RUSTUP_HOME=/opt/rustwide/rustup-home" "-e" "CARGO_TARGET_DIR=/opt/rustwide/target" "-e" "CARGO_INCREMENTAL=0" "-e" "RUST_BACKTRACE=full" "-e" "RUSTFLAGS=--cap-lints=warn" "-e" "RUSTDOCFLAGS=--cap-lints=warn" "-w" "/opt/rustwide/workdir" "--user" "0:0" "cbc7be90afe2fe22647fdbcea5c2766654abf42e64a4203aa2b14cb644ee269b" "/opt/rustwide/cargo-home/bin/cargo" "+1.100.0-beta.1" "test" "--frozen" "--no-run" "--message-format=json" "--release", kill_on_drop: false }`
[INFO] [stderr] warning: `package.homepage` is redundant with `package.repository`
[INFO] [stderr]   --> Cargo.toml:92:12
[INFO] [stderr]    |
[INFO] [stderr] 92 | homepage = "https://github.com/homezloco/rustify-ml"
[INFO] [stderr]    |            ^^^^^^^^^^^^^^^^^^^^^^^^^^^^^^^^^^^^^^^^^
[INFO] [stderr] ...
[INFO] [stderr] 97 | repository = "https://github.com/homezloco/rustify-ml"
[INFO] [stderr]    |              -----------------------------------------
[INFO] [stderr]    |
[INFO] [stderr]    = note: `cargo::redundant_homepage` is set to `warn` by default
[INFO] [stderr] help: consider removing `package.homepage`
[INFO] [stderr] warning: `rustify-ml` (manifest) generated 1 warning
[INFO] [stderr]    Compiling zerocopy v0.8.39
[INFO] [stderr]    Compiling zerocopy-derive v0.8.39
[INFO] [stderr]    Compiling regex-automata v0.4.14
[INFO] [stderr]    Compiling serde v1.0.228
[INFO] [stderr]    Compiling plotters-backend v0.3.7
[INFO] [stderr]    Compiling ciborium-io v0.2.2
[INFO] [stderr]    Compiling serde_json v1.0.149
[INFO] [stderr]    Compiling itertools v0.10.5
[INFO] [stderr]    Compiling cast v0.3.0
[INFO] [stderr]    Compiling rayon v1.11.0
[INFO] [stderr]    Compiling is-terminal v0.4.17
[INFO] [stderr]    Compiling anes v0.1.6
[INFO] [stderr]    Compiling plotters-svg v0.3.7
[INFO] [stderr]    Compiling oorandom v11.1.5
[INFO] [stderr]    Compiling plotters v0.3.7
[INFO] [stderr]    Compiling tinytemplate v1.2.1
[INFO] [stderr]    Compiling criterion-plot v0.5.0
[INFO] [stderr]    Compiling matchers v0.2.0
[INFO] [stderr]    Compiling regex v1.12.3
[INFO] [stderr]    Compiling tracing-subscriber v0.3.22
[INFO] [stderr]    Compiling ahash v0.8.12
[INFO] [stderr]    Compiling half v2.7.1
[INFO] [stderr]    Compiling hashbrown v0.14.5
[INFO] [stderr]    Compiling ciborium-ll v0.2.2
[INFO] [stderr]    Compiling ciborium v0.2.2
[INFO] [stderr]    Compiling malachite-base v0.4.22
[INFO] [stderr]    Compiling criterion v0.5.1
[INFO] [stderr]    Compiling malachite-nz v0.4.22
[INFO] [stderr]    Compiling malachite-q v0.4.22
[INFO] [stderr]    Compiling malachite v0.4.22
[INFO] [stderr]    Compiling malachite-bigint v0.2.3
[INFO] [stderr]    Compiling rustpython-ast v0.4.0
[INFO] [stderr]    Compiling rustpython-parser v0.4.0
[INFO] [stderr]    Compiling rustify-ml v0.1.2 (/opt/rustwide/workdir)
[INFO] [stderr] warning: unused dependency `prettyplease`
[INFO] [stderr]   --> Cargo.toml:32:15
[INFO] [stderr]    |
[INFO] [stderr] 32 | [dependencies.prettyplease]
[INFO] [stderr]    |               ^^^^^^^^^^^^^
[INFO] [stderr]    |
[INFO] [stderr]    = note: `cargo::unused_dependencies` is set to `warn` by default
[INFO] [stderr] help: consider removing the dependency on `prettyplease`
[INFO] [stderr] warning: `rustify-ml` (manifest) generated 1 warning
[INFO] [stderr]     Finished `release` profile [optimized] target(s) in 2m 38s
[INFO] running `Command { std: "docker" "inspect" "cbc7be90afe2fe22647fdbcea5c2766654abf42e64a4203aa2b14cb644ee269b", kill_on_drop: false }`
[INFO] running `Command { std: "docker" "exec" "-e" "SOURCE_DIR=/opt/rustwide/workdir" "-e" "CARGO_HOME=/opt/rustwide/cargo-home" "-e" "RUSTUP_HOME=/opt/rustwide/rustup-home" "-e" "CARGO_TARGET_DIR=/opt/rustwide/target" "-e" "CARGO_INCREMENTAL=0" "-e" "RUST_BACKTRACE=full" "-e" "RUSTFLAGS=--cap-lints=warn" "-e" "RUSTDOCFLAGS=--cap-lints=warn" "-w" "/opt/rustwide/workdir" "--user" "0:0" "cbc7be90afe2fe22647fdbcea5c2766654abf42e64a4203aa2b14cb644ee269b" "/opt/rustwide/cargo-home/bin/cargo" "+1.100.0-beta.1" "test" "--frozen" "--release", kill_on_drop: false }`
[INFO] [stderr] warning: `package.homepage` is redundant with `package.repository`
[INFO] [stderr]   --> Cargo.toml:92:12
[INFO] [stderr]    |
[INFO] [stderr] 92 | homepage = "https://github.com/homezloco/rustify-ml"
[INFO] [stderr]    |            ^^^^^^^^^^^^^^^^^^^^^^^^^^^^^^^^^^^^^^^^^
[INFO] [stderr] ...
[INFO] [stderr] 97 | repository = "https://github.com/homezloco/rustify-ml"
[INFO] [stderr]    |              -----------------------------------------
[INFO] [stderr]    |
[INFO] [stderr]    = note: `cargo::redundant_homepage` is set to `warn` by default
[INFO] [stderr] help: consider removing `package.homepage`
[INFO] [stderr] warning: `rustify-ml` (manifest) generated 1 warning
[INFO] [stderr] warning: unused dependency `prettyplease`
[INFO] [stderr]   --> Cargo.toml:32:15
[INFO] [stderr]    |
[INFO] [stderr] 32 | [dependencies.prettyplease]
[INFO] [stderr]    |               ^^^^^^^^^^^^^
[INFO] [stderr]    |
[INFO] [stderr]    = note: `cargo::unused_dependencies` is set to `warn` by default
[INFO] [stderr] help: consider removing the dependency on `prettyplease`
[INFO] [stderr] warning: `rustify-ml` (manifest) generated 1 warning
[INFO] [stderr]     Finished `release` profile [optimized] target(s) in 0.21s
[INFO] [stderr]      Running unittests src/lib.rs (/opt/rustwide/target/release/build/rustify-ml/3205f752755d8dbc/out/rustify_ml-3205f752755d8dbc)
[INFO] [stdout] 
[INFO] [stdout] running 18 tests
[INFO] [stdout] test generator::tests::test_expr_to_rust_range_and_len ... ok
[INFO] [stdout] test generator::tests::test_expr_to_rust_binop_pow ... ok
[INFO] [stdout] test generator::tests::test_render_len_checks_multiple_vecs ... ok
[INFO] [stdout] test generator::tests::test_ndarray_mode_no_numpy_import_stays_vec ... ok
[INFO] [stdout] test generator::tests::test_translate_dot_product_zero_fallback ... ok
[INFO] [stdout] test generator::tests::test_translate_euclidean_body ... ok
[INFO] [stdout] test generator::tests::test_translate_argmax_tuple_return ... ok
[INFO] [stdout] test generator::tests::test_translate_list_comprehension ... ok
[INFO] [stdout] test generator::tests::test_translate_matmul_nested_loops ... ok
[INFO] [stdout] test generator::tests::test_generate_integration_euclidean ... ok
[INFO] [stdout] test generator::tests::test_translate_nested_for_else_triggers_fallback ... ok
[INFO] [stdout] test generator::tests::test_ndarray_mode_replaces_vec_params ... ok
[INFO] [stdout] test generator::tests::test_translate_while_loop_bool_flag ... ok
[INFO] [stdout] test generator::tests::test_translate_stmt_list_init ... ok
[INFO] [stdout] test generator::tests::test_translate_stmt_float_assign_init ... ok
[INFO] [stdout] test generator::tests::test_translate_while_comparison ... ok
[INFO] [stdout] test generator::tests::test_translate_stmt_subscript_assign ... ok
[INFO] [stdout] test profiler::tests::test_parse_hotspots_filters_and_sorts ... ok
[INFO] [stdout] 
[INFO] [stdout] test result: ok. 18 passed; 0 failed; 0 ignored; 0 measured; 0 filtered out; finished in 0.01s
[INFO] [stdout] 
[INFO] [stderr]      Running unittests src/main.rs (/opt/rustwide/target/release/build/rustify-ml/9b7c9c1e63188ca9/out/rustify_ml-9b7c9c1e63188ca9)
[INFO] [stderr]      Running tests/integration.rs (/opt/rustwide/target/release/build/rustify-ml/e76403c1bb33768c/out/integration-e76403c1bb33768c)
[INFO] [stdout] 
[INFO] [stdout] running 0 tests
[INFO] [stdout] 
[INFO] [stdout] test result: ok. 0 passed; 0 failed; 0 ignored; 0 measured; 0 filtered out; finished in 0.00s
[INFO] [stdout] 
[INFO] [stdout] 
[INFO] [stdout] running 15 tests
[INFO] [stdout] test integration_euclidean_len_check_emitted ... ok
[INFO] [stdout] test integration_dot_product_zero_fallback ... ok
[INFO] [stdout] test integration_euclidean_lib_rs_content ... ok
[INFO] [stdout] test integration_dry_run_still_writes_files ... ok
[INFO] [stdout] test integration_euclidean_zero_fallback ... ok
[INFO] [stdout] test integration_count_pairs_generates_while_loop ... ok
[INFO] [stdout] test integration_matmul_zero_fallback ... ok
[INFO] [stdout] test integration_euclidean_pow_translated ... FAILED
[INFO] [stdout] test integration_euclidean_golden ... FAILED
[INFO] [stdout] test integration_bpe_encode_generates ... ok
[INFO] [stdout] test integration_nested_for_else_fallback ... ok
[INFO] [stdout] test integration_multiple_targets_same_file ... ok
[INFO] [stdout] test integration_normalize_pixels_zero_fallback ... ok
[INFO] [stdout] test integration_normalize_pixels_generates ... ok
[INFO] [stdout] test integration_slow_tokenizer_zero_fallback ... ok
[INFO] [stdout] 
[INFO] [stdout] failures:
[INFO] [stdout] 
[INFO] [stdout] ---- integration_euclidean_pow_translated stdout ----
[INFO] [stdout] 
[INFO] [stdout] thread 'integration_euclidean_pow_translated' (3027) panicked at tests/integration.rs:418:5:
[INFO] [stdout] expected powf translation for ** operator
[INFO] [stdout] stack backtrace:
[INFO] [stdout]    0:     0x5b3123bd3f01 - <<std[617be2ca0a6fd877]::sys::backtrace::BacktraceLock>::print::DisplayBacktrace as core[a373ad73a504971]::fmt::Display>::fmt
[INFO] [stdout]    1:     0x5b3123be9bda - core[a373ad73a504971]::fmt::write
[INFO] [stdout]    2:     0x5b3123bd889c - <alloc[2e1b2a31b91974c5]::vec::Vec<u8> as core[a373ad73a504971]::io::write::Write>::write_fmt
[INFO] [stdout]    3:     0x5b3123bae426 - std[617be2ca0a6fd877]::panicking::default_hook::{closure#0}
[INFO] [stdout]    4:     0x5b3123bcb7c9 - std[617be2ca0a6fd877]::panicking::default_hook
[INFO] [stdout]    5:     0x5b3123a035b0 - test[aada8e7e76ba119b]::test_main_inner::{closure#0}
[INFO] [stdout]    6:     0x5b3123bcb982 - std[617be2ca0a6fd877]::panicking::panic_with_hook
[INFO] [stdout]    7:     0x5b3123bae504 - std[617be2ca0a6fd877]::panicking::panic_handler::{closure#0}
[INFO] [stdout]    8:     0x5b3123ba69a9 - std[617be2ca0a6fd877]::sys::backtrace::__rust_end_short_backtrace::<std[617be2ca0a6fd877]::panicking::panic_handler::{closure#0}, !>
[INFO] [stdout]    9:     0x5b3123baf1ed - __rustc[ea4f61d10b84890b]::rust_begin_unwind
[INFO] [stdout]   10:     0x5b3123bea33c - core[a373ad73a504971]::panicking::panic_fmt
[INFO] [stdout]   11:     0x5b31239f33d3 - <integration[caca22ac2b8a7589]::integration_euclidean_pow_translated::{closure#0} as core[a373ad73a504971]::ops::function::FnOnce<()>>::call_once
[INFO] [stdout]   12:     0x5b31239f69fb - test[aada8e7e76ba119b]::__rust_begin_short_backtrace::<core[a373ad73a504971]::result::Result<(), alloc[2e1b2a31b91974c5]::string::String>, fn() -> core[a373ad73a504971]::result::Result<(), alloc[2e1b2a31b91974c5]::string::String>>
[INFO] [stdout]   13:     0x5b3123a03bd5 - test[aada8e7e76ba119b]::run_test::{closure#0}
[INFO] [stdout]   14:     0x5b31239fd4c4 - std[617be2ca0a6fd877]::sys::backtrace::__rust_begin_short_backtrace::<test[aada8e7e76ba119b]::run_test::{closure#1}, ()>
[INFO] [stdout]   15:     0x5b3123a06c62 - <std[617be2ca0a6fd877]::thread::lifecycle::spawn_unchecked<test[aada8e7e76ba119b]::run_test::{closure#1}, ()>::{closure#1} as core[a373ad73a504971]::ops::function::FnOnce<()>>::call_once::{shim:vtable#0}
[INFO] [stdout]   16:     0x5b3123bd31ef - <std[617be2ca0a6fd877]::sys::thread::unix::Thread>::new::thread_start
[INFO] [stdout]   17:     0x73a849fcddfa - <unknown>
[INFO] [stdout]   18:     0x73a84a0613d4 - clone
[INFO] [stdout]   19:                0x0 - <unknown>
[INFO] [stdout] 
[INFO] [stdout] ---- integration_euclidean_golden stdout ----
[INFO] [stdout] 
[INFO] [stdout] thread 'integration_euclidean_golden' (3024) panicked at tests/integration.rs:374:9:
[INFO] [stdout] golden snapshot missing pattern "powf("
[INFO] [stdout] 
[INFO] [stdout] Actual lib.rs:
[INFO] [stdout] #![allow(unsafe_op_in_unsafe_fn)]
[INFO] [stdout] use pyo3::prelude::*;
[INFO] [stdout] use pyo3::Bound;
[INFO] [stdout] 
[INFO] [stdout] #[pyfunction]
[INFO] [stdout] /// Auto-generated from Python hotspot `euclidean` at line 1 (100.00%): integration test
[INFO] [stdout] pub fn euclidean(py: Python, p1: Vec<f64>, p2: Vec<f64>) -> PyResult<f64> {
[INFO] [stdout]     let _ = py; // reserved for future GIL use
[INFO] [stdout]         if p1.len() != p2.len() {
[INFO] [stdout]         return Err(pyo3::exceptions::PyValueError::new_err("length mismatch"));
[INFO] [stdout]     }
[INFO] [stdout] 
[INFO] [stdout]     let mut total: f64 = 0.0;
[INFO] [stdout]     for i in 0..p1.len() {
[INFO] [stdout]         let diff = p1[i] - p2[i];
[INFO] [stdout]         total += diff * diff;
[INFO] [stdout]     }
[INFO] [stdout]     Ok(total.sqrt())
[INFO] [stdout] }
[INFO] [stdout] 
[INFO] [stdout] #[pymodule]
[INFO] [stdout] fn rustify_ml_ext(_py: Python, m: &Bound<'_, PyModule>) -> PyResult<()> {
[INFO] [stdout] m.add_function(wrap_pyfunction!(euclidean, m)?)?;
[INFO] [stdout] Ok(())
[INFO] [stdout] }
[INFO] [stdout] 
[INFO] [stdout] stack backtrace:
[INFO] [stdout]    0:     0x5b3123bd3f01 - <<std[617be2ca0a6fd877]::sys::backtrace::BacktraceLock>::print::DisplayBacktrace as core[a373ad73a504971]::fmt::Display>::fmt
[INFO] [stdout]    1:     0x5b3123be9bda - core[a373ad73a504971]::fmt::write
[INFO] [stdout]    2:     0x5b3123bd889c - <alloc[2e1b2a31b91974c5]::vec::Vec<u8> as core[a373ad73a504971]::io::write::Write>::write_fmt
[INFO] [stdout]    3:     0x5b3123bae426 - std[617be2ca0a6fd877]::panicking::default_hook::{closure#0}
[INFO] [stdout]    4:     0x5b3123bcb7c9 - std[617be2ca0a6fd877]::panicking::default_hook
[INFO] [stdout]    5:     0x5b3123a035b0 - test[aada8e7e76ba119b]::test_main_inner::{closure#0}
[INFO] [stdout]    6:     0x5b3123bcb982 - std[617be2ca0a6fd877]::panicking::panic_with_hook
[INFO] [stdout]    7:     0x5b3123bae4d2 - std[617be2ca0a6fd877]::panicking::panic_handler::{closure#0}
[INFO] [stdout]    8:     0x5b3123ba69a9 - std[617be2ca0a6fd877]::sys::backtrace::__rust_end_short_backtrace::<std[617be2ca0a6fd877]::panicking::panic_handler::{closure#0}, !>
[INFO] [stdout]    9:     0x5b3123baf1ed - __rustc[ea4f61d10b84890b]::rust_begin_unwind
[INFO] [stdout]   10:     0x5b3123bea33c - core[a373ad73a504971]::panicking::panic_fmt
[INFO] [stdout]   11:     0x5b31239f14d5 - <integration[caca22ac2b8a7589]::integration_euclidean_golden::{closure#0} as core[a373ad73a504971]::ops::function::FnOnce<()>>::call_once
[INFO] [stdout]   12:     0x5b31239f69fb - test[aada8e7e76ba119b]::__rust_begin_short_backtrace::<core[a373ad73a504971]::result::Result<(), alloc[2e1b2a31b91974c5]::string::String>, fn() -> core[a373ad73a504971]::result::Result<(), alloc[2e1b2a31b91974c5]::string::String>>
[INFO] [stdout]   13:     0x5b3123a03bd5 - test[aada8e7e76ba119b]::run_test::{closure#0}
[INFO] [stdout]   14:     0x5b31239fd4c4 - std[617be2ca0a6fd877]::sys::backtrace::__rust_begin_short_backtrace::<test[aada8e7e76ba119b]::run_test::{closure#1}, ()>
[INFO] [stdout]   15:     0x5b3123a06c62 - <std[617be2ca0a6fd877]::thread::lifecycle::spawn_unchecked<test[aada8e7e76ba119b]::run_test::{closure#1}, ()>::{closure#1} as core[a373ad73a504971]::ops::function::FnOnce<()>>::call_once::{shim:vtable#0}
[INFO] [stdout]   16:     0x5b3123bd31ef - <std[617be2ca0a6fd877]::sys::thread::unix::Thread>::new::thread_start
[INFO] [stdout]   17:     0x73a849fcddfa - <unknown>
[INFO] [stdout]   18:     0x73a84a0613d4 - clone
[INFO] [stdout]   19:                0x0 - <unknown>
[INFO] [stdout] 
[INFO] [stdout] 
[INFO] [stdout] failures:
[INFO] [stdout]     integration_euclidean_golden
[INFO] [stdout]     integration_euclidean_pow_translated
[INFO] [stdout] 
[INFO] [stdout] test result: FAILED. 13 passed; 2 failed; 0 ignored; 0 measured; 0 filtered out; finished in 0.01s
[INFO] [stdout] 
[INFO] [stderr] error: test failed, to rerun pass `--test integration`
[INFO] running `Command { std: "docker" "inspect" "cbc7be90afe2fe22647fdbcea5c2766654abf42e64a4203aa2b14cb644ee269b", kill_on_drop: false }`
[INFO] running `Command { std: "docker" "rm" "-f" "cbc7be90afe2fe22647fdbcea5c2766654abf42e64a4203aa2b14cb644ee269b", kill_on_drop: false }`
[INFO] [stdout] cbc7be90afe2fe22647fdbcea5c2766654abf42e64a4203aa2b14cb644ee269b
