[INFO] fetching crate rustifact 0.10.1...
[INFO] testing rustifact-0.10.1 against 1.99.0-beta.8+cargoflags=--release for beta-release-1.100-2
[INFO] extracting crate rustifact 0.10.1 into /workspace/builds/worker-4-tc1/source
[INFO] started tweaking crates.io crate rustifact 0.10.1
[INFO] finished tweaking crates.io crate rustifact 0.10.1
[INFO] tweaked toml for crates.io crate rustifact 0.10.1 written to /workspace/builds/worker-4-tc1/source/Cargo.toml
[INFO] validating manifest of crates.io crate rustifact 0.10.1 on toolchain 1.99.0-beta.8
[INFO] running `Command { std: CARGO_HOME="/workspace/cargo-home" RUSTUP_HOME="/workspace/rustup-home" "/workspace/cargo-home/bin/cargo" "+1.99.0-beta.8" "metadata" "--manifest-path" "Cargo.toml" "--no-deps", kill_on_drop: false }`
[INFO] running `Command { std: CARGO_HOME="/workspace/cargo-home" RUSTUP_HOME="/workspace/rustup-home" "/workspace/cargo-home/bin/cargo" "+1.99.0-beta.8" "generate-lockfile" "--manifest-path" "Cargo.toml", kill_on_drop: false }`
[INFO] [stderr]     Updating crates.io index
[INFO] [stderr]      Locking 13 packages to highest compatible versions
[INFO] [stderr]       Adding phf v0.11.3 (available: v0.14.0)
[INFO] [stderr]       Adding phf_codegen v0.11.3 (available: v0.14.0)
[INFO] [stderr]       Adding phf_generator v0.11.3 (available: v0.14.0)
[INFO] [stderr]       Adding phf_shared v0.11.3 (available: v0.14.0)
[INFO] [stderr]       Adding prettyplease v0.2.37 (available: v0.3.0)
[INFO] [stderr]       Adding syn v2.0.119 (available: v3.0.9)
[INFO] running `Command { std: CARGO_HOME="/workspace/cargo-home" RUSTUP_HOME="/workspace/rustup-home" "/workspace/cargo-home/bin/cargo" "+1.99.0-beta.8" "fetch" "--manifest-path" "Cargo.toml", kill_on_drop: false }`
[INFO] [stderr]  Downloading crates ...
[INFO] [stderr]   Downloaded rustifact_derive v0.2.0
[INFO] running `Command { std: "docker" "create" "-v" "/var/lib/crater-agent-workspace/builds/worker-4-tc1/source:/opt/rustwide/workdir:ro,Z" "-v" "/var/lib/crater-agent-workspace/builds/worker-4-tc1/target:/opt/rustwide/target:rw,Z" "-v" "/var/lib/crater-agent-workspace/cargo-home:/opt/rustwide/cargo-home:ro,Z" "-v" "/var/lib/crater-agent-workspace/rustup-home:/opt/rustwide/rustup-home:ro,Z" "-m" "1610612736" "--network" "none" "ghcr.io/rust-lang/crates-build-env/linux@sha256:77db811e55d90add9212f6832c23229e3de5f1c1f9905e8cb07319ea15df73ac" "sleep" "infinity", kill_on_drop: false }`
[INFO] [stdout] eb793eac73ed84bf4ce8b5cc824d693e356dd0dc5a994c8dbf7e05d64073eade
[INFO] running `Command { std: "docker" "start" "eb793eac73ed84bf4ce8b5cc824d693e356dd0dc5a994c8dbf7e05d64073eade", kill_on_drop: false }`
[INFO] running `Command { std: "docker" "inspect" "eb793eac73ed84bf4ce8b5cc824d693e356dd0dc5a994c8dbf7e05d64073eade", kill_on_drop: false }`
[INFO] running `Command { std: "docker" "exec" "-e" "SOURCE_DIR=/opt/rustwide/workdir" "-e" "CARGO_HOME=/opt/rustwide/cargo-home" "-e" "RUSTUP_HOME=/opt/rustwide/rustup-home" "-e" "CARGO_TARGET_DIR=/opt/rustwide/target" "-w" "/opt/rustwide/workdir" "--user" "0:0" "eb793eac73ed84bf4ce8b5cc824d693e356dd0dc5a994c8dbf7e05d64073eade" "/opt/rustwide/cargo-home/bin/cargo" "+1.99.0-beta.8" "metadata" "--no-deps" "--format-version=1", kill_on_drop: false }`
[INFO] running `Command { std: "docker" "inspect" "eb793eac73ed84bf4ce8b5cc824d693e356dd0dc5a994c8dbf7e05d64073eade", kill_on_drop: false }`
[INFO] running `Command { std: "docker" "exec" "-e" "SOURCE_DIR=/opt/rustwide/workdir" "-e" "CARGO_HOME=/opt/rustwide/cargo-home" "-e" "RUSTUP_HOME=/opt/rustwide/rustup-home" "-e" "CARGO_TARGET_DIR=/opt/rustwide/target" "-e" "CARGO_INCREMENTAL=0" "-e" "RUST_BACKTRACE=full" "-e" "RUSTFLAGS=--cap-lints=warn" "-e" "RUSTDOCFLAGS=--cap-lints=warn" "-w" "/opt/rustwide/workdir" "--user" "0:0" "eb793eac73ed84bf4ce8b5cc824d693e356dd0dc5a994c8dbf7e05d64073eade" "/opt/rustwide/cargo-home/bin/cargo" "+1.99.0-beta.8" "build" "--frozen" "--message-format=json" "--release", kill_on_drop: false }`
[INFO] [stderr]    Compiling proc-macro2 v1.0.107
[INFO] [stderr]    Compiling unicode-ident v1.0.27
[INFO] [stderr]    Compiling quote v1.0.47
[INFO] [stderr]    Compiling prettyplease v0.2.37
[INFO] [stderr]    Compiling rustifact v0.10.1 (/opt/rustwide/workdir)
[INFO] [stderr]    Compiling syn v2.0.119
[INFO] [stderr]    Compiling rustifact_derive v0.2.0
[INFO] [stderr]     Finished `release` profile [optimized] target(s) in 23.77s
[INFO] running `Command { std: "docker" "inspect" "eb793eac73ed84bf4ce8b5cc824d693e356dd0dc5a994c8dbf7e05d64073eade", kill_on_drop: false }`
[INFO] running `Command { std: "docker" "exec" "-e" "SOURCE_DIR=/opt/rustwide/workdir" "-e" "CARGO_HOME=/opt/rustwide/cargo-home" "-e" "RUSTUP_HOME=/opt/rustwide/rustup-home" "-e" "CARGO_TARGET_DIR=/opt/rustwide/target" "-e" "CARGO_INCREMENTAL=0" "-e" "RUST_BACKTRACE=full" "-e" "RUSTFLAGS=--cap-lints=warn" "-e" "RUSTDOCFLAGS=--cap-lints=warn" "-w" "/opt/rustwide/workdir" "--user" "0:0" "eb793eac73ed84bf4ce8b5cc824d693e356dd0dc5a994c8dbf7e05d64073eade" "/opt/rustwide/cargo-home/bin/cargo" "+1.99.0-beta.8" "test" "--frozen" "--no-run" "--message-format=json" "--release", kill_on_drop: false }`
[INFO] [stderr]    Compiling rustifact v0.10.1 (/opt/rustwide/workdir)
[INFO] [stderr]     Finished `release` profile [optimized] target(s) in 0.78s
[INFO] running `Command { std: "docker" "inspect" "eb793eac73ed84bf4ce8b5cc824d693e356dd0dc5a994c8dbf7e05d64073eade", kill_on_drop: false }`
[INFO] running `Command { std: "docker" "exec" "-e" "SOURCE_DIR=/opt/rustwide/workdir" "-e" "CARGO_HOME=/opt/rustwide/cargo-home" "-e" "RUSTUP_HOME=/opt/rustwide/rustup-home" "-e" "CARGO_TARGET_DIR=/opt/rustwide/target" "-e" "CARGO_INCREMENTAL=0" "-e" "RUST_BACKTRACE=full" "-e" "RUSTFLAGS=--cap-lints=warn" "-e" "RUSTDOCFLAGS=--cap-lints=warn" "-w" "/opt/rustwide/workdir" "--user" "0:0" "eb793eac73ed84bf4ce8b5cc824d693e356dd0dc5a994c8dbf7e05d64073eade" "/opt/rustwide/cargo-home/bin/cargo" "+1.99.0-beta.8" "test" "--frozen" "--release", kill_on_drop: false }`
[INFO] [stderr]     Finished `release` profile [optimized] target(s) in 0.02s
[INFO] [stderr]      Running unittests src/lib.rs (/opt/rustwide/target/release/deps/rustifact-78c665b4cfa25321)
[INFO] [stdout] 
[INFO] [stderr]    Doc-tests rustifact
[INFO] [stdout] running 0 tests
[INFO] [stdout] 
[INFO] [stdout] test result: ok. 0 passed; 0 failed; 0 ignored; 0 measured; 0 filtered out; finished in 0.00s
[INFO] [stdout] 
[INFO] [stdout] 
[INFO] [stdout] running 17 tests
[INFO] [stdout] test src/lib.rs - (line 85) - compile ... FAILED
[INFO] [stdout] test src/lib.rs - (line 72) - compile ... FAILED
[INFO] [stdout] test src/lib.rs - write_static (line 520) - compile ... FAILED
[INFO] [stdout] test src/lib.rs - write_struct_uniform (line 944) - compile ... FAILED
[INFO] [stdout] test src/lib.rs - write_fn (line 618) - compile ... FAILED
[INFO] [stdout] test src/lib.rs - allow_export (line 315) - compile ... FAILED
[INFO] [stdout] test src/lib.rs - write_fn (line 608) - compile ... ok
[INFO] [stdout] test src/lib.rs - write_const (line 571) - compile ... FAILED
[INFO] [stdout] test src/lib.rs - write_struct (line 884) - compile ... FAILED
[INFO] [stdout] test src/lib.rs - write_const (line 561) - compile ... ok
[INFO] [stdout] test src/lib.rs - write_struct_uniform_init (line 1008) - compile ... FAILED
[INFO] [stdout] test src/lib.rs - write_struct (line 871) - compile ... ok
[INFO] [stdout] test src/lib.rs - write_struct_uniform_init (line 992) - compile ... ok
[INFO] [stdout] test src/lib.rs - write_struct_uniform (line 932) - compile ... ok
[INFO] [stdout] test src/lib.rs - write_static (line 500) - compile ... ok
[INFO] [stdout] test src/lib.rs - (line 48) - compile ... ok
[INFO] [stdout] test src/lib.rs - allow_export (line 305) - compile ... ok
[INFO] [stdout] 
[INFO] [stdout] failures:
[INFO] [stdout] 
[INFO] [stdout] ---- src/lib.rs - (line 85) stdout ----
[INFO] [stdout] error: expected item, found `[`
[INFO] [stdout]   --> src/lib.rs:86:1
[INFO] [stdout]    |
[INFO] [stdout] 86 | [package]
[INFO] [stdout]    | ^ expected item
[INFO] [stdout]    |
[INFO] [stdout]    = note: for a full list of items that can appear in modules, see <https://doc.rust-lang.org/reference/items.html>
[INFO] [stdout] 
[INFO] [stdout] error: aborting due to 1 previous error
[INFO] [stdout] 
[INFO] [stdout] Couldn't compile the test.
[INFO] [stdout] ---- src/lib.rs - (line 72) stdout ----
[INFO] [stdout] error: couldn't find file `/opt/rustwide/target/release/build/rustifact-6f05c60991ef06a4/out/rustifact_rustifact_CONST_A.rs`
[INFO] [stdout]   --> src/lib.rs:74:1
[INFO] [stdout]    |
[INFO] [stdout] 74 | rustifact::use_symbols!(CONST_A, STATIC_B, get_c, ARRAY_1, ARRAY_2);
[INFO] [stdout]    | ^^^^^^^^^^^^^^^^^^^^^^^^^^^^^^^^^^^^^^^^^^^^^^^^^^^^^^^^^^^^^^^^^^^
[INFO] [stdout]    |
[INFO] [stdout]    = note: this error originates in the macro `include` which comes from the expansion of the macro `rustifact::use_symbols` (in Nightly builds, run with -Z macro-backtrace for more info)
[INFO] [stdout] 
[INFO] [stdout] error: aborting due to 1 previous error
[INFO] [stdout] 
[INFO] [stdout] Couldn't compile the test.
[INFO] [stdout] ---- src/lib.rs - write_static (line 520) stdout ----
[INFO] [stdout] error: couldn't find file `/opt/rustwide/target/release/build/rustifact-6f05c60991ef06a4/out/rustifact_rustifact_UNAME_OUTPUT.rs`
[INFO] [stdout]    --> src/lib.rs:522:1
[INFO] [stdout]     |
[INFO] [stdout] 522 | rustifact::use_symbols!(UNAME_OUTPUT, DMESG_OUTPUT);
[INFO] [stdout]     | ^^^^^^^^^^^^^^^^^^^^^^^^^^^^^^^^^^^^^^^^^^^^^^^^^^^
[INFO] [stdout]     |
[INFO] [stdout]     = note: this error originates in the macro `include` which comes from the expansion of the macro `rustifact::use_symbols` (in Nightly builds, run with -Z macro-backtrace for more info)
[INFO] [stdout] 
[INFO] [stdout] error: aborting due to 1 previous error
[INFO] [stdout] 
[INFO] [stdout] Couldn't compile the test.
[INFO] [stdout] ---- src/lib.rs - write_struct_uniform (line 944) stdout ----
[INFO] [stdout] error: couldn't find file `/opt/rustwide/target/release/build/rustifact-6f05c60991ef06a4/out/rustifact_rustifact_Foo.rs`
[INFO] [stdout]    --> src/lib.rs:946:1
[INFO] [stdout]     |
[INFO] [stdout] 946 | rustifact::use_symbols!(Foo);
[INFO] [stdout]     | ^^^^^^^^^^^^^^^^^^^^^^^^^^^^
[INFO] [stdout]     |
[INFO] [stdout]     = note: this error originates in the macro `include` which comes from the expansion of the macro `rustifact::use_symbols` (in Nightly builds, run with -Z macro-backtrace for more info)
[INFO] [stdout] 
[INFO] [stdout] error: aborting due to 1 previous error
[INFO] [stdout] 
[INFO] [stdout] Couldn't compile the test.
[INFO] [stdout] ---- src/lib.rs - write_fn (line 618) stdout ----
[INFO] [stdout] error: couldn't find file `/opt/rustwide/target/release/build/rustifact-6f05c60991ef06a4/out/rustifact_rustifact_get_vecs.rs`
[INFO] [stdout]    --> src/lib.rs:620:1
[INFO] [stdout]     |
[INFO] [stdout] 620 | rustifact::use_symbols!(get_vecs);
[INFO] [stdout]     | ^^^^^^^^^^^^^^^^^^^^^^^^^^^^^^^^^
[INFO] [stdout]     |
[INFO] [stdout]     = help: you might have meant to open `/opt/rustwide/target/release/build/rustifact-6f05c60991ef06a4/out/rustifact_rustifact_write_vector_fn.rs`
[INFO] [stdout]     = note: this error originates in the macro `include` which comes from the expansion of the macro `rustifact::use_symbols` (in Nightly builds, run with -Z macro-backtrace for more info)
[INFO] [stdout] 
[INFO] [stdout] error: aborting due to 1 previous error
[INFO] [stdout] 
[INFO] [stdout] Couldn't compile the test.
[INFO] [stdout] ---- src/lib.rs - allow_export (line 315) stdout ----
[INFO] [stdout] error: couldn't find file `/opt/rustwide/target/release/build/rustifact-6f05c60991ef06a4/out/rustifact__pub__rustifact_FOO.rs`
[INFO] [stdout]    --> src/lib.rs:317:1
[INFO] [stdout]     |
[INFO] [stdout] 317 | rustifact::export_symbols!(FOO);
[INFO] [stdout]     | ^^^^^^^^^^^^^^^^^^^^^^^^^^^^^^^
[INFO] [stdout]     |
[INFO] [stdout]     = note: this error originates in the macro `include` which comes from the expansion of the macro `rustifact::export_symbols` (in Nightly builds, run with -Z macro-backtrace for more info)
[INFO] [stdout] 
[INFO] [stdout] error: aborting due to 1 previous error
[INFO] [stderr] error: doctest failed, to rerun pass `--doc`
[INFO] [stdout] 
[INFO] [stdout] Couldn't compile the test.
[INFO] [stdout] ---- src/lib.rs - write_const (line 571) stdout ----
[INFO] [stdout] error: couldn't find file `/opt/rustwide/target/release/build/rustifact-6f05c60991ef06a4/out/rustifact_rustifact_MEANING_OF_LIFE.rs`
[INFO] [stdout]    --> src/lib.rs:573:1
[INFO] [stdout]     |
[INFO] [stdout] 573 | rustifact::use_symbols!(MEANING_OF_LIFE);
[INFO] [stdout]     | ^^^^^^^^^^^^^^^^^^^^^^^^^^^^^^^^^^^^^^^^
[INFO] [stdout]     |
[INFO] [stdout]     = note: this error originates in the macro `include` which comes from the expansion of the macro `rustifact::use_symbols` (in Nightly builds, run with -Z macro-backtrace for more info)
[INFO] [stdout] 
[INFO] [stdout] error: aborting due to 1 previous error
[INFO] [stdout] 
[INFO] [stdout] Couldn't compile the test.
[INFO] [stdout] ---- src/lib.rs - write_struct (line 884) stdout ----
[INFO] [stdout] error: couldn't find file `/opt/rustwide/target/release/build/rustifact-6f05c60991ef06a4/out/rustifact_rustifact_Foo.rs`
[INFO] [stdout]    --> src/lib.rs:886:1
[INFO] [stdout]     |
[INFO] [stdout] 886 | rustifact::use_symbols!(Foo);
[INFO] [stdout]     | ^^^^^^^^^^^^^^^^^^^^^^^^^^^^
[INFO] [stdout]     |
[INFO] [stdout]     = note: this error originates in the macro `include` which comes from the expansion of the macro `rustifact::use_symbols` (in Nightly builds, run with -Z macro-backtrace for more info)
[INFO] [stdout] 
[INFO] [stdout] error: aborting due to 1 previous error
[INFO] [stdout] 
[INFO] [stdout] Couldn't compile the test.
[INFO] [stdout] ---- src/lib.rs - write_struct_uniform_init (line 1008) stdout ----
[INFO] [stdout] error: couldn't find file `/opt/rustwide/target/release/build/rustifact-6f05c60991ef06a4/out/rustifact_rustifact_Foo.rs`
[INFO] [stdout]     --> src/lib.rs:1010:1
[INFO] [stdout]      |
[INFO] [stdout] 1010 | rustifact::use_symbols!(Foo);
[INFO] [stdout]      | ^^^^^^^^^^^^^^^^^^^^^^^^^^^^
[INFO] [stdout]      |
[INFO] [stdout]      = note: this error originates in the macro `include` which comes from the expansion of the macro `rustifact::use_symbols` (in Nightly builds, run with -Z macro-backtrace for more info)
[INFO] [stdout] 
[INFO] [stdout] error: aborting due to 1 previous error
[INFO] [stdout] 
[INFO] [stdout] Couldn't compile the test.
[INFO] [stdout] 
[INFO] [stdout] failures:
[INFO] [stdout]     src/lib.rs - (line 72)
[INFO] [stdout]     src/lib.rs - (line 85)
[INFO] [stdout]     src/lib.rs - allow_export (line 315)
[INFO] [stdout]     src/lib.rs - write_const (line 571)
[INFO] [stdout]     src/lib.rs - write_fn (line 618)
[INFO] [stdout]     src/lib.rs - write_static (line 520)
[INFO] [stdout]     src/lib.rs - write_struct (line 884)
[INFO] [stdout]     src/lib.rs - write_struct_uniform (line 944)
[INFO] [stdout]     src/lib.rs - write_struct_uniform_init (line 1008)
[INFO] [stdout] 
[INFO] [stdout] test result: FAILED. 8 passed; 9 failed; 0 ignored; 0 measured; 0 filtered out; finished in 0.27s
[INFO] [stdout] 
[INFO] running `Command { std: "docker" "inspect" "eb793eac73ed84bf4ce8b5cc824d693e356dd0dc5a994c8dbf7e05d64073eade", kill_on_drop: false }`
[INFO] running `Command { std: "docker" "rm" "-f" "eb793eac73ed84bf4ce8b5cc824d693e356dd0dc5a994c8dbf7e05d64073eade", kill_on_drop: false }`
[INFO] [stdout] eb793eac73ed84bf4ce8b5cc824d693e356dd0dc5a994c8dbf7e05d64073eade
