[INFO] fetching crate rustible-github 0.8.1...
[INFO] testing rustible-github-0.8.1 against 1.99.0-beta.8+cargoflags=--release for beta-release-1.100-2
[INFO] extracting crate rustible-github 0.8.1 into /workspace/builds/worker-6-tc1/source
[INFO] started tweaking crates.io crate rustible-github 0.8.1
[INFO] finished tweaking crates.io crate rustible-github 0.8.1
[INFO] tweaked toml for crates.io crate rustible-github 0.8.1 written to /workspace/builds/worker-6-tc1/source/Cargo.toml
[INFO] validating manifest of crates.io crate rustible-github 0.8.1 on toolchain 1.99.0-beta.8
[INFO] running `Command { std: CARGO_HOME="/workspace/cargo-home" RUSTUP_HOME="/workspace/rustup-home" "/workspace/cargo-home/bin/cargo" "+1.99.0-beta.8" "metadata" "--manifest-path" "Cargo.toml" "--no-deps", kill_on_drop: false }`
[INFO] crate crates.io crate rustible-github 0.8.1 already has a lockfile, it will not be regenerated
[INFO] running `Command { std: CARGO_HOME="/workspace/cargo-home" RUSTUP_HOME="/workspace/rustup-home" "/workspace/cargo-home/bin/cargo" "+1.99.0-beta.8" "fetch" "--manifest-path" "Cargo.toml", kill_on_drop: false }`
[INFO] [stderr]     Updating crates.io index
[INFO] [stderr]  Downloading crates ...
[INFO] [stderr]   Downloaded minijinja v3.0.0
[INFO] [stderr]   Downloaded rustible-sdk v0.8.1
[INFO] [stderr]   Downloaded rustible-std v0.8.1
[INFO] running `Command { std: "docker" "create" "-v" "/var/lib/crater-agent-workspace/builds/worker-6-tc1/source:/opt/rustwide/workdir:ro,Z" "-v" "/var/lib/crater-agent-workspace/builds/worker-6-tc1/target:/opt/rustwide/target:rw,Z" "-v" "/var/lib/crater-agent-workspace/cargo-home:/opt/rustwide/cargo-home:ro,Z" "-v" "/var/lib/crater-agent-workspace/rustup-home:/opt/rustwide/rustup-home:ro,Z" "-m" "1610612736" "--network" "none" "ghcr.io/rust-lang/crates-build-env/linux@sha256:77db811e55d90add9212f6832c23229e3de5f1c1f9905e8cb07319ea15df73ac" "sleep" "infinity", kill_on_drop: false }`
[INFO] [stdout] 990a0f40cdc4332646f24187fdf7357fac3ad54fb07b7b61b0a59b683d6b95fd
[INFO] running `Command { std: "docker" "start" "990a0f40cdc4332646f24187fdf7357fac3ad54fb07b7b61b0a59b683d6b95fd", kill_on_drop: false }`
[INFO] running `Command { std: "docker" "inspect" "990a0f40cdc4332646f24187fdf7357fac3ad54fb07b7b61b0a59b683d6b95fd", kill_on_drop: false }`
[INFO] running `Command { std: "docker" "exec" "-e" "SOURCE_DIR=/opt/rustwide/workdir" "-e" "CARGO_HOME=/opt/rustwide/cargo-home" "-e" "RUSTUP_HOME=/opt/rustwide/rustup-home" "-e" "CARGO_TARGET_DIR=/opt/rustwide/target" "-w" "/opt/rustwide/workdir" "--user" "0:0" "990a0f40cdc4332646f24187fdf7357fac3ad54fb07b7b61b0a59b683d6b95fd" "/opt/rustwide/cargo-home/bin/cargo" "+1.99.0-beta.8" "metadata" "--no-deps" "--format-version=1", kill_on_drop: false }`
[INFO] running `Command { std: "docker" "inspect" "990a0f40cdc4332646f24187fdf7357fac3ad54fb07b7b61b0a59b683d6b95fd", kill_on_drop: false }`
[INFO] running `Command { std: "docker" "exec" "-e" "SOURCE_DIR=/opt/rustwide/workdir" "-e" "CARGO_HOME=/opt/rustwide/cargo-home" "-e" "RUSTUP_HOME=/opt/rustwide/rustup-home" "-e" "CARGO_TARGET_DIR=/opt/rustwide/target" "-e" "CARGO_INCREMENTAL=0" "-e" "RUST_BACKTRACE=full" "-e" "RUSTFLAGS=--cap-lints=warn" "-e" "RUSTDOCFLAGS=--cap-lints=warn" "-w" "/opt/rustwide/workdir" "--user" "0:0" "990a0f40cdc4332646f24187fdf7357fac3ad54fb07b7b61b0a59b683d6b95fd" "/opt/rustwide/cargo-home/bin/cargo" "+1.99.0-beta.8" "build" "--frozen" "--message-format=json" "--release", kill_on_drop: false }`
[INFO] [stderr]    Compiling find-msvc-tools v0.1.12
[INFO] [stderr]    Compiling rustix v1.1.4
[INFO] [stderr]    Compiling serde_json v1.0.151
[INFO] [stderr]    Compiling rustls v0.23.44
[INFO] [stderr]    Compiling crc32fast v1.5.1
[INFO] [stderr]    Compiling ref-cast-impl v1.0.27
[INFO] [stderr]    Compiling serde_derive_internals v0.30.0
[INFO] [stderr]    Compiling digest v0.11.3
[INFO] [stderr]    Compiling http v1.5.0
[INFO] [stderr]    Compiling crypto-common v0.1.7
[INFO] [stderr]    Compiling serde v1.0.229
[INFO] [stderr]    Compiling webpki-roots v1.0.9
[INFO] [stderr]    Compiling twox-hash v2.1.4
[INFO] [stderr]    Compiling similar v2.7.0
[INFO] [stderr]    Compiling tar v0.4.46
[INFO] [stderr]    Compiling digest v0.10.7
[INFO] [stderr]    Compiling cc v1.4.5
[INFO] [stderr]    Compiling ruzstd v0.9.0
[INFO] [stderr]    Compiling sha2 v0.11.0
[INFO] [stderr]    Compiling flate2 v1.1.10
[INFO] [stderr]    Compiling sha2 v0.10.9
[INFO] [stderr]    Compiling ref-cast v1.0.27
[INFO] [stderr]    Compiling schemars_derive v1.2.2
[INFO] [stderr]    Compiling minijinja v3.0.0
[INFO] [stderr]    Compiling ureq-proto v0.6.2
[INFO] [stderr]    Compiling lzma-rust2 v0.20.1
[INFO] [stderr]    Compiling ring v0.17.14
[INFO] [stderr]    Compiling schemars v1.2.2
[INFO] [stderr]    Compiling tempfile v3.27.0
[INFO] [stderr]    Compiling rustible-sdk v0.8.1
[INFO] [stderr]    Compiling rustls-webpki v0.103.15
[INFO] [stderr]    Compiling ureq v3.4.1
[INFO] [stderr]    Compiling rustible-std v0.8.1
[INFO] [stderr]    Compiling rustible-github v0.8.1 (/opt/rustwide/workdir)
[INFO] [stderr]     Finished `release` profile [optimized] target(s) in 1m 36s
[INFO] running `Command { std: "docker" "inspect" "990a0f40cdc4332646f24187fdf7357fac3ad54fb07b7b61b0a59b683d6b95fd", kill_on_drop: false }`
[INFO] running `Command { std: "docker" "exec" "-e" "SOURCE_DIR=/opt/rustwide/workdir" "-e" "CARGO_HOME=/opt/rustwide/cargo-home" "-e" "RUSTUP_HOME=/opt/rustwide/rustup-home" "-e" "CARGO_TARGET_DIR=/opt/rustwide/target" "-e" "CARGO_INCREMENTAL=0" "-e" "RUST_BACKTRACE=full" "-e" "RUSTFLAGS=--cap-lints=warn" "-e" "RUSTDOCFLAGS=--cap-lints=warn" "-w" "/opt/rustwide/workdir" "--user" "0:0" "990a0f40cdc4332646f24187fdf7357fac3ad54fb07b7b61b0a59b683d6b95fd" "/opt/rustwide/cargo-home/bin/cargo" "+1.99.0-beta.8" "test" "--frozen" "--no-run" "--message-format=json" "--release", kill_on_drop: false }`
[INFO] [stderr]    Compiling rustible-sdk v0.8.1
[INFO] [stderr]    Compiling rustible-std v0.8.1
[INFO] [stderr]    Compiling rustible-github v0.8.1 (/opt/rustwide/workdir)
[INFO] [stderr]     Finished `release` profile [optimized] target(s) in 35.16s
[INFO] running `Command { std: "docker" "inspect" "990a0f40cdc4332646f24187fdf7357fac3ad54fb07b7b61b0a59b683d6b95fd", kill_on_drop: false }`
[INFO] running `Command { std: "docker" "exec" "-e" "SOURCE_DIR=/opt/rustwide/workdir" "-e" "CARGO_HOME=/opt/rustwide/cargo-home" "-e" "RUSTUP_HOME=/opt/rustwide/rustup-home" "-e" "CARGO_TARGET_DIR=/opt/rustwide/target" "-e" "CARGO_INCREMENTAL=0" "-e" "RUST_BACKTRACE=full" "-e" "RUSTFLAGS=--cap-lints=warn" "-e" "RUSTDOCFLAGS=--cap-lints=warn" "-w" "/opt/rustwide/workdir" "--user" "0:0" "990a0f40cdc4332646f24187fdf7357fac3ad54fb07b7b61b0a59b683d6b95fd" "/opt/rustwide/cargo-home/bin/cargo" "+1.99.0-beta.8" "test" "--frozen" "--release", kill_on_drop: false }`
[INFO] [stderr]     Finished `release` profile [optimized] target(s) in 0.12s
[INFO] [stderr]      Running unittests src/lib.rs (/opt/rustwide/target/release/deps/rustible_github-c2e450074088b9e9)
[INFO] [stdout] 
[INFO] [stdout] running 38 tests
[INFO] [stdout] test github_ssh_keys_to_user::tests::exclusive_removes_strangers ... ok
[INFO] [stdout] test github_ssh_keys_to_user::tests::additive_by_default_keeps_strangers ... ok
[INFO] [stdout] test github_ssh_keys_to_user::tests::additive_with_no_keys_is_ok_and_warns ... ok
[INFO] [stdout] test github_ssh_keys_to_user::tests::exclusive_with_no_keys_refuses_to_empty_the_file ... ok
[INFO] [stdout] test github_ssh_keys_to_user::tests::custom_comment_and_no_comment ... ok
[INFO] [stdout] test login::tests::rejects_characters_that_cannot_appear ... ok
[INFO] [stdout] test github_ssh_keys_to_user::tests::both_steps_run_in_one_block_and_the_fetch_is_ok ... ok
[INFO] [stdout] test login::tests::accepts_real_logins ... ok
[INFO] [stdout] test github_ssh_keys_to_user::tests::installs_keys_with_github_comment_then_is_idempotent ... ok
[INFO] [stdout] test github_ssh_keys_to_user::tests::unknown_github_user_fails_before_touching_the_file ... ok
[INFO] [stdout] test github_ssh_keys_to_user::tests::unknown_system_user_fails_in_the_install_step ... ok
[INFO] [stdout] test login::tests::a_non_ascii_login_is_told_about_the_character_not_the_byte_count ... ok
[INFO] [stdout] test github_ssh_keys_to_user::tests::installs_into_an_account_that_has_no_ssh_dir_yet ... ok
[INFO] [stdout] test login::tests::rejects_hyphen_placement ... ok
[INFO] [stdout] test user_keys::tests::base_url_is_the_host_apply_asks ... ok
[INFO] [stdout] test user_keys::tests::empty_list_is_ok ... ok
[INFO] [stdout] test user_keys::tests::network_fetches_flipbit03_keys_over_https ... ignored, needs network: cargo test -p rustible-github network_ -- --ignored
[INFO] [stdout] test user_keys::tests::illegal_login_is_refused_before_any_request ... ok
[INFO] [stdout] test user_keys::tests::check_mode_fetches_nothing_and_has_no_output ... ok
[INFO] [stdout] test user_keys::tests::empty_body_is_no_keys_not_an_error ... ok
[INFO] [stdout] test login::tests::rejects_length ... ok
[INFO] [stdout] test github_ssh_keys_to_user::tests::check_mode_fetches_nothing_and_ends_the_block_after_the_fetch ... ok
[INFO] [stdout] test user_keys::tests::not_found_fails_in_apply_naming_the_user ... ok
[INFO] [stdout] test user_keys::tests::blank_lines_and_crlf_are_tolerated ... ok
[INFO] [stdout] test user_keys::tests::a_comment_in_the_response_is_dropped_not_kept ... ok
[INFO] [stdout] test user_keys::tests::a_real_run_fetches_and_reports_ok_not_changed ... ok
[INFO] [stdout] test user_keys::tests::a_non_key_line_fails_naming_line_and_user ... ok
[INFO] [stdout] test github_ssh_keys_to_user::tests::a_broken_ssh_dir_is_repaired_even_when_github_has_no_keys ... ok
[INFO] [stdout] test user_keys::tests::base_url_points_at_another_host ... ok
[INFO] [stdout] test user_keys::tests::a_token_in_the_base_url_is_masked_everywhere_it_is_shown ... ok
[INFO] [stdout] test user_keys::tests::an_options_field_in_the_response_is_refused ... ok
[INFO] [stdout] test user_keys::tests::url_is_the_keys_endpoint ... ok
[INFO] [stdout] test user_keys::tests::other_statuses_fail_naming_the_status ... ok
[INFO] [stdout] test user_keys::tests::transport_errors_propagate ... ok
[INFO] [stdout] test user_keys::tests::parses_a_real_shaped_body ... ok
[INFO] [stdout] test user_keys::tests::runs_on_a_mac_and_refuses_an_unclaimed_platform ... ok
[INFO] [stdout] test fetch::tests::https_keeps_its_behaviour_on_request_send ... ok
[INFO] [stdout] test user_keys::tests::a_refusal_quotes_a_bounded_excerpt_of_a_huge_line ... ok
[INFO] [stdout] 
[INFO] [stdout] test result: ok. 37 passed; 0 failed; 1 ignored; 0 measured; 0 filtered out; finished in 0.16s
[INFO] [stdout] 
[INFO] [stderr]    Doc-tests rustible_github
[INFO] [stdout] 
[INFO] [stdout] running 5 tests
[INFO] [stdout] test src/github_ssh_keys_to_user.rs - github_ssh_keys_to_user::GithubSshKeysToUser (line 76) - compile ... ok
[INFO] [stdout] test src/user_keys.rs - user_keys::UserKeys (line 29) - compile ... ok
[INFO] [stdout] test src/lib.rs - (line 44) - compile ... FAILED
[INFO] [stdout] test src/github_ssh_keys_to_user.rs - github_ssh_keys_to_user::github_ssh_keys_to_user (line 48) - compile ... ok
[INFO] [stdout] test src/login.rs - login::validate_login (line 19) ... ok
[INFO] [stdout] 
[INFO] [stdout] failures:
[INFO] [stdout] 
[INFO] [stdout] ---- src/lib.rs - (line 44) stdout ----
[INFO] [stdout] error[E0428]: the name `main` is defined multiple times
[INFO] [stdout]   --> src/lib.rs:79:1
[INFO] [stdout]    |
[INFO] [stdout] 51 | fn main(ctx: &mut Ctx) -> Result<()> {
[INFO] [stdout]    | ------------------------------------ previous definition of the value `main` here
[INFO] [stdout] ...
[INFO] [stdout] 79 | fn main() {}
[INFO] [stdout]    | ^^^^^^^^^ `main` redefined here
[INFO] [stdout]    |
[INFO] [stdout]    = note: `main` must be defined only once in the value namespace of this module
[INFO] [stdout] 
[INFO] [stdout] error[E0433]: cannot find module or crate `rustible` in this scope
[INFO] [stdout]   --> src/lib.rs:46:5
[INFO] [stdout]    |
[INFO] [stdout] 46 | use rustible::prelude::*;
[INFO] [stdout]    |     ^^^^^^^^ use of unresolved module or unlinked crate `rustible`
[INFO] [stdout]    |
[INFO] [stdout]    = help: if you wanted to use a crate named `rustible`, use `cargo add rustible` to add it to your `Cargo.toml`
[INFO] [stdout] 
[INFO] [stdout] error[E0433]: cannot find module or crate `rustible` in this scope
[INFO] [stdout]   --> src/lib.rs:50:3
[INFO] [stdout]    |
[INFO] [stdout] 50 | #[rustible::playbook(hosts = "all", escalate = true)]
[INFO] [stdout]    |   ^^^^^^^^ use of unresolved module or unlinked crate `rustible`
[INFO] [stdout] 
[INFO] [stdout] error[E0425]: cannot find type `Ctx` in this scope
[INFO] [stdout]   --> src/lib.rs:51:19
[INFO] [stdout]    |
[INFO] [stdout] 51 | fn main(ctx: &mut Ctx) -> Result<()> {
[INFO] [stdout]    |                   ^^^ not found in this scope
[INFO] [stdout] 
[INFO] [stdout] error[E0107]: enum takes 2 generic arguments but 1 generic argument was supplied
[INFO] [stdout]   --> src/lib.rs:51:27
[INFO] [stdout]    |
[INFO] [stdout] 51 | fn main(ctx: &mut Ctx) -> Result<()> {
[INFO] [stdout]    |                           ^^^^^^ -- supplied 1 generic argument
[INFO] [stdout]    |                           |
[INFO] [stdout]    |                           expected 2 generic arguments
[INFO] [stdout]    |
[INFO] [stdout] help: add missing generic argument
[INFO] [stdout]    |
[INFO] [stdout] 51 | fn main(ctx: &mut Ctx) -> Result<(), E> {
[INFO] [stdout]    |                                    +++
[INFO] [stdout] 
[INFO] [stdout] error: aborting due to 5 previous errors
[INFO] [stdout] 
[INFO] [stdout] Some errors have detailed explanations: E0107, E0425, E0428, E0433.
[INFO] [stdout] For more information about an error, try `rustc --explain E0107`.
[INFO] [stdout] Couldn't compile the test.
[INFO] [stdout] 
[INFO] [stdout] failures:
[INFO] [stdout]     src/lib.rs - (line 44)
[INFO] [stdout] 
[INFO] [stdout] test result: FAILED. 4 passed; 1 failed; 0 ignored; 0 measured; 0 filtered out; finished in 0.60s
[INFO] [stdout] 
[INFO] [stdout] all doctests ran in 0.73s; merged doctests compilation took 0.13s
[INFO] [stderr] error: doctest failed, to rerun pass `--doc`
[INFO] running `Command { std: "docker" "inspect" "990a0f40cdc4332646f24187fdf7357fac3ad54fb07b7b61b0a59b683d6b95fd", kill_on_drop: false }`
[INFO] running `Command { std: "docker" "rm" "-f" "990a0f40cdc4332646f24187fdf7357fac3ad54fb07b7b61b0a59b683d6b95fd", kill_on_drop: false }`
[INFO] [stdout] 990a0f40cdc4332646f24187fdf7357fac3ad54fb07b7b61b0a59b683d6b95fd
