[INFO] fetching crate rustfsm_procmacro 0.1.0...
[INFO] testing rustfsm_procmacro-0.1.0 against 1.100.0-beta.1+cargoflags=--release for beta-release-1.100-2
[INFO] extracting crate rustfsm_procmacro 0.1.0 into /workspace/builds/worker-0-tc2/source
[INFO] started tweaking crates.io crate rustfsm_procmacro 0.1.0
[INFO] removed 0 missing tests
[INFO] finished tweaking crates.io crate rustfsm_procmacro 0.1.0
[INFO] tweaked toml for crates.io crate rustfsm_procmacro 0.1.0 written to /workspace/builds/worker-0-tc2/source/Cargo.toml
[INFO] validating manifest of crates.io crate rustfsm_procmacro 0.1.0 on toolchain 1.100.0-beta.1
[INFO] running `Command { std: CARGO_HOME="/workspace/cargo-home" RUSTUP_HOME="/workspace/rustup-home" "/workspace/cargo-home/bin/cargo" "+1.100.0-beta.1" "metadata" "--manifest-path" "Cargo.toml" "--no-deps", kill_on_drop: false }`
[INFO] running `Command { std: CARGO_HOME="/workspace/cargo-home" RUSTUP_HOME="/workspace/rustup-home" "/workspace/cargo-home/bin/cargo" "+1.100.0-beta.1" "generate-lockfile" "--manifest-path" "Cargo.toml", kill_on_drop: false }`
[INFO] [stderr]     Updating crates.io index
[INFO] [stderr]      Locking 35 packages to highest compatible versions
[INFO] [stderr]       Adding derive_more v0.99.20 (available: v2.1.1)
[INFO] [stderr]       Adding syn v1.0.109 (available: v3.0.9)
[INFO] running `Command { std: CARGO_HOME="/workspace/cargo-home" RUSTUP_HOME="/workspace/rustup-home" "/workspace/cargo-home/bin/cargo" "+1.100.0-beta.1" "fetch" "--manifest-path" "Cargo.toml", kill_on_drop: false }`
[INFO] running `Command { std: "docker" "create" "-v" "/var/lib/crater-agent-workspace/builds/worker-0-tc2/source:/opt/rustwide/workdir:ro,Z" "-v" "/var/lib/crater-agent-workspace/builds/worker-0-tc2/target:/opt/rustwide/target:rw,Z" "-v" "/var/lib/crater-agent-workspace/cargo-home:/opt/rustwide/cargo-home:ro,Z" "-v" "/var/lib/crater-agent-workspace/rustup-home:/opt/rustwide/rustup-home:ro,Z" "-m" "1610612736" "--network" "none" "ghcr.io/rust-lang/crates-build-env/linux@sha256:77db811e55d90add9212f6832c23229e3de5f1c1f9905e8cb07319ea15df73ac" "sleep" "infinity", kill_on_drop: false }`
[INFO] [stdout] 215edb7f31655da4a39cb0eed1323456fe612efac9dfc8db1acfda8ead7e5af7
[INFO] running `Command { std: "docker" "start" "215edb7f31655da4a39cb0eed1323456fe612efac9dfc8db1acfda8ead7e5af7", kill_on_drop: false }`
[INFO] running `Command { std: "docker" "inspect" "215edb7f31655da4a39cb0eed1323456fe612efac9dfc8db1acfda8ead7e5af7", kill_on_drop: false }`
[INFO] running `Command { std: "docker" "exec" "-e" "SOURCE_DIR=/opt/rustwide/workdir" "-e" "CARGO_HOME=/opt/rustwide/cargo-home" "-e" "RUSTUP_HOME=/opt/rustwide/rustup-home" "-e" "CARGO_TARGET_DIR=/opt/rustwide/target" "-w" "/opt/rustwide/workdir" "--user" "0:0" "215edb7f31655da4a39cb0eed1323456fe612efac9dfc8db1acfda8ead7e5af7" "/opt/rustwide/cargo-home/bin/cargo" "+1.100.0-beta.1" "metadata" "--no-deps" "--format-version=1", kill_on_drop: false }`
[INFO] running `Command { std: "docker" "inspect" "215edb7f31655da4a39cb0eed1323456fe612efac9dfc8db1acfda8ead7e5af7", kill_on_drop: false }`
[INFO] running `Command { std: "docker" "exec" "-e" "SOURCE_DIR=/opt/rustwide/workdir" "-e" "CARGO_HOME=/opt/rustwide/cargo-home" "-e" "RUSTUP_HOME=/opt/rustwide/rustup-home" "-e" "CARGO_TARGET_DIR=/opt/rustwide/target" "-e" "CARGO_INCREMENTAL=0" "-e" "RUST_BACKTRACE=full" "-e" "RUSTFLAGS=--cap-lints=warn" "-e" "RUSTDOCFLAGS=--cap-lints=warn" "-w" "/opt/rustwide/workdir" "--user" "0:0" "215edb7f31655da4a39cb0eed1323456fe612efac9dfc8db1acfda8ead7e5af7" "/opt/rustwide/cargo-home/bin/cargo" "+1.100.0-beta.1" "build" "--frozen" "--message-format=json" "--release", kill_on_drop: false }`
[INFO] [stderr]    Compiling syn v1.0.109
[INFO] [stderr]    Compiling convert_case v0.4.0
[INFO] [stderr]    Compiling rustfsm_trait v0.1.0
[INFO] [stderr]    Compiling syn v2.0.119
[INFO] [stderr]    Compiling derive_more v0.99.20
[INFO] [stderr]    Compiling rustfsm_procmacro v0.1.0 (/opt/rustwide/workdir)
[INFO] [stderr] warning: unused dependency `derive_more`
[INFO] [stderr]  --> Cargo.toml:1:15
[INFO] [stderr]   |
[INFO] [stderr] 1 | [dependencies.derive_more]
[INFO] [stderr]   |               ^^^^^^^^^^^^
[INFO] [stderr]   |
[INFO] [stderr]   = note: `cargo::unused_dependencies` is set to `warn` by default
[INFO] [stderr] help: consider removing the dependency on `derive_more`
[INFO] [stderr] warning: unused dependency `rustfsm_trait`
[INFO] [stderr]   --> Cargo.toml:10:15
[INFO] [stderr]    |
[INFO] [stderr] 10 | [dependencies.rustfsm_trait]
[INFO] [stderr]    |               ^^^^^^^^^^^^^^
[INFO] [stderr]    |
[INFO] [stderr] help: consider removing the dependency on `rustfsm_trait`
[INFO] [stderr] warning: `rustfsm_procmacro` (manifest) generated 2 warnings
[INFO] [stderr]     Finished `release` profile [optimized] target(s) in 9.22s
[INFO] running `Command { std: "docker" "inspect" "215edb7f31655da4a39cb0eed1323456fe612efac9dfc8db1acfda8ead7e5af7", kill_on_drop: false }`
[INFO] running `Command { std: "docker" "exec" "-e" "SOURCE_DIR=/opt/rustwide/workdir" "-e" "CARGO_HOME=/opt/rustwide/cargo-home" "-e" "RUSTUP_HOME=/opt/rustwide/rustup-home" "-e" "CARGO_TARGET_DIR=/opt/rustwide/target" "-e" "CARGO_INCREMENTAL=0" "-e" "RUST_BACKTRACE=full" "-e" "RUSTFLAGS=--cap-lints=warn" "-e" "RUSTDOCFLAGS=--cap-lints=warn" "-w" "/opt/rustwide/workdir" "--user" "0:0" "215edb7f31655da4a39cb0eed1323456fe612efac9dfc8db1acfda8ead7e5af7" "/opt/rustwide/cargo-home/bin/cargo" "+1.100.0-beta.1" "test" "--frozen" "--no-run" "--message-format=json" "--release", kill_on_drop: false }`
[INFO] [stderr]    Compiling serde v1.0.229
[INFO] [stderr]    Compiling target-tuple v1.0.2
[INFO] [stderr]    Compiling winnow v1.0.4
[INFO] [stderr]    Compiling unicode-ident v1.0.27
[INFO] [stderr]    Compiling serde_json v1.0.154
[INFO] [stderr]    Compiling proc-macro2 v1.0.107
[INFO] [stderr]    Compiling toml_writer v1.1.3+spec-1.1.0
[INFO] [stderr]    Compiling toml_datetime v1.1.2+spec-1.1.0
[INFO] [stderr]    Compiling serde_spanned v1.1.2
[INFO] [stderr]    Compiling quote v1.0.47
[INFO] [stderr]    Compiling dissimilar v1.0.11
[INFO] [stderr]    Compiling termcolor v1.4.1
[INFO] [stderr]    Compiling rustfsm_procmacro v0.1.0 (/opt/rustwide/workdir)
[INFO] [stderr]    Compiling syn v1.0.109
[INFO] [stderr]    Compiling glob v0.3.4
[INFO] [stderr]    Compiling rustfsm_trait v0.1.0
[INFO] [stderr]    Compiling toml_parser v1.1.5+spec-1.1.0
[INFO] [stderr]    Compiling toml v1.1.8+spec-1.1.0
[INFO] [stderr]    Compiling trybuild v1.0.122
[INFO] [stderr] warning: unused dependency `derive_more`
[INFO] [stderr]  --> Cargo.toml:1:15
[INFO] [stderr]   |
[INFO] [stderr] 1 | [dependencies.derive_more]
[INFO] [stderr]   |               ^^^^^^^^^^^^
[INFO] [stderr]   |
[INFO] [stderr]   = note: `cargo::unused_dependencies` is set to `warn` by default
[INFO] [stderr] help: consider removing the dependency on `derive_more`
[INFO] [stderr] warning: unused dependency `rustfsm_trait`
[INFO] [stderr]   --> Cargo.toml:10:15
[INFO] [stderr]    |
[INFO] [stderr] 10 | [dependencies.rustfsm_trait]
[INFO] [stderr]    |               ^^^^^^^^^^^^^^
[INFO] [stderr]    |
[INFO] [stderr] help: consider removing the dependency on `rustfsm_trait`
[INFO] [stderr] help: to still use for development builds, move to `dev-dependencies`
[INFO] [stderr] warning: `rustfsm_procmacro` (manifest) generated 2 warnings
[INFO] [stderr]     Finished `release` profile [optimized] target(s) in 28.88s
[INFO] running `Command { std: "docker" "inspect" "215edb7f31655da4a39cb0eed1323456fe612efac9dfc8db1acfda8ead7e5af7", kill_on_drop: false }`
[INFO] running `Command { std: "docker" "exec" "-e" "SOURCE_DIR=/opt/rustwide/workdir" "-e" "CARGO_HOME=/opt/rustwide/cargo-home" "-e" "RUSTUP_HOME=/opt/rustwide/rustup-home" "-e" "CARGO_TARGET_DIR=/opt/rustwide/target" "-e" "CARGO_INCREMENTAL=0" "-e" "RUST_BACKTRACE=full" "-e" "RUSTFLAGS=--cap-lints=warn" "-e" "RUSTDOCFLAGS=--cap-lints=warn" "-w" "/opt/rustwide/workdir" "--user" "0:0" "215edb7f31655da4a39cb0eed1323456fe612efac9dfc8db1acfda8ead7e5af7" "/opt/rustwide/cargo-home/bin/cargo" "+1.100.0-beta.1" "test" "--frozen" "--release", kill_on_drop: false }`
[INFO] [stderr] warning: unused dependency `derive_more`
[INFO] [stderr]  --> Cargo.toml:1:15
[INFO] [stderr]   |
[INFO] [stderr] 1 | [dependencies.derive_more]
[INFO] [stderr]   |               ^^^^^^^^^^^^
[INFO] [stderr]   |
[INFO] [stderr]   = note: `cargo::unused_dependencies` is set to `warn` by default
[INFO] [stderr] help: consider removing the dependency on `derive_more`
[INFO] [stderr] warning: unused dependency `rustfsm_trait`
[INFO] [stderr]   --> Cargo.toml:10:15
[INFO] [stderr]    |
[INFO] [stderr] 10 | [dependencies.rustfsm_trait]
[INFO] [stderr]    |               ^^^^^^^^^^^^^^
[INFO] [stderr]    |
[INFO] [stderr] help: consider removing the dependency on `rustfsm_trait`
[INFO] [stderr] help: to still use for development builds, move to `dev-dependencies`
[INFO] [stderr] warning: `rustfsm_procmacro` (manifest) generated 2 warnings
[INFO] [stderr]     Finished `release` profile [optimized] target(s) in 0.09s
[INFO] [stderr]      Running unittests src/lib.rs (/opt/rustwide/target/release/build/rustfsm_procmacro/90336de263a6bc92/out/rustfsm_procmacro-90336de263a6bc92)
[INFO] [stderr]      Running tests/progress.rs (/opt/rustwide/target/release/build/rustfsm_procmacro/aaf20aab20f7a71c/out/tests-aaf20aab20f7a71c)
[INFO] [stdout] 
[INFO] [stdout] running 0 tests
[INFO] [stdout] 
[INFO] [stdout] test result: ok. 0 passed; 0 failed; 0 ignored; 0 measured; 0 filtered out; finished in 0.00s
[INFO] [stdout] 
[INFO] [stdout] 
[INFO] [stdout] running 1 test
[INFO] [stderr]    Compiling proc-macro2 v1.0.107
[INFO] [stderr]    Compiling quote v1.0.47
[INFO] [stderr]    Compiling unicode-ident v1.0.27
[INFO] [stderr]    Compiling syn v1.0.109
[INFO] [stderr]    Compiling convert_case v0.4.0
[INFO] [stderr]    Compiling rustfsm_trait v0.1.0
[INFO] [stderr]    Compiling syn v2.0.119
[INFO] [stderr]    Compiling derive_more v0.99.20
[INFO] [stderr]    Compiling rustfsm_procmacro v0.1.0 (/opt/rustwide/workdir)
[INFO] [stderr]    Compiling rustfsm_procmacro-tests v0.0.0 (/opt/rustwide/target/tests/trybuild/rustfsm_procmacro)
[INFO] [stderr]     Finished `dev` profile [unoptimized + debuginfo] target(s) in 11.27s
[INFO] [stderr] 
[INFO] [stderr] 
[INFO] [stderr] test tests/trybuild/dynamic_dest_pass.rs [should pass] ... ok
[INFO] [stderr] test tests/trybuild/handler_arg_pass.rs [should pass] ... ok
[INFO] [stderr] test tests/trybuild/handler_pass.rs [should pass] ... ok
[INFO] [stderr] test tests/trybuild/medium_complex_pass.rs [should pass] ... ok
[INFO] [stderr] test tests/trybuild/simple_pass.rs [should pass] ... ok
[INFO] [stderr] test tests/trybuild/dupe_transitions_fail.rs [should fail to compile] ... mismatch
[INFO] [stderr] 
[INFO] [stderr] EXPECTED:
[INFO] [stderr] ┈┈┈┈┈┈┈┈┈┈┈┈┈┈┈┈┈┈┈┈┈┈┈┈┈┈┈┈┈┈┈┈┈┈┈┈┈┈┈┈┈┈┈┈┈┈┈┈┈┈┈┈┈┈┈┈┈┈┈┈
[INFO] [stderr] error: Duplicate transitions are not allowed!
[INFO] [stderr]   --> $DIR/dupe_transitions_fail.rs:5:1
[INFO] [stderr]    |
[INFO] [stderr] 5  | / fsm! {
[INFO] [stderr] 6  | |     name SimpleMachine; command SimpleMachineCommand; error Infallible;
[INFO] [stderr] 7  | |
[INFO] [stderr] 8  | |     One --(A)--> Two;
[INFO] [stderr] 9  | |     One --(A)--> Two;
[INFO] [stderr] 10 | | }
[INFO] [stderr]    | |_^
[INFO] [stderr]    |
[INFO] [stderr]    = note: this error originates in a macro (in Nightly builds, run with -Z macro-backtrace for more info)
[INFO] [stderr] ┈┈┈┈┈┈┈┈┈┈┈┈┈┈┈┈┈┈┈┈┈┈┈┈┈┈┈┈┈┈┈┈┈┈┈┈┈┈┈┈┈┈┈┈┈┈┈┈┈┈┈┈┈┈┈┈┈┈┈┈
[INFO] [stderr] 
[INFO] [stderr] ACTUAL OUTPUT:
[INFO] [stderr] ┈┈┈┈┈┈┈┈┈┈┈┈┈┈┈┈┈┈┈┈┈┈┈┈┈┈┈┈┈┈┈┈┈┈┈┈┈┈┈┈┈┈┈┈┈┈┈┈┈┈┈┈┈┈┈┈┈┈┈┈
[INFO] [stderr] error: Duplicate transitions are not allowed!
[INFO] [stderr]   --> tests/trybuild/dupe_transitions_fail.rs:5:1
[INFO] [stderr]    |
[INFO] [stderr]  5 | / fsm! {
[INFO] [stderr]  6 | |     name SimpleMachine; command SimpleMachineCommand; error Infallible;
[INFO] [stderr]  7 | |
[INFO] [stderr]  8 | |     One --(A)--> Two;
[INFO] [stderr]  9 | |     One --(A)--> Two;
[INFO] [stderr] 10 | | }
[INFO] [stderr]    | |_^
[INFO] [stderr]    |
[INFO] [stderr]    = note: this error originates in the macro `fsm` (in Nightly builds, run with -Z macro-backtrace for more info)
[INFO] [stderr] ┈┈┈┈┈┈┈┈┈┈┈┈┈┈┈┈┈┈┈┈┈┈┈┈┈┈┈┈┈┈┈┈┈┈┈┈┈┈┈┈┈┈┈┈┈┈┈┈┈┈┈┈┈┈┈┈┈┈┈┈
[INFO] [stderr] note: If the actual output is the correct output you can bless it by rerunning
[INFO] [stderr]       your test with the environment variable TRYBUILD=overwrite
[INFO] [stderr] 
[INFO] [stderr] test tests/trybuild/forgot_name_fail.rs [should fail to compile] ... ok
[INFO] [stderr] test tests/trybuild/no_handle_conversions_require_into_fail.rs [should fail to compile] ... mismatch
[INFO] [stderr] 
[INFO] [stderr] EXPECTED:
[INFO] [stderr] ┈┈┈┈┈┈┈┈┈┈┈┈┈┈┈┈┈┈┈┈┈┈┈┈┈┈┈┈┈┈┈┈┈┈┈┈┈┈┈┈┈┈┈┈┈┈┈┈┈┈┈┈┈┈┈┈┈┈┈┈
[INFO] [stderr] error[E0277]: the trait bound `One: From<Two>` is not satisfied
[INFO] [stderr]   --> $DIR/no_handle_conversions_require_into_fail.rs:11:18
[INFO] [stderr]    |
[INFO] [stderr] 11 |     Two --(B)--> One;
[INFO] [stderr]    |                  ^^^ the trait `From<Two>` is not implemented for `One`
[INFO] [stderr]    |
[INFO] [stderr]    = note: required because of the requirements on the impl of `Into<One>` for `Two`
[INFO] [stderr]    = note: required by `TransitionResult::<Sm, Ds>::from`
[INFO] [stderr] ┈┈┈┈┈┈┈┈┈┈┈┈┈┈┈┈┈┈┈┈┈┈┈┈┈┈┈┈┈┈┈┈┈┈┈┈┈┈┈┈┈┈┈┈┈┈┈┈┈┈┈┈┈┈┈┈┈┈┈┈
[INFO] [stderr] 
[INFO] [stderr] ACTUAL OUTPUT:
[INFO] [stderr] ┈┈┈┈┈┈┈┈┈┈┈┈┈┈┈┈┈┈┈┈┈┈┈┈┈┈┈┈┈┈┈┈┈┈┈┈┈┈┈┈┈┈┈┈┈┈┈┈┈┈┈┈┈┈┈┈┈┈┈┈
[INFO] [stderr] error[E0277]: the trait bound `One: From<Two>` is not satisfied
[INFO] [stderr]   --> tests/trybuild/no_handle_conversions_require_into_fail.rs:11:5
[INFO] [stderr]    |
[INFO] [stderr] 11 |     Two --(B)--> One;
[INFO] [stderr]    |     ^^^ unsatisfied trait bound
[INFO] [stderr]    |
[INFO] [stderr] help: the trait `From<Two>` is not implemented for `One`
[INFO] [stderr]   --> tests/trybuild/no_handle_conversions_require_into_fail.rs:15:1
[INFO] [stderr]    |
[INFO] [stderr] 15 | pub struct One {}
[INFO] [stderr]    | ^^^^^^^^^^^^^^
[INFO] [stderr]    = note: required for `Two` to implement `Into<One>`
[INFO] [stderr] note: required by a bound in `TransitionResult::<Sm, Ds>::from`
[INFO] [stderr]   --> $CARGO/rustfsm_trait-$VERSION/src/lib.rs
[INFO] [stderr]    |
[INFO] [stderr]    | impl<Sm, Ds> TransitionResult<Sm, Ds>
[INFO] [stderr] ...
[INFO] [stderr]    |     pub fn from<CurrentState>(current_state: CurrentState) -> Self
[INFO] [stderr]    |     where
[INFO] [stderr]    |         CurrentState: Into<Ds>,
[INFO] [stderr]    |                       ^^^^^^^^ required by this bound in `TransitionResult::<Sm, Ds>::from`
[INFO] [stderr] ┈┈┈┈┈┈┈┈┈┈┈┈┈┈┈┈┈┈┈┈┈┈┈┈┈┈┈┈┈┈┈┈┈┈┈┈┈┈┈┈┈┈┈┈┈┈┈┈┈┈┈┈┈┈┈┈┈┈┈┈
[INFO] [stderr] note: If the actual output is the correct output you can bless it by rerunning
[INFO] [stderr]       your test with the environment variable TRYBUILD=overwrite
[INFO] [stderr] 
[INFO] [stderr] test tests/trybuild/struct_event_variant_fail.rs [should fail to compile] ... ok
[INFO] [stderr] test tests/trybuild/tuple_more_item_event_variant_fail.rs [should fail to compile] ... ok
[INFO] [stderr] test tests/trybuild/tuple_zero_item_event_variant_fail.rs [should fail to compile] ... ok
[INFO] [stdout] test tests ... FAILED
[INFO] [stderr] 
[INFO] [stdout] 
[INFO] [stderr] 
[INFO] [stdout] failures:
[INFO] [stdout] 
[INFO] [stdout] ---- tests stdout ----
[INFO] [stdout] 
[INFO] [stdout] thread 'tests' (831) panicked at /opt/rustwide/cargo-home/registry/src/index.crates.io-1949cf8c6b5b557f/trybuild-1.0.122/src/run.rs:103:13:
[INFO] [stdout] 2 of 11 tests failed
[INFO] [stdout] stack backtrace:
[INFO] [stdout]    0:     0x5d7ed081eea1 - <<std[617be2ca0a6fd877]::sys::backtrace::BacktraceLock>::print::DisplayBacktrace as core[a373ad73a504971]::fmt::Display>::fmt
[INFO] [stdout]    1:     0x5d7ed08351ca - core[a373ad73a504971]::fmt::write
[INFO] [stdout]    2:     0x5d7ed08236ec - <alloc[2e1b2a31b91974c5]::vec::Vec<u8> as core[a373ad73a504971]::io::write::Write>::write_fmt
[INFO] [stdout]    3:     0x5d7ed07f8306 - std[617be2ca0a6fd877]::panicking::default_hook::{closure#0}
[INFO] [stdout]    4:     0x5d7ed0816449 - std[617be2ca0a6fd877]::panicking::default_hook
[INFO] [stdout]    5:     0x5d7ed07afa50 - test[aada8e7e76ba119b]::test_main_inner::{closure#0}
[INFO] [stdout]    6:     0x5d7ed0816602 - std[617be2ca0a6fd877]::panicking::panic_with_hook
[INFO] [stdout]    7:     0x5d7ed07f83b2 - std[617be2ca0a6fd877]::panicking::panic_handler::{closure#0}
[INFO] [stdout]    8:     0x5d7ed07f0c09 - std[617be2ca0a6fd877]::sys::backtrace::__rust_end_short_backtrace::<std[617be2ca0a6fd877]::panicking::panic_handler::{closure#0}, !>
[INFO] [stdout]    9:     0x5d7ed07f8fbd - __rustc[ea4f61d10b84890b]::rust_begin_unwind
[INFO] [stdout]   10:     0x5d7ed083593c - core[a373ad73a504971]::panicking::panic_fmt
[INFO] [stdout]   11:     0x5d7ed06fd1cb - <trybuild[5deb2765056c9bba]::Runner>::run
[INFO] [stderr] error: test failed, to rerun pass `--test tests`
[INFO] [stdout]   12:     0x5d7ed0700440 - <trybuild[5deb2765056c9bba]::TestCases as core[a373ad73a504971]::ops::drop::Drop>::drop
[INFO] [stdout]   13:     0x5d7ed06f6cd6 - tests[7a9c41577cab5ce3]::tests
[INFO] [stdout]   14:     0x5d7ed06f6f09 - <tests[7a9c41577cab5ce3]::tests::{closure#0} as core[a373ad73a504971]::ops::function::FnOnce<()>>::call_once
[INFO] [stdout]   15:     0x5d7ed07a2e9b - test[aada8e7e76ba119b]::__rust_begin_short_backtrace::<core[a373ad73a504971]::result::Result<(), alloc[2e1b2a31b91974c5]::string::String>, fn() -> core[a373ad73a504971]::result::Result<(), alloc[2e1b2a31b91974c5]::string::String>>
[INFO] [stdout]   16:     0x5d7ed07b0075 - test[aada8e7e76ba119b]::run_test::{closure#0}
[INFO] [stdout]   17:     0x5d7ed07a9964 - std[617be2ca0a6fd877]::sys::backtrace::__rust_begin_short_backtrace::<test[aada8e7e76ba119b]::run_test::{closure#1}, ()>
[INFO] [stdout]   18:     0x5d7ed07b3102 - <std[617be2ca0a6fd877]::thread::lifecycle::spawn_unchecked<test[aada8e7e76ba119b]::run_test::{closure#1}, ()>::{closure#1} as core[a373ad73a504971]::ops::function::FnOnce<()>>::call_once::{shim:vtable#0}
[INFO] [stdout]   19:     0x5d7ed081e0ff - <std[617be2ca0a6fd877]::sys::thread::unix::Thread>::new::thread_start
[INFO] [stdout]   20:     0x7d72e0d9fdfa - <unknown>
[INFO] [stdout]   21:     0x7d72e0e333d4 - clone
[INFO] [stdout]   22:                0x0 - <unknown>
[INFO] [stdout] 
[INFO] [stdout] 
[INFO] [stdout] failures:
[INFO] [stdout]     tests
[INFO] [stdout] 
[INFO] [stdout] test result: FAILED. 0 passed; 1 failed; 0 ignored; 0 measured; 0 filtered out; finished in 18.24s
[INFO] [stdout] 
[INFO] running `Command { std: "docker" "inspect" "215edb7f31655da4a39cb0eed1323456fe612efac9dfc8db1acfda8ead7e5af7", kill_on_drop: false }`
[INFO] running `Command { std: "docker" "rm" "-f" "215edb7f31655da4a39cb0eed1323456fe612efac9dfc8db1acfda8ead7e5af7", kill_on_drop: false }`
[INFO] [stdout] 215edb7f31655da4a39cb0eed1323456fe612efac9dfc8db1acfda8ead7e5af7
