[INFO] fetching crate rustfs-utils 1.0.1...
[INFO] testing rustfs-utils-1.0.1 against 1.100.0-beta.1+cargoflags=--release for beta-release-1.100-2
[INFO] extracting crate rustfs-utils 1.0.1 into /workspace/builds/worker-1-tc2/source
[INFO] started tweaking crates.io crate rustfs-utils 1.0.1
[INFO] finished tweaking crates.io crate rustfs-utils 1.0.1
[INFO] tweaked toml for crates.io crate rustfs-utils 1.0.1 written to /workspace/builds/worker-1-tc2/source/Cargo.toml
[INFO] validating manifest of crates.io crate rustfs-utils 1.0.1 on toolchain 1.100.0-beta.1
[INFO] running `Command { std: CARGO_HOME="/workspace/cargo-home" RUSTUP_HOME="/workspace/rustup-home" "/workspace/cargo-home/bin/cargo" "+1.100.0-beta.1" "metadata" "--manifest-path" "Cargo.toml" "--no-deps", kill_on_drop: false }`
[INFO] crate crates.io crate rustfs-utils 1.0.1 already has a lockfile, it will not be regenerated
[INFO] running `Command { std: CARGO_HOME="/workspace/cargo-home" RUSTUP_HOME="/workspace/rustup-home" "/workspace/cargo-home/bin/cargo" "+1.100.0-beta.1" "fetch" "--manifest-path" "Cargo.toml", kill_on_drop: false }`
[INFO] running `Command { std: "docker" "create" "-v" "/var/lib/crater-agent-workspace/builds/worker-1-tc2/source:/opt/rustwide/workdir:ro,Z" "-v" "/var/lib/crater-agent-workspace/builds/worker-1-tc2/target:/opt/rustwide/target:rw,Z" "-v" "/var/lib/crater-agent-workspace/cargo-home:/opt/rustwide/cargo-home:ro,Z" "-v" "/var/lib/crater-agent-workspace/rustup-home:/opt/rustwide/rustup-home:ro,Z" "-m" "1610612736" "--network" "none" "ghcr.io/rust-lang/crates-build-env/linux@sha256:77db811e55d90add9212f6832c23229e3de5f1c1f9905e8cb07319ea15df73ac" "sleep" "infinity", kill_on_drop: false }`
[INFO] [stdout] 597b5e7e5225936d185876de965bb94e879a20a130778ac8993ae3985e0920d1
[INFO] running `Command { std: "docker" "start" "597b5e7e5225936d185876de965bb94e879a20a130778ac8993ae3985e0920d1", kill_on_drop: false }`
[INFO] running `Command { std: "docker" "inspect" "597b5e7e5225936d185876de965bb94e879a20a130778ac8993ae3985e0920d1", kill_on_drop: false }`
[INFO] running `Command { std: "docker" "exec" "-e" "SOURCE_DIR=/opt/rustwide/workdir" "-e" "CARGO_HOME=/opt/rustwide/cargo-home" "-e" "RUSTUP_HOME=/opt/rustwide/rustup-home" "-e" "CARGO_TARGET_DIR=/opt/rustwide/target" "-w" "/opt/rustwide/workdir" "--user" "0:0" "597b5e7e5225936d185876de965bb94e879a20a130778ac8993ae3985e0920d1" "/opt/rustwide/cargo-home/bin/cargo" "+1.100.0-beta.1" "metadata" "--no-deps" "--format-version=1", kill_on_drop: false }`
[INFO] running `Command { std: "docker" "inspect" "597b5e7e5225936d185876de965bb94e879a20a130778ac8993ae3985e0920d1", kill_on_drop: false }`
[INFO] running `Command { std: "docker" "exec" "-e" "SOURCE_DIR=/opt/rustwide/workdir" "-e" "CARGO_HOME=/opt/rustwide/cargo-home" "-e" "RUSTUP_HOME=/opt/rustwide/rustup-home" "-e" "CARGO_TARGET_DIR=/opt/rustwide/target" "-e" "CARGO_INCREMENTAL=0" "-e" "RUST_BACKTRACE=full" "-e" "RUSTFLAGS=--cap-lints=warn" "-e" "RUSTDOCFLAGS=--cap-lints=warn" "-w" "/opt/rustwide/workdir" "--user" "0:0" "597b5e7e5225936d185876de965bb94e879a20a130778ac8993ae3985e0920d1" "/opt/rustwide/cargo-home/bin/cargo" "+1.100.0-beta.1" "build" "--frozen" "--message-format=json" "--release", kill_on_drop: false }`
[INFO] [stderr]    Compiling smallvec v1.16.2
[INFO] [stderr]    Compiling either v1.18.0
[INFO] [stderr]    Compiling hotpath v0.28.0
[INFO] [stderr]    Compiling hotpath-macros v0.28.0
[INFO] [stderr]    Compiling syn v2.0.119
[INFO] [stderr]    Compiling serde v1.0.229
[INFO] [stderr]    Compiling parking_lot_core v0.9.12
[INFO] [stderr]    Compiling parking_lot v0.12.5
[INFO] [stderr]    Compiling darling_core v0.20.11
[INFO] [stderr]    Compiling neli-proc-macros v0.2.2
[INFO] [stderr]    Compiling getset v0.1.7
[INFO] [stderr]    Compiling tracing-attributes v0.1.31
[INFO] [stderr]    Compiling tracing v0.1.44
[INFO] [stderr]    Compiling darling_macro v0.20.11
[INFO] [stderr]    Compiling darling v0.20.11
[INFO] [stderr]    Compiling derive_builder_core v0.20.2
[INFO] [stderr]    Compiling derive_builder_macro v0.20.2
[INFO] [stderr]    Compiling derive_builder v0.20.2
[INFO] [stderr]    Compiling neli v0.7.4
[INFO] [stderr]    Compiling local-ip-address v0.6.13
[INFO] [stderr]    Compiling rustfs-utils v1.0.1 (/opt/rustwide/workdir)
[INFO] [stderr] warning: unused dependency `hotpath`
[INFO] [stderr]   --> Cargo.toml:51:15
[INFO] [stderr]    |
[INFO] [stderr] 51 | [dependencies.hotpath]
[INFO] [stderr]    |               ^^^^^^^^
[INFO] [stderr]    |
[INFO] [stderr]    = note: `cargo::unused_dependencies` is set to `warn` by default
[INFO] [stderr] help: consider removing the dependency on `hotpath`
[INFO] [stderr] warning: `rustfs-utils` (manifest) generated 1 warning
[INFO] [stderr]     Finished `release` profile [optimized] target(s) in 14.19s
[INFO] running `Command { std: "docker" "inspect" "597b5e7e5225936d185876de965bb94e879a20a130778ac8993ae3985e0920d1", kill_on_drop: false }`
[INFO] running `Command { std: "docker" "exec" "-e" "SOURCE_DIR=/opt/rustwide/workdir" "-e" "CARGO_HOME=/opt/rustwide/cargo-home" "-e" "RUSTUP_HOME=/opt/rustwide/rustup-home" "-e" "CARGO_TARGET_DIR=/opt/rustwide/target" "-e" "CARGO_INCREMENTAL=0" "-e" "RUST_BACKTRACE=full" "-e" "RUSTFLAGS=--cap-lints=warn" "-e" "RUSTDOCFLAGS=--cap-lints=warn" "-w" "/opt/rustwide/workdir" "--user" "0:0" "597b5e7e5225936d185876de965bb94e879a20a130778ac8993ae3985e0920d1" "/opt/rustwide/cargo-home/bin/cargo" "+1.100.0-beta.1" "test" "--frozen" "--no-run" "--message-format=json" "--release", kill_on_drop: false }`
[INFO] [stderr]    Compiling syn v3.0.6
[INFO] [stderr]    Compiling zerocopy v0.8.59
[INFO] [stderr]    Compiling zerocopy-derive v0.8.59
[INFO] [stderr]    Compiling cc v1.5.1
[INFO] [stderr]    Compiling either v1.18.0
[INFO] [stderr]    Compiling clap_lex v1.1.1
[INFO] [stderr]    Compiling serde_json v1.0.151
[INFO] [stderr]    Compiling regex-automata v0.4.18
[INFO] [stderr]    Compiling page_size v0.6.0
[INFO] [stderr]    Compiling temp-env v0.3.6
[INFO] [stderr]    Compiling clap_builder v4.6.7
[INFO] [stderr]    Compiling itertools v0.13.0
[INFO] [stderr]    Compiling rayon v1.12.0
[INFO] [stderr]    Compiling alloca v0.4.0
[INFO] [stderr]    Compiling criterion-plot v0.8.2
[INFO] [stderr]    Compiling regex v1.13.1
[INFO] [stderr]    Compiling clap v4.6.7
[INFO] [stderr]    Compiling serde_derive v1.0.229
[INFO] [stderr]    Compiling tokio-macros v2.7.2
[INFO] [stderr]    Compiling tokio v1.53.1
[INFO] [stderr]    Compiling serde v1.0.229
[INFO] [stderr]    Compiling tinytemplate v1.2.1
[INFO] [stderr]    Compiling neli-proc-macros v0.2.2
[INFO] [stderr]    Compiling half v2.7.1
[INFO] [stderr]    Compiling ppv-lite86 v0.2.21
[INFO] [stderr]    Compiling ciborium-ll v0.2.2
[INFO] [stderr]    Compiling rand_chacha v0.9.0
[INFO] [stderr]    Compiling ciborium v0.2.2
[INFO] [stderr]    Compiling proptest v1.11.0
[INFO] [stderr]    Compiling criterion v0.8.2
[INFO] [stderr]    Compiling neli v0.7.4
[INFO] [stderr]    Compiling local-ip-address v0.6.13
[INFO] [stderr]    Compiling rustfs-utils v1.0.1 (/opt/rustwide/workdir)
[INFO] [stderr] warning: unused dependency `hotpath`
[INFO] [stderr]   --> Cargo.toml:51:15
[INFO] [stderr]    |
[INFO] [stderr] 51 | [dependencies.hotpath]
[INFO] [stderr]    |               ^^^^^^^^
[INFO] [stderr]    |
[INFO] [stderr]    = note: `cargo::unused_dependencies` is set to `warn` by default
[INFO] [stderr] help: consider removing the dependency on `hotpath`
[INFO] [stderr] warning: `rustfs-utils` (manifest) generated 1 warning
[INFO] [stderr]     Finished `release` profile [optimized] target(s) in 38.18s
[INFO] running `Command { std: "docker" "inspect" "597b5e7e5225936d185876de965bb94e879a20a130778ac8993ae3985e0920d1", kill_on_drop: false }`
[INFO] running `Command { std: "docker" "exec" "-e" "SOURCE_DIR=/opt/rustwide/workdir" "-e" "CARGO_HOME=/opt/rustwide/cargo-home" "-e" "RUSTUP_HOME=/opt/rustwide/rustup-home" "-e" "CARGO_TARGET_DIR=/opt/rustwide/target" "-e" "CARGO_INCREMENTAL=0" "-e" "RUST_BACKTRACE=full" "-e" "RUSTFLAGS=--cap-lints=warn" "-e" "RUSTDOCFLAGS=--cap-lints=warn" "-w" "/opt/rustwide/workdir" "--user" "0:0" "597b5e7e5225936d185876de965bb94e879a20a130778ac8993ae3985e0920d1" "/opt/rustwide/cargo-home/bin/cargo" "+1.100.0-beta.1" "test" "--frozen" "--release", kill_on_drop: false }`
[INFO] [stderr] warning: unused dependency `hotpath`
[INFO] [stderr]   --> Cargo.toml:51:15
[INFO] [stderr]    |
[INFO] [stderr] 51 | [dependencies.hotpath]
[INFO] [stderr]    |               ^^^^^^^^
[INFO] [stderr]    |
[INFO] [stderr]    = note: `cargo::unused_dependencies` is set to `warn` by default
[INFO] [stderr] help: consider removing the dependency on `hotpath`
[INFO] [stderr] warning: `rustfs-utils` (manifest) generated 1 warning
[INFO] [stderr]     Finished `release` profile [optimized] target(s) in 0.20s
[INFO] [stderr]      Running unittests src/lib.rs (/opt/rustwide/target/release/build/rustfs-utils/794450a101597413/out/rustfs_utils-794450a101597413)
[INFO] [stdout] 
[INFO] [stdout] running 27 tests
[INFO] [stdout] test envs::tests::apply_external_env_compat_copies_missing_rustfs_keys ... ok
[INFO] [stdout] test envs::tests::external_env_compat_includes_api_object_max_versions ... ok
[INFO] [stdout] test envs::tests::unrelated_source_key_is_ignored ... ok
[INFO] [stdout] test envs::tests::invalid_f64_value_falls_back_to_default_and_optional_none ... ok
[INFO] [stdout] test envs::tests::minio_alias_is_used_for_rustfs_reads ... ok
[INFO] [stdout] test envs::tests::rustfs_value_takes_precedence_on_conflict ... ok
[INFO] [stdout] test envs::tests::env_parse_outcome_distinguishes_absent_invalid_and_parsed ... ok
[INFO] [stdout] test envs::tests::i32_invalid_alias_value_falls_back_to_default ... ok
[INFO] [stdout] test envs::tests::i32_canonical_value_takes_precedence_over_alias ... ok
[INFO] [stdout] test envs::tests::scanner_aliases_are_mapped_when_rustfs_missing ... ok
[INFO] [stdout] test envs::tests::i32_alias_value_is_used_when_canonical_missing ... ok
[INFO] [stdout] test envs::tests::invalid_u64_value_falls_back_to_default_and_optional_none ... ok
[INFO] [stdout] test ip::tests::test_default_fallback_value ... ok
[INFO] [stdout] test ip::tests::test_get_local_ip_returns_some_ip ... FAILED
[INFO] [stdout] test envs::tests::source_value_is_mapped_when_rustfs_missing ... ok
[INFO] [stdout] test logging::tests::masks_short_values ... ok
[INFO] [stdout] test envs::tests::dynamic_notify_suffix_is_mapped ... ok
[INFO] [stdout] test envs::tests::rustfs_bool_env_takes_precedence_over_minio_alias ... ok
[INFO] [stdout] test ip::tests::test_consistency_between_functions ... ok
[INFO] [stdout] test logging::tests::log_throttle_emits_once_per_interval_and_reports_suppression ... ok
[INFO] [stdout] test ip::tests::test_get_local_ip_with_default_never_empty ... ok
[INFO] [stdout] test ip::tests::test_ip_address_types ... ok
[INFO] [stdout] test logging::tests::masks_long_values ... ok
[INFO] [stdout] test ip::tests::test_ip_string_format ... ok
[INFO] [stdout] test logging::tests::log_throttle_allows_only_one_concurrent_claim ... ok
[INFO] [stdout] test ip::tests::test_get_local_ip_with_default_fallback ... ok
[INFO] [stdout] test ip::tests::test_multiple_calls_consistency ... ok
[INFO] [stdout] 
[INFO] [stdout] failures:
[INFO] [stdout] 
[INFO] [stdout] ---- ip::tests::test_get_local_ip_returns_some_ip stdout ----
[INFO] [stdout] 
[INFO] [stdout] thread 'ip::tests::test_get_local_ip_returns_some_ip' (1334) panicked at src/ip.rs:54:9:
[INFO] [stdout] Should be able to get local IP address
[INFO] [stdout] stack backtrace:
[INFO] [stdout]    0:     0x5634044a3d41 - <<std[617be2ca0a6fd877]::sys::backtrace::BacktraceLock>::print::DisplayBacktrace as core[a373ad73a504971]::fmt::Display>::fmt
[INFO] [stdout]    1:     0x5634044b948a - core[a373ad73a504971]::fmt::write
[INFO] [stdout]    2:     0x5634044a81ac - <alloc[2e1b2a31b91974c5]::vec::Vec<u8> as core[a373ad73a504971]::io::write::Write>::write_fmt
[INFO] [stdout]    3:     0x56340447fa16 - std[617be2ca0a6fd877]::panicking::default_hook::{closure#0}
[INFO] [stdout]    4:     0x56340449be89 - std[617be2ca0a6fd877]::panicking::default_hook
[INFO] [stdout]    5:     0x563404436ab0 - test[aada8e7e76ba119b]::test_main_inner::{closure#0}
[INFO] [stdout]    6:     0x56340449c1b2 - std[617be2ca0a6fd877]::panicking::panic_with_hook
[INFO] [stdout]    7:     0x56340447faf4 - std[617be2ca0a6fd877]::panicking::panic_handler::{closure#0}
[INFO] [stdout]    8:     0x563404478599 - std[617be2ca0a6fd877]::sys::backtrace::__rust_end_short_backtrace::<std[617be2ca0a6fd877]::panicking::panic_handler::{closure#0}, !>
[INFO] [stdout]    9:     0x5634044808ed - __rustc[ea4f61d10b84890b]::rust_begin_unwind
[INFO] [stdout]   10:     0x5634044b9bec - core[a373ad73a504971]::panicking::panic_fmt
[INFO] [stdout]   11:     0x5634043e3cfd - <rustfs_utils[f118500a8fb0334]::ip::tests::test_get_local_ip_returns_some_ip::{closure#0} as core[a373ad73a504971]::ops::function::FnOnce<()>>::call_once
[INFO] [stdout]   12:     0x563404429efb - test[aada8e7e76ba119b]::__rust_begin_short_backtrace::<core[a373ad73a504971]::result::Result<(), alloc[2e1b2a31b91974c5]::string::String>, fn() -> core[a373ad73a504971]::result::Result<(), alloc[2e1b2a31b91974c5]::string::String>>
[INFO] [stdout]   13:     0x5634044370d5 - test[aada8e7e76ba119b]::run_test::{closure#0}
[INFO] [stdout]   14:     0x5634044309c4 - std[617be2ca0a6fd877]::sys::backtrace::__rust_begin_short_backtrace::<test[aada8e7e76ba119b]::run_test::{closure#1}, ()>
[INFO] [stdout]   15:     0x56340443a162 - <std[617be2ca0a6fd877]::thread::lifecycle::spawn_unchecked<test[aada8e7e76ba119b]::run_test::{closure#1}, ()>::{closure#1} as core[a373ad73a504971]::ops::function::FnOnce<()>>::call_once::{shim:vtable#0}
[INFO] [stdout]   16:     0x5634044a355f - <std[617be2ca0a6fd877]::sys::thread::unix::Thread>::new::thread_start
[INFO] [stdout]   17:     0x7c33a2aeedfa - <unknown>
[INFO] [stdout]   18:     0x7c33a2b823d4 - clone
[INFO] [stdout]   19:                0x0 - <unknown>
[INFO] [stdout] 
[INFO] [stdout] 
[INFO] [stdout] failures:
[INFO] [stdout]     ip::tests::test_get_local_ip_returns_some_ip
[INFO] [stdout] 
[INFO] [stdout] test result: FAILED. 26 passed; 1 failed; 0 ignored; 0 measured; 0 filtered out; finished in 0.02s
[INFO] [stdout] 
[INFO] [stderr] error: test failed, to rerun pass `--lib`
[INFO] running `Command { std: "docker" "inspect" "597b5e7e5225936d185876de965bb94e879a20a130778ac8993ae3985e0920d1", kill_on_drop: false }`
[INFO] running `Command { std: "docker" "rm" "-f" "597b5e7e5225936d185876de965bb94e879a20a130778ac8993ae3985e0920d1", kill_on_drop: false }`
[INFO] [stdout] 597b5e7e5225936d185876de965bb94e879a20a130778ac8993ae3985e0920d1
