[INFO] fetching crate rustfastq 0.5.1...
[INFO] testing rustfastq-0.5.1 against 1.100.0-beta.1+cargoflags=--release for beta-release-1.100-2
[INFO] extracting crate rustfastq 0.5.1 into /workspace/builds/worker-6-tc2/source
[INFO] started tweaking crates.io crate rustfastq 0.5.1
[INFO] finished tweaking crates.io crate rustfastq 0.5.1
[INFO] tweaked toml for crates.io crate rustfastq 0.5.1 written to /workspace/builds/worker-6-tc2/source/Cargo.toml
[INFO] validating manifest of crates.io crate rustfastq 0.5.1 on toolchain 1.100.0-beta.1
[INFO] running `Command { std: CARGO_HOME="/workspace/cargo-home" RUSTUP_HOME="/workspace/rustup-home" "/workspace/cargo-home/bin/cargo" "+1.100.0-beta.1" "metadata" "--manifest-path" "Cargo.toml" "--no-deps", kill_on_drop: false }`
[INFO] crate crates.io crate rustfastq 0.5.1 already has a lockfile, it will not be regenerated
[INFO] running `Command { std: CARGO_HOME="/workspace/cargo-home" RUSTUP_HOME="/workspace/rustup-home" "/workspace/cargo-home/bin/cargo" "+1.100.0-beta.1" "fetch" "--manifest-path" "Cargo.toml", kill_on_drop: false }`
[INFO] [stderr] warning: `package.homepage` is redundant with `package.repository`
[INFO] [stderr]   --> Cargo.toml:71:12
[INFO] [stderr]    |
[INFO] [stderr] 71 | homepage = "https://codeberg.org/redst4r/rustfastq"
[INFO] [stderr]    |            ^^^^^^^^^^^^^^^^^^^^^^^^^^^^^^^^^^^^^^^^
[INFO] [stderr] ...
[INFO] [stderr] 76 | repository = "https://codeberg.org/redst4r/rustfastq"
[INFO] [stderr]    |              ----------------------------------------
[INFO] [stderr]    |
[INFO] [stderr]    = note: `cargo::redundant_homepage` is set to `warn` by default
[INFO] [stderr] help: consider removing `package.homepage`
[INFO] [stderr] warning: `rustfastq` (manifest) generated 1 warning
[INFO] running `Command { std: "docker" "create" "-v" "/var/lib/crater-agent-workspace/builds/worker-6-tc2/source:/opt/rustwide/workdir:ro,Z" "-v" "/var/lib/crater-agent-workspace/builds/worker-6-tc2/target:/opt/rustwide/target:rw,Z" "-v" "/var/lib/crater-agent-workspace/cargo-home:/opt/rustwide/cargo-home:ro,Z" "-v" "/var/lib/crater-agent-workspace/rustup-home:/opt/rustwide/rustup-home:ro,Z" "-m" "1610612736" "--network" "none" "ghcr.io/rust-lang/crates-build-env/linux@sha256:77db811e55d90add9212f6832c23229e3de5f1c1f9905e8cb07319ea15df73ac" "sleep" "infinity", kill_on_drop: false }`
[INFO] [stdout] 5851d46ec684ac6fc430c74c1f97c14aa5b75c5b84bd80de785849f7a6190fe8
[INFO] running `Command { std: "docker" "start" "5851d46ec684ac6fc430c74c1f97c14aa5b75c5b84bd80de785849f7a6190fe8", kill_on_drop: false }`
[INFO] running `Command { std: "docker" "inspect" "5851d46ec684ac6fc430c74c1f97c14aa5b75c5b84bd80de785849f7a6190fe8", kill_on_drop: false }`
[INFO] running `Command { std: "docker" "exec" "-e" "SOURCE_DIR=/opt/rustwide/workdir" "-e" "CARGO_HOME=/opt/rustwide/cargo-home" "-e" "RUSTUP_HOME=/opt/rustwide/rustup-home" "-e" "CARGO_TARGET_DIR=/opt/rustwide/target" "-w" "/opt/rustwide/workdir" "--user" "0:0" "5851d46ec684ac6fc430c74c1f97c14aa5b75c5b84bd80de785849f7a6190fe8" "/opt/rustwide/cargo-home/bin/cargo" "+1.100.0-beta.1" "metadata" "--no-deps" "--format-version=1", kill_on_drop: false }`
[INFO] running `Command { std: "docker" "inspect" "5851d46ec684ac6fc430c74c1f97c14aa5b75c5b84bd80de785849f7a6190fe8", kill_on_drop: false }`
[INFO] running `Command { std: "docker" "exec" "-e" "SOURCE_DIR=/opt/rustwide/workdir" "-e" "CARGO_HOME=/opt/rustwide/cargo-home" "-e" "RUSTUP_HOME=/opt/rustwide/rustup-home" "-e" "CARGO_TARGET_DIR=/opt/rustwide/target" "-e" "CARGO_INCREMENTAL=0" "-e" "RUST_BACKTRACE=full" "-e" "RUSTFLAGS=--cap-lints=warn" "-e" "RUSTDOCFLAGS=--cap-lints=warn" "-w" "/opt/rustwide/workdir" "--user" "0:0" "5851d46ec684ac6fc430c74c1f97c14aa5b75c5b84bd80de785849f7a6190fe8" "/opt/rustwide/cargo-home/bin/cargo" "+1.100.0-beta.1" "build" "--frozen" "--message-format=json" "--release", kill_on_drop: false }`
[INFO] [stderr] warning: `package.homepage` is redundant with `package.repository`
[INFO] [stderr]   --> Cargo.toml:71:12
[INFO] [stderr]    |
[INFO] [stderr] 71 | homepage = "https://codeberg.org/redst4r/rustfastq"
[INFO] [stderr]    |            ^^^^^^^^^^^^^^^^^^^^^^^^^^^^^^^^^^^^^^^^
[INFO] [stderr] ...
[INFO] [stderr] 76 | repository = "https://codeberg.org/redst4r/rustfastq"
[INFO] [stderr]    |              ----------------------------------------
[INFO] [stderr]    |
[INFO] [stderr]    = note: `cargo::redundant_homepage` is set to `warn` by default
[INFO] [stderr] help: consider removing `package.homepage`
[INFO] [stderr] warning: `rustfastq` (manifest) generated 1 warning
[INFO] [stderr]    Compiling serde_core v1.0.228
[INFO] [stderr]    Compiling crossbeam-utils v0.8.21
[INFO] [stderr]    Compiling zlib-rs v0.6.3
[INFO] [stderr]    Compiling syn v2.0.117
[INFO] [stderr]    Compiling bstr v1.12.1
[INFO] [stderr]    Compiling console v0.16.3
[INFO] [stderr]    Compiling regex-automata v0.4.14
[INFO] [stderr]    Compiling rand_chacha v0.9.0
[INFO] [stderr]    Compiling csv-core v0.1.13
[INFO] [stderr]    Compiling crossbeam-channel v0.5.15
[INFO] [stderr]    Compiling noodles-fastq v0.21.0
[INFO] [stderr]    Compiling itertools v0.14.0
[INFO] [stderr]    Compiling indicatif v0.18.4
[INFO] [stderr]    Compiling counter v0.7.1
[INFO] [stderr]    Compiling rand v0.9.4
[INFO] [stderr]    Compiling regex v1.12.3
[INFO] [stderr]    Compiling csv v1.4.0
[INFO] [stderr]    Compiling serde_json v1.0.150
[INFO] [stderr]    Compiling flate2 v1.1.9
[INFO] [stderr]    Compiling clap_derive v4.6.1
[INFO] [stderr]    Compiling serde_derive v1.0.228
[INFO] [stderr]    Compiling noodles-bgzf v0.45.0
[INFO] [stderr]    Compiling noodles v0.104.0
[INFO] [stderr]    Compiling clap v4.6.1
[INFO] [stderr]    Compiling serde v1.0.228
[INFO] [stderr]    Compiling rustfastq v0.5.1 (/opt/rustwide/workdir)
[INFO] [stdout] warning: function `get_bgzip_reader` is never used
[INFO] [stdout]   --> src/utils.rs:22:15
[INFO] [stdout]    |
[INFO] [stdout] 22 | pub(crate) fn get_bgzip_reader(fname: &str) -> noodles_bgzf::io::Reader<File> {
[INFO] [stdout]    |               ^^^^^^^^^^^^^^^^
[INFO] [stdout]    |
[INFO] [stdout]    = note: `#[warn(dead_code)]` (part of `#[warn(unused)]`) on by default
[INFO] [stdout] 
[INFO] [stdout] 
[INFO] [stdout] warning: method `add` is never used
[INFO] [stdout]    --> src/experiment.rs:341:20
[INFO] [stdout]     |
[INFO] [stdout] 321 | impl Experiment {
[INFO] [stdout]     | --------------- method in this implementation
[INFO] [stdout] ...
[INFO] [stdout] 341 |     pub (crate) fn add(&mut self, name: &str, sample: Sample) {
[INFO] [stdout]     |                    ^^^
[INFO] [stdout] 
[INFO] [stdout] 
[INFO] [stdout] warning: function `permute_hashmap` is never used
[INFO] [stdout]   --> src/scramble.rs:16:4
[INFO] [stdout]    |
[INFO] [stdout] 16 | fn permute_hashmap<K: std::cmp::Eq + Hash + std::clone::Clone, V, R: RngCore>(
[INFO] [stdout]    |    ^^^^^^^^^^^^^^^
[INFO] [stdout] 
[INFO] [stdout] 
[INFO] [stderr] warning: unused dependency `regex`
[INFO] [stderr]   --> Cargo.toml:41:15
[INFO] [stderr]    |
[INFO] [stderr] 41 | [dependencies.regex]
[INFO] [stderr]    |               ^^^^^^
[INFO] [stderr]    |
[INFO] [stderr]    = note: `cargo::unused_dependencies` is set to `warn` by default
[INFO] [stderr] help: consider removing the dependency on `regex`
[INFO] [stderr] warning: `rustfastq` (manifest) generated 1 warning
[INFO] [stderr]     Finished `release` profile [optimized] target(s) in 54.72s
[INFO] running `Command { std: "docker" "inspect" "5851d46ec684ac6fc430c74c1f97c14aa5b75c5b84bd80de785849f7a6190fe8", kill_on_drop: false }`
[INFO] running `Command { std: "docker" "exec" "-e" "SOURCE_DIR=/opt/rustwide/workdir" "-e" "CARGO_HOME=/opt/rustwide/cargo-home" "-e" "RUSTUP_HOME=/opt/rustwide/rustup-home" "-e" "CARGO_TARGET_DIR=/opt/rustwide/target" "-e" "CARGO_INCREMENTAL=0" "-e" "RUST_BACKTRACE=full" "-e" "RUSTFLAGS=--cap-lints=warn" "-e" "RUSTDOCFLAGS=--cap-lints=warn" "-w" "/opt/rustwide/workdir" "--user" "0:0" "5851d46ec684ac6fc430c74c1f97c14aa5b75c5b84bd80de785849f7a6190fe8" "/opt/rustwide/cargo-home/bin/cargo" "+1.100.0-beta.1" "test" "--frozen" "--no-run" "--message-format=json" "--release", kill_on_drop: false }`
[INFO] [stderr] warning: `package.homepage` is redundant with `package.repository`
[INFO] [stderr]   --> Cargo.toml:71:12
[INFO] [stderr]    |
[INFO] [stderr] 71 | homepage = "https://codeberg.org/redst4r/rustfastq"
[INFO] [stderr]    |            ^^^^^^^^^^^^^^^^^^^^^^^^^^^^^^^^^^^^^^^^
[INFO] [stderr] ...
[INFO] [stderr] 76 | repository = "https://codeberg.org/redst4r/rustfastq"
[INFO] [stderr]    |              ----------------------------------------
[INFO] [stderr]    |
[INFO] [stderr]    = note: `cargo::redundant_homepage` is set to `warn` by default
[INFO] [stderr] help: consider removing `package.homepage`
[INFO] [stderr] warning: `rustfastq` (manifest) generated 1 warning
[INFO] [stderr]    Compiling cc v1.2.62
[INFO] [stderr]    Compiling zerocopy-derive v0.8.48
[INFO] [stderr]    Compiling serde v1.0.228
[INFO] [stderr]    Compiling serde_json v1.0.150
[INFO] [stderr]    Compiling itertools v0.13.0
[INFO] [stderr]    Compiling csv v1.4.0
[INFO] [stderr]    Compiling page_size v0.6.0
[INFO] [stderr]    Compiling tinytemplate v1.2.1
[INFO] [stderr]    Compiling zerocopy v0.8.48
[INFO] [stderr]    Compiling libz-sys v1.1.28
[INFO] [stderr]    Compiling lz4-sys v1.11.1+lz4-1.10.0
[INFO] [stderr]    Compiling alloca v0.4.0
[INFO] [stderr]    Compiling flate2 v1.1.9
[INFO] [stderr]    Compiling noodles-bgzf v0.45.0
[INFO] [stderr]    Compiling criterion-plot v0.8.2
[INFO] [stderr]    Compiling noodles v0.104.0
[INFO] [stderr]    Compiling ppv-lite86 v0.2.21
[INFO] [stderr]    Compiling half v2.7.1
[INFO] [stderr]    Compiling rand_chacha v0.9.0
[INFO] [stderr]    Compiling ciborium-ll v0.2.2
[INFO] [stderr]    Compiling ciborium v0.2.2
[INFO] [stderr]    Compiling rand v0.9.4
[INFO] [stderr]    Compiling criterion v0.8.2
[INFO] [stderr]    Compiling rustfastq v0.5.1 (/opt/rustwide/workdir)
[INFO] [stdout] warning: function `get_bgzip_reader` is never used
[INFO] [stdout]   --> src/utils.rs:22:15
[INFO] [stdout]    |
[INFO] [stdout] 22 | pub(crate) fn get_bgzip_reader(fname: &str) -> noodles_bgzf::io::Reader<File> {
[INFO] [stdout]    |               ^^^^^^^^^^^^^^^^
[INFO] [stdout]    |
[INFO] [stdout]    = note: `#[warn(dead_code)]` (part of `#[warn(unused)]`) on by default
[INFO] [stdout] 
[INFO] [stdout] 
[INFO] [stdout] warning: method `add` is never used
[INFO] [stdout]    --> src/experiment.rs:341:20
[INFO] [stdout]     |
[INFO] [stdout] 321 | impl Experiment {
[INFO] [stdout]     | --------------- method in this implementation
[INFO] [stdout] ...
[INFO] [stdout] 341 |     pub (crate) fn add(&mut self, name: &str, sample: Sample) {
[INFO] [stdout]     |                    ^^^
[INFO] [stdout] 
[INFO] [stdout] 
[INFO] [stdout] warning: function `permute_hashmap` is never used
[INFO] [stdout]   --> src/scramble.rs:16:4
[INFO] [stdout]    |
[INFO] [stdout] 16 | fn permute_hashmap<K: std::cmp::Eq + Hash + std::clone::Clone, V, R: RngCore>(
[INFO] [stdout]    |    ^^^^^^^^^^^^^^^
[INFO] [stdout] 
[INFO] [stdout] 
[INFO] [stderr]    Compiling lz4 v1.28.1
[INFO] [stderr]    Compiling fastq v0.6.0
[INFO] [stdout] warning: unused import: `std::fs::File`
[INFO] [stdout]    --> src/io.rs:304:13
[INFO] [stdout]     |
[INFO] [stdout] 304 |         use std::fs::File;
[INFO] [stdout]     |             ^^^^^^^^^^^^^
[INFO] [stdout]     |
[INFO] [stdout]     = note: `#[warn(unused_imports)]` (part of `#[warn(unused)]`) on by default
[INFO] [stdout] 
[INFO] [stdout] 
[INFO] [stdout] warning: unused import: `std::io::BufWriter`
[INFO] [stdout]    --> src/io.rs:305:13
[INFO] [stdout]     |
[INFO] [stdout] 305 |         use std::io::BufWriter;
[INFO] [stdout]     |             ^^^^^^^^^^^^^^^^^^
[INFO] [stdout] 
[INFO] [stdout] 
[INFO] [stdout] warning: unused import: `get_gzip_reader`
[INFO] [stdout]   --> src/utils.rs:38:42
[INFO] [stdout]    |
[INFO] [stdout] 38 |     use crate::utils::{get_bgzip_reader, get_gzip_reader};
[INFO] [stdout]    |                                          ^^^^^^^^^^^^^^^
[INFO] [stdout] 
[INFO] [stdout] 
[INFO] [stdout] warning: function `test_filter` is never used
[INFO] [stdout]    --> src/io.rs:276:12
[INFO] [stdout]     |
[INFO] [stdout] 276 |     pub fn test_filter() {
[INFO] [stdout]     |            ^^^^^^^^^^^
[INFO] [stdout]     |
[INFO] [stdout]     = note: `#[warn(dead_code)]` (part of `#[warn(unused)]`) on by default
[INFO] [stdout] 
[INFO] [stdout] 
[INFO] [stdout] warning: function `permute_hashmap` is never used
[INFO] [stdout]   --> src/scramble.rs:16:4
[INFO] [stdout]    |
[INFO] [stdout] 16 | fn permute_hashmap<K: std::cmp::Eq + Hash + std::clone::Clone, V, R: RngCore>(
[INFO] [stdout]    |    ^^^^^^^^^^^^^^^
[INFO] [stdout] 
[INFO] [stdout] 
[INFO] [stderr]     Finished `release` profile [optimized] target(s) in 1m 10s
[INFO] running `Command { std: "docker" "inspect" "5851d46ec684ac6fc430c74c1f97c14aa5b75c5b84bd80de785849f7a6190fe8", kill_on_drop: false }`
[INFO] running `Command { std: "docker" "exec" "-e" "SOURCE_DIR=/opt/rustwide/workdir" "-e" "CARGO_HOME=/opt/rustwide/cargo-home" "-e" "RUSTUP_HOME=/opt/rustwide/rustup-home" "-e" "CARGO_TARGET_DIR=/opt/rustwide/target" "-e" "CARGO_INCREMENTAL=0" "-e" "RUST_BACKTRACE=full" "-e" "RUSTFLAGS=--cap-lints=warn" "-e" "RUSTDOCFLAGS=--cap-lints=warn" "-w" "/opt/rustwide/workdir" "--user" "0:0" "5851d46ec684ac6fc430c74c1f97c14aa5b75c5b84bd80de785849f7a6190fe8" "/opt/rustwide/cargo-home/bin/cargo" "+1.100.0-beta.1" "test" "--frozen" "--release", kill_on_drop: false }`
[INFO] [stderr] warning: `package.homepage` is redundant with `package.repository`
[INFO] [stderr]   --> Cargo.toml:71:12
[INFO] [stderr]    |
[INFO] [stderr] 71 | homepage = "https://codeberg.org/redst4r/rustfastq"
[INFO] [stderr]    |            ^^^^^^^^^^^^^^^^^^^^^^^^^^^^^^^^^^^^^^^^
[INFO] [stderr] ...
[INFO] [stderr] 76 | repository = "https://codeberg.org/redst4r/rustfastq"
[INFO] [stderr]    |              ----------------------------------------
[INFO] [stderr]    |
[INFO] [stderr]    = note: `cargo::redundant_homepage` is set to `warn` by default
[INFO] [stderr] help: consider removing `package.homepage`
[INFO] [stderr] warning: `rustfastq` (manifest) generated 1 warning
[INFO] [stderr] warning: function `get_bgzip_reader` is never used
[INFO] [stderr]   --> src/utils.rs:22:15
[INFO] [stderr]    |
[INFO] [stderr] 22 | pub(crate) fn get_bgzip_reader(fname: &str) -> noodles_bgzf::io::Reader<File> {
[INFO] [stderr]    |               ^^^^^^^^^^^^^^^^
[INFO] [stderr]    |
[INFO] [stderr]    = note: `#[warn(dead_code)]` (part of `#[warn(unused)]`) on by default
[INFO] [stderr] 
[INFO] [stderr] warning: method `add` is never used
[INFO] [stderr]    --> src/experiment.rs:341:20
[INFO] [stderr]     |
[INFO] [stderr] 321 | impl Experiment {
[INFO] [stderr]     | --------------- method in this implementation
[INFO] [stderr] ...
[INFO] [stderr] 341 |     pub (crate) fn add(&mut self, name: &str, sample: Sample) {
[INFO] [stderr]     |                    ^^^
[INFO] [stderr] 
[INFO] [stderr] warning: function `permute_hashmap` is never used
[INFO] [stderr]   --> src/scramble.rs:16:4
[INFO] [stderr]    |
[INFO] [stderr] 16 | fn permute_hashmap<K: std::cmp::Eq + Hash + std::clone::Clone, V, R: RngCore>(
[INFO] [stderr]    |    ^^^^^^^^^^^^^^^
[INFO] [stderr] 
[INFO] [stderr] warning: `rustfastq` (lib) generated 3 warnings
[INFO] [stderr] warning: unused import: `std::fs::File`
[INFO] [stderr]    --> src/io.rs:304:13
[INFO] [stderr]     |
[INFO] [stderr] 304 |         use std::fs::File;
[INFO] [stderr]     |             ^^^^^^^^^^^^^
[INFO] [stderr]     |
[INFO] [stderr]     = note: `#[warn(unused_imports)]` (part of `#[warn(unused)]`) on by default
[INFO] [stderr] 
[INFO] [stderr] warning: unused import: `std::io::BufWriter`
[INFO] [stderr]    --> src/io.rs:305:13
[INFO] [stderr]     |
[INFO] [stderr] 305 |         use std::io::BufWriter;
[INFO] [stderr]     |             ^^^^^^^^^^^^^^^^^^
[INFO] [stderr] 
[INFO] [stderr] warning: unused import: `get_gzip_reader`
[INFO] [stderr]   --> src/utils.rs:38:42
[INFO] [stderr]    |
[INFO] [stderr] 38 |     use crate::utils::{get_bgzip_reader, get_gzip_reader};
[INFO] [stderr]    |                                          ^^^^^^^^^^^^^^^
[INFO] [stderr] 
[INFO] [stderr] warning: function `test_filter` is never used
[INFO] [stderr]    --> src/io.rs:276:12
[INFO] [stderr]     |
[INFO] [stderr] 276 |     pub fn test_filter() {
[INFO] [stderr]     |            ^^^^^^^^^^^
[INFO] [stderr]     |
[INFO] [stderr]     = note: `#[warn(dead_code)]` (part of `#[warn(unused)]`) on by default
[INFO] [stderr] 
[INFO] [stderr] warning: `rustfastq` (lib test) generated 5 warnings (1 duplicate) (run `cargo fix --lib -p rustfastq --tests` to apply 3 suggestions)
[INFO] [stderr]     Finished `release` profile [optimized] target(s) in 0.22s
[INFO] [stderr]      Running unittests src/lib.rs (/opt/rustwide/target/release/build/rustfastq/48e66bff37720827/out/rustfastq-48e66bff37720827)
[INFO] [stdout] 
[INFO] [stdout] running 16 tests
[INFO] [stdout] test experiment::test_sample ... ok
[INFO] [stdout] test experiment::test_exp ... ok
[INFO] [stdout] test experiment::testing::test_check_integrity ... ok
[INFO] [stdout] test phred::test_prob_to_sym ... ok
[INFO] [stdout] test scramble::testing::test_random_pairing ... ok
[INFO] [stdout] test experiment::testing::test_experiment ... ok
[INFO] [stdout] test phred::testing::test_phred_cache ... ok
[INFO] [stdout] test io::testing::test_noodle ... FAILED
[INFO] [stdout] test utils::test_gzip ... FAILED
[INFO] [stdout] test scramble::testing::test_scramble ... FAILED
[INFO] [stdout] test utils::testing::test_rc ... ok
[INFO] [stdout] test phred_counter::testing::main ... FAILED
[INFO] [stdout] test scramble::testing::test_swapinplace ... ok
[INFO] [stdout] test io::testing::test_fastq ... FAILED
[INFO] [stdout] test io::testing::test_noodle2 ... FAILED
[INFO] [stdout] test experiment::testing::test_sample_iter ... ok
[INFO] [stdout] 
[INFO] [stdout] failures:
[INFO] [stdout] 
[INFO] [stdout] ---- io::testing::test_noodle stdout ----
[INFO] [stdout] 
[INFO] [stdout] thread 'io::testing::test_noodle' (1125) panicked at src/utils.rs:11:34:
[INFO] [stdout] called `Result::unwrap()` on an `Err` value: Os { code: 2, kind: NotFound, message: "No such file or directory" }
[INFO] [stdout] stack backtrace:
[INFO] [stdout]    0:     0x5e88833f2981 - <<std[617be2ca0a6fd877]::sys::backtrace::BacktraceLock>::print::DisplayBacktrace as core[a373ad73a504971]::fmt::Display>::fmt
[INFO] [stdout]    1:     0x5e8883408e4a - core[a373ad73a504971]::fmt::write
[INFO] [stdout]    2:     0x5e88833f6f2c - <alloc[2e1b2a31b91974c5]::vec::Vec<u8> as core[a373ad73a504971]::io::write::Write>::write_fmt
[INFO] [stdout]    3:     0x5e88833ced46 - std[617be2ca0a6fd877]::panicking::default_hook::{closure#0}
[INFO] [stdout]    4:     0x5e88833eb019 - std[617be2ca0a6fd877]::panicking::default_hook
[INFO] [stdout]    5:     0x5e888336cbc0 - test[aada8e7e76ba119b]::test_main_inner::{closure#0}
[INFO] [stdout]    6:     0x5e88833eb1d2 - std[617be2ca0a6fd877]::panicking::panic_with_hook
[INFO] [stdout]    7:     0x5e88833cedf2 - std[617be2ca0a6fd877]::panicking::panic_handler::{closure#0}
[INFO] [stdout]    8:     0x5e88833c7b09 - std[617be2ca0a6fd877]::sys::backtrace::__rust_end_short_backtrace::<std[617be2ca0a6fd877]::panicking::panic_handler::{closure#0}, !>
[INFO] [stdout]    9:     0x5e88833cf9fd - __rustc[ea4f61d10b84890b]::rust_begin_unwind
[INFO] [stdout]   10:     0x5e88834095fc - core[a373ad73a504971]::panicking::panic_fmt
[INFO] [stdout]   11:     0x5e88834093d2 - core[a373ad73a504971]::result::unwrap_failed
[INFO] [stdout]   12:     0x5e888334e257 - rustfastq[f440dfcc24e28ff8]::utils::get_gzip_reader
[INFO] [stdout]   13:     0x5e888335411a - <rustfastq[f440dfcc24e28ff8]::io::FastIterator>::new
[INFO] [stdout]   14:     0x5e8883348bfd - <rustfastq[f440dfcc24e28ff8]::io::testing::test_noodle::{closure#0} as core[a373ad73a504971]::ops::function::FnOnce<()>>::call_once
[INFO] [stdout]   15:     0x5e888336000b - test[aada8e7e76ba119b]::__rust_begin_short_backtrace::<core[a373ad73a504971]::result::Result<(), alloc[2e1b2a31b91974c5]::string::String>, fn() -> core[a373ad73a504971]::result::Result<(), alloc[2e1b2a31b91974c5]::string::String>>
[INFO] [stdout]   16:     0x5e888336d1e5 - test[aada8e7e76ba119b]::run_test::{closure#0}
[INFO] [stdout]   17:     0x5e8883366ad4 - std[617be2ca0a6fd877]::sys::backtrace::__rust_begin_short_backtrace::<test[aada8e7e76ba119b]::run_test::{closure#1}, ()>
[INFO] [stdout]   18:     0x5e8883370272 - <std[617be2ca0a6fd877]::thread::lifecycle::spawn_unchecked<test[aada8e7e76ba119b]::run_test::{closure#1}, ()>::{closure#1} as core[a373ad73a504971]::ops::function::FnOnce<()>>::call_once::{shim:vtable#0}
[INFO] [stdout]   19:     0x5e88833f21df - <std[617be2ca0a6fd877]::sys::thread::unix::Thread>::new::thread_start
[INFO] [stdout]   20:     0x7e5c04cc3dfa - <unknown>
[INFO] [stdout]   21:     0x7e5c04d573d4 - clone
[INFO] [stdout]   22:                0x0 - <unknown>
[INFO] [stdout] 
[INFO] [stdout] ---- utils::test_gzip stdout ----
[INFO] [stdout] 
[INFO] [stdout] thread 'utils::test_gzip' (1133) panicked at src/utils.rs:25:30:
[INFO] [stdout] failed to open bgz file /home/michi/SW09-B2_R1_001.fastq_new.gz
[INFO] [stdout] stack backtrace:
[INFO] [stdout]    0:     0x5e88833f2981 - <<std[617be2ca0a6fd877]::sys::backtrace::BacktraceLock>::print::DisplayBacktrace as core[a373ad73a504971]::fmt::Display>::fmt
[INFO] [stdout]    1:     0x5e8883408e4a - core[a373ad73a504971]::fmt::write
[INFO] [stdout]    2:     0x5e88833f6f2c - <alloc[2e1b2a31b91974c5]::vec::Vec<u8> as core[a373ad73a504971]::io::write::Write>::write_fmt
[INFO] [stdout]    3:     0x5e88833ced46 - std[617be2ca0a6fd877]::panicking::default_hook::{closure#0}
[INFO] [stdout]    4:     0x5e88833eb019 - std[617be2ca0a6fd877]::panicking::default_hook
[INFO] [stdout]    5:     0x5e888336cbc0 - test[aada8e7e76ba119b]::test_main_inner::{closure#0}
[INFO] [stdout]    6:     0x5e88833eb1d2 - std[617be2ca0a6fd877]::panicking::panic_with_hook
[INFO] [stdout]    7:     0x5e88833cedf2 - std[617be2ca0a6fd877]::panicking::panic_handler::{closure#0}
[INFO] [stdout]    8:     0x5e88833c7b09 - std[617be2ca0a6fd877]::sys::backtrace::__rust_end_short_backtrace::<std[617be2ca0a6fd877]::panicking::panic_handler::{closure#0}, !>
[INFO] [stdout]    9:     0x5e88833cf9fd - __rustc[ea4f61d10b84890b]::rust_begin_unwind
[INFO] [stdout]   10:     0x5e88834095fc - core[a373ad73a504971]::panicking::panic_fmt
[INFO] [stdout]   11:     0x5e888334de2f - rustfastq[f440dfcc24e28ff8]::utils::get_bgzip_reader::{closure#0}
[INFO] [stdout]   12:     0x5e888334eabb - <rustfastq[f440dfcc24e28ff8]::utils::test_gzip::{closure#0} as core[a373ad73a504971]::ops::function::FnOnce<()>>::call_once
[INFO] [stdout]   13:     0x5e888336000b - test[aada8e7e76ba119b]::__rust_begin_short_backtrace::<core[a373ad73a504971]::result::Result<(), alloc[2e1b2a31b91974c5]::string::String>, fn() -> core[a373ad73a504971]::result::Result<(), alloc[2e1b2a31b91974c5]::string::String>>
[INFO] [stdout]   14:     0x5e888336d1e5 - test[aada8e7e76ba119b]::run_test::{closure#0}
[INFO] [stdout]   15:     0x5e8883366ad4 - std[617be2ca0a6fd877]::sys::backtrace::__rust_begin_short_backtrace::<test[aada8e7e76ba119b]::run_test::{closure#1}, ()>
[INFO] [stdout]   16:     0x5e8883370272 - <std[617be2ca0a6fd877]::thread::lifecycle::spawn_unchecked<test[aada8e7e76ba119b]::run_test::{closure#1}, ()>::{closure#1} as core[a373ad73a504971]::ops::function::FnOnce<()>>::call_once::{shim:vtable#0}
[INFO] [stdout]   17:     0x5e88833f21df - <std[617be2ca0a6fd877]::sys::thread::unix::Thread>::new::thread_start
[INFO] [stdout]   18:     0x7e5c04cc3dfa - <unknown>
[INFO] [stdout]   19:     0x7e5c04d573d4 - clone
[INFO] [stdout]   20:                0x0 - <unknown>
[INFO] [stdout] 
[INFO] [stdout] ---- scramble::testing::test_scramble stdout ----
[INFO] [stdout] 
[INFO] [stdout] thread 'scramble::testing::test_scramble' (1131) panicked at src/utils.rs:29:54:
[INFO] [stdout] called `Result::unwrap()` on an `Err` value: Os { code: 2, kind: NotFound, message: "No such file or directory" }
[INFO] [stdout] stack backtrace:
[INFO] [stdout]    0:     0x5e88833f2981 - <<std[617be2ca0a6fd877]::sys::backtrace::BacktraceLock>::print::DisplayBacktrace as core[a373ad73a504971]::fmt::Display>::fmt
[INFO] [stdout]    1:     0x5e8883408e4a - core[a373ad73a504971]::fmt::write
[INFO] [stdout]    2:     0x5e88833f6f2c - <alloc[2e1b2a31b91974c5]::vec::Vec<u8> as core[a373ad73a504971]::io::write::Write>::write_fmt
[INFO] [stdout]    3:     0x5e88833ced46 - std[617be2ca0a6fd877]::panicking::default_hook::{closure#0}
[INFO] [stdout]    4:     0x5e88833eb019 - std[617be2ca0a6fd877]::panicking::default_hook
[INFO] [stdout]    5:     0x5e888336cbc0 - test[aada8e7e76ba119b]::test_main_inner::{closure#0}
[INFO] [stdout]    6:     0x5e88833eb1d2 - std[617be2ca0a6fd877]::panicking::panic_with_hook
[INFO] [stdout]    7:     0x5e88833cedf2 - std[617be2ca0a6fd877]::panicking::panic_handler::{closure#0}
[INFO] [stdout]    8:     0x5e88833c7b09 - std[617be2ca0a6fd877]::sys::backtrace::__rust_end_short_backtrace::<std[617be2ca0a6fd877]::panicking::panic_handler::{closure#0}, !>
[INFO] [stdout]    9:     0x5e88833cf9fd - __rustc[ea4f61d10b84890b]::rust_begin_unwind
[INFO] [stdout]   10:     0x5e88834095fc - core[a373ad73a504971]::panicking::panic_fmt
[INFO] [stdout]   11:     0x5e88834093d2 - core[a373ad73a504971]::result::unwrap_failed
[INFO] [stdout]   12:     0x5e888334e0af - rustfastq[f440dfcc24e28ff8]::utils::get_bgzf_writer
[INFO] [stdout]   13:     0x5e888334a380 - rustfastq[f440dfcc24e28ff8]::scramble::scramble
[INFO] [stdout]   14:     0x5e888335724a - <rustfastq[f440dfcc24e28ff8]::scramble::testing::test_scramble::{closure#0} as core[a373ad73a504971]::ops::function::FnOnce<()>>::call_once
[INFO] [stdout]   15:     0x5e888336000b - test[aada8e7e76ba119b]::__rust_begin_short_backtrace::<core[a373ad73a504971]::result::Result<(), alloc[2e1b2a31b91974c5]::string::String>, fn() -> core[a373ad73a504971]::result::Result<(), alloc[2e1b2a31b91974c5]::string::String>>
[INFO] [stdout]   16:     0x5e888336d1e5 - test[aada8e7e76ba119b]::run_test::{closure#0}
[INFO] [stdout]   17:     0x5e8883366ad4 - std[617be2ca0a6fd877]::sys::backtrace::__rust_begin_short_backtrace::<test[aada8e7e76ba119b]::run_test::{closure#1}, ()>
[INFO] [stdout]   18:     0x5e8883370272 - <std[617be2ca0a6fd877]::thread::lifecycle::spawn_unchecked<test[aada8e7e76ba119b]::run_test::{closure#1}, ()>::{closure#1} as core[a373ad73a504971]::ops::function::FnOnce<()>>::call_once::{shim:vtable#0}
[INFO] [stdout]   19:     0x5e88833f21df - <std[617be2ca0a6fd877]::sys::thread::unix::Thread>::new::thread_start
[INFO] [stdout]   20:     0x7e5c04cc3dfa - <unknown>
[INFO] [stdout]   21:     0x7e5c04d573d4 - clone
[INFO] [stdout]   22:                0x0 - <unknown>
[INFO] [stdout] 
[INFO] [stdout] ---- phred_counter::testing::main stdout ----
[INFO] [stdout] 
[INFO] [stdout] thread 'phred_counter::testing::main' (1129) panicked at src/utils.rs:11:34:
[INFO] [stdout] called `Result::unwrap()` on an `Err` value: Os { code: 2, kind: NotFound, message: "No such file or directory" }
[INFO] [stdout] stack backtrace:
[INFO] [stdout]    0:     0x5e88833f2981 - <<std[617be2ca0a6fd877]::sys::backtrace::BacktraceLock>::print::DisplayBacktrace as core[a373ad73a504971]::fmt::Display>::fmt
[INFO] [stdout]    1:     0x5e8883408e4a - core[a373ad73a504971]::fmt::write
[INFO] [stdout]    2:     0x5e88833f6f2c - <alloc[2e1b2a31b91974c5]::vec::Vec<u8> as core[a373ad73a504971]::io::write::Write>::write_fmt
[INFO] [stdout]    3:     0x5e88833ced46 - std[617be2ca0a6fd877]::panicking::default_hook::{closure#0}
[INFO] [stdout]    4:     0x5e88833eb019 - std[617be2ca0a6fd877]::panicking::default_hook
[INFO] [stdout]    5:     0x5e888336cbc0 - test[aada8e7e76ba119b]::test_main_inner::{closure#0}
[INFO] [stdout]    6:     0x5e88833eb1d2 - std[617be2ca0a6fd877]::panicking::panic_with_hook
[INFO] [stdout]    7:     0x5e88833cedf2 - std[617be2ca0a6fd877]::panicking::panic_handler::{closure#0}
[INFO] [stdout]    8:     0x5e88833c7b09 - std[617be2ca0a6fd877]::sys::backtrace::__rust_end_short_backtrace::<std[617be2ca0a6fd877]::panicking::panic_handler::{closure#0}, !>
[INFO] [stdout]    9:     0x5e88833cf9fd - __rustc[ea4f61d10b84890b]::rust_begin_unwind
[INFO] [stdout]   10:     0x5e88834095fc - core[a373ad73a504971]::panicking::panic_fmt
[INFO] [stdout]   11:     0x5e88834093d2 - core[a373ad73a504971]::result::unwrap_failed
[INFO] [stdout]   12:     0x5e888334e257 - rustfastq[f440dfcc24e28ff8]::utils::get_gzip_reader
[INFO] [stdout]   13:     0x5e8883350380 - rustfastq[f440dfcc24e28ff8]::phred_counter::run
[INFO] [stdout]   14:     0x5e888334f551 - <rustfastq[f440dfcc24e28ff8]::phred_counter::testing::main::{closure#0} as core[a373ad73a504971]::ops::function::FnOnce<()>>::call_once
[INFO] [stdout]   15:     0x5e888336000b - test[aada8e7e76ba119b]::__rust_begin_short_backtrace::<core[a373ad73a504971]::result::Result<(), alloc[2e1b2a31b91974c5]::string::String>, fn() -> core[a373ad73a504971]::result::Result<(), alloc[2e1b2a31b91974c5]::string::String>>
[INFO] [stdout]   16:     0x5e888336d1e5 - test[aada8e7e76ba119b]::run_test::{closure#0}
[INFO] [stdout]   17:     0x5e8883366ad4 - std[617be2ca0a6fd877]::sys::backtrace::__rust_begin_short_backtrace::<test[aada8e7e76ba119b]::run_test::{closure#1}, ()>
[INFO] [stdout]   18:     0x5e8883370272 - <std[617be2ca0a6fd877]::thread::lifecycle::spawn_unchecked<test[aada8e7e76ba119b]::run_test::{closure#1}, ()>::{closure#1} as core[a373ad73a504971]::ops::function::FnOnce<()>>::call_once::{shim:vtable#0}
[INFO] [stdout]   19:     0x5e88833f21df - <std[617be2ca0a6fd877]::sys::thread::unix::Thread>::new::thread_start
[INFO] [stdout]   20:     0x7e5c04cc3dfa - <unknown>
[INFO] [stdout]   21:     0x7e5c04d573d4 - clone
[INFO] [stdout]   22:                0x0 - <unknown>
[INFO] [stdout] 
[INFO] [stdout] ---- io::testing::test_fastq stdout ----
[INFO] [stdout] A None
[INFO] [stdout] 
[INFO] [stdout] thread 'io::testing::test_fastq' (1124) panicked at src/io.rs:325:9:
[INFO] [stdout] assertion `left == right` failed
[INFO] [stdout]   left: []
[INFO] [stdout]  right: ["@some read id", "@another read id"]
[INFO] [stdout] stack backtrace:
[INFO] [stdout]    0:     0x5e88833f2981 - <<std[617be2ca0a6fd877]::sys::backtrace::BacktraceLock>::print::DisplayBacktrace as core[a373ad73a504971]::fmt::Display>::fmt
[INFO] [stdout]    1:     0x5e8883408e4a - core[a373ad73a504971]::fmt::write
[INFO] [stdout]    2:     0x5e88833f6f2c - <alloc[2e1b2a31b91974c5]::vec::Vec<u8> as core[a373ad73a504971]::io::write::Write>::write_fmt
[INFO] [stdout]    3:     0x5e88833ced46 - std[617be2ca0a6fd877]::panicking::default_hook::{closure#0}
[INFO] [stdout]    4:     0x5e88833eb019 - std[617be2ca0a6fd877]::panicking::default_hook
[INFO] [stdout]    5:     0x5e888336cbc0 - test[aada8e7e76ba119b]::test_main_inner::{closure#0}
[INFO] [stdout]    6:     0x5e88833eb1d2 - std[617be2ca0a6fd877]::panicking::panic_with_hook
[INFO] [stdout]    7:     0x5e88833cedf2 - std[617be2ca0a6fd877]::panicking::panic_handler::{closure#0}
[INFO] [stdout]    8:     0x5e88833c7b09 - std[617be2ca0a6fd877]::sys::backtrace::__rust_end_short_backtrace::<std[617be2ca0a6fd877]::panicking::panic_handler::{closure#0}, !>
[INFO] [stdout]    9:     0x5e88833cf9fd - __rustc[ea4f61d10b84890b]::rust_begin_unwind
[INFO] [stdout]   10:     0x5e88834095fc - core[a373ad73a504971]::panicking::panic_fmt
[INFO] [stdout]   11:     0x5e8883409513 - core[a373ad73a504971]::panicking::assert_failed_inner
[INFO] [stdout]   12:     0x5e88833537dd - core[a373ad73a504971]::panicking::assert_failed::<alloc[2e1b2a31b91974c5]::vec::Vec<alloc[2e1b2a31b91974c5]::string::String>, alloc[2e1b2a31b91974c5]::vec::Vec<&str>>
[INFO] [stdout]   13:     0x5e88833488c3 - <rustfastq[f440dfcc24e28ff8]::io::testing::test_fastq::{closure#0} as core[a373ad73a504971]::ops::function::FnOnce<()>>::call_once
[INFO] [stdout]   14:     0x5e888336000b - test[aada8e7e76ba119b]::__rust_begin_short_backtrace::<core[a373ad73a504971]::result::Result<(), alloc[2e1b2a31b91974c5]::string::String>, fn() -> core[a373ad73a504971]::result::Result<(), alloc[2e1b2a31b91974c5]::string::String>>
[INFO] [stdout]   15:     0x5e888336d1e5 - test[aada8e7e76ba119b]::run_test::{closure#0}
[INFO] [stdout]   16:     0x5e8883366ad4 - std[617be2ca0a6fd877]::sys::backtrace::__rust_begin_short_backtrace::<test[aada8e7e76ba119b]::run_test::{closure#1}, ()>
[INFO] [stdout]   17:     0x5e8883370272 - <std[617be2ca0a6fd877]::thread::lifecycle::spawn_unchecked<test[aada8e7e76ba119b]::run_test::{closure#1}, ()>::{closure#1} as core[a373ad73a504971]::ops::function::FnOnce<()>>::call_once::{shim:vtable#0}
[INFO] [stdout]   18:     0x5e88833f21df - <std[617be2ca0a6fd877]::sys::thread::unix::Thread>::new::thread_start
[INFO] [stdout]   19:     0x7e5c04cc3dfa - <unknown>
[INFO] [stdout]   20:     0x7e5c04d573d4 - clone
[INFO] [stdout]   21:                0x0 - <unknown>
[INFO] [stdout] 
[INFO] [stdout] ---- io::testing::test_noodle2 stdout ----
[INFO] [stdout] 
[INFO] [stdout] thread 'io::testing::test_noodle2' (1126) panicked at src/utils.rs:11:34:
[INFO] [stdout] called `Result::unwrap()` on an `Err` value: Os { code: 2, kind: NotFound, message: "No such file or directory" }
[INFO] [stdout] stack backtrace:
[INFO] [stdout]    0:     0x5e88833f2981 - <<std[617be2ca0a6fd877]::sys::backtrace::BacktraceLock>::print::DisplayBacktrace as core[a373ad73a504971]::fmt::Display>::fmt
[INFO] [stdout]    1:     0x5e8883408e4a - core[a373ad73a504971]::fmt::write
[INFO] [stdout]    2:     0x5e88833f6f2c - <alloc[2e1b2a31b91974c5]::vec::Vec<u8> as core[a373ad73a504971]::io::write::Write>::write_fmt
[INFO] [stdout]    3:     0x5e88833ced46 - std[617be2ca0a6fd877]::panicking::default_hook::{closure#0}
[INFO] [stdout]    4:     0x5e88833eb019 - std[617be2ca0a6fd877]::panicking::default_hook
[INFO] [stdout]    5:     0x5e888336cbc0 - test[aada8e7e76ba119b]::test_main_inner::{closure#0}
[INFO] [stdout]    6:     0x5e88833eb1d2 - std[617be2ca0a6fd877]::panicking::panic_with_hook
[INFO] [stdout]    7:     0x5e88833cedf2 - std[617be2ca0a6fd877]::panicking::panic_handler::{closure#0}
[INFO] [stdout]    8:     0x5e88833c7b09 - std[617be2ca0a6fd877]::sys::backtrace::__rust_end_short_backtrace::<std[617be2ca0a6fd877]::panicking::panic_handler::{closure#0}, !>
[INFO] [stdout]    9:     0x5e88833cf9fd - __rustc[ea4f61d10b84890b]::rust_begin_unwind
[INFO] [stdout]   10:     0x5e88834095fc - core[a373ad73a504971]::panicking::panic_fmt
[INFO] [stdout]   11:     0x5e88834093d2 - core[a373ad73a504971]::result::unwrap_failed
[INFO] [stdout]   12:     0x5e888334e257 - rustfastq[f440dfcc24e28ff8]::utils::get_gzip_reader
[INFO] [stdout]   13:     0x5e888335411a - <rustfastq[f440dfcc24e28ff8]::io::FastIterator>::new
[INFO] [stdout]   14:     0x5e88833491a2 - <rustfastq[f440dfcc24e28ff8]::io::testing::test_noodle2::{closure#0} as core[a373ad73a504971]::ops::function::FnOnce<()>>::call_once
[INFO] [stdout]   15:     0x5e888336000b - test[aada8e7e76ba119b]::__rust_begin_short_backtrace::<core[a373ad73a504971]::result::Result<(), alloc[2e1b2a31b91974c5]::string::String>, fn() -> core[a373ad73a504971]::result::Result<(), alloc[2e1b2a31b91974c5]::string::String>>
[INFO] [stdout]   16:     0x5e888336d1e5 - test[aada8e7e76ba119b]::run_test::{closure#0}
[INFO] [stdout]   17:     0x5e8883366ad4 - std[617be2ca0a6fd877]::sys::backtrace::__rust_begin_short_backtrace::<test[aada8e7e76ba119b]::run_test::{closure#1}, ()>
[INFO] [stdout]   18:     0x5e8883370272 - <std[617be2ca0a6fd877]::thread::lifecycle::spawn_unchecked<test[aada8e7e76ba119b]::run_test::{closure#1}, ()>::{closure#1} as core[a373ad73a504971]::ops::function::FnOnce<()>>::call_once::{shim:vtable#0}
[INFO] [stdout]   19:     0x5e88833f21df - <std[617be2ca0a6fd877]::sys::thread::unix::Thread>::new::thread_start
[INFO] [stdout]   20:     0x7e5c04cc3dfa - <unknown>
[INFO] [stdout]   21:     0x7e5c04d573d4 - clone
[INFO] [stdout]   22:                0x0 - <unknown>
[INFO] [stdout] 
[INFO] [stdout] 
[INFO] [stdout] failures:
[INFO] [stdout]     io::testing::test_fastq
[INFO] [stdout]     io::testing::test_noodle
[INFO] [stdout]     io::testing::test_noodle2
[INFO] [stdout]     phred_counter::testing::main
[INFO] [stdout]     scramble::testing::test_scramble
[INFO] [stdout]     utils::test_gzip
[INFO] [stdout] 
[INFO] [stdout] test result: FAILED. 10 passed; 6 failed; 0 ignored; 0 measured; 0 filtered out; finished in 0.07s
[INFO] [stdout] 
[INFO] [stderr] error: test failed, to rerun pass `--lib`
[INFO] running `Command { std: "docker" "inspect" "5851d46ec684ac6fc430c74c1f97c14aa5b75c5b84bd80de785849f7a6190fe8", kill_on_drop: false }`
[INFO] running `Command { std: "docker" "rm" "-f" "5851d46ec684ac6fc430c74c1f97c14aa5b75c5b84bd80de785849f7a6190fe8", kill_on_drop: false }`
[INFO] [stdout] 5851d46ec684ac6fc430c74c1f97c14aa5b75c5b84bd80de785849f7a6190fe8
