[INFO] fetching crate rustex-cli 0.1.0...
[INFO] testing rustex-cli-0.1.0 against 1.99.0-beta.8+cargoflags=--release for beta-release-1.100-2
[INFO] extracting crate rustex-cli 0.1.0 into /workspace/builds/worker-7-tc1/source
[INFO] started tweaking crates.io crate rustex-cli 0.1.0
[INFO] removed 0 missing tests
[INFO] finished tweaking crates.io crate rustex-cli 0.1.0
[INFO] tweaked toml for crates.io crate rustex-cli 0.1.0 written to /workspace/builds/worker-7-tc1/source/Cargo.toml
[INFO] validating manifest of crates.io crate rustex-cli 0.1.0 on toolchain 1.99.0-beta.8
[INFO] running `Command { std: CARGO_HOME="/workspace/cargo-home" RUSTUP_HOME="/workspace/rustup-home" "/workspace/cargo-home/bin/cargo" "+1.99.0-beta.8" "metadata" "--manifest-path" "Cargo.toml" "--no-deps", kill_on_drop: false }`
[INFO] crate crates.io crate rustex-cli 0.1.0 already has a lockfile, it will not be regenerated
[INFO] running `Command { std: CARGO_HOME="/workspace/cargo-home" RUSTUP_HOME="/workspace/rustup-home" "/workspace/cargo-home/bin/cargo" "+1.99.0-beta.8" "fetch" "--manifest-path" "Cargo.toml", kill_on_drop: false }`
[INFO] [stderr]     Updating crates.io index
[INFO] [stderr]  Downloading crates ...
[INFO] [stderr]   Downloaded rustex-ir v0.1.0
[INFO] [stderr]   Downloaded rustex-diagnostics v0.1.0
[INFO] [stderr]   Downloaded rustex-rustgen v0.1.0
[INFO] [stderr]   Downloaded rustex-project v0.1.0
[INFO] [stderr]   Downloaded rustex-output v0.1.0
[INFO] [stderr]   Downloaded rustex-convex v0.1.0
[INFO] [stderr]   Downloaded rustex-ts-analyzer v0.1.0
[INFO] running `Command { std: "docker" "create" "-v" "/var/lib/crater-agent-workspace/builds/worker-7-tc1/source:/opt/rustwide/workdir:ro,Z" "-v" "/var/lib/crater-agent-workspace/builds/worker-7-tc1/target:/opt/rustwide/target:rw,Z" "-v" "/var/lib/crater-agent-workspace/cargo-home:/opt/rustwide/cargo-home:ro,Z" "-v" "/var/lib/crater-agent-workspace/rustup-home:/opt/rustwide/rustup-home:ro,Z" "-m" "1610612736" "--network" "none" "ghcr.io/rust-lang/crates-build-env/linux@sha256:77db811e55d90add9212f6832c23229e3de5f1c1f9905e8cb07319ea15df73ac" "sleep" "infinity", kill_on_drop: false }`
[INFO] [stdout] 1c0d00aa6a826baf08d4bb74d4ef6234785a403397825a3e9519df2d49064948
[INFO] running `Command { std: "docker" "start" "1c0d00aa6a826baf08d4bb74d4ef6234785a403397825a3e9519df2d49064948", kill_on_drop: false }`
[INFO] running `Command { std: "docker" "inspect" "1c0d00aa6a826baf08d4bb74d4ef6234785a403397825a3e9519df2d49064948", kill_on_drop: false }`
[INFO] running `Command { std: "docker" "exec" "-e" "SOURCE_DIR=/opt/rustwide/workdir" "-e" "CARGO_HOME=/opt/rustwide/cargo-home" "-e" "RUSTUP_HOME=/opt/rustwide/rustup-home" "-e" "CARGO_TARGET_DIR=/opt/rustwide/target" "-w" "/opt/rustwide/workdir" "--user" "0:0" "1c0d00aa6a826baf08d4bb74d4ef6234785a403397825a3e9519df2d49064948" "/opt/rustwide/cargo-home/bin/cargo" "+1.99.0-beta.8" "metadata" "--no-deps" "--format-version=1", kill_on_drop: false }`
[INFO] running `Command { std: "docker" "inspect" "1c0d00aa6a826baf08d4bb74d4ef6234785a403397825a3e9519df2d49064948", kill_on_drop: false }`
[INFO] running `Command { std: "docker" "exec" "-e" "SOURCE_DIR=/opt/rustwide/workdir" "-e" "CARGO_HOME=/opt/rustwide/cargo-home" "-e" "RUSTUP_HOME=/opt/rustwide/rustup-home" "-e" "CARGO_TARGET_DIR=/opt/rustwide/target" "-e" "CARGO_INCREMENTAL=0" "-e" "RUST_BACKTRACE=full" "-e" "RUSTFLAGS=--cap-lints=warn" "-e" "RUSTDOCFLAGS=--cap-lints=warn" "-w" "/opt/rustwide/workdir" "--user" "0:0" "1c0d00aa6a826baf08d4bb74d4ef6234785a403397825a3e9519df2d49064948" "/opt/rustwide/cargo-home/bin/cargo" "+1.99.0-beta.8" "build" "--frozen" "--message-format=json" "--release", kill_on_drop: false }`
[INFO] [stderr]    Compiling typenum v1.19.0
[INFO] [stderr]    Compiling serde_core v1.0.228
[INFO] [stderr]    Compiling camino v1.2.2
[INFO] [stderr]    Compiling winnow v1.0.1
[INFO] [stderr]    Compiling tracing-core v0.1.36
[INFO] [stderr]    Compiling winnow v0.7.15
[INFO] [stderr]    Compiling log v0.4.29
[INFO] [stderr]    Compiling toml_writer v1.1.1+spec-1.1.0
[INFO] [stderr]    Compiling cpufeatures v0.2.17
[INFO] [stderr]    Compiling generic-array v0.14.7
[INFO] [stderr]    Compiling num-conv v0.2.1
[INFO] [stderr]    Compiling regex-syntax v0.8.10
[INFO] [stderr]    Compiling time-core v0.1.8
[INFO] [stderr]    Compiling deranged v0.5.8
[INFO] [stderr]    Compiling sharded-slab v0.1.7
[INFO] [stderr]    Compiling thread_local v1.1.9
[INFO] [stderr]    Compiling nu-ansi-term v0.50.3
[INFO] [stderr]    Compiling clap v4.6.0
[INFO] [stderr]    Compiling time-macros v0.2.27
[INFO] [stderr]    Compiling toml_parser v1.1.2+spec-1.1.0
[INFO] [stderr]    Compiling tracing v0.1.44
[INFO] [stderr]    Compiling tracing-log v0.2.0
[INFO] [stderr]    Compiling time v0.3.47
[INFO] [stderr]    Compiling regex-automata v0.4.14
[INFO] [stderr]    Compiling block-buffer v0.10.4
[INFO] [stderr]    Compiling crypto-common v0.1.7
[INFO] [stderr]    Compiling digest v0.10.7
[INFO] [stderr]    Compiling sha2 v0.10.9
[INFO] [stderr]    Compiling rustex-ts-analyzer v0.1.0
[INFO] [stderr]    Compiling serde v1.0.228
[INFO] [stderr]    Compiling serde_json v1.0.149
[INFO] [stderr]    Compiling serde_spanned v1.1.1
[INFO] [stderr]    Compiling toml_datetime v0.7.5+spec-1.1.0
[INFO] [stderr]    Compiling toml v0.9.12+spec-1.1.0
[INFO] [stderr]    Compiling rustex-diagnostics v0.1.0
[INFO] [stderr]    Compiling rustex-ir v0.1.0
[INFO] [stderr]    Compiling rustex-project v0.1.0
[INFO] [stderr]    Compiling matchers v0.2.0
[INFO] [stderr]    Compiling rustex-rustgen v0.1.0
[INFO] [stderr]    Compiling rustex-convex v0.1.0
[INFO] [stderr]    Compiling tracing-subscriber v0.3.23
[INFO] [stderr]    Compiling rustex-output v0.1.0
[INFO] [stderr]    Compiling rustex-cli v0.1.0 (/opt/rustwide/workdir)
[INFO] [stderr]     Finished `release` profile [optimized] target(s) in 23.60s
[INFO] running `Command { std: "docker" "inspect" "1c0d00aa6a826baf08d4bb74d4ef6234785a403397825a3e9519df2d49064948", kill_on_drop: false }`
[INFO] running `Command { std: "docker" "exec" "-e" "SOURCE_DIR=/opt/rustwide/workdir" "-e" "CARGO_HOME=/opt/rustwide/cargo-home" "-e" "RUSTUP_HOME=/opt/rustwide/rustup-home" "-e" "CARGO_TARGET_DIR=/opt/rustwide/target" "-e" "CARGO_INCREMENTAL=0" "-e" "RUST_BACKTRACE=full" "-e" "RUSTFLAGS=--cap-lints=warn" "-e" "RUSTDOCFLAGS=--cap-lints=warn" "-w" "/opt/rustwide/workdir" "--user" "0:0" "1c0d00aa6a826baf08d4bb74d4ef6234785a403397825a3e9519df2d49064948" "/opt/rustwide/cargo-home/bin/cargo" "+1.99.0-beta.8" "test" "--frozen" "--no-run" "--message-format=json" "--release", kill_on_drop: false }`
[INFO] [stderr]    Compiling rustex-cli v0.1.0 (/opt/rustwide/workdir)
[INFO] [stderr]     Finished `release` profile [optimized] target(s) in 0.95s
[INFO] running `Command { std: "docker" "inspect" "1c0d00aa6a826baf08d4bb74d4ef6234785a403397825a3e9519df2d49064948", kill_on_drop: false }`
[INFO] running `Command { std: "docker" "exec" "-e" "SOURCE_DIR=/opt/rustwide/workdir" "-e" "CARGO_HOME=/opt/rustwide/cargo-home" "-e" "RUSTUP_HOME=/opt/rustwide/rustup-home" "-e" "CARGO_TARGET_DIR=/opt/rustwide/target" "-e" "CARGO_INCREMENTAL=0" "-e" "RUST_BACKTRACE=full" "-e" "RUSTFLAGS=--cap-lints=warn" "-e" "RUSTDOCFLAGS=--cap-lints=warn" "-w" "/opt/rustwide/workdir" "--user" "0:0" "1c0d00aa6a826baf08d4bb74d4ef6234785a403397825a3e9519df2d49064948" "/opt/rustwide/cargo-home/bin/cargo" "+1.99.0-beta.8" "test" "--frozen" "--release", kill_on_drop: false }`
[INFO] [stderr]     Finished `release` profile [optimized] target(s) in 0.10s
[INFO] [stderr]      Running unittests src/main.rs (/opt/rustwide/target/release/deps/rustex-d7e86752fa409102)
[INFO] [stdout] 
[INFO] [stderr]      Running tests/generate.rs (/opt/rustwide/target/release/deps/generate-b3c38a4aa2c46379)
[INFO] [stdout] running 0 tests
[INFO] [stdout] 
[INFO] [stdout] test result: ok. 0 passed; 0 failed; 0 ignored; 0 measured; 0 filtered out; finished in 0.00s
[INFO] [stdout] 
[INFO] [stdout] 
[INFO] [stdout] running 8 tests
[INFO] [stdout] test init_scaffolds_default_config ... FAILED
[INFO] [stdout] test helper_diagnostics_include_snippets_in_text_output ... FAILED
[INFO] [stdout] test inferred_convex_collect_generates_table_document_array ... FAILED
[INFO] [stdout] 2026-10-18T16:05:14Z [32m INFO[0m starting generation for project at /tmp/rustex-fixture-1023-1792339514-791312689-0
[INFO] [stdout] 2026-10-18T16:05:14Z [32m INFO[0m starting generation for project at /tmp/rustex-fixture-1023-1792339514-792065159-0
[INFO] [stdout] 2026-10-18T16:05:14Z [32m INFO[0m starting generation for project at /tmp/rustex-fixture-1023-1792339514-792792819-0
[INFO] [stdout] 2026-10-18T16:05:14Z [32m INFO[0m starting generation for project at /tmp/rustex-fixture-1023-1792339514-790602999-0
[INFO] [stdout] 2026-10-18T16:05:14Z [32m INFO[0m starting generation for project at /tmp/rustex-fixture-1023-1792339514-796658159-0
[INFO] [stdout] 2026-10-18T16:05:16Z [32m INFO[0m Rust files written to generated/rustex/rust
[INFO] [stdout] 2026-10-18T16:05:16Z [32m INFO[0m Manifest document written to generated/rustex
[INFO] [stdout] 2026-10-18T16:05:16Z [32m INFO[0m IR document written to generated/rustex
[INFO] [stdout] test inferred_response_type_alias_generates_structured_rust_output ... ok
[INFO] [stdout] 2026-10-18T16:05:16Z [32m INFO[0m Rust files written to generated/rustex/rust
[INFO] [stdout] 2026-10-18T16:05:16Z [32m INFO[0m Manifest document written to generated/rustex
[INFO] [stdout] 2026-10-18T16:05:16Z [32m INFO[0m IR document written to generated/rustex
[INFO] [stdout] 2026-10-18T16:05:16Z [32m INFO[0m Diagnostics document written to generated/rustex
[INFO] [stdout] 2026-10-18T16:05:16Z [32m INFO[0m Source map document written to generated/rustex
[INFO] [stdout] 2026-10-18T16:05:16Z [32m INFO[0m JSON schema document written to generated/rustex
[INFO] [stdout] 2026-10-18T16:05:16Z [32m INFO[0m OpenAPI document written to generated/rustex
[INFO] [stderr]     Updating crates.io index
[INFO] [stderr] warning: spurious network error (3 tries remaining): [6] Could not resolve hostname (Could not resolve host: index.crates.io)
[INFO] [stdout] 2026-10-18T16:05:16Z [32m INFO[0m Rust files written to generated/rustex/rust
[INFO] [stdout] 2026-10-18T16:05:16Z [32m INFO[0m Manifest document written to generated/rustex
[INFO] [stdout] 2026-10-18T16:05:16Z [32m INFO[0m IR document written to generated/rustex
[INFO] [stdout] 2026-10-18T16:05:16Z [32m INFO[0m Rust files written to generated/rustex/rust
[INFO] [stdout] 2026-10-18T16:05:16Z [32m INFO[0m Manifest document written to generated/rustex
[INFO] [stdout] 2026-10-18T16:05:16Z [32m INFO[0m IR document written to generated/rustex
[INFO] [stdout] test generates_outputs_for_basic_fixture ... ok
[INFO] [stdout] test monorepo_auto_discovery_and_component_metadata_work ... ok
[INFO] [stdout] 2026-10-18T16:05:16Z [32m INFO[0m Rust files written to generated/rustex/rust
[INFO] [stdout] 2026-10-18T16:05:16Z [32m INFO[0m Manifest document written to generated/rustex
[INFO] [stdout] 2026-10-18T16:05:16Z [32m INFO[0m IR document written to generated/rustex
[INFO] [stdout] test generated_files_match_golden_output ... ok
[INFO] [stderr] warning: spurious network error (2 tries remaining): [6] Could not resolve hostname (Could not resolve host: index.crates.io)
[INFO] [stderr] warning: spurious network error (1 try remaining): [6] Could not resolve hostname (Could not resolve host: index.crates.io)
[INFO] [stderr] warning: spurious network error (3 tries remaining): [6] Could not resolve hostname (Could not resolve host: index.crates.io)
[INFO] [stderr] warning: spurious network error (3 tries remaining): [6] Could not resolve hostname (Could not resolve host: index.crates.io)
[INFO] [stderr] warning: spurious network error (3 tries remaining): [6] Could not resolve hostname (Could not resolve host: index.crates.io)
[INFO] [stderr] warning: spurious network error (3 tries remaining): [6] Could not resolve hostname (Could not resolve host: index.crates.io)
[INFO] [stderr] warning: spurious network error (2 tries remaining): [6] Could not resolve hostname (Could not resolve host: index.crates.io)
[INFO] [stderr] warning: spurious network error (2 tries remaining): [6] Could not resolve hostname (Could not resolve host: index.crates.io)
[INFO] [stderr] warning: spurious network error (2 tries remaining): [6] Could not resolve hostname (Could not resolve host: index.crates.io)
[INFO] [stderr] warning: spurious network error (2 tries remaining): [6] Could not resolve hostname (Could not resolve host: index.crates.io)
[INFO] [stderr] warning: spurious network error (1 try remaining): [6] Could not resolve hostname (Could not resolve host: index.crates.io)
[INFO] [stderr] warning: spurious network error (1 try remaining): [6] Could not resolve hostname (Could not resolve host: index.crates.io)
[INFO] [stderr] warning: spurious network error (1 try remaining): [6] Could not resolve hostname (Could not resolve host: index.crates.io)
[INFO] [stderr] warning: spurious network error (1 try remaining): [6] Could not resolve hostname (Could not resolve host: index.crates.io)
[INFO] [stderr] error: failed to get `rustex-runtime` as a dependency of package `rustex-fixture-1023-1792339514-792792819-0-generated v0.1.0 (/tmp/rustex-fixture-1023-1792339514-792792819-0/generated/rustex/rust)`
[INFO] [stderr] 
[INFO] [stderr] Caused by:
[INFO] [stderr]   failed to load source for dependency `rustex-runtime`
[INFO] [stderr] 
[INFO] [stderr] Caused by:
[INFO] [stderr]   unable to update registry `crates-io`
[INFO] [stderr] 
[INFO] [stderr] Caused by:
[INFO] [stderr]   download of config.json failed
[INFO] [stderr] 
[INFO] [stderr] Caused by:
[INFO] [stderr]   [6] Could not resolve hostname (Could not resolve host: index.crates.io)
[INFO] [stdout] test advanced_fixture_generates_named_types_and_compiles ... FAILED
[INFO] [stdout] 
[INFO] [stdout] failures:
[INFO] [stdout] 
[INFO] [stdout] ---- init_scaffolds_default_config stdout ----
[INFO] [stdout] Error: No such file or directory (os error 2)
[INFO] [stdout] 
[INFO] [stdout] Stack backtrace:
[INFO] [stdout]    0: <anyhow::Error as core::convert::From<core::io::error::Error>>::from
[INFO] [stdout]    1: <generate::init_scaffolds_default_config::{closure#0} as core::ops::function::FnOnce<()>>::call_once
[INFO] [stdout]    2: test::__rust_begin_short_backtrace::<core::result::Result<(), alloc::string::String>, fn() -> core::result::Result<(), alloc::string::String>>
[INFO] [stdout]    3: test::run_test::{closure#0}
[INFO] [stdout]    4: std::sys::backtrace::__rust_begin_short_backtrace::<test::run_test::{closure#1}, ()>
[INFO] [stdout]    5: <std::thread::lifecycle::spawn_unchecked<test::run_test::{closure#1}, ()>::{closure#1} as core::ops::function::FnOnce<()>>::call_once::{shim:vtable#0}
[INFO] [stdout]    6: <std::sys::thread::unix::Thread>::new::thread_start
[INFO] [stdout]    7: <unknown>
[INFO] [stdout]    8: clone
[INFO] [stdout] 
[INFO] [stdout] ---- helper_diagnostics_include_snippets_in_text_output stdout ----
[INFO] [stdout] Error: No such file or directory (os error 2)
[INFO] [stdout] 
[INFO] [stdout] Stack backtrace:
[INFO] [stdout]    0: <anyhow::Error as core::convert::From<core::io::error::Error>>::from
[INFO] [stdout]    1: <generate::helper_diagnostics_include_snippets_in_text_output::{closure#0} as core::ops::function::FnOnce<()>>::call_once
[INFO] [stdout]    2: test::__rust_begin_short_backtrace::<core::result::Result<(), alloc::string::String>, fn() -> core::result::Result<(), alloc::string::String>>
[INFO] [stdout]    3: test::run_test::{closure#0}
[INFO] [stdout]    4: std::sys::backtrace::__rust_begin_short_backtrace::<test::run_test::{closure#1}, ()>
[INFO] [stdout]    5: <std::thread::lifecycle::spawn_unchecked<test::run_test::{closure#1}, ()>::{closure#1} as core::ops::function::FnOnce<()>>::call_once::{shim:vtable#0}
[INFO] [stdout]    6: <std::sys::thread::unix::Thread>::new::thread_start
[INFO] [stdout]    7: <unknown>
[INFO] [stdout]    8: clone
[INFO] [stdout] 
[INFO] [stdout] ---- inferred_convex_collect_generates_table_document_array stdout ----
[INFO] [stdout] Error: No such file or directory (os error 2)
[INFO] [stdout] 
[INFO] [stdout] Stack backtrace:
[INFO] [stdout]    0: <anyhow::Error as core::convert::From<core::io::error::Error>>::from
[INFO] [stdout]    1: <generate::inferred_convex_collect_generates_table_document_array::{closure#0} as core::ops::function::FnOnce<()>>::call_once
[INFO] [stdout]    2: test::__rust_begin_short_backtrace::<core::result::Result<(), alloc::string::String>, fn() -> core::result::Result<(), alloc::string::String>>
[INFO] [stdout]    3: test::run_test::{closure#0}
[INFO] [stdout]    4: std::sys::backtrace::__rust_begin_short_backtrace::<test::run_test::{closure#1}, ()>
[INFO] [stdout]    5: <std::thread::lifecycle::spawn_unchecked<test::run_test::{closure#1}, ()>::{closure#1} as core::ops::function::FnOnce<()>>::call_once::{shim:vtable#0}
[INFO] [stdout]    6: <std::sys::thread::unix::Thread>::new::thread_start
[INFO] [stdout]    7: <unknown>
[INFO] [stdout]    8: clone
[INFO] [stdout] 
[INFO] [stdout] ---- advanced_fixture_generates_named_types_and_compiles stdout ----
[INFO] [stdout] 
[INFO] [stdout] thread 'advanced_fixture_generates_named_types_and_compiles' (1024) panicked at tests/generate.rs:115:5:
[INFO] [stdout] assertion failed: check.success()
[INFO] [stdout] stack backtrace:
[INFO] [stdout]    0:     0x5f66fedee031 - <<std[70759c8f55707aa4]::sys::backtrace::BacktraceLock>::print::DisplayBacktrace as core[df12db4294e9bfd3]::fmt::Display>::fmt
[INFO] [stdout]    1:     0x5f66fee02b4a - core[df12db4294e9bfd3]::fmt::write
[INFO] [stdout]    2:     0x5f66fedf2cbc - <alloc[2182bb758b4b3781]::vec::Vec<u8> as core[df12db4294e9bfd3]::io::write::Write>::write_fmt
[INFO] [stdout]    3:     0x5f66fedc7a26 - std[70759c8f55707aa4]::panicking::default_hook::{closure#0}
[INFO] [stdout]    4:     0x5f66fede51f9 - std[70759c8f55707aa4]::panicking::default_hook
[INFO] [stdout]    5:     0x5f66fed7dc00 - test[9d35eded1c95d3be]::test_main_inner::<test[9d35eded1c95d3be]::test_main_static::{closure#0}>::{closure#0}
[INFO] [stdout]    6:     0x5f66fede53b2 - std[70759c8f55707aa4]::panicking::panic_with_hook
[INFO] [stdout]    7:     0x5f66fedc7b04 - std[70759c8f55707aa4]::panicking::panic_handler::{closure#0}
[INFO] [stdout]    8:     0x5f66fedbff79 - std[70759c8f55707aa4]::sys::backtrace::__rust_end_short_backtrace::<std[70759c8f55707aa4]::panicking::panic_handler::{closure#0}, !>
[INFO] [stdout]    9:     0x5f66fedc87dd - __rustc[8fa7c3cbc660c2b3]::rust_begin_unwind
[INFO] [stdout]   10:     0x5f66fee0327c - core[df12db4294e9bfd3]::panicking::panic_fmt
[INFO] [stdout]   11:     0x5f66fee03242 - core[df12db4294e9bfd3]::panicking::panic
[INFO] [stdout]   12:     0x5f66fed6ced2 - <generate[d42a3a3847950055]::advanced_fixture_generates_named_types_and_compiles::{closure#0} as core[df12db4294e9bfd3]::ops::function::FnOnce<()>>::call_once
[INFO] [stdout]   13:     0x5f66fed70eeb - test[9d35eded1c95d3be]::__rust_begin_short_backtrace::<core[df12db4294e9bfd3]::result::Result<(), alloc[2182bb758b4b3781]::string::String>, fn() -> core[df12db4294e9bfd3]::result::Result<(), alloc[2182bb758b4b3781]::string::String>>
[INFO] [stdout]   14:     0x5f66fed7e555 - test[9d35eded1c95d3be]::run_test::{closure#0}
[INFO] [stdout]   15:     0x5f66fed77e14 - std[70759c8f55707aa4]::sys::backtrace::__rust_begin_short_backtrace::<test[9d35eded1c95d3be]::run_test::{closure#1}, ()>
[INFO] [stdout]   16:     0x5f66fed816b2 - <std[70759c8f55707aa4]::thread::lifecycle::spawn_unchecked<test[9d35eded1c95d3be]::run_test::{closure#1}, ()>::{closure#1} as core[df12db4294e9bfd3]::ops::function::FnOnce<()>>::call_once::{shim:vtable#0}
[INFO] [stdout]   17:     0x5f66feded2e9 - <std[70759c8f55707aa4]::sys::thread::unix::Thread>::new::thread_start
[INFO] [stdout]   18:     0x7cec689f6dfa - <unknown>
[INFO] [stdout]   19:     0x7cec68a8a3d4 - clone
[INFO] [stdout]   20:                0x0 - <unknown>
[INFO] [stdout] 
[INFO] [stdout] 
[INFO] [stdout] failures:
[INFO] [stdout]     advanced_fixture_generates_named_types_and_compiles
[INFO] [stdout]     helper_diagnostics_include_snippets_in_text_output
[INFO] [stdout]     inferred_convex_collect_generates_table_document_array
[INFO] [stdout]     init_scaffolds_default_config
[INFO] [stdout] 
[INFO] [stdout] test result: FAILED. 4 passed; 4 failed; 0 ignored; 0 measured; 0 filtered out; finished in 24.33s
[INFO] [stdout] 
[INFO] [stderr] error: test failed, to rerun pass `--test generate`
[INFO] running `Command { std: "docker" "inspect" "1c0d00aa6a826baf08d4bb74d4ef6234785a403397825a3e9519df2d49064948", kill_on_drop: false }`
[INFO] running `Command { std: "docker" "rm" "-f" "1c0d00aa6a826baf08d4bb74d4ef6234785a403397825a3e9519df2d49064948", kill_on_drop: false }`
[INFO] [stdout] 1c0d00aa6a826baf08d4bb74d4ef6234785a403397825a3e9519df2d49064948
