[INFO] fetching crate rusted_cypher 1.1.0...
[INFO] testing rusted_cypher-1.1.0 against 1.99.0-beta.8+cargoflags=--release for beta-release-1.100-2
[INFO] extracting crate rusted_cypher 1.1.0 into /workspace/builds/worker-2-tc1/source
[INFO] started tweaking crates.io crate rusted_cypher 1.1.0
[INFO] finished tweaking crates.io crate rusted_cypher 1.1.0
[INFO] tweaked toml for crates.io crate rusted_cypher 1.1.0 written to /workspace/builds/worker-2-tc1/source/Cargo.toml
[INFO] validating manifest of crates.io crate rusted_cypher 1.1.0 on toolchain 1.99.0-beta.8
[INFO] running `Command { std: CARGO_HOME="/workspace/cargo-home" RUSTUP_HOME="/workspace/rustup-home" "/workspace/cargo-home/bin/cargo" "+1.99.0-beta.8" "metadata" "--manifest-path" "Cargo.toml" "--no-deps", kill_on_drop: false }`
[INFO] running `Command { std: CARGO_HOME="/workspace/cargo-home" RUSTUP_HOME="/workspace/rustup-home" "/workspace/cargo-home/bin/cargo" "+1.99.0-beta.8" "generate-lockfile" "--manifest-path" "Cargo.toml", kill_on_drop: false }`
[INFO] [stderr]     Updating crates.io index
[INFO] [stderr]      Locking 53 packages to highest compatible versions
[INFO] [stderr]       Adding hyper v0.10.16 (available: v1.12.0)
[INFO] [stderr]       Adding log v0.3.9 (available: v0.4.34)
[INFO] [stderr]       Adding quick-error v1.2.3 (available: v2.0.1)
[INFO] [stderr]       Adding semver v0.5.1 (available: v1.0.28)
[INFO] [stderr]       Adding time v0.1.45 (available: v0.3.55)
[INFO] [stderr]       Adding wasi v0.10.0+wasi-snapshot-preview1 (available: v0.10.2+wasi-snapshot-preview1)
[INFO] running `Command { std: CARGO_HOME="/workspace/cargo-home" RUSTUP_HOME="/workspace/rustup-home" "/workspace/cargo-home/bin/cargo" "+1.99.0-beta.8" "fetch" "--manifest-path" "Cargo.toml", kill_on_drop: false }`
[INFO] [stderr] warning: Cargo.toml: `package.edition` is unspecified, defaulting to `2015` while the latest is `2024`
[INFO] [stderr] warning: `rusted_cypher` (manifest) generated 1 warning
[INFO] [stderr]  Downloading crates ...
[INFO] [stderr]   Downloaded semver v0.5.1
[INFO] [stderr]   Downloaded semver-parser v0.6.2
[INFO] [stderr]   Downloaded log v0.3.9
[INFO] [stderr]   Downloaded unicase v1.4.2
[INFO] [stderr]   Downloaded typeable v0.1.2
[INFO] [stderr]   Downloaded traitobject v0.1.1
[INFO] [stderr]   Downloaded hyper v0.10.16
[INFO] [stderr]   Downloaded version_check v0.1.5
[INFO] [stderr]   Downloaded mime v0.2.6
[INFO] [stderr]   Downloaded language-tags v0.2.2
[INFO] [stderr]   Downloaded base64 v0.9.3
[INFO] running `Command { std: "docker" "create" "-v" "/var/lib/crater-agent-workspace/builds/worker-2-tc1/source:/opt/rustwide/workdir:ro,Z" "-v" "/var/lib/crater-agent-workspace/builds/worker-2-tc1/target:/opt/rustwide/target:rw,Z" "-v" "/var/lib/crater-agent-workspace/cargo-home:/opt/rustwide/cargo-home:ro,Z" "-v" "/var/lib/crater-agent-workspace/rustup-home:/opt/rustwide/rustup-home:ro,Z" "-m" "1610612736" "--network" "none" "ghcr.io/rust-lang/crates-build-env/linux@sha256:77db811e55d90add9212f6832c23229e3de5f1c1f9905e8cb07319ea15df73ac" "sleep" "infinity", kill_on_drop: false }`
[INFO] [stdout] a44e2f221d51975f531f492e796888746db0f0cded9673a5ac095ebe1e38b0e4
[INFO] running `Command { std: "docker" "start" "a44e2f221d51975f531f492e796888746db0f0cded9673a5ac095ebe1e38b0e4", kill_on_drop: false }`
[INFO] running `Command { std: "docker" "inspect" "a44e2f221d51975f531f492e796888746db0f0cded9673a5ac095ebe1e38b0e4", kill_on_drop: false }`
[INFO] running `Command { std: "docker" "exec" "-e" "SOURCE_DIR=/opt/rustwide/workdir" "-e" "CARGO_HOME=/opt/rustwide/cargo-home" "-e" "RUSTUP_HOME=/opt/rustwide/rustup-home" "-e" "CARGO_TARGET_DIR=/opt/rustwide/target" "-w" "/opt/rustwide/workdir" "--user" "0:0" "a44e2f221d51975f531f492e796888746db0f0cded9673a5ac095ebe1e38b0e4" "/opt/rustwide/cargo-home/bin/cargo" "+1.99.0-beta.8" "metadata" "--no-deps" "--format-version=1", kill_on_drop: false }`
[INFO] running `Command { std: "docker" "inspect" "a44e2f221d51975f531f492e796888746db0f0cded9673a5ac095ebe1e38b0e4", kill_on_drop: false }`
[INFO] running `Command { std: "docker" "exec" "-e" "SOURCE_DIR=/opt/rustwide/workdir" "-e" "CARGO_HOME=/opt/rustwide/cargo-home" "-e" "RUSTUP_HOME=/opt/rustwide/rustup-home" "-e" "CARGO_TARGET_DIR=/opt/rustwide/target" "-e" "CARGO_INCREMENTAL=0" "-e" "RUST_BACKTRACE=full" "-e" "RUSTFLAGS=--cap-lints=warn" "-e" "RUSTDOCFLAGS=--cap-lints=warn" "-w" "/opt/rustwide/workdir" "--user" "0:0" "a44e2f221d51975f531f492e796888746db0f0cded9673a5ac095ebe1e38b0e4" "/opt/rustwide/cargo-home/bin/cargo" "+1.99.0-beta.8" "build" "--frozen" "--message-format=json" "--release", kill_on_drop: false }`
[INFO] [stderr] warning: Cargo.toml: `package.edition` is unspecified, defaulting to `2015` while the latest is `2024`
[INFO] [stderr] warning: `rusted_cypher` (manifest) generated 1 warning
[INFO] [stderr]    Compiling winapi-build v0.1.1
[INFO] [stderr]    Compiling winapi v0.2.8
[INFO] [stderr]    Compiling memchr v0.1.11
[INFO] [stderr]    Compiling version_check v0.1.5
[INFO] [stderr]    Compiling regex-syntax v0.3.9
[INFO] [stderr]    Compiling utf8-ranges v0.1.3
[INFO] [stderr]    Compiling log v0.4.34
[INFO] [stderr]    Compiling safemem v0.3.3
[INFO] [stderr]    Compiling idna v0.1.5
[INFO] [stderr]    Compiling percent-encoding v1.0.1
[INFO] [stderr]    Compiling lazy_static v0.2.11
[INFO] [stderr]    Compiling quote v1.0.47
[INFO] [stderr]    Compiling serde v1.0.229
[INFO] [stderr]    Compiling time v0.1.45
[INFO] [stderr]    Compiling num_cpus v1.17.0
[INFO] [stderr]    Compiling language-tags v0.2.2
[INFO] [stderr]    Compiling base64 v0.9.3
[INFO] [stderr]    Compiling typeable v0.1.2
[INFO] [stderr]    Compiling traitobject v0.1.1
[INFO] [stderr]    Compiling aho-corasick v0.5.3
[INFO] [stderr]    Compiling quick-error v1.2.3
[INFO] [stderr]    Compiling kernel32-sys v0.2.2
[INFO] [stderr]    Compiling log v0.3.9
[INFO] [stderr]    Compiling unicase v1.4.2
[INFO] [stderr]    Compiling syn v3.0.9
[INFO] [stderr]    Compiling mime v0.2.6
[INFO] [stderr]    Compiling thread-id v2.0.0
[INFO] [stderr]    Compiling thread_local v0.2.7
[INFO] [stderr]    Compiling url v1.7.2
[INFO] [stderr]    Compiling regex v0.1.80
[INFO] [stderr]    Compiling hyper v0.10.16
[INFO] [stderr]    Compiling semver-parser v0.6.2
[INFO] [stderr]    Compiling semver v0.5.1
[INFO] [stderr]    Compiling serde_derive v1.0.229
[INFO] [stderr]    Compiling rusted_cypher v1.1.0 (/opt/rustwide/workdir)
[INFO] [stdout] warning: hiding a lifetime that's elided elsewhere is confusing
[INFO] [stdout]   --> src/cypher/mod.rs:93:18
[INFO] [stdout]    |
[INFO] [stdout] 93 |     pub fn query(&self) -> CypherQuery {
[INFO] [stdout]    |                  ^^^^^     ^^^^^^^^^^^ the same lifetime is hidden here
[INFO] [stdout]    |                  |
[INFO] [stdout]    |                  the lifetime is elided here
[INFO] [stdout]    |
[INFO] [stdout]    = help: the same lifetime is referred to in inconsistent ways, making the signature confusing
[INFO] [stdout]    = note: `#[warn(mismatched_lifetime_syntaxes)]` on by default
[INFO] [stdout] help: use `'_` for type paths
[INFO] [stdout]    |
[INFO] [stdout] 93 |     pub fn query(&self) -> CypherQuery<'_> {
[INFO] [stdout]    |                                       ++++
[INFO] [stdout] 
[INFO] [stdout] 
[INFO] [stdout] warning: hiding a lifetime that's elided elsewhere is confusing
[INFO] [stdout]    --> src/cypher/mod.rs:113:24
[INFO] [stdout]     |
[INFO] [stdout] 113 |     pub fn transaction(&self) -> Transaction<self::transaction::Created> {
[INFO] [stdout]     |                        ^^^^^     ^^^^^^^^^^^^^^^^^^^^^^^^^^^^^^^^^^^^^^^ the same lifetime is hidden here
[INFO] [stdout]     |                        |
[INFO] [stdout]     |                        the lifetime is elided here
[INFO] [stdout]     |
[INFO] [stdout]     = help: the same lifetime is referred to in inconsistent ways, making the signature confusing
[INFO] [stdout] help: use `'_` for type paths
[INFO] [stdout]     |
[INFO] [stdout] 113 |     pub fn transaction(&self) -> Transaction<'_, self::transaction::Created> {
[INFO] [stdout]     |                                              +++
[INFO] [stdout] 
[INFO] [stdout] 
[INFO] [stdout] warning: hiding a lifetime that's elided elsewhere is confusing
[INFO] [stdout]   --> src/cypher/result.rs:43:17
[INFO] [stdout]    |
[INFO] [stdout] 43 |     pub fn rows(&self) -> Rows {
[INFO] [stdout]    |                 ^^^^^     ^^^^ the same lifetime is hidden here
[INFO] [stdout]    |                 |
[INFO] [stdout]    |                 the lifetime is elided here
[INFO] [stdout]    |
[INFO] [stdout]    = help: the same lifetime is referred to in inconsistent ways, making the signature confusing
[INFO] [stdout] help: use `'_` for type paths
[INFO] [stdout]    |
[INFO] [stdout] 43 |     pub fn rows(&self) -> Rows<'_> {
[INFO] [stdout]    |                               ++++
[INFO] [stdout] 
[INFO] [stdout] 
[INFO] [stdout] warning: hiding a lifetime that's elided elsewhere is confusing
[INFO] [stdout]    --> src/graph.rs:158:18
[INFO] [stdout]     |
[INFO] [stdout] 158 |     pub fn query(&self) -> CypherQuery {
[INFO] [stdout]     |                  ^^^^^     ^^^^^^^^^^^ the same lifetime is hidden here
[INFO] [stdout]     |                  |
[INFO] [stdout]     |                  the lifetime is elided here
[INFO] [stdout]     |
[INFO] [stdout]     = help: the same lifetime is referred to in inconsistent ways, making the signature confusing
[INFO] [stdout] help: use `'_` for type paths
[INFO] [stdout]     |
[INFO] [stdout] 158 |     pub fn query(&self) -> CypherQuery<'_> {
[INFO] [stdout]     |                                       ++++
[INFO] [stdout] 
[INFO] [stdout] 
[INFO] [stdout] warning: hiding a lifetime that's elided elsewhere is confusing
[INFO] [stdout]    --> src/graph.rs:171:24
[INFO] [stdout]     |
[INFO] [stdout] 171 |     pub fn transaction(&self) -> Transaction<TransactionCreated> {
[INFO] [stdout]     |                        ^^^^^     ^^^^^^^^^^^^^^^^^^^^^^^^^^^^^^^ the same lifetime is hidden here
[INFO] [stdout]     |                        |
[INFO] [stdout]     |                        the lifetime is elided here
[INFO] [stdout]     |
[INFO] [stdout]     = help: the same lifetime is referred to in inconsistent ways, making the signature confusing
[INFO] [stdout] help: use `'_` for type paths
[INFO] [stdout]     |
[INFO] [stdout] 171 |     pub fn transaction(&self) -> Transaction<'_, TransactionCreated> {
[INFO] [stdout]     |                                              +++
[INFO] [stdout] 
[INFO] [stdout] 
[INFO] [stderr]     Finished `release` profile [optimized] target(s) in 12.75s
[INFO] running `Command { std: "docker" "inspect" "a44e2f221d51975f531f492e796888746db0f0cded9673a5ac095ebe1e38b0e4", kill_on_drop: false }`
[INFO] running `Command { std: "docker" "exec" "-e" "SOURCE_DIR=/opt/rustwide/workdir" "-e" "CARGO_HOME=/opt/rustwide/cargo-home" "-e" "RUSTUP_HOME=/opt/rustwide/rustup-home" "-e" "CARGO_TARGET_DIR=/opt/rustwide/target" "-e" "CARGO_INCREMENTAL=0" "-e" "RUST_BACKTRACE=full" "-e" "RUSTFLAGS=--cap-lints=warn" "-e" "RUSTDOCFLAGS=--cap-lints=warn" "-w" "/opt/rustwide/workdir" "--user" "0:0" "a44e2f221d51975f531f492e796888746db0f0cded9673a5ac095ebe1e38b0e4" "/opt/rustwide/cargo-home/bin/cargo" "+1.99.0-beta.8" "test" "--frozen" "--no-run" "--message-format=json" "--release", kill_on_drop: false }`
[INFO] [stderr] warning: Cargo.toml: `package.edition` is unspecified, defaulting to `2015` while the latest is `2024`
[INFO] [stderr] warning: `rusted_cypher` (manifest) generated 1 warning
[INFO] [stdout] warning: hiding a lifetime that's elided elsewhere is confusing
[INFO] [stdout]   --> src/cypher/mod.rs:93:18
[INFO] [stdout]    |
[INFO] [stdout] 93 |     pub fn query(&self) -> CypherQuery {
[INFO] [stdout]    |                  ^^^^^     ^^^^^^^^^^^ the same lifetime is hidden here
[INFO] [stdout]    |                  |
[INFO] [stdout]    |                  the lifetime is elided here
[INFO] [stdout]    |
[INFO] [stdout]    = help: the same lifetime is referred to in inconsistent ways, making the signature confusing
[INFO] [stdout]    = note: `#[warn(mismatched_lifetime_syntaxes)]` on by default
[INFO] [stdout] help: use `'_` for type paths
[INFO] [stdout]    |
[INFO] [stdout] 93 |     pub fn query(&self) -> CypherQuery<'_> {
[INFO] [stdout]    |                                       ++++
[INFO] [stdout] 
[INFO] [stdout] 
[INFO] [stdout] warning: hiding a lifetime that's elided elsewhere is confusing
[INFO] [stdout]    --> src/cypher/mod.rs:113:24
[INFO] [stdout]     |
[INFO] [stdout] 113 |     pub fn transaction(&self) -> Transaction<self::transaction::Created> {
[INFO] [stdout]     |                        ^^^^^     ^^^^^^^^^^^^^^^^^^^^^^^^^^^^^^^^^^^^^^^ the same lifetime is hidden here
[INFO] [stdout]     |                        |
[INFO] [stdout]     |                        the lifetime is elided here
[INFO] [stdout]     |
[INFO] [stdout]     = help: the same lifetime is referred to in inconsistent ways, making the signature confusing
[INFO] [stdout] help: use `'_` for type paths
[INFO] [stdout]     |
[INFO] [stdout] 113 |     pub fn transaction(&self) -> Transaction<'_, self::transaction::Created> {
[INFO] [stdout]     |                                              +++
[INFO] [stdout] 
[INFO] [stdout] 
[INFO] [stdout] warning: hiding a lifetime that's elided elsewhere is confusing
[INFO] [stdout]   --> src/cypher/result.rs:43:17
[INFO] [stdout]    |
[INFO] [stdout] 43 |     pub fn rows(&self) -> Rows {
[INFO] [stdout]    |                 ^^^^^     ^^^^ the same lifetime is hidden here
[INFO] [stdout]    |                 |
[INFO] [stdout]    |                 the lifetime is elided here
[INFO] [stdout]    |
[INFO] [stdout]    = help: the same lifetime is referred to in inconsistent ways, making the signature confusing
[INFO] [stdout] help: use `'_` for type paths
[INFO] [stdout]    |
[INFO] [stdout] 43 |     pub fn rows(&self) -> Rows<'_> {
[INFO] [stdout]    |                               ++++
[INFO] [stdout] 
[INFO] [stdout] 
[INFO] [stderr]    Compiling rusted_cypher v1.1.0 (/opt/rustwide/workdir)
[INFO] [stdout] warning: hiding a lifetime that's elided elsewhere is confusing
[INFO] [stdout]    --> src/graph.rs:158:18
[INFO] [stdout]     |
[INFO] [stdout] 158 |     pub fn query(&self) -> CypherQuery {
[INFO] [stdout]     |                  ^^^^^     ^^^^^^^^^^^ the same lifetime is hidden here
[INFO] [stdout]     |                  |
[INFO] [stdout]     |                  the lifetime is elided here
[INFO] [stdout]     |
[INFO] [stdout]     = help: the same lifetime is referred to in inconsistent ways, making the signature confusing
[INFO] [stdout] help: use `'_` for type paths
[INFO] [stdout]     |
[INFO] [stdout] 158 |     pub fn query(&self) -> CypherQuery<'_> {
[INFO] [stdout]     |                                       ++++
[INFO] [stdout] 
[INFO] [stdout] 
[INFO] [stdout] warning: hiding a lifetime that's elided elsewhere is confusing
[INFO] [stdout]    --> src/graph.rs:171:24
[INFO] [stdout]     |
[INFO] [stdout] 171 |     pub fn transaction(&self) -> Transaction<TransactionCreated> {
[INFO] [stdout]     |                        ^^^^^     ^^^^^^^^^^^^^^^^^^^^^^^^^^^^^^^ the same lifetime is hidden here
[INFO] [stdout]     |                        |
[INFO] [stdout]     |                        the lifetime is elided here
[INFO] [stdout]     |
[INFO] [stdout]     = help: the same lifetime is referred to in inconsistent ways, making the signature confusing
[INFO] [stdout] help: use `'_` for type paths
[INFO] [stdout]     |
[INFO] [stdout] 171 |     pub fn transaction(&self) -> Transaction<'_, TransactionCreated> {
[INFO] [stdout]     |                                              +++
[INFO] [stdout] 
[INFO] [stdout] 
[INFO] [stdout] warning: hiding a lifetime that's elided elsewhere is confusing
[INFO] [stdout]   --> src/cypher/mod.rs:93:18
[INFO] [stdout]    |
[INFO] [stdout] 93 |     pub fn query(&self) -> CypherQuery {
[INFO] [stdout]    |                  ^^^^^     ^^^^^^^^^^^ the same lifetime is hidden here
[INFO] [stdout]    |                  |
[INFO] [stdout]    |                  the lifetime is elided here
[INFO] [stdout]    |
[INFO] [stdout]    = help: the same lifetime is referred to in inconsistent ways, making the signature confusing
[INFO] [stdout]    = note: `#[warn(mismatched_lifetime_syntaxes)]` on by default
[INFO] [stdout] help: use `'_` for type paths
[INFO] [stdout]    |
[INFO] [stdout] 93 |     pub fn query(&self) -> CypherQuery<'_> {
[INFO] [stdout]    |                                       ++++
[INFO] [stdout] 
[INFO] [stdout] 
[INFO] [stdout] warning: hiding a lifetime that's elided elsewhere is confusing
[INFO] [stdout]    --> src/cypher/mod.rs:113:24
[INFO] [stdout]     |
[INFO] [stdout] 113 |     pub fn transaction(&self) -> Transaction<self::transaction::Created> {
[INFO] [stdout]     |                        ^^^^^     ^^^^^^^^^^^^^^^^^^^^^^^^^^^^^^^^^^^^^^^ the same lifetime is hidden here
[INFO] [stdout]     |                        |
[INFO] [stdout]     |                        the lifetime is elided here
[INFO] [stdout]     |
[INFO] [stdout]     = help: the same lifetime is referred to in inconsistent ways, making the signature confusing
[INFO] [stdout] help: use `'_` for type paths
[INFO] [stdout]     |
[INFO] [stdout] 113 |     pub fn transaction(&self) -> Transaction<'_, self::transaction::Created> {
[INFO] [stdout]     |                                              +++
[INFO] [stdout] 
[INFO] [stdout] 
[INFO] [stdout] warning: hiding a lifetime that's elided elsewhere is confusing
[INFO] [stdout]   --> src/cypher/result.rs:43:17
[INFO] [stdout]    |
[INFO] [stdout] 43 |     pub fn rows(&self) -> Rows {
[INFO] [stdout]    |                 ^^^^^     ^^^^ the same lifetime is hidden here
[INFO] [stdout]    |                 |
[INFO] [stdout]    |                 the lifetime is elided here
[INFO] [stdout]    |
[INFO] [stdout]    = help: the same lifetime is referred to in inconsistent ways, making the signature confusing
[INFO] [stdout] help: use `'_` for type paths
[INFO] [stdout]    |
[INFO] [stdout] 43 |     pub fn rows(&self) -> Rows<'_> {
[INFO] [stdout]    |                               ++++
[INFO] [stdout] 
[INFO] [stdout] 
[INFO] [stdout] warning: hiding a lifetime that's elided elsewhere is confusing
[INFO] [stdout]    --> src/graph.rs:158:18
[INFO] [stdout]     |
[INFO] [stdout] 158 |     pub fn query(&self) -> CypherQuery {
[INFO] [stdout]     |                  ^^^^^     ^^^^^^^^^^^ the same lifetime is hidden here
[INFO] [stdout]     |                  |
[INFO] [stdout]     |                  the lifetime is elided here
[INFO] [stdout]     |
[INFO] [stdout]     = help: the same lifetime is referred to in inconsistent ways, making the signature confusing
[INFO] [stdout] help: use `'_` for type paths
[INFO] [stdout]     |
[INFO] [stdout] 158 |     pub fn query(&self) -> CypherQuery<'_> {
[INFO] [stdout]     |                                       ++++
[INFO] [stdout] 
[INFO] [stdout] 
[INFO] [stdout] warning: hiding a lifetime that's elided elsewhere is confusing
[INFO] [stdout]    --> src/graph.rs:171:24
[INFO] [stdout]     |
[INFO] [stdout] 171 |     pub fn transaction(&self) -> Transaction<TransactionCreated> {
[INFO] [stdout]     |                        ^^^^^     ^^^^^^^^^^^^^^^^^^^^^^^^^^^^^^^ the same lifetime is hidden here
[INFO] [stdout]     |                        |
[INFO] [stdout]     |                        the lifetime is elided here
[INFO] [stdout]     |
[INFO] [stdout]     = help: the same lifetime is referred to in inconsistent ways, making the signature confusing
[INFO] [stdout] help: use `'_` for type paths
[INFO] [stdout]     |
[INFO] [stdout] 171 |     pub fn transaction(&self) -> Transaction<'_, TransactionCreated> {
[INFO] [stdout]     |                                              +++
[INFO] [stdout] 
[INFO] [stdout] 
[INFO] [stderr]     Finished `release` profile [optimized] target(s) in 2.51s
[INFO] running `Command { std: "docker" "inspect" "a44e2f221d51975f531f492e796888746db0f0cded9673a5ac095ebe1e38b0e4", kill_on_drop: false }`
[INFO] running `Command { std: "docker" "exec" "-e" "SOURCE_DIR=/opt/rustwide/workdir" "-e" "CARGO_HOME=/opt/rustwide/cargo-home" "-e" "RUSTUP_HOME=/opt/rustwide/rustup-home" "-e" "CARGO_TARGET_DIR=/opt/rustwide/target" "-e" "CARGO_INCREMENTAL=0" "-e" "RUST_BACKTRACE=full" "-e" "RUSTFLAGS=--cap-lints=warn" "-e" "RUSTDOCFLAGS=--cap-lints=warn" "-w" "/opt/rustwide/workdir" "--user" "0:0" "a44e2f221d51975f531f492e796888746db0f0cded9673a5ac095ebe1e38b0e4" "/opt/rustwide/cargo-home/bin/cargo" "+1.99.0-beta.8" "test" "--frozen" "--release", kill_on_drop: false }`
[INFO] [stderr] warning: Cargo.toml: `package.edition` is unspecified, defaulting to `2015` while the latest is `2024`
[INFO] [stderr] warning: `rusted_cypher` (manifest) generated 1 warning
[INFO] [stderr] warning: hiding a lifetime that's elided elsewhere is confusing
[INFO] [stderr]   --> src/cypher/mod.rs:93:18
[INFO] [stderr]    |
[INFO] [stderr] 93 |     pub fn query(&self) -> CypherQuery {
[INFO] [stderr]    |                  ^^^^^     ^^^^^^^^^^^ the same lifetime is hidden here
[INFO] [stderr]    |                  |
[INFO] [stderr]    |                  the lifetime is elided here
[INFO] [stderr]    |
[INFO] [stderr]    = help: the same lifetime is referred to in inconsistent ways, making the signature confusing
[INFO] [stderr]    = note: `#[warn(mismatched_lifetime_syntaxes)]` on by default
[INFO] [stderr] help: use `'_` for type paths
[INFO] [stderr]    |
[INFO] [stderr] 93 |     pub fn query(&self) -> CypherQuery<'_> {
[INFO] [stderr]    |                                       ++++
[INFO] [stderr] 
[INFO] [stderr] warning: hiding a lifetime that's elided elsewhere is confusing
[INFO] [stderr]    --> src/cypher/mod.rs:113:24
[INFO] [stderr]     |
[INFO] [stderr] 113 |     pub fn transaction(&self) -> Transaction<self::transaction::Created> {
[INFO] [stderr]     |                        ^^^^^     ^^^^^^^^^^^^^^^^^^^^^^^^^^^^^^^^^^^^^^^ the same lifetime is hidden here
[INFO] [stderr]     |                        |
[INFO] [stderr]     |                        the lifetime is elided here
[INFO] [stderr]     |
[INFO] [stderr]     = help: the same lifetime is referred to in inconsistent ways, making the signature confusing
[INFO] [stderr] help: use `'_` for type paths
[INFO] [stderr]     |
[INFO] [stderr] 113 |     pub fn transaction(&self) -> Transaction<'_, self::transaction::Created> {
[INFO] [stderr]     |                                              +++
[INFO] [stderr] 
[INFO] [stderr] warning: hiding a lifetime that's elided elsewhere is confusing
[INFO] [stderr]   --> src/cypher/result.rs:43:17
[INFO] [stderr]    |
[INFO] [stderr] 43 |     pub fn rows(&self) -> Rows {
[INFO] [stderr]    |                 ^^^^^     ^^^^ the same lifetime is hidden here
[INFO] [stderr]    |                 |
[INFO] [stderr]    |                 the lifetime is elided here
[INFO] [stderr]    |
[INFO] [stderr]    = help: the same lifetime is referred to in inconsistent ways, making the signature confusing
[INFO] [stderr] help: use `'_` for type paths
[INFO] [stderr]    |
[INFO] [stderr] 43 |     pub fn rows(&self) -> Rows<'_> {
[INFO] [stderr]    |                               ++++
[INFO] [stderr] 
[INFO] [stderr] warning: hiding a lifetime that's elided elsewhere is confusing
[INFO] [stderr]    --> src/graph.rs:158:18
[INFO] [stderr]     |
[INFO] [stderr] 158 |     pub fn query(&self) -> CypherQuery {
[INFO] [stderr]     |                  ^^^^^     ^^^^^^^^^^^ the same lifetime is hidden here
[INFO] [stderr]     |                  |
[INFO] [stderr]     |                  the lifetime is elided here
[INFO] [stderr]     |
[INFO] [stderr]     = help: the same lifetime is referred to in inconsistent ways, making the signature confusing
[INFO] [stderr] help: use `'_` for type paths
[INFO] [stderr]     |
[INFO] [stderr] 158 |     pub fn query(&self) -> CypherQuery<'_> {
[INFO] [stderr]     |                                       ++++
[INFO] [stderr] 
[INFO] [stderr] warning: hiding a lifetime that's elided elsewhere is confusing
[INFO] [stderr]    --> src/graph.rs:171:24
[INFO] [stderr]     |
[INFO] [stderr] 171 |     pub fn transaction(&self) -> Transaction<TransactionCreated> {
[INFO] [stderr]     |                        ^^^^^     ^^^^^^^^^^^^^^^^^^^^^^^^^^^^^^^ the same lifetime is hidden here
[INFO] [stderr]     |                        |
[INFO] [stderr]     |                        the lifetime is elided here
[INFO] [stderr]     |
[INFO] [stderr]     = help: the same lifetime is referred to in inconsistent ways, making the signature confusing
[INFO] [stderr] help: use `'_` for type paths
[INFO] [stderr]     |
[INFO] [stderr] 171 |     pub fn transaction(&self) -> Transaction<'_, TransactionCreated> {
[INFO] [stderr]     |                                              +++
[INFO] [stderr] 
[INFO] [stderr] warning: `rusted_cypher` (lib) generated 5 warnings (run `cargo fix --lib -p rusted_cypher` to apply 5 suggestions)
[INFO] [stderr] warning: `rusted_cypher` (lib test) generated 5 warnings (5 duplicates)
[INFO] [stderr]     Finished `release` profile [optimized] target(s) in 0.06s
[INFO] [stderr]      Running unittests src/lib.rs (/opt/rustwide/target/release/deps/rusted_cypher-c4b0f78f13d9c93d)
[INFO] [stdout] 
[INFO] [stdout] running 23 tests
[INFO] [stdout] test cypher::statement::tests::with_param ... ok
[INFO] [stdout] test cypher::result::tests::rows ... ok
[INFO] [stdout] test cypher::statement::tests::macro_multiple_params ... ok
[INFO] [stdout] test cypher::statement::tests::add_param ... ok
[INFO] [stdout] test cypher::statement::tests::from_str ... ok
[INFO] [stdout] test cypher::statement::tests::macro_without_params ... ok
[INFO] [stdout] test cypher::statement::tests::macro_single_param ... ok
[INFO] [stdout] test cypher::result::tests::no_column_index_in_row - should panic ... ok
[INFO] [stdout] test cypher::result::tests::no_column_name_in_row - should panic ... ok
[INFO] [stdout] test cypher::tests::query_without_params ... FAILED
[INFO] [stdout] test cypher::tests::query_with_multiple_params ... FAILED
[INFO] [stdout] test cypher::tests::query_with_string_param ... FAILED
[INFO] [stdout] test cypher::transaction::tests::begin_transaction ... FAILED
[INFO] [stdout] test cypher::transaction::tests::query_open_transaction ... FAILED
[INFO] [stdout] test cypher::tests::multiple_queries ... FAILED
[INFO] [stdout] test cypher::tests::query_with_int_param ... FAILED
[INFO] [stderr] error: test failed, to rerun pass `--lib`
[INFO] [stdout] test cypher::transaction::tests::create_node_and_rollback ... FAILED
[INFO] [stdout] test graph::tests::query ... FAILED
[INFO] [stdout] test cypher::statement::tests::remove_param ... ok
[INFO] [stdout] test cypher::transaction::tests::create_node_and_commit ... FAILED
[INFO] [stdout] test graph::tests::connect ... FAILED
[INFO] [stdout] test cypher::tests::query_with_complex_param ... FAILED
[INFO] [stdout] test graph::tests::transaction ... FAILED
[INFO] [stdout] 
[INFO] [stdout] failures:
[INFO] [stdout] 
[INFO] [stdout] ---- cypher::tests::query_without_params stdout ----
[INFO] [stdout] 
[INFO] [stdout] thread 'cypher::tests::query_without_params' (721) panicked at src/cypher/mod.rs:193:74:
[INFO] [stdout] called `Result::unwrap()` on an `Err` value: Hyper(Io(Os { code: 111, kind: ConnectionRefused, message: "Connection refused" }))
[INFO] [stdout] stack backtrace:
[INFO] [stdout]    0:     0x6273d719ecc1 - <<std[70759c8f55707aa4]::sys::backtrace::BacktraceLock>::print::DisplayBacktrace as core[df12db4294e9bfd3]::fmt::Display>::fmt
[INFO] [stdout]    1:     0x6273d71b547a - core[df12db4294e9bfd3]::fmt::write
[INFO] [stdout]    2:     0x6273d71a349c - <alloc[2182bb758b4b3781]::vec::Vec<u8> as core[df12db4294e9bfd3]::io::write::Write>::write_fmt
[INFO] [stdout]    3:     0x6273d717a646 - std[70759c8f55707aa4]::panicking::default_hook::{closure#0}
[INFO] [stdout]    4:     0x6273d7196e59 - std[70759c8f55707aa4]::panicking::default_hook
[INFO] [stdout]    5:     0x6273d70b8e40 - test[9d35eded1c95d3be]::test_main_inner::<test[9d35eded1c95d3be]::test_main_static::{closure#0}>::{closure#0}
[INFO] [stdout]    6:     0x6273d7197012 - std[70759c8f55707aa4]::panicking::panic_with_hook
[INFO] [stdout]    7:     0x6273d717a6f2 - std[70759c8f55707aa4]::panicking::panic_handler::{closure#0}
[INFO] [stdout]    8:     0x6273d7173399 - std[70759c8f55707aa4]::sys::backtrace::__rust_end_short_backtrace::<std[70759c8f55707aa4]::panicking::panic_handler::{closure#0}, !>
[INFO] [stdout]    9:     0x6273d717b4dd - __rustc[8fa7c3cbc660c2b3]::rust_begin_unwind
[INFO] [stdout]   10:     0x6273d71b5bac - core[df12db4294e9bfd3]::panicking::panic_fmt
[INFO] [stdout]   11:     0x6273d71b5982 - core[df12db4294e9bfd3]::result::unwrap_failed
[INFO] [stdout]   12:     0x6273d70900b0 - rusted_cypher[289013a8b6ab3d8e]::cypher::tests::query_without_params
[INFO] [stdout]   13:     0x6273d7097379 - <rusted_cypher[289013a8b6ab3d8e]::cypher::tests::query_without_params::{closure#0} as core[df12db4294e9bfd3]::ops::function::FnOnce<()>>::call_once
[INFO] [stdout]   14:     0x6273d70ac12b - test[9d35eded1c95d3be]::__rust_begin_short_backtrace::<core[df12db4294e9bfd3]::result::Result<(), alloc[2182bb758b4b3781]::string::String>, fn() -> core[df12db4294e9bfd3]::result::Result<(), alloc[2182bb758b4b3781]::string::String>>
[INFO] [stdout]   15:     0x6273d70b9795 - test[9d35eded1c95d3be]::run_test::{closure#0}
[INFO] [stdout]   16:     0x6273d70b3054 - std[70759c8f55707aa4]::sys::backtrace::__rust_begin_short_backtrace::<test[9d35eded1c95d3be]::run_test::{closure#1}, ()>
[INFO] [stdout]   17:     0x6273d70bc8f2 - <std[70759c8f55707aa4]::thread::lifecycle::spawn_unchecked<test[9d35eded1c95d3be]::run_test::{closure#1}, ()>::{closure#1} as core[df12db4294e9bfd3]::ops::function::FnOnce<()>>::call_once::{shim:vtable#0}
[INFO] [stdout]   18:     0x6273d719e079 - <std[70759c8f55707aa4]::sys::thread::unix::Thread>::new::thread_start
[INFO] [stdout]   19:     0x79238433cdfa - <unknown>
[INFO] [stdout]   20:     0x7923843d03d4 - clone
[INFO] [stdout]   21:                0x0 - <unknown>
[INFO] [stdout] 
[INFO] [stdout] ---- cypher::tests::query_with_multiple_params stdout ----
[INFO] [stdout] 
[INFO] [stdout] thread 'cypher::tests::query_with_multiple_params' (719) panicked at src/cypher/mod.rs:260:51:
[INFO] [stdout] called `Result::unwrap()` on an `Err` value: Hyper(Io(Os { code: 111, kind: ConnectionRefused, message: "Connection refused" }))
[INFO] [stdout] stack backtrace:
[INFO] [stdout]    0:     0x6273d719ecc1 - <<std[70759c8f55707aa4]::sys::backtrace::BacktraceLock>::print::DisplayBacktrace as core[df12db4294e9bfd3]::fmt::Display>::fmt
[INFO] [stdout]    1:     0x6273d71b547a - core[df12db4294e9bfd3]::fmt::write
[INFO] [stdout]    2:     0x6273d71a349c - <alloc[2182bb758b4b3781]::vec::Vec<u8> as core[df12db4294e9bfd3]::io::write::Write>::write_fmt
[INFO] [stdout]    3:     0x6273d717a646 - std[70759c8f55707aa4]::panicking::default_hook::{closure#0}
[INFO] [stdout]    4:     0x6273d7196e59 - std[70759c8f55707aa4]::panicking::default_hook
[INFO] [stdout]    5:     0x6273d70b8e40 - test[9d35eded1c95d3be]::test_main_inner::<test[9d35eded1c95d3be]::test_main_static::{closure#0}>::{closure#0}
[INFO] [stdout]    6:     0x6273d7197012 - std[70759c8f55707aa4]::panicking::panic_with_hook
[INFO] [stdout]    7:     0x6273d717a6f2 - std[70759c8f55707aa4]::panicking::panic_handler::{closure#0}
[INFO] [stdout]    8:     0x6273d7173399 - std[70759c8f55707aa4]::sys::backtrace::__rust_end_short_backtrace::<std[70759c8f55707aa4]::panicking::panic_handler::{closure#0}, !>
[INFO] [stdout]    9:     0x6273d717b4dd - __rustc[8fa7c3cbc660c2b3]::rust_begin_unwind
[INFO] [stdout]   10:     0x6273d71b5bac - core[df12db4294e9bfd3]::panicking::panic_fmt
[INFO] [stdout]   11:     0x6273d71b5982 - core[df12db4294e9bfd3]::result::unwrap_failed
[INFO] [stdout]   12:     0x6273d7090e94 - rusted_cypher[289013a8b6ab3d8e]::cypher::tests::query_with_multiple_params
[INFO] [stdout]   13:     0x6273d70973d9 - <rusted_cypher[289013a8b6ab3d8e]::cypher::tests::query_with_multiple_params::{closure#0} as core[df12db4294e9bfd3]::ops::function::FnOnce<()>>::call_once
[INFO] [stdout]   14:     0x6273d70ac12b - test[9d35eded1c95d3be]::__rust_begin_short_backtrace::<core[df12db4294e9bfd3]::result::Result<(), alloc[2182bb758b4b3781]::string::String>, fn() -> core[df12db4294e9bfd3]::result::Result<(), alloc[2182bb758b4b3781]::string::String>>
[INFO] [stdout]   15:     0x6273d70b9795 - test[9d35eded1c95d3be]::run_test::{closure#0}
[INFO] [stdout]   16:     0x6273d70b3054 - std[70759c8f55707aa4]::sys::backtrace::__rust_begin_short_backtrace::<test[9d35eded1c95d3be]::run_test::{closure#1}, ()>
[INFO] [stdout]   17:     0x6273d70bc8f2 - <std[70759c8f55707aa4]::thread::lifecycle::spawn_unchecked<test[9d35eded1c95d3be]::run_test::{closure#1}, ()>::{closure#1} as core[df12db4294e9bfd3]::ops::function::FnOnce<()>>::call_once::{shim:vtable#0}
[INFO] [stdout]   18:     0x6273d719e079 - <std[70759c8f55707aa4]::sys::thread::unix::Thread>::new::thread_start
[INFO] [stdout]   19:     0x79238433cdfa - <unknown>
[INFO] [stdout]   20:     0x7923843d03d4 - clone
[INFO] [stdout]   21:                0x0 - <unknown>
[INFO] [stdout] 
[INFO] [stdout] ---- cypher::tests::query_with_string_param stdout ----
[INFO] [stdout] 
[INFO] [stdout] thread 'cypher::tests::query_with_string_param' (720) panicked at src/cypher/mod.rs:204:51:
[INFO] [stdout] called `Result::unwrap()` on an `Err` value: Hyper(Io(Os { code: 111, kind: ConnectionRefused, message: "Connection refused" }))
[INFO] [stdout] stack backtrace:
[INFO] [stdout]    0:     0x6273d719ecc1 - <<std[70759c8f55707aa4]::sys::backtrace::BacktraceLock>::print::DisplayBacktrace as core[df12db4294e9bfd3]::fmt::Display>::fmt
[INFO] [stdout]    1:     0x6273d71b547a - core[df12db4294e9bfd3]::fmt::write
[INFO] [stdout]    2:     0x6273d71a349c - <alloc[2182bb758b4b3781]::vec::Vec<u8> as core[df12db4294e9bfd3]::io::write::Write>::write_fmt
[INFO] [stdout]    3:     0x6273d717a646 - std[70759c8f55707aa4]::panicking::default_hook::{closure#0}
[INFO] [stdout]    4:     0x6273d7196e59 - std[70759c8f55707aa4]::panicking::default_hook
[INFO] [stdout]    5:     0x6273d70b8e40 - test[9d35eded1c95d3be]::test_main_inner::<test[9d35eded1c95d3be]::test_main_static::{closure#0}>::{closure#0}
[INFO] [stdout]    6:     0x6273d7197012 - std[70759c8f55707aa4]::panicking::panic_with_hook
[INFO] [stdout]    7:     0x6273d717a6f2 - std[70759c8f55707aa4]::panicking::panic_handler::{closure#0}
[INFO] [stdout]    8:     0x6273d7173399 - std[70759c8f55707aa4]::sys::backtrace::__rust_end_short_backtrace::<std[70759c8f55707aa4]::panicking::panic_handler::{closure#0}, !>
[INFO] [stdout]    9:     0x6273d717b4dd - __rustc[8fa7c3cbc660c2b3]::rust_begin_unwind
[INFO] [stdout]   10:     0x6273d71b5bac - core[df12db4294e9bfd3]::panicking::panic_fmt
[INFO] [stdout]   11:     0x6273d71b5982 - core[df12db4294e9bfd3]::result::unwrap_failed
[INFO] [stdout]   12:     0x6273d7090325 - rusted_cypher[289013a8b6ab3d8e]::cypher::tests::query_with_string_param
[INFO] [stdout]   13:     0x6273d7097399 - <rusted_cypher[289013a8b6ab3d8e]::cypher::tests::query_with_string_param::{closure#0} as core[df12db4294e9bfd3]::ops::function::FnOnce<()>>::call_once
[INFO] [stdout]   14:     0x6273d70ac12b - test[9d35eded1c95d3be]::__rust_begin_short_backtrace::<core[df12db4294e9bfd3]::result::Result<(), alloc[2182bb758b4b3781]::string::String>, fn() -> core[df12db4294e9bfd3]::result::Result<(), alloc[2182bb758b4b3781]::string::String>>
[INFO] [stdout]   15:     0x6273d70b9795 - test[9d35eded1c95d3be]::run_test::{closure#0}
[INFO] [stdout]   16:     0x6273d70b3054 - std[70759c8f55707aa4]::sys::backtrace::__rust_begin_short_backtrace::<test[9d35eded1c95d3be]::run_test::{closure#1}, ()>
[INFO] [stdout]   17:     0x6273d70bc8f2 - <std[70759c8f55707aa4]::thread::lifecycle::spawn_unchecked<test[9d35eded1c95d3be]::run_test::{closure#1}, ()>::{closure#1} as core[df12db4294e9bfd3]::ops::function::FnOnce<()>>::call_once::{shim:vtable#0}
[INFO] [stdout]   18:     0x6273d719e079 - <std[70759c8f55707aa4]::sys::thread::unix::Thread>::new::thread_start
[INFO] [stdout]   19:     0x79238433cdfa - <unknown>
[INFO] [stdout]   20:     0x7923843d03d4 - clone
[INFO] [stdout]   21:                0x0 - <unknown>
[INFO] [stdout] 
[INFO] [stdout] ---- cypher::transaction::tests::begin_transaction stdout ----
[INFO] [stdout] 
[INFO] [stdout] thread 'cypher::transaction::tests::begin_transaction' (722) panicked at src/cypher/transaction.rs:342:42:
[INFO] [stdout] called `Result::unwrap()` on an `Err` value: Hyper(Io(Os { code: 111, kind: ConnectionRefused, message: "Connection refused" }))
[INFO] [stdout] stack backtrace:
[INFO] [stdout]    0:     0x6273d719ecc1 - <<std[70759c8f55707aa4]::sys::backtrace::BacktraceLock>::print::DisplayBacktrace as core[df12db4294e9bfd3]::fmt::Display>::fmt
[INFO] [stdout]    1:     0x6273d71b547a - core[df12db4294e9bfd3]::fmt::write
[INFO] [stdout]    2:     0x6273d71a349c - <alloc[2182bb758b4b3781]::vec::Vec<u8> as core[df12db4294e9bfd3]::io::write::Write>::write_fmt
[INFO] [stdout]    3:     0x6273d717a646 - std[70759c8f55707aa4]::panicking::default_hook::{closure#0}
[INFO] [stdout]    4:     0x6273d7196e59 - std[70759c8f55707aa4]::panicking::default_hook
[INFO] [stdout]    5:     0x6273d70b8e40 - test[9d35eded1c95d3be]::test_main_inner::<test[9d35eded1c95d3be]::test_main_static::{closure#0}>::{closure#0}
[INFO] [stdout]    6:     0x6273d7197012 - std[70759c8f55707aa4]::panicking::panic_with_hook
[INFO] [stdout]    7:     0x6273d717a6f2 - std[70759c8f55707aa4]::panicking::panic_handler::{closure#0}
[INFO] [stdout]    8:     0x6273d7173399 - std[70759c8f55707aa4]::sys::backtrace::__rust_end_short_backtrace::<std[70759c8f55707aa4]::panicking::panic_handler::{closure#0}, !>
[INFO] [stdout]    9:     0x6273d717b4dd - __rustc[8fa7c3cbc660c2b3]::rust_begin_unwind
[INFO] [stdout]   10:     0x6273d71b5bac - core[df12db4294e9bfd3]::panicking::panic_fmt
[INFO] [stdout]   11:     0x6273d71b5982 - core[df12db4294e9bfd3]::result::unwrap_failed
[INFO] [stdout]   12:     0x6273d70aa7b7 - rusted_cypher[289013a8b6ab3d8e]::cypher::transaction::tests::begin_transaction
[INFO] [stdout]   13:     0x6273d70973f9 - <rusted_cypher[289013a8b6ab3d8e]::cypher::transaction::tests::begin_transaction::{closure#0} as core[df12db4294e9bfd3]::ops::function::FnOnce<()>>::call_once
[INFO] [stdout]   14:     0x6273d70ac12b - test[9d35eded1c95d3be]::__rust_begin_short_backtrace::<core[df12db4294e9bfd3]::result::Result<(), alloc[2182bb758b4b3781]::string::String>, fn() -> core[df12db4294e9bfd3]::result::Result<(), alloc[2182bb758b4b3781]::string::String>>
[INFO] [stdout]   15:     0x6273d70b9795 - test[9d35eded1c95d3be]::run_test::{closure#0}
[INFO] [stdout]   16:     0x6273d70b3054 - std[70759c8f55707aa4]::sys::backtrace::__rust_begin_short_backtrace::<test[9d35eded1c95d3be]::run_test::{closure#1}, ()>
[INFO] [stdout]   17:     0x6273d70bc8f2 - <std[70759c8f55707aa4]::thread::lifecycle::spawn_unchecked<test[9d35eded1c95d3be]::run_test::{closure#1}, ()>::{closure#1} as core[df12db4294e9bfd3]::ops::function::FnOnce<()>>::call_once::{shim:vtable#0}
[INFO] [stdout]   18:     0x6273d719e079 - <std[70759c8f55707aa4]::sys::thread::unix::Thread>::new::thread_start
[INFO] [stdout]   19:     0x79238433cdfa - <unknown>
[INFO] [stdout]   20:     0x7923843d03d4 - clone
[INFO] [stdout]   21:                0x0 - <unknown>
[INFO] [stdout] 
[INFO] [stdout] ---- cypher::transaction::tests::query_open_transaction stdout ----
[INFO] [stdout] 
[INFO] [stdout] thread 'cypher::transaction::tests::query_open_transaction' (725) panicked at src/cypher/transaction.rs:398:76:
[INFO] [stdout] called `Result::unwrap()` on an `Err` value: Hyper(Io(Os { code: 111, kind: ConnectionRefused, message: "Connection refused" }))
[INFO] [stdout] stack backtrace:
[INFO] [stdout]    0:     0x6273d719ecc1 - <<std[70759c8f55707aa4]::sys::backtrace::BacktraceLock>::print::DisplayBacktrace as core[df12db4294e9bfd3]::fmt::Display>::fmt
[INFO] [stdout]    1:     0x6273d71b547a - core[df12db4294e9bfd3]::fmt::write
[INFO] [stdout]    2:     0x6273d71a349c - <alloc[2182bb758b4b3781]::vec::Vec<u8> as core[df12db4294e9bfd3]::io::write::Write>::write_fmt
[INFO] [stdout]    3:     0x6273d717a646 - std[70759c8f55707aa4]::panicking::default_hook::{closure#0}
[INFO] [stdout]    4:     0x6273d7196e59 - std[70759c8f55707aa4]::panicking::default_hook
[INFO] [stdout]    5:     0x6273d70b8e40 - test[9d35eded1c95d3be]::test_main_inner::<test[9d35eded1c95d3be]::test_main_static::{closure#0}>::{closure#0}
[INFO] [stdout]    6:     0x6273d7197012 - std[70759c8f55707aa4]::panicking::panic_with_hook
[INFO] [stdout]    7:     0x6273d717a6f2 - std[70759c8f55707aa4]::panicking::panic_handler::{closure#0}
[INFO] [stdout]    8:     0x6273d7173399 - std[70759c8f55707aa4]::sys::backtrace::__rust_end_short_backtrace::<std[70759c8f55707aa4]::panicking::panic_handler::{closure#0}, !>
[INFO] [stdout]    9:     0x6273d717b4dd - __rustc[8fa7c3cbc660c2b3]::rust_begin_unwind
[INFO] [stdout]   10:     0x6273d71b5bac - core[df12db4294e9bfd3]::panicking::panic_fmt
[INFO] [stdout]   11:     0x6273d71b5982 - core[df12db4294e9bfd3]::result::unwrap_failed
[INFO] [stdout]   12:     0x6273d70ab4f7 - rusted_cypher[289013a8b6ab3d8e]::cypher::transaction::tests::query_open_transaction
[INFO] [stdout]   13:     0x6273d7097439 - <rusted_cypher[289013a8b6ab3d8e]::cypher::transaction::tests::query_open_transaction::{closure#0} as core[df12db4294e9bfd3]::ops::function::FnOnce<()>>::call_once
[INFO] [stdout]   14:     0x6273d70ac12b - test[9d35eded1c95d3be]::__rust_begin_short_backtrace::<core[df12db4294e9bfd3]::result::Result<(), alloc[2182bb758b4b3781]::string::String>, fn() -> core[df12db4294e9bfd3]::result::Result<(), alloc[2182bb758b4b3781]::string::String>>
[INFO] [stdout]   15:     0x6273d70b9795 - test[9d35eded1c95d3be]::run_test::{closure#0}
[INFO] [stdout]   16:     0x6273d70b3054 - std[70759c8f55707aa4]::sys::backtrace::__rust_begin_short_backtrace::<test[9d35eded1c95d3be]::run_test::{closure#1}, ()>
[INFO] [stdout]   17:     0x6273d70bc8f2 - <std[70759c8f55707aa4]::thread::lifecycle::spawn_unchecked<test[9d35eded1c95d3be]::run_test::{closure#1}, ()>::{closure#1} as core[df12db4294e9bfd3]::ops::function::FnOnce<()>>::call_once::{shim:vtable#0}
[INFO] [stdout]   18:     0x6273d719e079 - <std[70759c8f55707aa4]::sys::thread::unix::Thread>::new::thread_start
[INFO] [stdout]   19:     0x79238433cdfa - <unknown>
[INFO] [stdout]   20:     0x7923843d03d4 - clone
[INFO] [stdout]   21:                0x0 - <unknown>
[INFO] [stdout] 
[INFO] [stdout] ---- cypher::tests::multiple_queries stdout ----
[INFO] [stdout] 
[INFO] [stdout] thread 'cypher::tests::multiple_queries' (716) panicked at src/cypher/mod.rs:275:36:
[INFO] [stdout] called `Result::unwrap()` on an `Err` value: Hyper(Io(Os { code: 111, kind: ConnectionRefused, message: "Connection refused" }))
[INFO] [stdout] stack backtrace:
[INFO] [stdout]    0:     0x6273d719ecc1 - <<std[70759c8f55707aa4]::sys::backtrace::BacktraceLock>::print::DisplayBacktrace as core[df12db4294e9bfd3]::fmt::Display>::fmt
[INFO] [stdout]    1:     0x6273d71b547a - core[df12db4294e9bfd3]::fmt::write
[INFO] [stdout]    2:     0x6273d71a349c - <alloc[2182bb758b4b3781]::vec::Vec<u8> as core[df12db4294e9bfd3]::io::write::Write>::write_fmt
[INFO] [stdout]    3:     0x6273d717a646 - std[70759c8f55707aa4]::panicking::default_hook::{closure#0}
[INFO] [stdout]    4:     0x6273d7196e59 - std[70759c8f55707aa4]::panicking::default_hook
[INFO] [stdout]    5:     0x6273d70b8e40 - test[9d35eded1c95d3be]::test_main_inner::<test[9d35eded1c95d3be]::test_main_static::{closure#0}>::{closure#0}
[INFO] [stdout]    6:     0x6273d7197012 - std[70759c8f55707aa4]::panicking::panic_with_hook
[INFO] [stdout]    7:     0x6273d717a6f2 - std[70759c8f55707aa4]::panicking::panic_handler::{closure#0}
[INFO] [stdout]    8:     0x6273d7173399 - std[70759c8f55707aa4]::sys::backtrace::__rust_end_short_backtrace::<std[70759c8f55707aa4]::panicking::panic_handler::{closure#0}, !>
[INFO] [stdout]    9:     0x6273d717b4dd - __rustc[8fa7c3cbc660c2b3]::rust_begin_unwind
[INFO] [stdout]   10:     0x6273d71b5bac - core[df12db4294e9bfd3]::panicking::panic_fmt
[INFO] [stdout]   11:     0x6273d71b5982 - core[df12db4294e9bfd3]::result::unwrap_failed
[INFO] [stdout]   12:     0x6273d708fb56 - rusted_cypher[289013a8b6ab3d8e]::cypher::tests::multiple_queries
[INFO] [stdout]   13:     0x6273d7097339 - <rusted_cypher[289013a8b6ab3d8e]::cypher::tests::multiple_queries::{closure#0} as core[df12db4294e9bfd3]::ops::function::FnOnce<()>>::call_once
[INFO] [stdout]   14:     0x6273d70ac12b - test[9d35eded1c95d3be]::__rust_begin_short_backtrace::<core[df12db4294e9bfd3]::result::Result<(), alloc[2182bb758b4b3781]::string::String>, fn() -> core[df12db4294e9bfd3]::result::Result<(), alloc[2182bb758b4b3781]::string::String>>
[INFO] [stdout]   15:     0x6273d70b9795 - test[9d35eded1c95d3be]::run_test::{closure#0}
[INFO] [stdout]   16:     0x6273d70b3054 - std[70759c8f55707aa4]::sys::backtrace::__rust_begin_short_backtrace::<test[9d35eded1c95d3be]::run_test::{closure#1}, ()>
[INFO] [stdout]   17:     0x6273d70bc8f2 - <std[70759c8f55707aa4]::thread::lifecycle::spawn_unchecked<test[9d35eded1c95d3be]::run_test::{closure#1}, ()>::{closure#1} as core[df12db4294e9bfd3]::ops::function::FnOnce<()>>::call_once::{shim:vtable#0}
[INFO] [stdout]   18:     0x6273d719e079 - <std[70759c8f55707aa4]::sys::thread::unix::Thread>::new::thread_start
[INFO] [stdout]   19:     0x79238433cdfa - <unknown>
[INFO] [stdout]   20:     0x7923843d03d4 - clone
[INFO] [stdout]   21:                0x0 - <unknown>
[INFO] [stdout] 
[INFO] [stdout] ---- cypher::tests::query_with_int_param stdout ----
[INFO] [stdout] 
[INFO] [stdout] thread 'cypher::tests::query_with_int_param' (718) panicked at src/cypher/mod.rs:215:51:
[INFO] [stdout] called `Result::unwrap()` on an `Err` value: Hyper(Io(Os { code: 111, kind: ConnectionRefused, message: "Connection refused" }))
[INFO] [stdout] stack backtrace:
[INFO] [stdout]    0:     0x6273d719ecc1 - <<std[70759c8f55707aa4]::sys::backtrace::BacktraceLock>::print::DisplayBacktrace as core[df12db4294e9bfd3]::fmt::Display>::fmt
[INFO] [stdout]    1:     0x6273d71b547a - core[df12db4294e9bfd3]::fmt::write
[INFO] [stdout]    2:     0x6273d71a349c - <alloc[2182bb758b4b3781]::vec::Vec<u8> as core[df12db4294e9bfd3]::io::write::Write>::write_fmt
[INFO] [stdout]    3:     0x6273d717a646 - std[70759c8f55707aa4]::panicking::default_hook::{closure#0}
[INFO] [stdout]    4:     0x6273d7196e59 - std[70759c8f55707aa4]::panicking::default_hook
[INFO] [stdout]    5:     0x6273d70b8e40 - test[9d35eded1c95d3be]::test_main_inner::<test[9d35eded1c95d3be]::test_main_static::{closure#0}>::{closure#0}
[INFO] [stdout]    6:     0x6273d7197012 - std[70759c8f55707aa4]::panicking::panic_with_hook
[INFO] [stdout]    7:     0x6273d717a6f2 - std[70759c8f55707aa4]::panicking::panic_handler::{closure#0}
[INFO] [stdout]    8:     0x6273d7173399 - std[70759c8f55707aa4]::sys::backtrace::__rust_end_short_backtrace::<std[70759c8f55707aa4]::panicking::panic_handler::{closure#0}, !>
[INFO] [stdout]    9:     0x6273d717b4dd - __rustc[8fa7c3cbc660c2b3]::rust_begin_unwind
[INFO] [stdout]   10:     0x6273d71b5bac - core[df12db4294e9bfd3]::panicking::panic_fmt
[INFO] [stdout]   11:     0x6273d71b5982 - core[df12db4294e9bfd3]::result::unwrap_failed
[INFO] [stdout]   12:     0x6273d708fe9d - rusted_cypher[289013a8b6ab3d8e]::cypher::tests::query_with_int_param
[INFO] [stdout]   13:     0x6273d7097359 - <rusted_cypher[289013a8b6ab3d8e]::cypher::tests::query_with_int_param::{closure#0} as core[df12db4294e9bfd3]::ops::function::FnOnce<()>>::call_once
[INFO] [stdout]   14:     0x6273d70ac12b - test[9d35eded1c95d3be]::__rust_begin_short_backtrace::<core[df12db4294e9bfd3]::result::Result<(), alloc[2182bb758b4b3781]::string::String>, fn() -> core[df12db4294e9bfd3]::result::Result<(), alloc[2182bb758b4b3781]::string::String>>
[INFO] [stdout]   15:     0x6273d70b9795 - test[9d35eded1c95d3be]::run_test::{closure#0}
[INFO] [stdout]   16:     0x6273d70b3054 - std[70759c8f55707aa4]::sys::backtrace::__rust_begin_short_backtrace::<test[9d35eded1c95d3be]::run_test::{closure#1}, ()>
[INFO] [stdout]   17:     0x6273d70bc8f2 - <std[70759c8f55707aa4]::thread::lifecycle::spawn_unchecked<test[9d35eded1c95d3be]::run_test::{closure#1}, ()>::{closure#1} as core[df12db4294e9bfd3]::ops::function::FnOnce<()>>::call_once::{shim:vtable#0}
[INFO] [stdout]   18:     0x6273d719e079 - <std[70759c8f55707aa4]::sys::thread::unix::Thread>::new::thread_start
[INFO] [stdout]   19:     0x79238433cdfa - <unknown>
[INFO] [stdout]   20:     0x7923843d03d4 - clone
[INFO] [stdout]   21:                0x0 - <unknown>
[INFO] [stdout] 
[INFO] [stdout] ---- cypher::transaction::tests::create_node_and_rollback stdout ----
[INFO] [stdout] 
[INFO] [stdout] thread 'cypher::transaction::tests::create_node_and_rollback' (724) panicked at src/cypher/transaction.rs:375:22:
[INFO] [stdout] called `Result::unwrap()` on an `Err` value: Hyper(Io(Os { code: 111, kind: ConnectionRefused, message: "Connection refused" }))
[INFO] [stdout] stack backtrace:
[INFO] [stdout]    0:     0x6273d719ecc1 - <<std[70759c8f55707aa4]::sys::backtrace::BacktraceLock>::print::DisplayBacktrace as core[df12db4294e9bfd3]::fmt::Display>::fmt
[INFO] [stdout]    1:     0x6273d71b547a - core[df12db4294e9bfd3]::fmt::write
[INFO] [stdout]    2:     0x6273d71a349c - <alloc[2182bb758b4b3781]::vec::Vec<u8> as core[df12db4294e9bfd3]::io::write::Write>::write_fmt
[INFO] [stdout]    3:     0x6273d717a646 - std[70759c8f55707aa4]::panicking::default_hook::{closure#0}
[INFO] [stdout]    4:     0x6273d7196e59 - std[70759c8f55707aa4]::panicking::default_hook
[INFO] [stdout]    5:     0x6273d70b8e40 - test[9d35eded1c95d3be]::test_main_inner::<test[9d35eded1c95d3be]::test_main_static::{closure#0}>::{closure#0}
[INFO] [stdout]    6:     0x6273d7197012 - std[70759c8f55707aa4]::panicking::panic_with_hook
[INFO] [stdout]    7:     0x6273d717a6f2 - std[70759c8f55707aa4]::panicking::panic_handler::{closure#0}
[INFO] [stdout]    8:     0x6273d7173399 - std[70759c8f55707aa4]::sys::backtrace::__rust_end_short_backtrace::<std[70759c8f55707aa4]::panicking::panic_handler::{closure#0}, !>
[INFO] [stdout]    9:     0x6273d717b4dd - __rustc[8fa7c3cbc660c2b3]::rust_begin_unwind
[INFO] [stdout]   10:     0x6273d71b5bac - core[df12db4294e9bfd3]::panicking::panic_fmt
[INFO] [stdout]   11:     0x6273d71b5982 - core[df12db4294e9bfd3]::result::unwrap_failed
[INFO] [stdout]   12:     0x6273d70abaaf - rusted_cypher[289013a8b6ab3d8e]::cypher::transaction::tests::create_node_and_rollback
[INFO] [stdout]   13:     0x6273d7097459 - <rusted_cypher[289013a8b6ab3d8e]::cypher::transaction::tests::create_node_and_rollback::{closure#0} as core[df12db4294e9bfd3]::ops::function::FnOnce<()>>::call_once
[INFO] [stdout]   14:     0x6273d70ac12b - test[9d35eded1c95d3be]::__rust_begin_short_backtrace::<core[df12db4294e9bfd3]::result::Result<(), alloc[2182bb758b4b3781]::string::String>, fn() -> core[df12db4294e9bfd3]::result::Result<(), alloc[2182bb758b4b3781]::string::String>>
[INFO] [stdout]   15:     0x6273d70b9795 - test[9d35eded1c95d3be]::run_test::{closure#0}
[INFO] [stdout]   16:     0x6273d70b3054 - std[70759c8f55707aa4]::sys::backtrace::__rust_begin_short_backtrace::<test[9d35eded1c95d3be]::run_test::{closure#1}, ()>
[INFO] [stdout]   17:     0x6273d70bc8f2 - <std[70759c8f55707aa4]::thread::lifecycle::spawn_unchecked<test[9d35eded1c95d3be]::run_test::{closure#1}, ()>::{closure#1} as core[df12db4294e9bfd3]::ops::function::FnOnce<()>>::call_once::{shim:vtable#0}
[INFO] [stdout]   18:     0x6273d719e079 - <std[70759c8f55707aa4]::sys::thread::unix::Thread>::new::thread_start
[INFO] [stdout]   19:     0x79238433cdfa - <unknown>
[INFO] [stdout]   20:     0x7923843d03d4 - clone
[INFO] [stdout]   21:                0x0 - <unknown>
[INFO] [stdout] 
[INFO] [stdout] ---- graph::tests::query stdout ----
[INFO] [stdout] 
[INFO] [stdout] thread 'graph::tests::query' (727) panicked at src/graph.rs:202:47:
[INFO] [stdout] called `Result::unwrap()` on an `Err` value: Hyper(Io(Os { code: 111, kind: ConnectionRefused, message: "Connection refused" }))
[INFO] [stdout] stack backtrace:
[INFO] [stdout]    0:     0x6273d719ecc1 - <<std[70759c8f55707aa4]::sys::backtrace::BacktraceLock>::print::DisplayBacktrace as core[df12db4294e9bfd3]::fmt::Display>::fmt
[INFO] [stdout]    1:     0x6273d71b547a - core[df12db4294e9bfd3]::fmt::write
[INFO] [stdout]    2:     0x6273d71a349c - <alloc[2182bb758b4b3781]::vec::Vec<u8> as core[df12db4294e9bfd3]::io::write::Write>::write_fmt
[INFO] [stdout]    3:     0x6273d717a646 - std[70759c8f55707aa4]::panicking::default_hook::{closure#0}
[INFO] [stdout]    4:     0x6273d7196e59 - std[70759c8f55707aa4]::panicking::default_hook
[INFO] [stdout]    5:     0x6273d70b8e40 - test[9d35eded1c95d3be]::test_main_inner::<test[9d35eded1c95d3be]::test_main_static::{closure#0}>::{closure#0}
[INFO] [stdout]    6:     0x6273d7197012 - std[70759c8f55707aa4]::panicking::panic_with_hook
[INFO] [stdout]    7:     0x6273d717a6f2 - std[70759c8f55707aa4]::panicking::panic_handler::{closure#0}
[INFO] [stdout]    8:     0x6273d7173399 - std[70759c8f55707aa4]::sys::backtrace::__rust_end_short_backtrace::<std[70759c8f55707aa4]::panicking::panic_handler::{closure#0}, !>
[INFO] [stdout]    9:     0x6273d717b4dd - __rustc[8fa7c3cbc660c2b3]::rust_begin_unwind
[INFO] [stdout]   10:     0x6273d71b5bac - core[df12db4294e9bfd3]::panicking::panic_fmt
[INFO] [stdout]   11:     0x6273d71b5982 - core[df12db4294e9bfd3]::result::unwrap_failed
[INFO] [stdout]   12:     0x6273d70a857c - rusted_cypher[289013a8b6ab3d8e]::graph::tests::query
[INFO] [stdout]   13:     0x6273d70972f9 - <rusted_cypher[289013a8b6ab3d8e]::graph::tests::query::{closure#0} as core[df12db4294e9bfd3]::ops::function::FnOnce<()>>::call_once
[INFO] [stdout]   14:     0x6273d70ac12b - test[9d35eded1c95d3be]::__rust_begin_short_backtrace::<core[df12db4294e9bfd3]::result::Result<(), alloc[2182bb758b4b3781]::string::String>, fn() -> core[df12db4294e9bfd3]::result::Result<(), alloc[2182bb758b4b3781]::string::String>>
[INFO] [stdout]   15:     0x6273d70b9795 - test[9d35eded1c95d3be]::run_test::{closure#0}
[INFO] [stdout]   16:     0x6273d70b3054 - std[70759c8f55707aa4]::sys::backtrace::__rust_begin_short_backtrace::<test[9d35eded1c95d3be]::run_test::{closure#1}, ()>
[INFO] [stdout]   17:     0x6273d70bc8f2 - <std[70759c8f55707aa4]::thread::lifecycle::spawn_unchecked<test[9d35eded1c95d3be]::run_test::{closure#1}, ()>::{closure#1} as core[df12db4294e9bfd3]::ops::function::FnOnce<()>>::call_once::{shim:vtable#0}
[INFO] [stdout]   18:     0x6273d719e079 - <std[70759c8f55707aa4]::sys::thread::unix::Thread>::new::thread_start
[INFO] [stdout]   19:     0x79238433cdfa - <unknown>
[INFO] [stdout]   20:     0x7923843d03d4 - clone
[INFO] [stdout]   21:                0x0 - <unknown>
[INFO] [stdout] 
[INFO] [stdout] ---- cypher::transaction::tests::create_node_and_commit stdout ----
[INFO] [stdout] 
[INFO] [stdout] thread 'cypher::transaction::tests::create_node_and_commit' (723) panicked at src/cypher/transaction.rs:352:22:
[INFO] [stdout] called `Result::unwrap()` on an `Err` value: Hyper(Io(Os { code: 111, kind: ConnectionRefused, message: "Connection refused" }))
[INFO] [stdout] stack backtrace:
[INFO] [stdout]    0:     0x6273d719ecc1 - <<std[70759c8f55707aa4]::sys::backtrace::BacktraceLock>::print::DisplayBacktrace as core[df12db4294e9bfd3]::fmt::Display>::fmt
[INFO] [stdout]    1:     0x6273d71b547a - core[df12db4294e9bfd3]::fmt::write
[INFO] [stdout]    2:     0x6273d71a349c - <alloc[2182bb758b4b3781]::vec::Vec<u8> as core[df12db4294e9bfd3]::io::write::Write>::write_fmt
[INFO] [stdout]    3:     0x6273d717a646 - std[70759c8f55707aa4]::panicking::default_hook::{closure#0}
[INFO] [stdout]    4:     0x6273d7196e59 - std[70759c8f55707aa4]::panicking::default_hook
[INFO] [stdout]    5:     0x6273d70b8e40 - test[9d35eded1c95d3be]::test_main_inner::<test[9d35eded1c95d3be]::test_main_static::{closure#0}>::{closure#0}
[INFO] [stdout]    6:     0x6273d7197012 - std[70759c8f55707aa4]::panicking::panic_with_hook
[INFO] [stdout]    7:     0x6273d717a6f2 - std[70759c8f55707aa4]::panicking::panic_handler::{closure#0}
[INFO] [stdout]    8:     0x6273d7173399 - std[70759c8f55707aa4]::sys::backtrace::__rust_end_short_backtrace::<std[70759c8f55707aa4]::panicking::panic_handler::{closure#0}, !>
[INFO] [stdout]    9:     0x6273d717b4dd - __rustc[8fa7c3cbc660c2b3]::rust_begin_unwind
[INFO] [stdout]   10:     0x6273d71b5bac - core[df12db4294e9bfd3]::panicking::panic_fmt
[INFO] [stdout]   11:     0x6273d71b5982 - core[df12db4294e9bfd3]::result::unwrap_failed
[INFO] [stdout]   12:     0x6273d70aad92 - rusted_cypher[289013a8b6ab3d8e]::cypher::transaction::tests::create_node_and_commit
[INFO] [stdout]   13:     0x6273d7097419 - <rusted_cypher[289013a8b6ab3d8e]::cypher::transaction::tests::create_node_and_commit::{closure#0} as core[df12db4294e9bfd3]::ops::function::FnOnce<()>>::call_once
[INFO] [stdout]   14:     0x6273d70ac12b - test[9d35eded1c95d3be]::__rust_begin_short_backtrace::<core[df12db4294e9bfd3]::result::Result<(), alloc[2182bb758b4b3781]::string::String>, fn() -> core[df12db4294e9bfd3]::result::Result<(), alloc[2182bb758b4b3781]::string::String>>
[INFO] [stdout]   15:     0x6273d70b9795 - test[9d35eded1c95d3be]::run_test::{closure#0}
[INFO] [stdout]   16:     0x6273d70b3054 - std[70759c8f55707aa4]::sys::backtrace::__rust_begin_short_backtrace::<test[9d35eded1c95d3be]::run_test::{closure#1}, ()>
[INFO] [stdout]   17:     0x6273d70bc8f2 - <std[70759c8f55707aa4]::thread::lifecycle::spawn_unchecked<test[9d35eded1c95d3be]::run_test::{closure#1}, ()>::{closure#1} as core[df12db4294e9bfd3]::ops::function::FnOnce<()>>::call_once::{shim:vtable#0}
[INFO] [stdout]   18:     0x6273d719e079 - <std[70759c8f55707aa4]::sys::thread::unix::Thread>::new::thread_start
[INFO] [stdout]   19:     0x79238433cdfa - <unknown>
[INFO] [stdout]   20:     0x7923843d03d4 - clone
[INFO] [stdout]   21:                0x0 - <unknown>
[INFO] [stdout] 
[INFO] [stdout] ---- graph::tests::connect stdout ----
[INFO] [stdout] 
[INFO] [stdout] thread 'graph::tests::connect' (726) panicked at src/graph.rs:195:9:
[INFO] [stdout] assertion failed: graph.is_ok()
[INFO] [stdout] stack backtrace:
[INFO] [stdout]    0:     0x6273d719ecc1 - <<std[70759c8f55707aa4]::sys::backtrace::BacktraceLock>::print::DisplayBacktrace as core[df12db4294e9bfd3]::fmt::Display>::fmt
[INFO] [stdout]    1:     0x6273d71b547a - core[df12db4294e9bfd3]::fmt::write
[INFO] [stdout]    2:     0x6273d71a349c - <alloc[2182bb758b4b3781]::vec::Vec<u8> as core[df12db4294e9bfd3]::io::write::Write>::write_fmt
[INFO] [stdout]    3:     0x6273d717a646 - std[70759c8f55707aa4]::panicking::default_hook::{closure#0}
[INFO] [stdout]    4:     0x6273d7196e59 - std[70759c8f55707aa4]::panicking::default_hook
[INFO] [stdout]    5:     0x6273d70b8e40 - test[9d35eded1c95d3be]::test_main_inner::<test[9d35eded1c95d3be]::test_main_static::{closure#0}>::{closure#0}
[INFO] [stdout]    6:     0x6273d7197012 - std[70759c8f55707aa4]::panicking::panic_with_hook
[INFO] [stdout]    7:     0x6273d717a724 - std[70759c8f55707aa4]::panicking::panic_handler::{closure#0}
[INFO] [stdout]    8:     0x6273d7173399 - std[70759c8f55707aa4]::sys::backtrace::__rust_end_short_backtrace::<std[70759c8f55707aa4]::panicking::panic_handler::{closure#0}, !>
[INFO] [stdout]    9:     0x6273d717b4dd - __rustc[8fa7c3cbc660c2b3]::rust_begin_unwind
[INFO] [stdout]   10:     0x6273d71b5bac - core[df12db4294e9bfd3]::panicking::panic_fmt
[INFO] [stdout]   11:     0x6273d71b5b72 - core[df12db4294e9bfd3]::panicking::panic
[INFO] [stdout]   12:     0x6273d70a8757 - rusted_cypher[289013a8b6ab3d8e]::graph::tests::connect
[INFO] [stdout]   13:     0x6273d7097319 - <rusted_cypher[289013a8b6ab3d8e]::graph::tests::connect::{closure#0} as core[df12db4294e9bfd3]::ops::function::FnOnce<()>>::call_once
[INFO] [stdout]   14:     0x6273d70ac12b - test[9d35eded1c95d3be]::__rust_begin_short_backtrace::<core[df12db4294e9bfd3]::result::Result<(), alloc[2182bb758b4b3781]::string::String>, fn() -> core[df12db4294e9bfd3]::result::Result<(), alloc[2182bb758b4b3781]::string::String>>
[INFO] [stdout]   15:     0x6273d70b9795 - test[9d35eded1c95d3be]::run_test::{closure#0}
[INFO] [stdout]   16:     0x6273d70b3054 - std[70759c8f55707aa4]::sys::backtrace::__rust_begin_short_backtrace::<test[9d35eded1c95d3be]::run_test::{closure#1}, ()>
[INFO] [stdout]   17:     0x6273d70bc8f2 - <std[70759c8f55707aa4]::thread::lifecycle::spawn_unchecked<test[9d35eded1c95d3be]::run_test::{closure#1}, ()>::{closure#1} as core[df12db4294e9bfd3]::ops::function::FnOnce<()>>::call_once::{shim:vtable#0}
[INFO] [stdout]   18:     0x6273d719e079 - <std[70759c8f55707aa4]::sys::thread::unix::Thread>::new::thread_start
[INFO] [stdout]   19:     0x79238433cdfa - <unknown>
[INFO] [stdout]   20:     0x7923843d03d4 - clone
[INFO] [stdout]   21:                0x0 - <unknown>
[INFO] [stdout] 
[INFO] [stdout] ---- cypher::tests::query_with_complex_param stdout ----
[INFO] [stdout] 
[INFO] [stdout] thread 'cypher::tests::query_with_complex_param' (717) panicked at src/cypher/mod.rs:240:9:
[INFO] [stdout] assertion failed: result.is_ok()
[INFO] [stdout] stack backtrace:
[INFO] [stdout]    0:     0x6273d719ecc1 - <<std[70759c8f55707aa4]::sys::backtrace::BacktraceLock>::print::DisplayBacktrace as core[df12db4294e9bfd3]::fmt::Display>::fmt
[INFO] [stdout]    1:     0x6273d71b547a - core[df12db4294e9bfd3]::fmt::write
[INFO] [stdout]    2:     0x6273d71a349c - <alloc[2182bb758b4b3781]::vec::Vec<u8> as core[df12db4294e9bfd3]::io::write::Write>::write_fmt
[INFO] [stdout]    3:     0x6273d717a646 - std[70759c8f55707aa4]::panicking::default_hook::{closure#0}
[INFO] [stdout]    4:     0x6273d7196e59 - std[70759c8f55707aa4]::panicking::default_hook
[INFO] [stdout]    5:     0x6273d70b8e40 - test[9d35eded1c95d3be]::test_main_inner::<test[9d35eded1c95d3be]::test_main_static::{closure#0}>::{closure#0}
[INFO] [stdout]    6:     0x6273d7197012 - std[70759c8f55707aa4]::panicking::panic_with_hook
[INFO] [stdout]    7:     0x6273d717a724 - std[70759c8f55707aa4]::panicking::panic_handler::{closure#0}
[INFO] [stdout]    8:     0x6273d7173399 - std[70759c8f55707aa4]::sys::backtrace::__rust_end_short_backtrace::<std[70759c8f55707aa4]::panicking::panic_handler::{closure#0}, !>
[INFO] [stdout]    9:     0x6273d717b4dd - __rustc[8fa7c3cbc660c2b3]::rust_begin_unwind
[INFO] [stdout]   10:     0x6273d71b5bac - core[df12db4294e9bfd3]::panicking::panic_fmt
[INFO] [stdout]   11:     0x6273d71b5b72 - core[df12db4294e9bfd3]::panicking::panic
[INFO] [stdout]   12:     0x6273d7090914 - rusted_cypher[289013a8b6ab3d8e]::cypher::tests::query_with_complex_param
[INFO] [stdout]   13:     0x6273d70973b9 - <rusted_cypher[289013a8b6ab3d8e]::cypher::tests::query_with_complex_param::{closure#0} as core[df12db4294e9bfd3]::ops::function::FnOnce<()>>::call_once
[INFO] [stdout]   14:     0x6273d70ac12b - test[9d35eded1c95d3be]::__rust_begin_short_backtrace::<core[df12db4294e9bfd3]::result::Result<(), alloc[2182bb758b4b3781]::string::String>, fn() -> core[df12db4294e9bfd3]::result::Result<(), alloc[2182bb758b4b3781]::string::String>>
[INFO] [stdout]   15:     0x6273d70b9795 - test[9d35eded1c95d3be]::run_test::{closure#0}
[INFO] [stdout]   16:     0x6273d70b3054 - std[70759c8f55707aa4]::sys::backtrace::__rust_begin_short_backtrace::<test[9d35eded1c95d3be]::run_test::{closure#1}, ()>
[INFO] [stdout]   17:     0x6273d70bc8f2 - <std[70759c8f55707aa4]::thread::lifecycle::spawn_unchecked<test[9d35eded1c95d3be]::run_test::{closure#1}, ()>::{closure#1} as core[df12db4294e9bfd3]::ops::function::FnOnce<()>>::call_once::{shim:vtable#0}
[INFO] [stdout]   18:     0x6273d719e079 - <std[70759c8f55707aa4]::sys::thread::unix::Thread>::new::thread_start
[INFO] [stdout]   19:     0x79238433cdfa - <unknown>
[INFO] [stdout]   20:     0x7923843d03d4 - clone
[INFO] [stdout]   21:                0x0 - <unknown>
[INFO] [stdout] 
[INFO] [stdout] ---- graph::tests::transaction stdout ----
[INFO] [stdout] 
[INFO] [stdout] thread 'graph::tests::transaction' (728) panicked at src/graph.rs:215:47:
[INFO] [stdout] called `Result::unwrap()` on an `Err` value: Hyper(Io(Os { code: 111, kind: ConnectionRefused, message: "Connection refused" }))
[INFO] [stdout] stack backtrace:
[INFO] [stdout]    0:     0x6273d719ecc1 - <<std[70759c8f55707aa4]::sys::backtrace::BacktraceLock>::print::DisplayBacktrace as core[df12db4294e9bfd3]::fmt::Display>::fmt
[INFO] [stdout]    1:     0x6273d71b547a - core[df12db4294e9bfd3]::fmt::write
[INFO] [stdout]    2:     0x6273d71a349c - <alloc[2182bb758b4b3781]::vec::Vec<u8> as core[df12db4294e9bfd3]::io::write::Write>::write_fmt
[INFO] [stdout]    3:     0x6273d717a646 - std[70759c8f55707aa4]::panicking::default_hook::{closure#0}
[INFO] [stdout]    4:     0x6273d7196e59 - std[70759c8f55707aa4]::panicking::default_hook
[INFO] [stdout]    5:     0x6273d70b8e40 - test[9d35eded1c95d3be]::test_main_inner::<test[9d35eded1c95d3be]::test_main_static::{closure#0}>::{closure#0}
[INFO] [stdout]    6:     0x6273d7197012 - std[70759c8f55707aa4]::panicking::panic_with_hook
[INFO] [stdout]    7:     0x6273d717a6f2 - std[70759c8f55707aa4]::panicking::panic_handler::{closure#0}
[INFO] [stdout]    8:     0x6273d7173399 - std[70759c8f55707aa4]::sys::backtrace::__rust_end_short_backtrace::<std[70759c8f55707aa4]::panicking::panic_handler::{closure#0}, !>
[INFO] [stdout]    9:     0x6273d717b4dd - __rustc[8fa7c3cbc660c2b3]::rust_begin_unwind
[INFO] [stdout]   10:     0x6273d71b5bac - core[df12db4294e9bfd3]::panicking::panic_fmt
[INFO] [stdout]   11:     0x6273d71b5982 - core[df12db4294e9bfd3]::result::unwrap_failed
[INFO] [stdout]   12:     0x6273d70a81f6 - rusted_cypher[289013a8b6ab3d8e]::graph::tests::transaction
[INFO] [stdout]   13:     0x6273d70972d9 - <rusted_cypher[289013a8b6ab3d8e]::graph::tests::transaction::{closure#0} as core[df12db4294e9bfd3]::ops::function::FnOnce<()>>::call_once
[INFO] [stdout]   14:     0x6273d70ac12b - test[9d35eded1c95d3be]::__rust_begin_short_backtrace::<core[df12db4294e9bfd3]::result::Result<(), alloc[2182bb758b4b3781]::string::String>, fn() -> core[df12db4294e9bfd3]::result::Result<(), alloc[2182bb758b4b3781]::string::String>>
[INFO] [stdout]   15:     0x6273d70b9795 - test[9d35eded1c95d3be]::run_test::{closure#0}
[INFO] [stdout]   16:     0x6273d70b3054 - std[70759c8f55707aa4]::sys::backtrace::__rust_begin_short_backtrace::<test[9d35eded1c95d3be]::run_test::{closure#1}, ()>
[INFO] [stdout]   17:     0x6273d70bc8f2 - <std[70759c8f55707aa4]::thread::lifecycle::spawn_unchecked<test[9d35eded1c95d3be]::run_test::{closure#1}, ()>::{closure#1} as core[df12db4294e9bfd3]::ops::function::FnOnce<()>>::call_once::{shim:vtable#0}
[INFO] [stdout]   18:     0x6273d719e079 - <std[70759c8f55707aa4]::sys::thread::unix::Thread>::new::thread_start
[INFO] [stdout]   19:     0x79238433cdfa - <unknown>
[INFO] [stdout]   20:     0x7923843d03d4 - clone
[INFO] [stdout]   21:                0x0 - <unknown>
[INFO] [stdout] 
[INFO] [stdout] 
[INFO] [stdout] failures:
[INFO] [stdout]     cypher::tests::multiple_queries
[INFO] [stdout]     cypher::tests::query_with_complex_param
[INFO] [stdout]     cypher::tests::query_with_int_param
[INFO] [stdout]     cypher::tests::query_with_multiple_params
[INFO] [stdout]     cypher::tests::query_with_string_param
[INFO] [stdout]     cypher::tests::query_without_params
[INFO] [stdout]     cypher::transaction::tests::begin_transaction
[INFO] [stdout]     cypher::transaction::tests::create_node_and_commit
[INFO] [stdout]     cypher::transaction::tests::create_node_and_rollback
[INFO] [stdout]     cypher::transaction::tests::query_open_transaction
[INFO] [stdout]     graph::tests::connect
[INFO] [stdout]     graph::tests::query
[INFO] [stdout]     graph::tests::transaction
[INFO] [stdout] 
[INFO] [stdout] test result: FAILED. 10 passed; 13 failed; 0 ignored; 0 measured; 0 filtered out; finished in 0.01s
[INFO] [stdout] 
[INFO] running `Command { std: "docker" "inspect" "a44e2f221d51975f531f492e796888746db0f0cded9673a5ac095ebe1e38b0e4", kill_on_drop: false }`
[INFO] running `Command { std: "docker" "rm" "-f" "a44e2f221d51975f531f492e796888746db0f0cded9673a5ac095ebe1e38b0e4", kill_on_drop: false }`
[INFO] [stdout] a44e2f221d51975f531f492e796888746db0f0cded9673a5ac095ebe1e38b0e4
