[INFO] fetching crate rustdx 0.4.4...
[INFO] testing rustdx-0.4.4 against 1.99.0-beta.8+cargoflags=--release for beta-release-1.100-2
[INFO] extracting crate rustdx 0.4.4 into /workspace/builds/worker-0-tc1/source
[INFO] started tweaking crates.io crate rustdx 0.4.4
[INFO] finished tweaking crates.io crate rustdx 0.4.4
[INFO] tweaked toml for crates.io crate rustdx 0.4.4 written to /workspace/builds/worker-0-tc1/source/Cargo.toml
[INFO] validating manifest of crates.io crate rustdx 0.4.4 on toolchain 1.99.0-beta.8
[INFO] running `Command { std: CARGO_HOME="/workspace/cargo-home" RUSTUP_HOME="/workspace/rustup-home" "/workspace/cargo-home/bin/cargo" "+1.99.0-beta.8" "metadata" "--manifest-path" "Cargo.toml" "--no-deps", kill_on_drop: false }`
[INFO] crate crates.io crate rustdx 0.4.4 already has a lockfile, it will not be regenerated
[INFO] running `Command { std: CARGO_HOME="/workspace/cargo-home" RUSTUP_HOME="/workspace/rustup-home" "/workspace/cargo-home/bin/cargo" "+1.99.0-beta.8" "fetch" "--manifest-path" "Cargo.toml", kill_on_drop: false }`
[INFO] [stderr]  Downloading crates ...
[INFO] [stderr]   Downloaded iana-time-zone v0.1.62
[INFO] [stderr]   Downloaded insta v1.42.2
[INFO] running `Command { std: "docker" "create" "-v" "/var/lib/crater-agent-workspace/builds/worker-0-tc1/source:/opt/rustwide/workdir:ro,Z" "-v" "/var/lib/crater-agent-workspace/builds/worker-0-tc1/target:/opt/rustwide/target:rw,Z" "-v" "/var/lib/crater-agent-workspace/cargo-home:/opt/rustwide/cargo-home:ro,Z" "-v" "/var/lib/crater-agent-workspace/rustup-home:/opt/rustwide/rustup-home:ro,Z" "-m" "1610612736" "--network" "none" "ghcr.io/rust-lang/crates-build-env/linux@sha256:77db811e55d90add9212f6832c23229e3de5f1c1f9905e8cb07319ea15df73ac" "sleep" "infinity", kill_on_drop: false }`
[INFO] [stdout] cc6563896f86fca440401fd688b514efb5158f9ed14266b1396cf4a507e85034
[INFO] running `Command { std: "docker" "start" "cc6563896f86fca440401fd688b514efb5158f9ed14266b1396cf4a507e85034", kill_on_drop: false }`
[INFO] running `Command { std: "docker" "inspect" "cc6563896f86fca440401fd688b514efb5158f9ed14266b1396cf4a507e85034", kill_on_drop: false }`
[INFO] running `Command { std: "docker" "exec" "-e" "SOURCE_DIR=/opt/rustwide/workdir" "-e" "CARGO_HOME=/opt/rustwide/cargo-home" "-e" "RUSTUP_HOME=/opt/rustwide/rustup-home" "-e" "CARGO_TARGET_DIR=/opt/rustwide/target" "-w" "/opt/rustwide/workdir" "--user" "0:0" "cc6563896f86fca440401fd688b514efb5158f9ed14266b1396cf4a507e85034" "/opt/rustwide/cargo-home/bin/cargo" "+1.99.0-beta.8" "metadata" "--no-deps" "--format-version=1", kill_on_drop: false }`
[INFO] running `Command { std: "docker" "inspect" "cc6563896f86fca440401fd688b514efb5158f9ed14266b1396cf4a507e85034", kill_on_drop: false }`
[INFO] running `Command { std: "docker" "exec" "-e" "SOURCE_DIR=/opt/rustwide/workdir" "-e" "CARGO_HOME=/opt/rustwide/cargo-home" "-e" "RUSTUP_HOME=/opt/rustwide/rustup-home" "-e" "CARGO_TARGET_DIR=/opt/rustwide/target" "-e" "CARGO_INCREMENTAL=0" "-e" "RUST_BACKTRACE=full" "-e" "RUSTFLAGS=--cap-lints=warn" "-e" "RUSTDOCFLAGS=--cap-lints=warn" "-w" "/opt/rustwide/workdir" "--user" "0:0" "cc6563896f86fca440401fd688b514efb5158f9ed14266b1396cf4a507e85034" "/opt/rustwide/cargo-home/bin/cargo" "+1.99.0-beta.8" "build" "--frozen" "--message-format=json" "--release", kill_on_drop: false }`
[INFO] [stderr]    Compiling proc-macro2 v1.0.94
[INFO] [stderr]    Compiling unicode-ident v1.0.18
[INFO] [stderr]    Compiling autocfg v1.4.0
[INFO] [stderr]    Compiling thiserror v1.0.69
[INFO] [stderr]    Compiling serde v1.0.219
[INFO] [stderr]    Compiling cfg-if v1.0.0
[INFO] [stderr]    Compiling iana-time-zone v0.1.62
[INFO] [stderr]    Compiling adler2 v2.0.0
[INFO] [stderr]    Compiling log v0.4.26
[INFO] [stderr]    Compiling lazy_static v1.5.0
[INFO] [stderr]    Compiling miniz_oxide v0.8.5
[INFO] [stderr]    Compiling encoding_rs v0.8.35
[INFO] [stderr]    Compiling num-traits v0.2.19
[INFO] [stderr]    Compiling quote v1.0.40
[INFO] [stderr]    Compiling syn v2.0.100
[INFO] [stderr]    Compiling chrono v0.4.40
[INFO] [stderr]    Compiling serde_derive v1.0.219
[INFO] [stderr]    Compiling thiserror-impl v1.0.69
[INFO] [stderr]    Compiling rustdx v0.4.4 (/opt/rustwide/workdir)
[INFO] [stderr]     Finished `release` profile [optimized] target(s) in 13.86s
[INFO] running `Command { std: "docker" "inspect" "cc6563896f86fca440401fd688b514efb5158f9ed14266b1396cf4a507e85034", kill_on_drop: false }`
[INFO] running `Command { std: "docker" "exec" "-e" "SOURCE_DIR=/opt/rustwide/workdir" "-e" "CARGO_HOME=/opt/rustwide/cargo-home" "-e" "RUSTUP_HOME=/opt/rustwide/rustup-home" "-e" "CARGO_TARGET_DIR=/opt/rustwide/target" "-e" "CARGO_INCREMENTAL=0" "-e" "RUST_BACKTRACE=full" "-e" "RUSTFLAGS=--cap-lints=warn" "-e" "RUSTDOCFLAGS=--cap-lints=warn" "-w" "/opt/rustwide/workdir" "--user" "0:0" "cc6563896f86fca440401fd688b514efb5158f9ed14266b1396cf4a507e85034" "/opt/rustwide/cargo-home/bin/cargo" "+1.99.0-beta.8" "test" "--frozen" "--no-run" "--message-format=json" "--release", kill_on_drop: false }`
[INFO] [stderr]    Compiling libc v0.2.171
[INFO] [stderr]    Compiling memchr v2.7.4
[INFO] [stderr]    Compiling once_cell v1.21.1
[INFO] [stderr]    Compiling ryu v1.0.20
[INFO] [stderr]    Compiling itoa v1.0.15
[INFO] [stderr]    Compiling linked-hash-map v0.5.6
[INFO] [stderr]    Compiling similar v2.7.0
[INFO] [stderr]    Compiling syn v2.0.100
[INFO] [stderr]    Compiling csv-core v0.1.12
[INFO] [stderr]    Compiling console v0.15.11
[INFO] [stderr]    Compiling serde_derive v1.0.219
[INFO] [stderr]    Compiling pin-project-internal v1.1.10
[INFO] [stderr]    Compiling thiserror-impl v1.0.69
[INFO] [stderr]    Compiling thiserror v1.0.69
[INFO] [stderr]    Compiling pin-project v1.1.10
[INFO] [stderr]    Compiling insta v1.42.2
[INFO] [stderr]    Compiling serde v1.0.219
[INFO] [stderr]    Compiling csv v1.3.1
[INFO] [stderr]    Compiling rustdx v0.4.4 (/opt/rustwide/workdir)
[INFO] [stderr]     Finished `release` profile [optimized] target(s) in 28.44s
[INFO] running `Command { std: "docker" "inspect" "cc6563896f86fca440401fd688b514efb5158f9ed14266b1396cf4a507e85034", kill_on_drop: false }`
[INFO] running `Command { std: "docker" "exec" "-e" "SOURCE_DIR=/opt/rustwide/workdir" "-e" "CARGO_HOME=/opt/rustwide/cargo-home" "-e" "RUSTUP_HOME=/opt/rustwide/rustup-home" "-e" "CARGO_TARGET_DIR=/opt/rustwide/target" "-e" "CARGO_INCREMENTAL=0" "-e" "RUST_BACKTRACE=full" "-e" "RUSTFLAGS=--cap-lints=warn" "-e" "RUSTDOCFLAGS=--cap-lints=warn" "-w" "/opt/rustwide/workdir" "--user" "0:0" "cc6563896f86fca440401fd688b514efb5158f9ed14266b1396cf4a507e85034" "/opt/rustwide/cargo-home/bin/cargo" "+1.99.0-beta.8" "test" "--frozen" "--release", kill_on_drop: false }`
[INFO] [stderr]     Finished `release` profile [optimized] target(s) in 0.05s
[INFO] [stderr]      Running unittests src/lib.rs (/opt/rustwide/target/release/deps/rustdx-b7dd5037b0fbd564)
[INFO] [stdout] 
[INFO] [stdout] running 8 tests
[INFO] [stdout] test tcp::stock::kline::day_new_modify ... ok
[INFO] [stdout] test tcp::stock::kline::connection ... FAILED
[INFO] [stdout] test tcp::ip::tests::check_all_stock_ips ... FAILED
[INFO] [stdout] test tcp::helper::check_datetime_price_vol_amount ... ok
[INFO] [stdout] test tcp::stock::kline::parse ... ok
[INFO] [stdout] test tcp::basic::connection ... FAILED
[INFO] [stdout] test tcp::stock::xdxr::connection ... FAILED
[INFO] [stderr] error: test failed, to rerun pass `--lib`
[INFO] [stdout] test tcp::stock::xdxr::xdxrdata_parse ... ok
[INFO] [stdout] 
[INFO] [stdout] failures:
[INFO] [stdout] 
[INFO] [stdout] ---- tcp::stock::kline::connection stdout ----
[INFO] [stdout] send: [12, 1, 8, 100, 1, 1, 28, 0, 28, 0, 45, 5, 0, 0, 48, 48, 48, 48, 48, 49, 9, 0, 1, 0, 0, 0, 3, 0, 0, 0, 0, 0, 0, 0, 0, 0, 0, 0]
[INFO] [stdout] Error: Os { code: 101, kind: NetworkUnreachable, message: "Network is unreachable" }
[INFO] [stdout] 
[INFO] [stdout] ---- tcp::ip::tests::check_all_stock_ips stdout ----
[INFO] [stdout] 
[INFO] [stdout] thread 'tcp::ip::tests::check_all_stock_ips' (809) panicked at src/tcp/ip.rs:54:9:
[INFO] [stdout] assertion `left == right` failed
[INFO] [stdout]   left: [39.100.68.59:7709, 114.80.149.19:7709, 114.80.149.22:7709, 115.238.56.198:7709, 115.238.90.165:7709, 117.184.140.156:7709, 119.147.164.60:7709, 123.125.108.23:7709, 123.125.108.24:7709, 180.153.18.170:7709, 180.153.18.171:7709, 180.153.39.51:7709, 218.108.47.69:7709, 218.108.98.244:7709, 218.75.126.9:7709, 221.194.181.176:7709, 60.12.136.250:7709, 60.191.117.167:7709, 61.152.249.56:7709]
[INFO] [stdout]  right: []
[INFO] [stdout] stack backtrace:
[INFO] [stdout]    0:     0x5ee4ee661bd7 - <<std[70759c8f55707aa4]::sys::backtrace::BacktraceLock>::print::DisplayBacktrace as core[df12db4294e9bfd3]::fmt::Display>::fmt
[INFO] [stdout]    1:     0x5ee4ee63a0ca - core[df12db4294e9bfd3]::fmt::write
[INFO] [stdout]    2:     0x5ee4ee66118b - <alloc[2182bb758b4b3781]::vec::Vec<u8> as core[df12db4294e9bfd3]::io::write::Write>::write_fmt
[INFO] [stdout]    3:     0x5ee4ee660c6f - std[70759c8f55707aa4]::panicking::default_hook::{closure#0}
[INFO] [stdout]    4:     0x5ee4ee66089a - std[70759c8f55707aa4]::panicking::default_hook
[INFO] [stdout]    5:     0x5ee4ee6603d2 - std[70759c8f55707aa4]::panicking::panic_with_hook
[INFO] [stdout]    6:     0x5ee4ee687741 - std[70759c8f55707aa4]::panicking::panic_handler::{closure#0}
[INFO] [stdout]    7:     0x5ee4ee6876f9 - std[70759c8f55707aa4]::sys::backtrace::__rust_end_short_backtrace::<std[70759c8f55707aa4]::panicking::panic_handler::{closure#0}, !>
[INFO] [stdout]    8:     0x5ee4ee687c0c - __rustc[8fa7c3cbc660c2b3]::rust_begin_unwind
[INFO] [stdout]    9:     0x5ee4ee639f5b - core[df12db4294e9bfd3]::panicking::panic_fmt
[INFO] [stdout]   10:     0x5ee4ee639e7a - core[df12db4294e9bfd3]::panicking::assert_failed_inner
[INFO] [stdout]   11:     0x5ee4ee65ca4e - core[df12db4294e9bfd3]::panicking::assert_failed::<&[core[df12db4294e9bfd3]::net::socket_addr::SocketAddr], &[core[df12db4294e9bfd3]::net::socket_addr::SocketAddr]>
[INFO] [stdout]   12:     0x5ee4ee6375ee - <rustdx[debdb4c74695d761]::tcp::ip::tests::check_all_stock_ips::{closure#0} as core[df12db4294e9bfd3]::ops::function::FnOnce<()>>::call_once
[INFO] [stdout]   13:     0x5ee4ee69fa9b - test[9d35eded1c95d3be]::__rust_begin_short_backtrace::<core[df12db4294e9bfd3]::result::Result<(), alloc[2182bb758b4b3781]::string::String>, fn() -> core[df12db4294e9bfd3]::result::Result<(), alloc[2182bb758b4b3781]::string::String>>
[INFO] [stdout]   14:     0x5ee4ee69b0af - test[9d35eded1c95d3be]::run_test::{closure#0}
[INFO] [stdout]   15:     0x5ee4ee69ab2c - std[70759c8f55707aa4]::sys::backtrace::__rust_begin_short_backtrace::<test[9d35eded1c95d3be]::run_test::{closure#1}, ()>
[INFO] [stdout]   16:     0x5ee4ee6b7a1c - <std[70759c8f55707aa4]::thread::lifecycle::spawn_unchecked<test[9d35eded1c95d3be]::run_test::{closure#1}, ()>::{closure#1} as core[df12db4294e9bfd3]::ops::function::FnOnce<()>>::call_once::{shim:vtable#0}
[INFO] [stdout]   17:     0x5ee4ee689072 - <std[70759c8f55707aa4]::sys::thread::unix::Thread>::new::thread_start
[INFO] [stdout]   18:     0x7813f72fbdfa - <unknown>
[INFO] [stdout]   19:     0x7813f738f3d4 - clone
[INFO] [stdout]   20:                0x0 - <unknown>
[INFO] [stdout] 
[INFO] [stdout] ---- tcp::basic::connection stdout ----
[INFO] [stdout] Error: Os { code: 101, kind: NetworkUnreachable, message: "Network is unreachable" }
[INFO] [stdout] 
[INFO] [stdout] ---- tcp::stock::xdxr::connection stdout ----
[INFO] [stdout] send: [12, 31, 24, 118, 0, 1, 11, 0, 11, 0, 15, 0, 1, 0, 0, 48, 48, 48, 48, 48, 49]
[INFO] [stdout] Error: Os { code: 101, kind: NetworkUnreachable, message: "Network is unreachable" }
[INFO] [stdout] 
[INFO] [stdout] 
[INFO] [stdout] failures:
[INFO] [stdout]     tcp::basic::connection
[INFO] [stdout]     tcp::ip::tests::check_all_stock_ips
[INFO] [stdout]     tcp::stock::kline::connection
[INFO] [stdout]     tcp::stock::xdxr::connection
[INFO] [stdout] 
[INFO] [stdout] test result: FAILED. 4 passed; 4 failed; 0 ignored; 0 measured; 0 filtered out; finished in 0.01s
[INFO] [stdout] 
[INFO] running `Command { std: "docker" "inspect" "cc6563896f86fca440401fd688b514efb5158f9ed14266b1396cf4a507e85034", kill_on_drop: false }`
[INFO] running `Command { std: "docker" "rm" "-f" "cc6563896f86fca440401fd688b514efb5158f9ed14266b1396cf4a507e85034", kill_on_drop: false }`
[INFO] [stdout] cc6563896f86fca440401fd688b514efb5158f9ed14266b1396cf4a507e85034
