[INFO] fetching crate rustdoc-viewer 0.1.1...
[INFO] testing rustdoc-viewer-0.1.1 against 1.100.0-beta.1+cargoflags=--release for beta-release-1.100-2
[INFO] extracting crate rustdoc-viewer 0.1.1 into /workspace/builds/worker-2-tc2/source
[INFO] started tweaking crates.io crate rustdoc-viewer 0.1.1
[INFO] finished tweaking crates.io crate rustdoc-viewer 0.1.1
[INFO] tweaked toml for crates.io crate rustdoc-viewer 0.1.1 written to /workspace/builds/worker-2-tc2/source/Cargo.toml
[INFO] validating manifest of crates.io crate rustdoc-viewer 0.1.1 on toolchain 1.100.0-beta.1
[INFO] running `Command { std: CARGO_HOME="/workspace/cargo-home" RUSTUP_HOME="/workspace/rustup-home" "/workspace/cargo-home/bin/cargo" "+1.100.0-beta.1" "metadata" "--manifest-path" "Cargo.toml" "--no-deps", kill_on_drop: false }`
[INFO] crate crates.io crate rustdoc-viewer 0.1.1 already has a lockfile, it will not be regenerated
[INFO] running `Command { std: CARGO_HOME="/workspace/cargo-home" RUSTUP_HOME="/workspace/rustup-home" "/workspace/cargo-home/bin/cargo" "+1.100.0-beta.1" "fetch" "--manifest-path" "Cargo.toml", kill_on_drop: false }`
[INFO] running `Command { std: "docker" "create" "-v" "/var/lib/crater-agent-workspace/builds/worker-2-tc2/source:/opt/rustwide/workdir:ro,Z" "-v" "/var/lib/crater-agent-workspace/builds/worker-2-tc2/target:/opt/rustwide/target:rw,Z" "-v" "/var/lib/crater-agent-workspace/cargo-home:/opt/rustwide/cargo-home:ro,Z" "-v" "/var/lib/crater-agent-workspace/rustup-home:/opt/rustwide/rustup-home:ro,Z" "-m" "1610612736" "--network" "none" "ghcr.io/rust-lang/crates-build-env/linux@sha256:77db811e55d90add9212f6832c23229e3de5f1c1f9905e8cb07319ea15df73ac" "sleep" "infinity", kill_on_drop: false }`
[INFO] [stdout] 4d8af641594abc7b6597b0220df9174744da2bb5980da15fb1d69e67a2840bb8
[INFO] running `Command { std: "docker" "start" "4d8af641594abc7b6597b0220df9174744da2bb5980da15fb1d69e67a2840bb8", kill_on_drop: false }`
[INFO] running `Command { std: "docker" "inspect" "4d8af641594abc7b6597b0220df9174744da2bb5980da15fb1d69e67a2840bb8", kill_on_drop: false }`
[INFO] running `Command { std: "docker" "exec" "-e" "SOURCE_DIR=/opt/rustwide/workdir" "-e" "CARGO_HOME=/opt/rustwide/cargo-home" "-e" "RUSTUP_HOME=/opt/rustwide/rustup-home" "-e" "CARGO_TARGET_DIR=/opt/rustwide/target" "-w" "/opt/rustwide/workdir" "--user" "0:0" "4d8af641594abc7b6597b0220df9174744da2bb5980da15fb1d69e67a2840bb8" "/opt/rustwide/cargo-home/bin/cargo" "+1.100.0-beta.1" "metadata" "--no-deps" "--format-version=1", kill_on_drop: false }`
[INFO] running `Command { std: "docker" "inspect" "4d8af641594abc7b6597b0220df9174744da2bb5980da15fb1d69e67a2840bb8", kill_on_drop: false }`
[INFO] running `Command { std: "docker" "exec" "-e" "SOURCE_DIR=/opt/rustwide/workdir" "-e" "CARGO_HOME=/opt/rustwide/cargo-home" "-e" "RUSTUP_HOME=/opt/rustwide/rustup-home" "-e" "CARGO_TARGET_DIR=/opt/rustwide/target" "-e" "CARGO_INCREMENTAL=0" "-e" "RUST_BACKTRACE=full" "-e" "RUSTFLAGS=--cap-lints=warn" "-e" "RUSTDOCFLAGS=--cap-lints=warn" "-w" "/opt/rustwide/workdir" "--user" "0:0" "4d8af641594abc7b6597b0220df9174744da2bb5980da15fb1d69e67a2840bb8" "/opt/rustwide/cargo-home/bin/cargo" "+1.100.0-beta.1" "build" "--frozen" "--message-format=json" "--release", kill_on_drop: false }`
[INFO] [stderr]    Compiling tree-sitter-language v0.1.7
[INFO] [stderr]    Compiling hashbrown v0.17.1
[INFO] [stderr]    Compiling cc v1.4.4
[INFO] [stderr]    Compiling itertools v0.14.0
[INFO] [stderr]    Compiling instability v0.3.13
[INFO] [stderr]    Compiling syn v3.0.4
[INFO] [stderr]    Compiling castaway v0.2.4
[INFO] [stderr]    Compiling strum_macros v0.28.0
[INFO] [stderr]    Compiling parking_lot_core v0.9.12
[INFO] [stderr]    Compiling regex-syntax v0.8.11
[INFO] [stderr]    Compiling rustix v1.1.4
[INFO] [stderr]    Compiling derive_more-impl v2.1.1
[INFO] [stderr]    Compiling mio v1.2.2
[INFO] [stderr]    Compiling num_threads v0.1.7
[INFO] [stderr]    Compiling line-clipping v0.3.8
[INFO] [stderr]    Compiling streaming-iterator v0.1.9
[INFO] [stderr]    Compiling parking_lot v0.12.5
[INFO] [stderr]    Compiling compact_str v0.9.1
[INFO] [stderr]    Compiling time v0.3.55
[INFO] [stderr]    Compiling arborium-theme v2.18.1
[INFO] [stderr]    Compiling opaline v0.4.1
[INFO] [stderr]    Compiling pulldown-cmark v0.13.4
[INFO] [stderr]    Compiling arborium v2.18.1
[INFO] [stderr]    Compiling frizbee v0.13.0
[INFO] [stderr]    Compiling signal-hook-mio v0.2.5
[INFO] [stderr]    Compiling derive_more v2.1.1
[INFO] [stderr]    Compiling crossterm v0.29.0
[INFO] [stderr]    Compiling lru v0.18.2
[INFO] [stderr]    Compiling indexmap v2.14.0
[INFO] [stderr]    Compiling arborium-tree-sitter v2.18.1
[INFO] [stderr]    Compiling arborium-rust v2.18.1
[INFO] [stderr]    Compiling strum v0.28.0
[INFO] [stderr]    Compiling unicode-truncate v2.0.1
[INFO] [stderr]    Compiling regex-automata v0.4.18
[INFO] [stderr]    Compiling darling_core v0.24.1
[INFO] [stderr]    Compiling thiserror-impl v2.0.20
[INFO] [stderr]    Compiling serde_derive v1.0.229
[INFO] [stderr]    Compiling thiserror v2.0.20
[INFO] [stderr]    Compiling kasuari v0.4.12
[INFO] [stderr]    Compiling ratatui-core v0.1.2
[INFO] [stderr]    Compiling darling_macro v0.24.1
[INFO] [stderr]    Compiling regex v1.13.1
[INFO] [stderr]    Compiling darling v0.24.1
[INFO] [stderr]    Compiling ratatui-widgets v0.3.2
[INFO] [stderr]    Compiling ratatui-crossterm v0.1.2
[INFO] [stderr]    Compiling serde v1.0.229
[INFO] [stderr]    Compiling serde_spanned v0.6.9
[INFO] [stderr]    Compiling toml_datetime v0.6.11
[INFO] [stderr]    Compiling rustdoc-types v0.61.0
[INFO] [stderr]    Compiling toml_edit v0.22.27
[INFO] [stderr]    Compiling ratatui-macros v0.7.2
[INFO] [stderr]    Compiling ratatui v0.30.2
[INFO] [stderr]    Compiling toml v0.8.23
[INFO] [stderr]    Compiling arborium-highlight v2.18.1
[INFO] [stderr]    Compiling rustdoc-viewer v0.1.1 (/opt/rustwide/workdir)
[INFO] [stderr]     Finished `release` profile [optimized] target(s) in 2m 46s
[INFO] running `Command { std: "docker" "inspect" "4d8af641594abc7b6597b0220df9174744da2bb5980da15fb1d69e67a2840bb8", kill_on_drop: false }`
[INFO] running `Command { std: "docker" "exec" "-e" "SOURCE_DIR=/opt/rustwide/workdir" "-e" "CARGO_HOME=/opt/rustwide/cargo-home" "-e" "RUSTUP_HOME=/opt/rustwide/rustup-home" "-e" "CARGO_TARGET_DIR=/opt/rustwide/target" "-e" "CARGO_INCREMENTAL=0" "-e" "RUST_BACKTRACE=full" "-e" "RUSTFLAGS=--cap-lints=warn" "-e" "RUSTDOCFLAGS=--cap-lints=warn" "-w" "/opt/rustwide/workdir" "--user" "0:0" "4d8af641594abc7b6597b0220df9174744da2bb5980da15fb1d69e67a2840bb8" "/opt/rustwide/cargo-home/bin/cargo" "+1.100.0-beta.1" "test" "--frozen" "--no-run" "--message-format=json" "--release", kill_on_drop: false }`
[INFO] [stderr]    Compiling rustdoc-viewer v0.1.1 (/opt/rustwide/workdir)
[INFO] [stderr]     Finished `release` profile [optimized] target(s) in 1m 56s
[INFO] running `Command { std: "docker" "inspect" "4d8af641594abc7b6597b0220df9174744da2bb5980da15fb1d69e67a2840bb8", kill_on_drop: false }`
[INFO] running `Command { std: "docker" "exec" "-e" "SOURCE_DIR=/opt/rustwide/workdir" "-e" "CARGO_HOME=/opt/rustwide/cargo-home" "-e" "RUSTUP_HOME=/opt/rustwide/rustup-home" "-e" "CARGO_TARGET_DIR=/opt/rustwide/target" "-e" "CARGO_INCREMENTAL=0" "-e" "RUST_BACKTRACE=full" "-e" "RUSTFLAGS=--cap-lints=warn" "-e" "RUSTDOCFLAGS=--cap-lints=warn" "-w" "/opt/rustwide/workdir" "--user" "0:0" "4d8af641594abc7b6597b0220df9174744da2bb5980da15fb1d69e67a2840bb8" "/opt/rustwide/cargo-home/bin/cargo" "+1.100.0-beta.1" "test" "--frozen" "--release", kill_on_drop: false }`
[INFO] [stderr]     Finished `release` profile [optimized] target(s) in 0.17s
[INFO] [stderr]      Running unittests src/main.rs (/opt/rustwide/target/release/build/rustdoc-viewer/206bf4f0ac497b3d/out/rdv-206bf4f0ac497b3d)
[INFO] [stdout] 
[INFO] [stdout] running 71 tests
[INFO] [stdout] test app::tests::u_at_the_crate_root_says_so_and_stays_put ... FAILED
[INFO] [stdout] test app::tests::a_focused_method_survives_a_width_change ... FAILED
[INFO] [stdout] test app::tests::jumping_to_bottom_does_not_move_the_section_cursor ... FAILED
[INFO] [stdout] test app::tests::opening_a_trait_method_unfolds_its_section ... FAILED
[INFO] [stdout] test docs::tests::parent_path_drops_one_segment ... ok
[INFO] [stdout] test app::tests::focus_wraps_at_both_ends ... FAILED
[INFO] [stdout] test format::tests::drops_empty_where_predicates ... ok
[INFO] [stdout] test format::tests::formats_basic_types ... ok
[INFO] [stdout] test format::tests::formats_generic_paths ... ok
[INFO] [stdout] test app::tests::a_free_function_keeps_its_own_page ... FAILED
[INFO] [stdout] test format::tests::formats_raw_pointers_and_arrays ... ok
[INFO] [stdout] test format::tests::one_tuple_keeps_trailing_comma ... ok
[INFO] [stdout] test format::tests::formats_references ... ok
[INFO] [stdout] test format::tests::renders_self_receiver ... ok
[INFO] [stdout] test index::tests::exact_name_beats_prefix_beats_fuzz ... ok
[INFO] [stdout] test index::tests::internals_are_demoted_below_public_api ... ok
[INFO] [stdout] test app::tests::history_holds_the_type_a_method_redirected_to ... FAILED
[INFO] [stdout] test docs::tests::container_at_prefers_a_module_over_a_macro ... FAILED
[INFO] [stdout] test app::tests::history_records_and_restores_scroll ... FAILED
[INFO] [stdout] test load::tests::accepts_our_version ... ok
[INFO] [stdout] test app::tests::starts_on_the_std_root_page ... FAILED
[INFO] [stdout] test index::tests::mirrors_core_and_alloc_modules_onto_std ... ok
[INFO] [stdout] test index::tests::prefers_canonical_module_over_prelude ... ok
[INFO] [stdout] test load::tests::extracts_format_version ... ok
[INFO] [stdout] test load::tests::rejects_mismatched_version ... ok
[INFO] [stdout] test load::toolchain_tests::defaults_to_nightly ... ok
[INFO] [stdout] test app::tests::shift_tab_walks_links_backwards ... FAILED
[INFO] [stdout] test docs::tests::impls_resolve_within_owning_crate ... FAILED
[INFO] [stdout] test index::tests::well_known_names_rank_first ... FAILED
[INFO] [stdout] test docs::tests::resolves_reexports_across_crates ... FAILED
[INFO] [stdout] test docs::tests::parent_walks_up_to_the_crate_root ... FAILED
[INFO] [stdout] test page::tests::doc_link_targets_carry_span_extents ... FAILED
[INFO] [stdout] test docs::tests::parent_of_a_reexported_type_finds_its_module ... FAILED
[INFO] [stdout] test page::tests::module_sections_start_open_and_impl_sections_keep_their_defaults ... ok
[INFO] [stdout] test render::tests::a_link_wrapped_across_lines_yields_one_target_per_line ... ok
[INFO] [stdout] test page::tests::module_listings_have_no_duplicate_names_per_section ... FAILED
[INFO] [stdout] test render::tests::finds_intra_doc_links ... ok
[INFO] [stdout] test page::tests::method_docs_are_rendered_and_highlighted ... FAILED
[INFO] [stdout] test render::tests::link_extent_covers_only_the_link_text ... ok
[INFO] [stdout] test render::tests::link_tags_do_not_survive_into_rendered_spans ... ok
[INFO] [stdout] test page::tests::builds_a_page_for_string ... FAILED
[INFO] [stdout] test page::tests::module_pages_list_their_contents ... FAILED
[INFO] [stdout] test render::tests::multiple_links_get_separate_extents ... ok
[INFO] [stdout] test render::tests::other_languages_fall_back_to_plain_text ... ok
[INFO] [stdout] test render::tests::removes_hidden_lines ... ok
[INFO] [stdout] test render::tests::unescapes_double_hash ... ok
[INFO] [stdout] test render::tests::strips_rustdoc_fence_attributes ... ok
[INFO] [stdout] test render::tests::wraps_to_width ... ok
[INFO] [stdout] test page::tests::groups_vec_impls_into_four_sections ... FAILED
[INFO] [stdout] test page::tests::module_listings_are_foldable_sections ... FAILED
[INFO] [stdout] test app::tests::u_goes_up_to_the_parent_and_records_history ... FAILED
[INFO] [stdout] test app::tests::opening_an_inherent_method_lands_on_its_type ... FAILED
[INFO] [stdout] test page::tests::impl_headers_are_highlighted_and_bold ... FAILED
[INFO] [stdout] test theme::tests::every_style_resolves_against_the_theme ... ok
[INFO] [stdout] test theme::tests::the_default_theme_loads ... ok
[INFO] [stdout] test app::tests::first_shift_tab_starts_from_the_visible_page ... FAILED
[INFO] [stdout] test ui::tests::hints_are_measured_in_characters ... ok
[INFO] [stdout] test ui::tests::hints_fit_the_width_and_always_keep_the_pinned_one ... ok
[INFO] [stdout] test index::tests::lowercase_queries_find_camel_case_types ... FAILED
[INFO] [stdout] test tests::u_types_into_the_search_query ... FAILED
[INFO] [stdout] test tests::esc_does_not_quit ... FAILED
[INFO] [stdout] test tests::module_sections_step_and_fold ... FAILED
[INFO] [stdout] test page::tests::option_variants_render ... FAILED
[INFO] [stdout] test app::tests::toggling_a_section_expands_it ... FAILED
[INFO] [stdout] test docs::tests::crate_roots_have_no_parent ... FAILED
[INFO] [stdout] test ui::tests::an_opened_method_row_is_highlighted_on_screen ... FAILED
[INFO] [stdout] test render::tests::rust_code_is_highlighted ... ok
[INFO] [stdout] test page::tests::module_listings_hide_crate_internals ... FAILED
[INFO] [stdout] test tests::u_goes_up_while_ctrl_u_scrolls ... FAILED
[INFO] [stdout] test render::tests::empty_code_block_does_not_panic ... ok
[INFO] [stdout] test render::tests::highlighting_preserves_the_source_text ... ok
[INFO] [stdout] 
[INFO] [stdout] failures:
[INFO] [stdout] 
[INFO] [stdout] ---- app::tests::u_at_the_crate_root_says_so_and_stays_put stdout ----
[INFO] [stdout] 
[INFO] [stdout] thread 'app::tests::u_at_the_crate_root_says_so_and_stays_put' (1462) panicked at src/testdocs.rs:20:13:
[INFO] [stdout] these tests need the rustdoc JSON for std, which could not be loaded:
[INFO] [stdout] `rustc +nightly --print sysroot` failed: info: syncing channel updates for nightly-x86_64-unknown-linux-gnu
[INFO] [stdout] error: could not create temp file /opt/rustwide/rustup-home/tmp/kmfld2vpt1yhrq9__file: Read-only file system (os error 30)
[INFO] [stdout] stack backtrace:
[INFO] [stdout]    0:     0x645417d96821 - <<std[617be2ca0a6fd877]::sys::backtrace::BacktraceLock>::print::DisplayBacktrace as core[a373ad73a504971]::fmt::Display>::fmt
[INFO] [stdout]    1:     0x645417dad84a - core[a373ad73a504971]::fmt::write
[INFO] [stdout]    2:     0x645417d9afac - <alloc[2e1b2a31b91974c5]::vec::Vec<u8> as core[a373ad73a504971]::io::write::Write>::write_fmt
[INFO] [stdout]    3:     0x645417d71de6 - std[617be2ca0a6fd877]::panicking::default_hook::{closure#0}
[INFO] [stdout]    4:     0x645417d8e929 - std[617be2ca0a6fd877]::panicking::default_hook
[INFO] [stdout]    5:     0x645417c82410 - test[aada8e7e76ba119b]::test_main_inner::{closure#0}
[INFO] [stdout]    6:     0x645417d8ec52 - std[617be2ca0a6fd877]::panicking::panic_with_hook
[INFO] [stdout]    7:     0x645417d71e92 - std[617be2ca0a6fd877]::panicking::panic_handler::{closure#0}
[INFO] [stdout]    8:     0x645417d6a489 - std[617be2ca0a6fd877]::sys::backtrace::__rust_end_short_backtrace::<std[617be2ca0a6fd877]::panicking::panic_handler::{closure#0}, !>
[INFO] [stdout]    9:     0x645417d72bad - __rustc[ea4f61d10b84890b]::rust_begin_unwind
[INFO] [stdout]   10:     0x645417dae02c - core[a373ad73a504971]::panicking::panic_fmt
[INFO] [stdout]   11:     0x645417b38af1 - rdv[54c749da75c8cf38]::testdocs::universe
[INFO] [stdout]   12:     0x645417b37a44 - rdv[54c749da75c8cf38]::testdocs::indexed
[INFO] [stdout]   13:     0x645417b1ab55 - <rdv[54c749da75c8cf38]::app::tests::u_at_the_crate_root_says_so_and_stays_put::{closure#0} as core[a373ad73a504971]::ops::function::FnOnce<()>>::call_once
[INFO] [stdout]   14:     0x645417c7585b - test[aada8e7e76ba119b]::__rust_begin_short_backtrace::<core[a373ad73a504971]::result::Result<(), alloc[2e1b2a31b91974c5]::string::String>, fn() -> core[a373ad73a504971]::result::Result<(), alloc[2e1b2a31b91974c5]::string::String>>
[INFO] [stdout]   15:     0x645417c82a35 - test[aada8e7e76ba119b]::run_test::{closure#0}
[INFO] [stdout]   16:     0x645417c7c324 - std[617be2ca0a6fd877]::sys::backtrace::__rust_begin_short_backtrace::<test[aada8e7e76ba119b]::run_test::{closure#1}, ()>
[INFO] [stdout]   17:     0x645417c85ac2 - <std[617be2ca0a6fd877]::thread::lifecycle::spawn_unchecked<test[aada8e7e76ba119b]::run_test::{closure#1}, ()>::{closure#1} as core[a373ad73a504971]::ops::function::FnOnce<()>>::call_once::{shim:vtable#0}
[INFO] [stdout]   18:     0x645417d95d0f - <std[617be2ca0a6fd877]::sys::thread::unix::Thread>::new::thread_start
[INFO] [stdout]   19:     0x7ef225b66dfa - <unknown>
[INFO] [stdout]   20:     0x7ef225bfa3d4 - clone
[INFO] [stdout]   21:                0x0 - <unknown>
[INFO] [stdout] 
[INFO] [stdout] ---- app::tests::a_focused_method_survives_a_width_change stdout ----
[INFO] [stdout] 
[INFO] [stdout] thread 'app::tests::a_focused_method_survives_a_width_change' (1450) panicked at src/testdocs.rs:20:13:
[INFO] [stdout] these tests need the rustdoc JSON for std, which could not be loaded:
[INFO] [stdout] `rustc +nightly --print sysroot` failed: info: syncing channel updates for nightly-x86_64-unknown-linux-gnu
[INFO] [stdout] error: could not create temp file /opt/rustwide/rustup-home/tmp/ozu_easj7ijeini__file: Read-only file system (os error 30)
[INFO] [stdout] stack backtrace:
[INFO] [stdout]    0:     0x645417d96821 - <<std[617be2ca0a6fd877]::sys::backtrace::BacktraceLock>::print::DisplayBacktrace as core[a373ad73a504971]::fmt::Display>::fmt
[INFO] [stdout]    1:     0x645417dad84a - core[a373ad73a504971]::fmt::write
[INFO] [stdout]    2:     0x645417d9afac - <alloc[2e1b2a31b91974c5]::vec::Vec<u8> as core[a373ad73a504971]::io::write::Write>::write_fmt
[INFO] [stdout]    3:     0x645417d71de6 - std[617be2ca0a6fd877]::panicking::default_hook::{closure#0}
[INFO] [stdout]    4:     0x645417d8e929 - std[617be2ca0a6fd877]::panicking::default_hook
[INFO] [stdout]    5:     0x645417c82410 - test[aada8e7e76ba119b]::test_main_inner::{closure#0}
[INFO] [stdout]    6:     0x645417d8ec52 - std[617be2ca0a6fd877]::panicking::panic_with_hook
[INFO] [stdout]    7:     0x645417d71e92 - std[617be2ca0a6fd877]::panicking::panic_handler::{closure#0}
[INFO] [stdout]    8:     0x645417d6a489 - std[617be2ca0a6fd877]::sys::backtrace::__rust_end_short_backtrace::<std[617be2ca0a6fd877]::panicking::panic_handler::{closure#0}, !>
[INFO] [stdout]    9:     0x645417d72bad - __rustc[ea4f61d10b84890b]::rust_begin_unwind
[INFO] [stdout]   10:     0x645417dae02c - core[a373ad73a504971]::panicking::panic_fmt
[INFO] [stdout]   11:     0x645417b38af1 - rdv[54c749da75c8cf38]::testdocs::universe
[INFO] [stdout]   12:     0x645417b37a44 - rdv[54c749da75c8cf38]::testdocs::indexed
[INFO] [stdout]   13:     0x645417b1a855 - <rdv[54c749da75c8cf38]::app::tests::a_focused_method_survives_a_width_change::{closure#0} as core[a373ad73a504971]::ops::function::FnOnce<()>>::call_once
[INFO] [stdout]   14:     0x645417c7585b - test[aada8e7e76ba119b]::__rust_begin_short_backtrace::<core[a373ad73a504971]::result::Result<(), alloc[2e1b2a31b91974c5]::string::String>, fn() -> core[a373ad73a504971]::result::Result<(), alloc[2e1b2a31b91974c5]::string::String>>
[INFO] [stdout]   15:     0x645417c82a35 - test[aada8e7e76ba119b]::run_test::{closure#0}
[INFO] [stdout]   16:     0x645417c7c324 - std[617be2ca0a6fd877]::sys::backtrace::__rust_begin_short_backtrace::<test[aada8e7e76ba119b]::run_test::{closure#1}, ()>
[INFO] [stdout]   17:     0x645417c85ac2 - <std[617be2ca0a6fd877]::thread::lifecycle::spawn_unchecked<test[aada8e7e76ba119b]::run_test::{closure#1}, ()>::{closure#1} as core[a373ad73a504971]::ops::function::FnOnce<()>>::call_once::{shim:vtable#0}
[INFO] [stdout]   18:     0x645417d95d0f - <std[617be2ca0a6fd877]::sys::thread::unix::Thread>::new::thread_start
[INFO] [stdout]   19:     0x7ef225b66dfa - <unknown>
[INFO] [stdout]   20:     0x7ef225bfa3d4 - clone
[INFO] [stdout]   21:                0x0 - <unknown>
[INFO] [stdout] 
[INFO] [stdout] ---- app::tests::jumping_to_bottom_does_not_move_the_section_cursor stdout ----
[INFO] [stdout] 
[INFO] [stdout] thread 'app::tests::jumping_to_bottom_does_not_move_the_section_cursor' (1456) panicked at src/testdocs.rs:20:13:
[INFO] [stdout] these tests need the rustdoc JSON for std, which could not be loaded:
[INFO] [stdout] `rustc +nightly --print sysroot` failed: info: syncing channel updates for nightly-x86_64-unknown-linux-gnu
[INFO] [stdout] error: could not create temp file /opt/rustwide/rustup-home/tmp/lq60rgb_wc10izlu_file: Read-only file system (os error 30)
[INFO] [stdout] stack backtrace:
[INFO] [stdout]    0:     0x645417d96821 - <<std[617be2ca0a6fd877]::sys::backtrace::BacktraceLock>::print::DisplayBacktrace as core[a373ad73a504971]::fmt::Display>::fmt
[INFO] [stdout]    1:     0x645417dad84a - core[a373ad73a504971]::fmt::write
[INFO] [stdout]    2:     0x645417d9afac - <alloc[2e1b2a31b91974c5]::vec::Vec<u8> as core[a373ad73a504971]::io::write::Write>::write_fmt
[INFO] [stdout]    3:     0x645417d71de6 - std[617be2ca0a6fd877]::panicking::default_hook::{closure#0}
[INFO] [stdout]    4:     0x645417d8e929 - std[617be2ca0a6fd877]::panicking::default_hook
[INFO] [stdout]    5:     0x645417c82410 - test[aada8e7e76ba119b]::test_main_inner::{closure#0}
[INFO] [stdout]    6:     0x645417d8ec52 - std[617be2ca0a6fd877]::panicking::panic_with_hook
[INFO] [stdout]    7:     0x645417d71e92 - std[617be2ca0a6fd877]::panicking::panic_handler::{closure#0}
[INFO] [stdout]    8:     0x645417d6a489 - std[617be2ca0a6fd877]::sys::backtrace::__rust_end_short_backtrace::<std[617be2ca0a6fd877]::panicking::panic_handler::{closure#0}, !>
[INFO] [stdout]    9:     0x645417d72bad - __rustc[ea4f61d10b84890b]::rust_begin_unwind
[INFO] [stdout]   10:     0x645417dae02c - core[a373ad73a504971]::panicking::panic_fmt
[INFO] [stdout]   11:     0x645417b38af1 - rdv[54c749da75c8cf38]::testdocs::universe
[INFO] [stdout]   12:     0x645417b37a44 - rdv[54c749da75c8cf38]::testdocs::indexed
[INFO] [stdout]   13:     0x645417b1c697 - <rdv[54c749da75c8cf38]::app::tests::jumping_to_bottom_does_not_move_the_section_cursor::{closure#0} as core[a373ad73a504971]::ops::function::FnOnce<()>>::call_once
[INFO] [stdout]   14:     0x645417c7585b - test[aada8e7e76ba119b]::__rust_begin_short_backtrace::<core[a373ad73a504971]::result::Result<(), alloc[2e1b2a31b91974c5]::string::String>, fn() -> core[a373ad73a504971]::result::Result<(), alloc[2e1b2a31b91974c5]::string::String>>
[INFO] [stdout]   15:     0x645417c82a35 - test[aada8e7e76ba119b]::run_test::{closure#0}
[INFO] [stdout]   16:     0x645417c7c324 - std[617be2ca0a6fd877]::sys::backtrace::__rust_begin_short_backtrace::<test[aada8e7e76ba119b]::run_test::{closure#1}, ()>
[INFO] [stdout]   17:     0x645417c85ac2 - <std[617be2ca0a6fd877]::thread::lifecycle::spawn_unchecked<test[aada8e7e76ba119b]::run_test::{closure#1}, ()>::{closure#1} as core[a373ad73a504971]::ops::function::FnOnce<()>>::call_once::{shim:vtable#0}
[INFO] [stdout]   18:     0x645417d95d0f - <std[617be2ca0a6fd877]::sys::thread::unix::Thread>::new::thread_start
[INFO] [stdout]   19:     0x7ef225b66dfa - <unknown>
[INFO] [stdout]   20:     0x7ef225bfa3d4 - clone
[INFO] [stdout]   21:                0x0 - <unknown>
[INFO] [stdout] 
[INFO] [stdout] ---- app::tests::opening_a_trait_method_unfolds_its_section stdout ----
[INFO] [stdout] 
[INFO] [stdout] thread 'app::tests::opening_a_trait_method_unfolds_its_section' (1457) panicked at src/testdocs.rs:20:13:
[INFO] [stdout] these tests need the rustdoc JSON for std, which could not be loaded:
[INFO] [stdout] `rustc +nightly --print sysroot` failed: info: syncing channel updates for nightly-x86_64-unknown-linux-gnu
[INFO] [stdout] error: could not create temp file /opt/rustwide/rustup-home/tmp/9335602hxel2ij_p_file: Read-only file system (os error 30)
[INFO] [stdout] stack backtrace:
[INFO] [stdout]    0:     0x645417d96821 - <<std[617be2ca0a6fd877]::sys::backtrace::BacktraceLock>::print::DisplayBacktrace as core[a373ad73a504971]::fmt::Display>::fmt
[INFO] [stdout]    1:     0x645417dad84a - core[a373ad73a504971]::fmt::write
[INFO] [stdout]    2:     0x645417d9afac - <alloc[2e1b2a31b91974c5]::vec::Vec<u8> as core[a373ad73a504971]::io::write::Write>::write_fmt
[INFO] [stdout]    3:     0x645417d71de6 - std[617be2ca0a6fd877]::panicking::default_hook::{closure#0}
[INFO] [stdout]    4:     0x645417d8e929 - std[617be2ca0a6fd877]::panicking::default_hook
[INFO] [stdout]    5:     0x645417c82410 - test[aada8e7e76ba119b]::test_main_inner::{closure#0}
[INFO] [stdout]    6:     0x645417d8ec52 - std[617be2ca0a6fd877]::panicking::panic_with_hook
[INFO] [stdout]    7:     0x645417d71e92 - std[617be2ca0a6fd877]::panicking::panic_handler::{closure#0}
[INFO] [stdout]    8:     0x645417d6a489 - std[617be2ca0a6fd877]::sys::backtrace::__rust_end_short_backtrace::<std[617be2ca0a6fd877]::panicking::panic_handler::{closure#0}, !>
[INFO] [stdout]    9:     0x645417d72bad - __rustc[ea4f61d10b84890b]::rust_begin_unwind
[INFO] [stdout]   10:     0x645417dae02c - core[a373ad73a504971]::panicking::panic_fmt
[INFO] [stdout]   11:     0x645417b38af1 - rdv[54c749da75c8cf38]::testdocs::universe
[INFO] [stdout]   12:     0x645417b37a44 - rdv[54c749da75c8cf38]::testdocs::indexed
[INFO] [stdout]   13:     0x645417b1ad7e - <rdv[54c749da75c8cf38]::app::tests::opening_a_trait_method_unfolds_its_section::{closure#0} as core[a373ad73a504971]::ops::function::FnOnce<()>>::call_once
[INFO] [stdout]   14:     0x645417c7585b - test[aada8e7e76ba119b]::__rust_begin_short_backtrace::<core[a373ad73a504971]::result::Result<(), alloc[2e1b2a31b91974c5]::string::String>, fn() -> core[a373ad73a504971]::result::Result<(), alloc[2e1b2a31b91974c5]::string::String>>
[INFO] [stdout]   15:     0x645417c82a35 - test[aada8e7e76ba119b]::run_test::{closure#0}
[INFO] [stdout]   16:     0x645417c7c324 - std[617be2ca0a6fd877]::sys::backtrace::__rust_begin_short_backtrace::<test[aada8e7e76ba119b]::run_test::{closure#1}, ()>
[INFO] [stdout]   17:     0x645417c85ac2 - <std[617be2ca0a6fd877]::thread::lifecycle::spawn_unchecked<test[aada8e7e76ba119b]::run_test::{closure#1}, ()>::{closure#1} as core[a373ad73a504971]::ops::function::FnOnce<()>>::call_once::{shim:vtable#0}
[INFO] [stdout]   18:     0x645417d95d0f - <std[617be2ca0a6fd877]::sys::thread::unix::Thread>::new::thread_start
[INFO] [stdout]   19:     0x7ef225b66dfa - <unknown>
[INFO] [stdout]   20:     0x7ef225bfa3d4 - clone
[INFO] [stdout]   21:                0x0 - <unknown>
[INFO] [stdout] 
[INFO] [stdout] ---- app::tests::focus_wraps_at_both_ends stdout ----
[INFO] [stdout] 
[INFO] [stdout] thread 'app::tests::focus_wraps_at_both_ends' (1453) panicked at src/testdocs.rs:20:13:
[INFO] [stdout] these tests need the rustdoc JSON for std, which could not be loaded:
[INFO] [stdout] `rustc +nightly --print sysroot` failed: info: syncing channel updates for nightly-x86_64-unknown-linux-gnu
[INFO] [stdout] error: could not create temp file /opt/rustwide/rustup-home/tmp/978_y0gs1mz5dgcz_file: Read-only file system (os error 30)
[INFO] [stdout] stack backtrace:
[INFO] [stdout]    0:     0x645417d96821 - <<std[617be2ca0a6fd877]::sys::backtrace::BacktraceLock>::print::DisplayBacktrace as core[a373ad73a504971]::fmt::Display>::fmt
[INFO] [stdout]    1:     0x645417dad84a - core[a373ad73a504971]::fmt::write
[INFO] [stdout]    2:     0x645417d9afac - <alloc[2e1b2a31b91974c5]::vec::Vec<u8> as core[a373ad73a504971]::io::write::Write>::write_fmt
[INFO] [stdout]    3:     0x645417d71de6 - std[617be2ca0a6fd877]::panicking::default_hook::{closure#0}
[INFO] [stdout]    4:     0x645417d8e929 - std[617be2ca0a6fd877]::panicking::default_hook
[INFO] [stdout]    5:     0x645417c82410 - test[aada8e7e76ba119b]::test_main_inner::{closure#0}
[INFO] [stdout]    6:     0x645417d8ec52 - std[617be2ca0a6fd877]::panicking::panic_with_hook
[INFO] [stdout]    7:     0x645417d71e92 - std[617be2ca0a6fd877]::panicking::panic_handler::{closure#0}
[INFO] [stdout]    8:     0x645417d6a489 - std[617be2ca0a6fd877]::sys::backtrace::__rust_end_short_backtrace::<std[617be2ca0a6fd877]::panicking::panic_handler::{closure#0}, !>
[INFO] [stdout]    9:     0x645417d72bad - __rustc[ea4f61d10b84890b]::rust_begin_unwind
[INFO] [stdout]   10:     0x645417dae02c - core[a373ad73a504971]::panicking::panic_fmt
[INFO] [stdout]   11:     0x645417b38af1 - rdv[54c749da75c8cf38]::testdocs::universe
[INFO] [stdout]   12:     0x645417b37a44 - rdv[54c749da75c8cf38]::testdocs::indexed
[INFO] [stdout]   13:     0x645417b196b2 - <rdv[54c749da75c8cf38]::app::tests::focus_wraps_at_both_ends::{closure#0} as core[a373ad73a504971]::ops::function::FnOnce<()>>::call_once
[INFO] [stdout]   14:     0x645417c7585b - test[aada8e7e76ba119b]::__rust_begin_short_backtrace::<core[a373ad73a504971]::result::Result<(), alloc[2e1b2a31b91974c5]::string::String>, fn() -> core[a373ad73a504971]::result::Result<(), alloc[2e1b2a31b91974c5]::string::String>>
[INFO] [stdout]   15:     0x645417c82a35 - test[aada8e7e76ba119b]::run_test::{closure#0}
[INFO] [stdout]   16:     0x645417c7c324 - std[617be2ca0a6fd877]::sys::backtrace::__rust_begin_short_backtrace::<test[aada8e7e76ba119b]::run_test::{closure#1}, ()>
[INFO] [stdout]   17:     0x645417c85ac2 - <std[617be2ca0a6fd877]::thread::lifecycle::spawn_unchecked<test[aada8e7e76ba119b]::run_test::{closure#1}, ()>::{closure#1} as core[a373ad73a504971]::ops::function::FnOnce<()>>::call_once::{shim:vtable#0}
[INFO] [stdout]   18:     0x645417d95d0f - <std[617be2ca0a6fd877]::sys::thread::unix::Thread>::new::thread_start
[INFO] [stdout]   19:     0x7ef225b66dfa - <unknown>
[INFO] [stdout]   20:     0x7ef225bfa3d4 - clone
[INFO] [stdout]   21:                0x0 - <unknown>
[INFO] [stdout] 
[INFO] [stdout] ---- app::tests::a_free_function_keeps_its_own_page stdout ----
[INFO] [stdout] 
[INFO] [stdout] thread 'app::tests::a_free_function_keeps_its_own_page' (1451) panicked at src/testdocs.rs:20:13:
[INFO] [stdout] these tests need the rustdoc JSON for std, which could not be loaded:
[INFO] [stdout] `rustc +nightly --print sysroot` failed: info: syncing channel updates for nightly-x86_64-unknown-linux-gnu
[INFO] [stdout] error: could not create temp file /opt/rustwide/rustup-home/tmp/uh_00crm1luibx32_file: Read-only file system (os error 30)
[INFO] [stdout] stack backtrace:
[INFO] [stdout]    0:     0x645417d96821 - <<std[617be2ca0a6fd877]::sys::backtrace::BacktraceLock>::print::DisplayBacktrace as core[a373ad73a504971]::fmt::Display>::fmt
[INFO] [stdout]    1:     0x645417dad84a - core[a373ad73a504971]::fmt::write
[INFO] [stdout]    2:     0x645417d9afac - <alloc[2e1b2a31b91974c5]::vec::Vec<u8> as core[a373ad73a504971]::io::write::Write>::write_fmt
[INFO] [stdout]    3:     0x645417d71de6 - std[617be2ca0a6fd877]::panicking::default_hook::{closure#0}
[INFO] [stdout]    4:     0x645417d8e929 - std[617be2ca0a6fd877]::panicking::default_hook
[INFO] [stdout]    5:     0x645417c82410 - test[aada8e7e76ba119b]::test_main_inner::{closure#0}
[INFO] [stdout]    6:     0x645417d8ec52 - std[617be2ca0a6fd877]::panicking::panic_with_hook
[INFO] [stdout]    7:     0x645417d71e92 - std[617be2ca0a6fd877]::panicking::panic_handler::{closure#0}
[INFO] [stdout]    8:     0x645417d6a489 - std[617be2ca0a6fd877]::sys::backtrace::__rust_end_short_backtrace::<std[617be2ca0a6fd877]::panicking::panic_handler::{closure#0}, !>
[INFO] [stdout]    9:     0x645417d72bad - __rustc[ea4f61d10b84890b]::rust_begin_unwind
[INFO] [stdout]   10:     0x645417dae02c - core[a373ad73a504971]::panicking::panic_fmt
[INFO] [stdout]   11:     0x645417b38af1 - rdv[54c749da75c8cf38]::testdocs::universe
[INFO] [stdout]   12:     0x645417b37a44 - rdv[54c749da75c8cf38]::testdocs::indexed
[INFO] [stdout]   13:     0x645417b1a16b - <rdv[54c749da75c8cf38]::app::tests::a_free_function_keeps_its_own_page::{closure#0} as core[a373ad73a504971]::ops::function::FnOnce<()>>::call_once
[INFO] [stdout]   14:     0x645417c7585b - test[aada8e7e76ba119b]::__rust_begin_short_backtrace::<core[a373ad73a504971]::result::Result<(), alloc[2e1b2a31b91974c5]::string::String>, fn() -> core[a373ad73a504971]::result::Result<(), alloc[2e1b2a31b91974c5]::string::String>>
[INFO] [stdout]   15:     0x645417c82a35 - test[aada8e7e76ba119b]::run_test::{closure#0}
[INFO] [stdout]   16:     0x645417c7c324 - std[617be2ca0a6fd877]::sys::backtrace::__rust_begin_short_backtrace::<test[aada8e7e76ba119b]::run_test::{closure#1}, ()>
[INFO] [stdout]   17:     0x645417c85ac2 - <std[617be2ca0a6fd877]::thread::lifecycle::spawn_unchecked<test[aada8e7e76ba119b]::run_test::{closure#1}, ()>::{closure#1} as core[a373ad73a504971]::ops::function::FnOnce<()>>::call_once::{shim:vtable#0}
[INFO] [stdout]   18:     0x645417d95d0f - <std[617be2ca0a6fd877]::sys::thread::unix::Thread>::new::thread_start
[INFO] [stdout]   19:     0x7ef225b66dfa - <unknown>
[INFO] [stdout]   20:     0x7ef225bfa3d4 - clone
[INFO] [stdout]   21:                0x0 - <unknown>
[INFO] [stdout] 
[INFO] [stdout] ---- app::tests::history_holds_the_type_a_method_redirected_to stdout ----
[INFO] [stdout] 
[INFO] [stdout] thread 'app::tests::history_holds_the_type_a_method_redirected_to' (1454) panicked at src/testdocs.rs:20:13:
[INFO] [stdout] these tests need the rustdoc JSON for std, which could not be loaded:
[INFO] [stdout] `rustc +nightly --print sysroot` failed: info: syncing channel updates for nightly-x86_64-unknown-linux-gnu
[INFO] [stdout] error: could not create temp file /opt/rustwide/rustup-home/tmp/klcznikqy1rec55p_file: Read-only file system (os error 30)
[INFO] [stdout] stack backtrace:
[INFO] [stdout]    0:     0x645417d96821 - <<std[617be2ca0a6fd877]::sys::backtrace::BacktraceLock>::print::DisplayBacktrace as core[a373ad73a504971]::fmt::Display>::fmt
[INFO] [stdout]    1:     0x645417dad84a - core[a373ad73a504971]::fmt::write
[INFO] [stdout]    2:     0x645417d9afac - <alloc[2e1b2a31b91974c5]::vec::Vec<u8> as core[a373ad73a504971]::io::write::Write>::write_fmt
[INFO] [stdout]    3:     0x645417d71de6 - std[617be2ca0a6fd877]::panicking::default_hook::{closure#0}
[INFO] [stdout]    4:     0x645417d8e929 - std[617be2ca0a6fd877]::panicking::default_hook
[INFO] [stdout]    5:     0x645417c82410 - test[aada8e7e76ba119b]::test_main_inner::{closure#0}
[INFO] [stdout]    6:     0x645417d8ec52 - std[617be2ca0a6fd877]::panicking::panic_with_hook
[INFO] [stdout]    7:     0x645417d71e92 - std[617be2ca0a6fd877]::panicking::panic_handler::{closure#0}
[INFO] [stdout]    8:     0x645417d6a489 - std[617be2ca0a6fd877]::sys::backtrace::__rust_end_short_backtrace::<std[617be2ca0a6fd877]::panicking::panic_handler::{closure#0}, !>
[INFO] [stdout]    9:     0x645417d72bad - __rustc[ea4f61d10b84890b]::rust_begin_unwind
[INFO] [stdout]   10:     0x645417dae02c - core[a373ad73a504971]::panicking::panic_fmt
[INFO] [stdout]   11:     0x645417b38af1 - rdv[54c749da75c8cf38]::testdocs::universe
[INFO] [stdout]   12:     0x645417b37a44 - rdv[54c749da75c8cf38]::testdocs::indexed
[INFO] [stdout]   13:     0x645417b1c11d - <rdv[54c749da75c8cf38]::app::tests::history_holds_the_type_a_method_redirected_to::{closure#0} as core[a373ad73a504971]::ops::function::FnOnce<()>>::call_once
[INFO] [stdout]   14:     0x645417c7585b - test[aada8e7e76ba119b]::__rust_begin_short_backtrace::<core[a373ad73a504971]::result::Result<(), alloc[2e1b2a31b91974c5]::string::String>, fn() -> core[a373ad73a504971]::result::Result<(), alloc[2e1b2a31b91974c5]::string::String>>
[INFO] [stdout]   15:     0x645417c82a35 - test[aada8e7e76ba119b]::run_test::{closure#0}
[INFO] [stdout]   16:     0x645417c7c324 - std[617be2ca0a6fd877]::sys::backtrace::__rust_begin_short_backtrace::<test[aada8e7e76ba119b]::run_test::{closure#1}, ()>
[INFO] [stdout]   17:     0x645417c85ac2 - <std[617be2ca0a6fd877]::thread::lifecycle::spawn_unchecked<test[aada8e7e76ba119b]::run_test::{closure#1}, ()>::{closure#1} as core[a373ad73a504971]::ops::function::FnOnce<()>>::call_once::{shim:vtable#0}
[INFO] [stdout]   18:     0x645417d95d0f - <std[617be2ca0a6fd877]::sys::thread::unix::Thread>::new::thread_start
[INFO] [stdout]   19:     0x7ef225b66dfa - <unknown>
[INFO] [stdout]   20:     0x7ef225bfa3d4 - clone
[INFO] [stdout]   21:                0x0 - <unknown>
[INFO] [stdout] 
[INFO] [stdout] ---- docs::tests::container_at_prefers_a_module_over_a_macro stdout ----
[INFO] [stdout] 
[INFO] [stdout] thread 'docs::tests::container_at_prefers_a_module_over_a_macro' (1464) panicked at src/testdocs.rs:20:13:
[INFO] [stdout] these tests need the rustdoc JSON for std, which could not be loaded:
[INFO] [stdout] `rustc +nightly --print sysroot` failed: info: syncing channel updates for nightly-x86_64-unknown-linux-gnu
[INFO] [stdout] error: could not create temp file /opt/rustwide/rustup-home/tmp/hotlv3r9voqddkt1_file: Read-only file system (os error 30)
[INFO] [stdout] stack backtrace:
[INFO] [stdout]    0:     0x645417d96821 - <<std[617be2ca0a6fd877]::sys::backtrace::BacktraceLock>::print::DisplayBacktrace as core[a373ad73a504971]::fmt::Display>::fmt
[INFO] [stdout]    1:     0x645417dad84a - core[a373ad73a504971]::fmt::write
[INFO] [stdout]    2:     0x645417d9afac - <alloc[2e1b2a31b91974c5]::vec::Vec<u8> as core[a373ad73a504971]::io::write::Write>::write_fmt
[INFO] [stdout]    3:     0x645417d71de6 - std[617be2ca0a6fd877]::panicking::default_hook::{closure#0}
[INFO] [stdout]    4:     0x645417d8e929 - std[617be2ca0a6fd877]::panicking::default_hook
[INFO] [stdout]    5:     0x645417c82410 - test[aada8e7e76ba119b]::test_main_inner::{closure#0}
[INFO] [stdout]    6:     0x645417d8ec52 - std[617be2ca0a6fd877]::panicking::panic_with_hook
[INFO] [stdout]    7:     0x645417d71e92 - std[617be2ca0a6fd877]::panicking::panic_handler::{closure#0}
[INFO] [stdout]    8:     0x645417d6a489 - std[617be2ca0a6fd877]::sys::backtrace::__rust_end_short_backtrace::<std[617be2ca0a6fd877]::panicking::panic_handler::{closure#0}, !>
[INFO] [stdout]    9:     0x645417d72bad - __rustc[ea4f61d10b84890b]::rust_begin_unwind
[INFO] [stdout]   10:     0x645417dae02c - core[a373ad73a504971]::panicking::panic_fmt
[INFO] [stdout]   11:     0x645417b38af1 - rdv[54c749da75c8cf38]::testdocs::universe
[INFO] [stdout]   12:     0x645417b63c6b - <rdv[54c749da75c8cf38]::docs::tests::container_at_prefers_a_module_over_a_macro::{closure#0} as core[a373ad73a504971]::ops::function::FnOnce<()>>::call_once
[INFO] [stdout]   13:     0x645417c7585b - test[aada8e7e76ba119b]::__rust_begin_short_backtrace::<core[a373ad73a504971]::result::Result<(), alloc[2e1b2a31b91974c5]::string::String>, fn() -> core[a373ad73a504971]::result::Result<(), alloc[2e1b2a31b91974c5]::string::String>>
[INFO] [stdout]   14:     0x645417c82a35 - test[aada8e7e76ba119b]::run_test::{closure#0}
[INFO] [stdout]   15:     0x645417c7c324 - std[617be2ca0a6fd877]::sys::backtrace::__rust_begin_short_backtrace::<test[aada8e7e76ba119b]::run_test::{closure#1}, ()>
[INFO] [stdout]   16:     0x645417c85ac2 - <std[617be2ca0a6fd877]::thread::lifecycle::spawn_unchecked<test[aada8e7e76ba119b]::run_test::{closure#1}, ()>::{closure#1} as core[a373ad73a504971]::ops::function::FnOnce<()>>::call_once::{shim:vtable#0}
[INFO] [stdout]   17:     0x645417d95d0f - <std[617be2ca0a6fd877]::sys::thread::unix::Thread>::new::thread_start
[INFO] [stdout]   18:     0x7ef225b66dfa - <unknown>
[INFO] [stdout]   19:     0x7ef225bfa3d4 - clone
[INFO] [stdout]   20:                0x0 - <unknown>
[INFO] [stdout] 
[INFO] [stdout] ---- app::tests::history_records_and_restores_scroll stdout ----
[INFO] [stdout] 
[INFO] [stdout] thread 'app::tests::history_records_and_restores_scroll' (1455) panicked at src/testdocs.rs:20:13:
[INFO] [stdout] these tests need the rustdoc JSON for std, which could not be loaded:
[INFO] [stdout] `rustc +nightly --print sysroot` failed: info: syncing channel updates for nightly-x86_64-unknown-linux-gnu
[INFO] [stdout] error: could not create temp file /opt/rustwide/rustup-home/tmp/sh3g0q4iqxpxido8_file: Read-only file system (os error 30)
[INFO] [stdout] stack backtrace:
[INFO] [stdout]    0:     0x645417d96821 - <<std[617be2ca0a6fd877]::sys::backtrace::BacktraceLock>::print::DisplayBacktrace as core[a373ad73a504971]::fmt::Display>::fmt
[INFO] [stdout]    1:     0x645417dad84a - core[a373ad73a504971]::fmt::write
[INFO] [stdout]    2:     0x645417d9afac - <alloc[2e1b2a31b91974c5]::vec::Vec<u8> as core[a373ad73a504971]::io::write::Write>::write_fmt
[INFO] [stdout]    3:     0x645417d71de6 - std[617be2ca0a6fd877]::panicking::default_hook::{closure#0}
[INFO] [stdout]    4:     0x645417d8e929 - std[617be2ca0a6fd877]::panicking::default_hook
[INFO] [stdout]    5:     0x645417c82410 - test[aada8e7e76ba119b]::test_main_inner::{closure#0}
[INFO] [stdout]    6:     0x645417d8ec52 - std[617be2ca0a6fd877]::panicking::panic_with_hook
[INFO] [stdout]    7:     0x645417d71e92 - std[617be2ca0a6fd877]::panicking::panic_handler::{closure#0}
[INFO] [stdout]    8:     0x645417d6a489 - std[617be2ca0a6fd877]::sys::backtrace::__rust_end_short_backtrace::<std[617be2ca0a6fd877]::panicking::panic_handler::{closure#0}, !>
[INFO] [stdout]    9:     0x645417d72bad - __rustc[ea4f61d10b84890b]::rust_begin_unwind
[INFO] [stdout]   10:     0x645417dae02c - core[a373ad73a504971]::panicking::panic_fmt
[INFO] [stdout]   11:     0x645417b38af1 - rdv[54c749da75c8cf38]::testdocs::universe
[INFO] [stdout]   12:     0x645417b37a44 - rdv[54c749da75c8cf38]::testdocs::indexed
[INFO] [stdout]   13:     0x645417b1a39c - <rdv[54c749da75c8cf38]::app::tests::history_records_and_restores_scroll::{closure#0} as core[a373ad73a504971]::ops::function::FnOnce<()>>::call_once
[INFO] [stdout]   14:     0x645417c7585b - test[aada8e7e76ba119b]::__rust_begin_short_backtrace::<core[a373ad73a504971]::result::Result<(), alloc[2e1b2a31b91974c5]::string::String>, fn() -> core[a373ad73a504971]::result::Result<(), alloc[2e1b2a31b91974c5]::string::String>>
[INFO] [stdout]   15:     0x645417c82a35 - test[aada8e7e76ba119b]::run_test::{closure#0}
[INFO] [stdout]   16:     0x645417c7c324 - std[617be2ca0a6fd877]::sys::backtrace::__rust_begin_short_backtrace::<test[aada8e7e76ba119b]::run_test::{closure#1}, ()>
[INFO] [stdout]   17:     0x645417c85ac2 - <std[617be2ca0a6fd877]::thread::lifecycle::spawn_unchecked<test[aada8e7e76ba119b]::run_test::{closure#1}, ()>::{closure#1} as core[a373ad73a504971]::ops::function::FnOnce<()>>::call_once::{shim:vtable#0}
[INFO] [stdout]   18:     0x645417d95d0f - <std[617be2ca0a6fd877]::sys::thread::unix::Thread>::new::thread_start
[INFO] [stdout]   19:     0x7ef225b66dfa - <unknown>
[INFO] [stdout]   20:     0x7ef225bfa3d4 - clone
[INFO] [stdout]   21:                0x0 - <unknown>
[INFO] [stdout] 
[INFO] [stdout] ---- app::tests::starts_on_the_std_root_page stdout ----
[INFO] [stdout] 
[INFO] [stdout] thread 'app::tests::starts_on_the_std_root_page' (1460) panicked at src/testdocs.rs:20:13:
[INFO] [stdout] these tests need the rustdoc JSON for std, which could not be loaded:
[INFO] [stdout] `rustc +nightly --print sysroot` failed: info: syncing channel updates for nightly-x86_64-unknown-linux-gnu
[INFO] [stdout] error: could not create temp file /opt/rustwide/rustup-home/tmp/ij7t9mbjcl5wv828_file: Read-only file system (os error 30)
[INFO] [stdout] stack backtrace:
[INFO] [stdout]    0:     0x645417d96821 - <<std[617be2ca0a6fd877]::sys::backtrace::BacktraceLock>::print::DisplayBacktrace as core[a373ad73a504971]::fmt::Display>::fmt
[INFO] [stdout]    1:     0x645417dad84a - core[a373ad73a504971]::fmt::write
[INFO] [stdout]    2:     0x645417d9afac - <alloc[2e1b2a31b91974c5]::vec::Vec<u8> as core[a373ad73a504971]::io::write::Write>::write_fmt
[INFO] [stdout]    3:     0x645417d71de6 - std[617be2ca0a6fd877]::panicking::default_hook::{closure#0}
[INFO] [stdout]    4:     0x645417d8e929 - std[617be2ca0a6fd877]::panicking::default_hook
[INFO] [stdout]    5:     0x645417c82410 - test[aada8e7e76ba119b]::test_main_inner::{closure#0}
[INFO] [stdout]    6:     0x645417d8ec52 - std[617be2ca0a6fd877]::panicking::panic_with_hook
[INFO] [stdout]    7:     0x645417d71e92 - std[617be2ca0a6fd877]::panicking::panic_handler::{closure#0}
[INFO] [stdout]    8:     0x645417d6a489 - std[617be2ca0a6fd877]::sys::backtrace::__rust_end_short_backtrace::<std[617be2ca0a6fd877]::panicking::panic_handler::{closure#0}, !>
[INFO] [stdout]    9:     0x645417d72bad - __rustc[ea4f61d10b84890b]::rust_begin_unwind
[INFO] [stdout]   10:     0x645417dae02c - core[a373ad73a504971]::panicking::panic_fmt
[INFO] [stdout]   11:     0x645417b38af1 - rdv[54c749da75c8cf38]::testdocs::universe
[INFO] [stdout]   12:     0x645417b37a44 - rdv[54c749da75c8cf38]::testdocs::indexed
[INFO] [stdout]   13:     0x645417b19942 - <rdv[54c749da75c8cf38]::app::tests::starts_on_the_std_root_page::{closure#0} as core[a373ad73a504971]::ops::function::FnOnce<()>>::call_once
[INFO] [stdout]   14:     0x645417c7585b - test[aada8e7e76ba119b]::__rust_begin_short_backtrace::<core[a373ad73a504971]::result::Result<(), alloc[2e1b2a31b91974c5]::string::String>, fn() -> core[a373ad73a504971]::result::Result<(), alloc[2e1b2a31b91974c5]::string::String>>
[INFO] [stdout]   15:     0x645417c82a35 - test[aada8e7e76ba119b]::run_test::{closure#0}
[INFO] [stdout]   16:     0x645417c7c324 - std[617be2ca0a6fd877]::sys::backtrace::__rust_begin_short_backtrace::<test[aada8e7e76ba119b]::run_test::{closure#1}, ()>
[INFO] [stdout]   17:     0x645417c85ac2 - <std[617be2ca0a6fd877]::thread::lifecycle::spawn_unchecked<test[aada8e7e76ba119b]::run_test::{closure#1}, ()>::{closure#1} as core[a373ad73a504971]::ops::function::FnOnce<()>>::call_once::{shim:vtable#0}
[INFO] [stdout]   18:     0x645417d95d0f - <std[617be2ca0a6fd877]::sys::thread::unix::Thread>::new::thread_start
[INFO] [stdout]   19:     0x7ef225b66dfa - <unknown>
[INFO] [stdout]   20:     0x7ef225bfa3d4 - clone
[INFO] [stdout]   21:                0x0 - <unknown>
[INFO] [stdout] 
[INFO] [stdout] ---- app::tests::shift_tab_walks_links_backwards stdout ----
[INFO] [stdout] 
[INFO] [stdout] thread 'app::tests::shift_tab_walks_links_backwards' (1459) panicked at src/testdocs.rs:20:13:
[INFO] [stdout] these tests need the rustdoc JSON for std, which could not be loaded:
[INFO] [stdout] `rustc +nightly --print sysroot` failed: info: syncing channel updates for nightly-x86_64-unknown-linux-gnu
[INFO] [stdout] error: could not create temp file /opt/rustwide/rustup-home/tmp/935cqof3vt9_j4he_file: Read-only file system (os error 30)
[INFO] [stdout] stack backtrace:
[INFO] [stdout]    0:     0x645417d96821 - <<std[617be2ca0a6fd877]::sys::backtrace::BacktraceLock>::print::DisplayBacktrace as core[a373ad73a504971]::fmt::Display>::fmt
[INFO] [stdout]    1:     0x645417dad84a - core[a373ad73a504971]::fmt::write
[INFO] [stdout]    2:     0x645417d9afac - <alloc[2e1b2a31b91974c5]::vec::Vec<u8> as core[a373ad73a504971]::io::write::Write>::write_fmt
[INFO] [stdout]    3:     0x645417d71de6 - std[617be2ca0a6fd877]::panicking::default_hook::{closure#0}
[INFO] [stdout]    4:     0x645417d8e929 - std[617be2ca0a6fd877]::panicking::default_hook
[INFO] [stdout]    5:     0x645417c82410 - test[aada8e7e76ba119b]::test_main_inner::{closure#0}
[INFO] [stdout]    6:     0x645417d8ec52 - std[617be2ca0a6fd877]::panicking::panic_with_hook
[INFO] [stdout]    7:     0x645417d71e92 - std[617be2ca0a6fd877]::panicking::panic_handler::{closure#0}
[INFO] [stdout]    8:     0x645417d6a489 - std[617be2ca0a6fd877]::sys::backtrace::__rust_end_short_backtrace::<std[617be2ca0a6fd877]::panicking::panic_handler::{closure#0}, !>
[INFO] [stdout]    9:     0x645417d72bad - __rustc[ea4f61d10b84890b]::rust_begin_unwind
[INFO] [stdout]   10:     0x645417dae02c - core[a373ad73a504971]::panicking::panic_fmt
[INFO] [stdout]   11:     0x645417b38af1 - rdv[54c749da75c8cf38]::testdocs::universe
[INFO] [stdout]   12:     0x645417b37a44 - rdv[54c749da75c8cf38]::testdocs::indexed
[INFO] [stdout]   13:     0x645417b19ef6 - <rdv[54c749da75c8cf38]::app::tests::shift_tab_walks_links_backwards::{closure#0} as core[a373ad73a504971]::ops::function::FnOnce<()>>::call_once
[INFO] [stdout]   14:     0x645417c7585b - test[aada8e7e76ba119b]::__rust_begin_short_backtrace::<core[a373ad73a504971]::result::Result<(), alloc[2e1b2a31b91974c5]::string::String>, fn() -> core[a373ad73a504971]::result::Result<(), alloc[2e1b2a31b91974c5]::string::String>>
[INFO] [stdout]   15:     0x645417c82a35 - test[aada8e7e76ba119b]::run_test::{closure#0}
[INFO] [stdout]   16:     0x645417c7c324 - std[617be2ca0a6fd877]::sys::backtrace::__rust_begin_short_backtrace::<test[aada8e7e76ba119b]::run_test::{closure#1}, ()>
[INFO] [stdout]   17:     0x645417c85ac2 - <std[617be2ca0a6fd877]::thread::lifecycle::spawn_unchecked<test[aada8e7e76ba119b]::run_test::{closure#1}, ()>::{closure#1} as core[a373ad73a504971]::ops::function::FnOnce<()>>::call_once::{shim:vtable#0}
[INFO] [stdout]   18:     0x645417d95d0f - <std[617be2ca0a6fd877]::sys::thread::unix::Thread>::new::thread_start
[INFO] [stdout]   19:     0x7ef225b66dfa - <unknown>
[INFO] [stdout]   20:     0x7ef225bfa3d4 - clone
[INFO] [stdout]   21:                0x0 - <unknown>
[INFO] [stdout] 
[INFO] [stdout] ---- docs::tests::impls_resolve_within_owning_crate stdout ----
[INFO] [stdout] 
[INFO] [stdout] thread 'docs::tests::impls_resolve_within_owning_crate' (1611) panicked at src/testdocs.rs:20:13:
[INFO] [stdout] these tests need the rustdoc JSON for std, which could not be loaded:
[INFO] [stdout] `rustc +nightly --print sysroot` failed: info: syncing channel updates for nightly-x86_64-unknown-linux-gnu
[INFO] [stdout] error: could not create temp file /opt/rustwide/rustup-home/tmp/rjjld9ebsm7i7lsp_file: Read-only file system (os error 30)
[INFO] [stdout] stack backtrace:
[INFO] [stdout]    0:     0x645417d96821 - <<std[617be2ca0a6fd877]::sys::backtrace::BacktraceLock>::print::DisplayBacktrace as core[a373ad73a504971]::fmt::Display>::fmt
[INFO] [stdout]    1:     0x645417dad84a - core[a373ad73a504971]::fmt::write
[INFO] [stdout]    2:     0x645417d9afac - <alloc[2e1b2a31b91974c5]::vec::Vec<u8> as core[a373ad73a504971]::io::write::Write>::write_fmt
[INFO] [stdout]    3:     0x645417d71de6 - std[617be2ca0a6fd877]::panicking::default_hook::{closure#0}
[INFO] [stdout]    4:     0x645417d8e929 - std[617be2ca0a6fd877]::panicking::default_hook
[INFO] [stdout]    5:     0x645417c82410 - test[aada8e7e76ba119b]::test_main_inner::{closure#0}
[INFO] [stdout]    6:     0x645417d8ec52 - std[617be2ca0a6fd877]::panicking::panic_with_hook
[INFO] [stdout]    7:     0x645417d71e92 - std[617be2ca0a6fd877]::panicking::panic_handler::{closure#0}
[INFO] [stdout]    8:     0x645417d6a489 - std[617be2ca0a6fd877]::sys::backtrace::__rust_end_short_backtrace::<std[617be2ca0a6fd877]::panicking::panic_handler::{closure#0}, !>
[INFO] [stdout]    9:     0x645417d72bad - __rustc[ea4f61d10b84890b]::rust_begin_unwind
[INFO] [stdout]   10:     0x645417dae02c - core[a373ad73a504971]::panicking::panic_fmt
[INFO] [stdout]   11:     0x645417b38af1 - rdv[54c749da75c8cf38]::testdocs::universe
[INFO] [stdout]   12:     0x645417b6330e - <rdv[54c749da75c8cf38]::docs::tests::impls_resolve_within_owning_crate::{closure#0} as core[a373ad73a504971]::ops::function::FnOnce<()>>::call_once
[INFO] [stdout]   13:     0x645417c7585b - test[aada8e7e76ba119b]::__rust_begin_short_backtrace::<core[a373ad73a504971]::result::Result<(), alloc[2e1b2a31b91974c5]::string::String>, fn() -> core[a373ad73a504971]::result::Result<(), alloc[2e1b2a31b91974c5]::string::String>>
[INFO] [stdout]   14:     0x645417c82a35 - test[aada8e7e76ba119b]::run_test::{closure#0}
[INFO] [stdout]   15:     0x645417c7c324 - std[617be2ca0a6fd877]::sys::backtrace::__rust_begin_short_backtrace::<test[aada8e7e76ba119b]::run_test::{closure#1}, ()>
[INFO] [stdout]   16:     0x645417c85ac2 - <std[617be2ca0a6fd877]::thread::lifecycle::spawn_unchecked<test[aada8e7e76ba119b]::run_test::{closure#1}, ()>::{closure#1} as core[a373ad73a504971]::ops::function::FnOnce<()>>::call_once::{shim:vtable#0}
[INFO] [stdout]   17:     0x645417d95d0f - <std[617be2ca0a6fd877]::sys::thread::unix::Thread>::new::thread_start
[INFO] [stdout]   18:     0x7ef225b66dfa - <unknown>
[INFO] [stdout]   19:     0x7ef225bfa3d4 - clone
[INFO] [stdout]   20:                0x0 - <unknown>
[INFO] [stdout] 
[INFO] [stdout] ---- index::tests::well_known_names_rank_first stdout ----
[INFO] [stdout] 
[INFO] [stdout] thread 'index::tests::well_known_names_rank_first' (1762) panicked at src/testdocs.rs:20:13:
[INFO] [stdout] these tests need the rustdoc JSON for std, which could not be loaded:
[INFO] [stdout] `rustc +nightly --print sysroot` failed: info: syncing channel updates for nightly-x86_64-unknown-linux-gnu
[INFO] [stdout] error: could not create temp file /opt/rustwide/rustup-home/tmp/q37zgfmu0acgmbrg_file: Read-only file system (os error 30)
[INFO] [stdout] stack backtrace:
[INFO] [stdout]    0:     0x645417d96821 - <<std[617be2ca0a6fd877]::sys::backtrace::BacktraceLock>::print::DisplayBacktrace as core[a373ad73a504971]::fmt::Display>::fmt
[INFO] [stdout]    1:     0x645417dad84a - core[a373ad73a504971]::fmt::write
[INFO] [stdout]    2:     0x645417d9afac - <alloc[2e1b2a31b91974c5]::vec::Vec<u8> as core[a373ad73a504971]::io::write::Write>::write_fmt
[INFO] [stdout]    3:     0x645417d71de6 - std[617be2ca0a6fd877]::panicking::default_hook::{closure#0}
[INFO] [stdout]    4:     0x645417d8e929 - std[617be2ca0a6fd877]::panicking::default_hook
[INFO] [stdout]    5:     0x645417c82410 - test[aada8e7e76ba119b]::test_main_inner::{closure#0}
[INFO] [stdout]    6:     0x645417d8ec52 - std[617be2ca0a6fd877]::panicking::panic_with_hook
[INFO] [stdout]    7:     0x645417d71e92 - std[617be2ca0a6fd877]::panicking::panic_handler::{closure#0}
[INFO] [stdout]    8:     0x645417d6a489 - std[617be2ca0a6fd877]::sys::backtrace::__rust_end_short_backtrace::<std[617be2ca0a6fd877]::panicking::panic_handler::{closure#0}, !>
[INFO] [stdout]    9:     0x645417d72bad - __rustc[ea4f61d10b84890b]::rust_begin_unwind
[INFO] [stdout]   10:     0x645417dae02c - core[a373ad73a504971]::panicking::panic_fmt
[INFO] [stdout]   11:     0x645417b38af1 - rdv[54c749da75c8cf38]::testdocs::universe
[INFO] [stdout]   12:     0x645417b5819d - <rdv[54c749da75c8cf38]::index::tests::well_known_names_rank_first::{closure#0} as core[a373ad73a504971]::ops::function::FnOnce<()>>::call_once
[INFO] [stdout]   13:     0x645417c7585b - test[aada8e7e76ba119b]::__rust_begin_short_backtrace::<core[a373ad73a504971]::result::Result<(), alloc[2e1b2a31b91974c5]::string::String>, fn() -> core[a373ad73a504971]::result::Result<(), alloc[2e1b2a31b91974c5]::string::String>>
[INFO] [stdout]   14:     0x645417c82a35 - test[aada8e7e76ba119b]::run_test::{closure#0}
[INFO] [stdout]   15:     0x645417c7c324 - std[617be2ca0a6fd877]::sys::backtrace::__rust_begin_short_backtrace::<test[aada8e7e76ba119b]::run_test::{closure#1}, ()>
[INFO] [stdout]   16:     0x645417c85ac2 - <std[617be2ca0a6fd877]::thread::lifecycle::spawn_unchecked<test[aada8e7e76ba119b]::run_test::{closure#1}, ()>::{closure#1} as core[a373ad73a504971]::ops::function::FnOnce<()>>::call_once::{shim:vtable#0}
[INFO] [stdout]   17:     0x645417d95d0f - <std[617be2ca0a6fd877]::sys::thread::unix::Thread>::new::thread_start
[INFO] [stdout]   18:     0x7ef225b66dfa - <unknown>
[INFO] [stdout]   19:     0x7ef225bfa3d4 - clone
[INFO] [stdout]   20:                0x0 - <unknown>
[INFO] [stdout] 
[INFO] [stdout] ---- docs::tests::resolves_reexports_across_crates stdout ----
[INFO] [stdout] 
[INFO] [stdout] thread 'docs::tests::resolves_reexports_across_crates' (1656) panicked at src/testdocs.rs:20:13:
[INFO] [stdout] these tests need the rustdoc JSON for std, which could not be loaded:
[INFO] [stdout] `rustc +nightly --print sysroot` failed: info: syncing channel updates for nightly-x86_64-unknown-linux-gnu
[INFO] [stdout] error: could not create temp file /opt/rustwide/rustup-home/tmp/co5q2us1knwzosn5_file: Read-only file system (os error 30)
[INFO] [stdout] stack backtrace:
[INFO] [stdout]    0:     0x645417d96821 - <<std[617be2ca0a6fd877]::sys::backtrace::BacktraceLock>::print::DisplayBacktrace as core[a373ad73a504971]::fmt::Display>::fmt
[INFO] [stdout]    1:     0x645417dad84a - core[a373ad73a504971]::fmt::write
[INFO] [stdout]    2:     0x645417d9afac - <alloc[2e1b2a31b91974c5]::vec::Vec<u8> as core[a373ad73a504971]::io::write::Write>::write_fmt
[INFO] [stdout]    3:     0x645417d71de6 - std[617be2ca0a6fd877]::panicking::default_hook::{closure#0}
[INFO] [stdout]    4:     0x645417d8e929 - std[617be2ca0a6fd877]::panicking::default_hook
[INFO] [stdout]    5:     0x645417c82410 - test[aada8e7e76ba119b]::test_main_inner::{closure#0}
[INFO] [stdout]    6:     0x645417d8ec52 - std[617be2ca0a6fd877]::panicking::panic_with_hook
[INFO] [stdout]    7:     0x645417d71e92 - std[617be2ca0a6fd877]::panicking::panic_handler::{closure#0}
[INFO] [stdout]    8:     0x645417d6a489 - std[617be2ca0a6fd877]::sys::backtrace::__rust_end_short_backtrace::<std[617be2ca0a6fd877]::panicking::panic_handler::{closure#0}, !>
[INFO] [stdout]    9:     0x645417d72bad - __rustc[ea4f61d10b84890b]::rust_begin_unwind
[INFO] [stdout]   10:     0x645417dae02c - core[a373ad73a504971]::panicking::panic_fmt
[INFO] [stdout]   11:     0x645417b38af1 - rdv[54c749da75c8cf38]::testdocs::universe
[INFO] [stdout]   12:     0x645417b62a70 - <rdv[54c749da75c8cf38]::docs::tests::resolves_reexports_across_crates::{closure#0} as core[a373ad73a504971]::ops::function::FnOnce<()>>::call_once
[INFO] [stdout]   13:     0x645417c7585b - test[aada8e7e76ba119b]::__rust_begin_short_backtrace::<core[a373ad73a504971]::result::Result<(), alloc[2e1b2a31b91974c5]::string::String>, fn() -> core[a373ad73a504971]::result::Result<(), alloc[2e1b2a31b91974c5]::string::String>>
[INFO] [stdout]   14:     0x645417c82a35 - test[aada8e7e76ba119b]::run_test::{closure#0}
[INFO] [stdout]   15:     0x645417c7c324 - std[617be2ca0a6fd877]::sys::backtrace::__rust_begin_short_backtrace::<test[aada8e7e76ba119b]::run_test::{closure#1}, ()>
[INFO] [stdout]   16:     0x645417c85ac2 - <std[617be2ca0a6fd877]::thread::lifecycle::spawn_unchecked<test[aada8e7e76ba119b]::run_test::{closure#1}, ()>::{closure#1} as core[a373ad73a504971]::ops::function::FnOnce<()>>::call_once::{shim:vtable#0}
[INFO] [stdout]   17:     0x645417d95d0f - <std[617be2ca0a6fd877]::sys::thread::unix::Thread>::new::thread_start
[INFO] [stdout]   18:     0x7ef225b66dfa - <unknown>
[INFO] [stdout]   19:     0x7ef225bfa3d4 - clone
[INFO] [stdout]   20:                0x0 - <unknown>
[INFO] [stdout] 
[INFO] [stdout] ---- docs::tests::parent_walks_up_to_the_crate_root stdout ----
[INFO] [stdout] 
[INFO] [stdout] thread 'docs::tests::parent_walks_up_to_the_crate_root' (1655) panicked at src/testdocs.rs:20:13:
[INFO] [stdout] these tests need the rustdoc JSON for std, which could not be loaded:
[INFO] [stdout] `rustc +nightly --print sysroot` failed: info: syncing channel updates for nightly-x86_64-unknown-linux-gnu
[INFO] [stdout] error: could not create temp file /opt/rustwide/rustup-home/tmp/a6lv2ldin1qnpu0d_file: Read-only file system (os error 30)
[INFO] [stdout] stack backtrace:
[INFO] [stdout]    0:     0x645417d96821 - <<std[617be2ca0a6fd877]::sys::backtrace::BacktraceLock>::print::DisplayBacktrace as core[a373ad73a504971]::fmt::Display>::fmt
[INFO] [stdout]    1:     0x645417dad84a - core[a373ad73a504971]::fmt::write
[INFO] [stdout]    2:     0x645417d9afac - <alloc[2e1b2a31b91974c5]::vec::Vec<u8> as core[a373ad73a504971]::io::write::Write>::write_fmt
[INFO] [stdout]    3:     0x645417d71de6 - std[617be2ca0a6fd877]::panicking::default_hook::{closure#0}
[INFO] [stdout]    4:     0x645417d8e929 - std[617be2ca0a6fd877]::panicking::default_hook
[INFO] [stdout]    5:     0x645417c82410 - test[aada8e7e76ba119b]::test_main_inner::{closure#0}
[INFO] [stdout]    6:     0x645417d8ec52 - std[617be2ca0a6fd877]::panicking::panic_with_hook
[INFO] [stdout]    7:     0x645417d71e92 - std[617be2ca0a6fd877]::panicking::panic_handler::{closure#0}
[INFO] [stdout]    8:     0x645417d6a489 - std[617be2ca0a6fd877]::sys::backtrace::__rust_end_short_backtrace::<std[617be2ca0a6fd877]::panicking::panic_handler::{closure#0}, !>
[INFO] [stdout]    9:     0x645417d72bad - __rustc[ea4f61d10b84890b]::rust_begin_unwind
[INFO] [stdout]   10:     0x645417dae02c - core[a373ad73a504971]::panicking::panic_fmt
[INFO] [stdout]   11:     0x645417b38af1 - rdv[54c749da75c8cf38]::testdocs::universe
[INFO] [stdout]   12:     0x645417b63626 - <rdv[54c749da75c8cf38]::docs::tests::parent_walks_up_to_the_crate_root::{closure#0} as core[a373ad73a504971]::ops::function::FnOnce<()>>::call_once
[INFO] [stdout]   13:     0x645417c7585b - test[aada8e7e76ba119b]::__rust_begin_short_backtrace::<core[a373ad73a504971]::result::Result<(), alloc[2e1b2a31b91974c5]::string::String>, fn() -> core[a373ad73a504971]::result::Result<(), alloc[2e1b2a31b91974c5]::string::String>>
[INFO] [stdout]   14:     0x645417c82a35 - test[aada8e7e76ba119b]::run_test::{closure#0}
[INFO] [stdout]   15:     0x645417c7c324 - std[617be2ca0a6fd877]::sys::backtrace::__rust_begin_short_backtrace::<test[aada8e7e76ba119b]::run_test::{closure#1}, ()>
[INFO] [stdout]   16:     0x645417c85ac2 - <std[617be2ca0a6fd877]::thread::lifecycle::spawn_unchecked<test[aada8e7e76ba119b]::run_test::{closure#1}, ()>::{closure#1} as core[a373ad73a504971]::ops::function::FnOnce<()>>::call_once::{shim:vtable#0}
[INFO] [stdout]   17:     0x645417d95d0f - <std[617be2ca0a6fd877]::sys::thread::unix::Thread>::new::thread_start
[INFO] [stdout]   18:     0x7ef225b66dfa - <unknown>
[INFO] [stdout]   19:     0x7ef225bfa3d4 - clone
[INFO] [stdout]   20:                0x0 - <unknown>
[INFO] [stdout] 
[INFO] [stdout] ---- page::tests::doc_link_targets_carry_span_extents stdout ----
[INFO] [stderr] error: test failed, to rerun pass `--bin rdv`
[INFO] [stdout] 
[INFO] [stdout] thread 'page::tests::doc_link_targets_carry_span_extents' (1813) panicked at src/testdocs.rs:20:13:
[INFO] [stdout] these tests need the rustdoc JSON for std, which could not be loaded:
[INFO] [stdout] `rustc +nightly --print sysroot` failed: info: syncing channel updates for nightly-x86_64-unknown-linux-gnu
[INFO] [stdout] error: could not create temp file /opt/rustwide/rustup-home/tmp/b5l6t427lywri4t__file: Read-only file system (os error 30)
[INFO] [stdout] stack backtrace:
[INFO] [stdout]    0:     0x645417d96821 - <<std[617be2ca0a6fd877]::sys::backtrace::BacktraceLock>::print::DisplayBacktrace as core[a373ad73a504971]::fmt::Display>::fmt
[INFO] [stdout]    1:     0x645417dad84a - core[a373ad73a504971]::fmt::write
[INFO] [stdout]    2:     0x645417d9afac - <alloc[2e1b2a31b91974c5]::vec::Vec<u8> as core[a373ad73a504971]::io::write::Write>::write_fmt
[INFO] [stdout]    3:     0x645417d71de6 - std[617be2ca0a6fd877]::panicking::default_hook::{closure#0}
[INFO] [stdout]    4:     0x645417d8e929 - std[617be2ca0a6fd877]::panicking::default_hook
[INFO] [stdout]    5:     0x645417c82410 - test[aada8e7e76ba119b]::test_main_inner::{closure#0}
[INFO] [stdout]    6:     0x645417d8ec52 - std[617be2ca0a6fd877]::panicking::panic_with_hook
[INFO] [stdout]    7:     0x645417d71e92 - std[617be2ca0a6fd877]::panicking::panic_handler::{closure#0}
[INFO] [stdout]    8:     0x645417d6a489 - std[617be2ca0a6fd877]::sys::backtrace::__rust_end_short_backtrace::<std[617be2ca0a6fd877]::panicking::panic_handler::{closure#0}, !>
[INFO] [stdout]    9:     0x645417d72bad - __rustc[ea4f61d10b84890b]::rust_begin_unwind
[INFO] [stdout]   10:     0x645417dae02c - core[a373ad73a504971]::panicking::panic_fmt
[INFO] [stdout]   11:     0x645417b38af1 - rdv[54c749da75c8cf38]::testdocs::universe
[INFO] [stdout]   12:     0x645417b1d389 - <rdv[54c749da75c8cf38]::page::tests::doc_link_targets_carry_span_extents::{closure#0} as core[a373ad73a504971]::ops::function::FnOnce<()>>::call_once
[INFO] [stdout]   13:     0x645417c7585b - test[aada8e7e76ba119b]::__rust_begin_short_backtrace::<core[a373ad73a504971]::result::Result<(), alloc[2e1b2a31b91974c5]::string::String>, fn() -> core[a373ad73a504971]::result::Result<(), alloc[2e1b2a31b91974c5]::string::String>>
[INFO] [stdout]   14:     0x645417c82a35 - test[aada8e7e76ba119b]::run_test::{closure#0}
[INFO] [stdout]   15:     0x645417c7c324 - std[617be2ca0a6fd877]::sys::backtrace::__rust_begin_short_backtrace::<test[aada8e7e76ba119b]::run_test::{closure#1}, ()>
[INFO] [stdout]   16:     0x645417c85ac2 - <std[617be2ca0a6fd877]::thread::lifecycle::spawn_unchecked<test[aada8e7e76ba119b]::run_test::{closure#1}, ()>::{closure#1} as core[a373ad73a504971]::ops::function::FnOnce<()>>::call_once::{shim:vtable#0}
[INFO] [stdout]   17:     0x645417d95d0f - <std[617be2ca0a6fd877]::sys::thread::unix::Thread>::new::thread_start
[INFO] [stdout]   18:     0x7ef225b66dfa - <unknown>
[INFO] [stdout]   19:     0x7ef225bfa3d4 - clone
[INFO] [stdout]   20:                0x0 - <unknown>
[INFO] [stdout] 
[INFO] [stdout] ---- docs::tests::parent_of_a_reexported_type_finds_its_module stdout ----
[INFO] [stdout] 
[INFO] [stdout] thread 'docs::tests::parent_of_a_reexported_type_finds_its_module' (1612) panicked at src/testdocs.rs:20:13:
[INFO] [stdout] these tests need the rustdoc JSON for std, which could not be loaded:
[INFO] [stdout] `rustc +nightly --print sysroot` failed: info: syncing channel updates for nightly-x86_64-unknown-linux-gnu
[INFO] [stdout] error: could not create temp file /opt/rustwide/rustup-home/tmp/6jspmzjvl7e6dg_9_file: Read-only file system (os error 30)
[INFO] [stdout] stack backtrace:
[INFO] [stdout]    0:     0x645417d96821 - <<std[617be2ca0a6fd877]::sys::backtrace::BacktraceLock>::print::DisplayBacktrace as core[a373ad73a504971]::fmt::Display>::fmt
[INFO] [stdout]    1:     0x645417dad84a - core[a373ad73a504971]::fmt::write
[INFO] [stdout]    2:     0x645417d9afac - <alloc[2e1b2a31b91974c5]::vec::Vec<u8> as core[a373ad73a504971]::io::write::Write>::write_fmt
[INFO] [stdout]    3:     0x645417d71de6 - std[617be2ca0a6fd877]::panicking::default_hook::{closure#0}
[INFO] [stdout]    4:     0x645417d8e929 - std[617be2ca0a6fd877]::panicking::default_hook
[INFO] [stdout]    5:     0x645417c82410 - test[aada8e7e76ba119b]::test_main_inner::{closure#0}
[INFO] [stdout]    6:     0x645417d8ec52 - std[617be2ca0a6fd877]::panicking::panic_with_hook
[INFO] [stdout]    7:     0x645417d71e92 - std[617be2ca0a6fd877]::panicking::panic_handler::{closure#0}
[INFO] [stdout]    8:     0x645417d6a489 - std[617be2ca0a6fd877]::sys::backtrace::__rust_end_short_backtrace::<std[617be2ca0a6fd877]::panicking::panic_handler::{closure#0}, !>
[INFO] [stdout]    9:     0x645417d72bad - __rustc[ea4f61d10b84890b]::rust_begin_unwind
[INFO] [stdout]   10:     0x645417dae02c - core[a373ad73a504971]::panicking::panic_fmt
[INFO] [stdout]   11:     0x645417b38af1 - rdv[54c749da75c8cf38]::testdocs::universe
[INFO] [stdout]   12:     0x645417b63e21 - <rdv[54c749da75c8cf38]::docs::tests::parent_of_a_reexported_type_finds_its_module::{closure#0} as core[a373ad73a504971]::ops::function::FnOnce<()>>::call_once
[INFO] [stdout]   13:     0x645417c7585b - test[aada8e7e76ba119b]::__rust_begin_short_backtrace::<core[a373ad73a504971]::result::Result<(), alloc[2e1b2a31b91974c5]::string::String>, fn() -> core[a373ad73a504971]::result::Result<(), alloc[2e1b2a31b91974c5]::string::String>>
[INFO] [stdout]   14:     0x645417c82a35 - test[aada8e7e76ba119b]::run_test::{closure#0}
[INFO] [stdout]   15:     0x645417c7c324 - std[617be2ca0a6fd877]::sys::backtrace::__rust_begin_short_backtrace::<test[aada8e7e76ba119b]::run_test::{closure#1}, ()>
[INFO] [stdout]   16:     0x645417c85ac2 - <std[617be2ca0a6fd877]::thread::lifecycle::spawn_unchecked<test[aada8e7e76ba119b]::run_test::{closure#1}, ()>::{closure#1} as core[a373ad73a504971]::ops::function::FnOnce<()>>::call_once::{shim:vtable#0}
[INFO] [stdout]   17:     0x645417d95d0f - <std[617be2ca0a6fd877]::sys::thread::unix::Thread>::new::thread_start
[INFO] [stdout]   18:     0x7ef225b66dfa - <unknown>
[INFO] [stdout]   19:     0x7ef225bfa3d4 - clone
[INFO] [stdout]   20:                0x0 - <unknown>
[INFO] [stdout] 
[INFO] [stdout] ---- page::tests::module_listings_have_no_duplicate_names_per_section stdout ----
[INFO] [stdout] 
[INFO] [stdout] thread 'page::tests::module_listings_have_no_duplicate_names_per_section' (1868) panicked at src/testdocs.rs:20:13:
[INFO] [stdout] these tests need the rustdoc JSON for std, which could not be loaded:
[INFO] [stdout] `rustc +nightly --print sysroot` failed: info: syncing channel updates for nightly-x86_64-unknown-linux-gnu
[INFO] [stdout] error: could not create temp file /opt/rustwide/rustup-home/tmp/aki0lbadbpnuud4x_file: Read-only file system (os error 30)
[INFO] [stdout] stack backtrace:
[INFO] [stdout]    0:     0x645417d96821 - <<std[617be2ca0a6fd877]::sys::backtrace::BacktraceLock>::print::DisplayBacktrace as core[a373ad73a504971]::fmt::Display>::fmt
[INFO] [stdout]    1:     0x645417dad84a - core[a373ad73a504971]::fmt::write
[INFO] [stdout]    2:     0x645417d9afac - <alloc[2e1b2a31b91974c5]::vec::Vec<u8> as core[a373ad73a504971]::io::write::Write>::write_fmt
[INFO] [stdout]    3:     0x645417d71de6 - std[617be2ca0a6fd877]::panicking::default_hook::{closure#0}
[INFO] [stdout]    4:     0x645417d8e929 - std[617be2ca0a6fd877]::panicking::default_hook
[INFO] [stdout]    5:     0x645417c82410 - test[aada8e7e76ba119b]::test_main_inner::{closure#0}
[INFO] [stdout]    6:     0x645417d8ec52 - std[617be2ca0a6fd877]::panicking::panic_with_hook
[INFO] [stdout]    7:     0x645417d71e92 - std[617be2ca0a6fd877]::panicking::panic_handler::{closure#0}
[INFO] [stdout]    8:     0x645417d6a489 - std[617be2ca0a6fd877]::sys::backtrace::__rust_end_short_backtrace::<std[617be2ca0a6fd877]::panicking::panic_handler::{closure#0}, !>
[INFO] [stdout]    9:     0x645417d72bad - __rustc[ea4f61d10b84890b]::rust_begin_unwind
[INFO] [stdout]   10:     0x645417dae02c - core[a373ad73a504971]::panicking::panic_fmt
[INFO] [stdout]   11:     0x645417b38af1 - rdv[54c749da75c8cf38]::testdocs::universe
[INFO] [stdout]   12:     0x645417b1fb71 - <rdv[54c749da75c8cf38]::page::tests::module_listings_have_no_duplicate_names_per_section::{closure#0} as core[a373ad73a504971]::ops::function::FnOnce<()>>::call_once
[INFO] [stdout]   13:     0x645417c7585b - test[aada8e7e76ba119b]::__rust_begin_short_backtrace::<core[a373ad73a504971]::result::Result<(), alloc[2e1b2a31b91974c5]::string::String>, fn() -> core[a373ad73a504971]::result::Result<(), alloc[2e1b2a31b91974c5]::string::String>>
[INFO] [stdout]   14:     0x645417c82a35 - test[aada8e7e76ba119b]::run_test::{closure#0}
[INFO] [stdout]   15:     0x645417c7c324 - std[617be2ca0a6fd877]::sys::backtrace::__rust_begin_short_backtrace::<test[aada8e7e76ba119b]::run_test::{closure#1}, ()>
[INFO] [stdout]   16:     0x645417c85ac2 - <std[617be2ca0a6fd877]::thread::lifecycle::spawn_unchecked<test[aada8e7e76ba119b]::run_test::{closure#1}, ()>::{closure#1} as core[a373ad73a504971]::ops::function::FnOnce<()>>::call_once::{shim:vtable#0}
[INFO] [stdout]   17:     0x645417d95d0f - <std[617be2ca0a6fd877]::sys::thread::unix::Thread>::new::thread_start
[INFO] [stdout]   18:     0x7ef225b66dfa - <unknown>
[INFO] [stdout]   19:     0x7ef225bfa3d4 - clone
[INFO] [stdout]   20:                0x0 - <unknown>
[INFO] [stdout] 
[INFO] [stdout] ---- page::tests::method_docs_are_rendered_and_highlighted stdout ----
[INFO] [stdout] 
[INFO] [stdout] thread 'page::tests::method_docs_are_rendered_and_highlighted' (1826) panicked at src/testdocs.rs:20:13:
[INFO] [stdout] these tests need the rustdoc JSON for std, which could not be loaded:
[INFO] [stdout] `rustc +nightly --print sysroot` failed: info: syncing channel updates for nightly-x86_64-unknown-linux-gnu
[INFO] [stdout] error: could not create temp file /opt/rustwide/rustup-home/tmp/z30ze_qbinzalece_file: Read-only file system (os error 30)
[INFO] [stdout] stack backtrace:
[INFO] [stdout]    0:     0x645417d96821 - <<std[617be2ca0a6fd877]::sys::backtrace::BacktraceLock>::print::DisplayBacktrace as core[a373ad73a504971]::fmt::Display>::fmt
[INFO] [stdout]    1:     0x645417dad84a - core[a373ad73a504971]::fmt::write
[INFO] [stdout]    2:     0x645417d9afac - <alloc[2e1b2a31b91974c5]::vec::Vec<u8> as core[a373ad73a504971]::io::write::Write>::write_fmt
[INFO] [stdout]    3:     0x645417d71de6 - std[617be2ca0a6fd877]::panicking::default_hook::{closure#0}
[INFO] [stdout]    4:     0x645417d8e929 - std[617be2ca0a6fd877]::panicking::default_hook
[INFO] [stdout]    5:     0x645417c82410 - test[aada8e7e76ba119b]::test_main_inner::{closure#0}
[INFO] [stdout]    6:     0x645417d8ec52 - std[617be2ca0a6fd877]::panicking::panic_with_hook
[INFO] [stdout]    7:     0x645417d71e92 - std[617be2ca0a6fd877]::panicking::panic_handler::{closure#0}
[INFO] [stdout]    8:     0x645417d6a489 - std[617be2ca0a6fd877]::sys::backtrace::__rust_end_short_backtrace::<std[617be2ca0a6fd877]::panicking::panic_handler::{closure#0}, !>
[INFO] [stdout]    9:     0x645417d72bad - __rustc[ea4f61d10b84890b]::rust_begin_unwind
[INFO] [stdout]   10:     0x645417dae02c - core[a373ad73a504971]::panicking::panic_fmt
[INFO] [stdout]   11:     0x645417b38af1 - rdv[54c749da75c8cf38]::testdocs::universe
[INFO] [stdout]   12:     0x645417b1f76e - <rdv[54c749da75c8cf38]::page::tests::method_docs_are_rendered_and_highlighted::{closure#0} as core[a373ad73a504971]::ops::function::FnOnce<()>>::call_once
[INFO] [stdout]   13:     0x645417c7585b - test[aada8e7e76ba119b]::__rust_begin_short_backtrace::<core[a373ad73a504971]::result::Result<(), alloc[2e1b2a31b91974c5]::string::String>, fn() -> core[a373ad73a504971]::result::Result<(), alloc[2e1b2a31b91974c5]::string::String>>
[INFO] [stdout]   14:     0x645417c82a35 - test[aada8e7e76ba119b]::run_test::{closure#0}
[INFO] [stdout]   15:     0x645417c7c324 - std[617be2ca0a6fd877]::sys::backtrace::__rust_begin_short_backtrace::<test[aada8e7e76ba119b]::run_test::{closure#1}, ()>
[INFO] [stdout]   16:     0x645417c85ac2 - <std[617be2ca0a6fd877]::thread::lifecycle::spawn_unchecked<test[aada8e7e76ba119b]::run_test::{closure#1}, ()>::{closure#1} as core[a373ad73a504971]::ops::function::FnOnce<()>>::call_once::{shim:vtable#0}
[INFO] [stdout]   17:     0x645417d95d0f - <std[617be2ca0a6fd877]::sys::thread::unix::Thread>::new::thread_start
[INFO] [stdout]   18:     0x7ef225b66dfa - <unknown>
[INFO] [stdout]   19:     0x7ef225bfa3d4 - clone
[INFO] [stdout]   20:                0x0 - <unknown>
[INFO] [stdout] 
[INFO] [stdout] ---- page::tests::builds_a_page_for_string stdout ----
[INFO] [stdout] 
[INFO] [stdout] thread 'page::tests::builds_a_page_for_string' (1792) panicked at src/testdocs.rs:20:13:
[INFO] [stdout] these tests need the rustdoc JSON for std, which could not be loaded:
[INFO] [stdout] `rustc +nightly --print sysroot` failed: info: syncing channel updates for nightly-x86_64-unknown-linux-gnu
[INFO] [stdout] error: could not create temp file /opt/rustwide/rustup-home/tmp/_ntr6ww6p2akjh3b_file: Read-only file system (os error 30)
[INFO] [stdout] stack backtrace:
[INFO] [stdout]    0:     0x645417d96821 - <<std[617be2ca0a6fd877]::sys::backtrace::BacktraceLock>::print::DisplayBacktrace as core[a373ad73a504971]::fmt::Display>::fmt
[INFO] [stdout]    1:     0x645417dad84a - core[a373ad73a504971]::fmt::write
[INFO] [stdout]    2:     0x645417d9afac - <alloc[2e1b2a31b91974c5]::vec::Vec<u8> as core[a373ad73a504971]::io::write::Write>::write_fmt
[INFO] [stdout]    3:     0x645417d71de6 - std[617be2ca0a6fd877]::panicking::default_hook::{closure#0}
[INFO] [stdout]    4:     0x645417d8e929 - std[617be2ca0a6fd877]::panicking::default_hook
[INFO] [stdout]    5:     0x645417c82410 - test[aada8e7e76ba119b]::test_main_inner::{closure#0}
[INFO] [stdout]    6:     0x645417d8ec52 - std[617be2ca0a6fd877]::panicking::panic_with_hook
[INFO] [stdout]    7:     0x645417d71e92 - std[617be2ca0a6fd877]::panicking::panic_handler::{closure#0}
[INFO] [stdout]    8:     0x645417d6a489 - std[617be2ca0a6fd877]::sys::backtrace::__rust_end_short_backtrace::<std[617be2ca0a6fd877]::panicking::panic_handler::{closure#0}, !>
[INFO] [stdout]    9:     0x645417d72bad - __rustc[ea4f61d10b84890b]::rust_begin_unwind
[INFO] [stdout]   10:     0x645417dae02c - core[a373ad73a504971]::panicking::panic_fmt
[INFO] [stdout]   11:     0x645417b38af1 - rdv[54c749da75c8cf38]::testdocs::universe
[INFO] [stdout]   12:     0x645417b1cc65 - <rdv[54c749da75c8cf38]::page::tests::builds_a_page_for_string::{closure#0} as core[a373ad73a504971]::ops::function::FnOnce<()>>::call_once
[INFO] [stdout]   13:     0x645417c7585b - test[aada8e7e76ba119b]::__rust_begin_short_backtrace::<core[a373ad73a504971]::result::Result<(), alloc[2e1b2a31b91974c5]::string::String>, fn() -> core[a373ad73a504971]::result::Result<(), alloc[2e1b2a31b91974c5]::string::String>>
[INFO] [stdout]   14:     0x645417c82a35 - test[aada8e7e76ba119b]::run_test::{closure#0}
[INFO] [stdout]   15:     0x645417c7c324 - std[617be2ca0a6fd877]::sys::backtrace::__rust_begin_short_backtrace::<test[aada8e7e76ba119b]::run_test::{closure#1}, ()>
[INFO] [stdout]   16:     0x645417c85ac2 - <std[617be2ca0a6fd877]::thread::lifecycle::spawn_unchecked<test[aada8e7e76ba119b]::run_test::{closure#1}, ()>::{closure#1} as core[a373ad73a504971]::ops::function::FnOnce<()>>::call_once::{shim:vtable#0}
[INFO] [stdout]   17:     0x645417d95d0f - <std[617be2ca0a6fd877]::sys::thread::unix::Thread>::new::thread_start
[INFO] [stdout]   18:     0x7ef225b66dfa - <unknown>
[INFO] [stdout]   19:     0x7ef225bfa3d4 - clone
[INFO] [stdout]   20:                0x0 - <unknown>
[INFO] [stdout] 
[INFO] [stdout] ---- page::tests::module_pages_list_their_contents stdout ----
[INFO] [stdout] 
[INFO] [stdout] thread 'page::tests::module_pages_list_their_contents' (1878) panicked at src/testdocs.rs:20:13:
[INFO] [stdout] these tests need the rustdoc JSON for std, which could not be loaded:
[INFO] [stdout] `rustc +nightly --print sysroot` failed: info: syncing channel updates for nightly-x86_64-unknown-linux-gnu
[INFO] [stdout] error: could not create temp file /opt/rustwide/rustup-home/tmp/wcp3lu8msoupk_uh_file: Read-only file system (os error 30)
[INFO] [stdout] stack backtrace:
[INFO] [stdout]    0:     0x645417d96821 - <<std[617be2ca0a6fd877]::sys::backtrace::BacktraceLock>::print::DisplayBacktrace as core[a373ad73a504971]::fmt::Display>::fmt
[INFO] [stdout]    1:     0x645417dad84a - core[a373ad73a504971]::fmt::write
[INFO] [stdout]    2:     0x645417d9afac - <alloc[2e1b2a31b91974c5]::vec::Vec<u8> as core[a373ad73a504971]::io::write::Write>::write_fmt
[INFO] [stdout]    3:     0x645417d71de6 - std[617be2ca0a6fd877]::panicking::default_hook::{closure#0}
[INFO] [stdout]    4:     0x645417d8e929 - std[617be2ca0a6fd877]::panicking::default_hook
[INFO] [stdout]    5:     0x645417c82410 - test[aada8e7e76ba119b]::test_main_inner::{closure#0}
[INFO] [stdout]    6:     0x645417d8ec52 - std[617be2ca0a6fd877]::panicking::panic_with_hook
[INFO] [stdout]    7:     0x645417d71e92 - std[617be2ca0a6fd877]::panicking::panic_handler::{closure#0}
[INFO] [stdout]    8:     0x645417d6a489 - std[617be2ca0a6fd877]::sys::backtrace::__rust_end_short_backtrace::<std[617be2ca0a6fd877]::panicking::panic_handler::{closure#0}, !>
[INFO] [stdout]    9:     0x645417d72bad - __rustc[ea4f61d10b84890b]::rust_begin_unwind
[INFO] [stdout]   10:     0x645417dae02c - core[a373ad73a504971]::panicking::panic_fmt
[INFO] [stdout]   11:     0x645417b38af1 - rdv[54c749da75c8cf38]::testdocs::universe
[INFO] [stdout]   12:     0x645417b1cf9e - <rdv[54c749da75c8cf38]::page::tests::module_pages_list_their_contents::{closure#0} as core[a373ad73a504971]::ops::function::FnOnce<()>>::call_once
[INFO] [stdout]   13:     0x645417c7585b - test[aada8e7e76ba119b]::__rust_begin_short_backtrace::<core[a373ad73a504971]::result::Result<(), alloc[2e1b2a31b91974c5]::string::String>, fn() -> core[a373ad73a504971]::result::Result<(), alloc[2e1b2a31b91974c5]::string::String>>
[INFO] [stdout]   14:     0x645417c82a35 - test[aada8e7e76ba119b]::run_test::{closure#0}
[INFO] [stdout]   15:     0x645417c7c324 - std[617be2ca0a6fd877]::sys::backtrace::__rust_begin_short_backtrace::<test[aada8e7e76ba119b]::run_test::{closure#1}, ()>
[INFO] [stdout]   16:     0x645417c85ac2 - <std[617be2ca0a6fd877]::thread::lifecycle::spawn_unchecked<test[aada8e7e76ba119b]::run_test::{closure#1}, ()>::{closure#1} as core[a373ad73a504971]::ops::function::FnOnce<()>>::call_once::{shim:vtable#0}
[INFO] [stdout]   17:     0x645417d95d0f - <std[617be2ca0a6fd877]::sys::thread::unix::Thread>::new::thread_start
[INFO] [stdout]   18:     0x7ef225b66dfa - <unknown>
[INFO] [stdout]   19:     0x7ef225bfa3d4 - clone
[INFO] [stdout]   20:                0x0 - <unknown>
[INFO] [stdout] 
[INFO] [stdout] ---- page::tests::groups_vec_impls_into_four_sections stdout ----
[INFO] [stdout] 
[INFO] [stdout] thread 'page::tests::groups_vec_impls_into_four_sections' (1814) panicked at src/testdocs.rs:20:13:
[INFO] [stdout] these tests need the rustdoc JSON for std, which could not be loaded:
[INFO] [stdout] `rustc +nightly --print sysroot` failed: info: syncing channel updates for nightly-x86_64-unknown-linux-gnu
[INFO] [stdout] error: could not create temp file /opt/rustwide/rustup-home/tmp/jsqj21tvldc15jul_file: Read-only file system (os error 30)
[INFO] [stdout] stack backtrace:
[INFO] [stdout]    0:     0x645417d96821 - <<std[617be2ca0a6fd877]::sys::backtrace::BacktraceLock>::print::DisplayBacktrace as core[a373ad73a504971]::fmt::Display>::fmt
[INFO] [stdout]    1:     0x645417dad84a - core[a373ad73a504971]::fmt::write
[INFO] [stdout]    2:     0x645417d9afac - <alloc[2e1b2a31b91974c5]::vec::Vec<u8> as core[a373ad73a504971]::io::write::Write>::write_fmt
[INFO] [stdout]    3:     0x645417d71de6 - std[617be2ca0a6fd877]::panicking::default_hook::{closure#0}
[INFO] [stdout]    4:     0x645417d8e929 - std[617be2ca0a6fd877]::panicking::default_hook
[INFO] [stdout]    5:     0x645417c82410 - test[aada8e7e76ba119b]::test_main_inner::{closure#0}
[INFO] [stdout]    6:     0x645417d8ec52 - std[617be2ca0a6fd877]::panicking::panic_with_hook
[INFO] [stdout]    7:     0x645417d71e92 - std[617be2ca0a6fd877]::panicking::panic_handler::{closure#0}
[INFO] [stdout]    8:     0x645417d6a489 - std[617be2ca0a6fd877]::sys::backtrace::__rust_end_short_backtrace::<std[617be2ca0a6fd877]::panicking::panic_handler::{closure#0}, !>
[INFO] [stdout]    9:     0x645417d72bad - __rustc[ea4f61d10b84890b]::rust_begin_unwind
[INFO] [stdout]   10:     0x645417dae02c - core[a373ad73a504971]::panicking::panic_fmt
[INFO] [stdout]   11:     0x645417b38af1 - rdv[54c749da75c8cf38]::testdocs::universe
[INFO] [stdout]   12:     0x645417b1d7ae - <rdv[54c749da75c8cf38]::page::tests::groups_vec_impls_into_four_sections::{closure#0} as core[a373ad73a504971]::ops::function::FnOnce<()>>::call_once
[INFO] [stdout]   13:     0x645417c7585b - test[aada8e7e76ba119b]::__rust_begin_short_backtrace::<core[a373ad73a504971]::result::Result<(), alloc[2e1b2a31b91974c5]::string::String>, fn() -> core[a373ad73a504971]::result::Result<(), alloc[2e1b2a31b91974c5]::string::String>>
[INFO] [stdout]   14:     0x645417c82a35 - test[aada8e7e76ba119b]::run_test::{closure#0}
[INFO] [stdout]   15:     0x645417c7c324 - std[617be2ca0a6fd877]::sys::backtrace::__rust_begin_short_backtrace::<test[aada8e7e76ba119b]::run_test::{closure#1}, ()>
[INFO] [stdout]   16:     0x645417c85ac2 - <std[617be2ca0a6fd877]::thread::lifecycle::spawn_unchecked<test[aada8e7e76ba119b]::run_test::{closure#1}, ()>::{closure#1} as core[a373ad73a504971]::ops::function::FnOnce<()>>::call_once::{shim:vtable#0}
[INFO] [stdout]   17:     0x645417d95d0f - <std[617be2ca0a6fd877]::sys::thread::unix::Thread>::new::thread_start
[INFO] [stdout]   18:     0x7ef225b66dfa - <unknown>
[INFO] [stdout]   19:     0x7ef225bfa3d4 - clone
[INFO] [stdout]   20:                0x0 - <unknown>
[INFO] [stdout] 
[INFO] [stdout] ---- page::tests::module_listings_are_foldable_sections stdout ----
[INFO] [stdout] 
[INFO] [stdout] thread 'page::tests::module_listings_are_foldable_sections' (1863) panicked at src/testdocs.rs:20:13:
[INFO] [stdout] these tests need the rustdoc JSON for std, which could not be loaded:
[INFO] [stdout] `rustc +nightly --print sysroot` failed: info: syncing channel updates for nightly-x86_64-unknown-linux-gnu
[INFO] [stdout] error: could not create temp file /opt/rustwide/rustup-home/tmp/s1az8qq4olzwibk7_file: Read-only file system (os error 30)
[INFO] [stdout] stack backtrace:
[INFO] [stdout]    0:     0x645417d96821 - <<std[617be2ca0a6fd877]::sys::backtrace::BacktraceLock>::print::DisplayBacktrace as core[a373ad73a504971]::fmt::Display>::fmt
[INFO] [stdout]    1:     0x645417dad84a - core[a373ad73a504971]::fmt::write
[INFO] [stdout]    2:     0x645417d9afac - <alloc[2e1b2a31b91974c5]::vec::Vec<u8> as core[a373ad73a504971]::io::write::Write>::write_fmt
[INFO] [stdout]    3:     0x645417d71de6 - std[617be2ca0a6fd877]::panicking::default_hook::{closure#0}
[INFO] [stdout]    4:     0x645417d8e929 - std[617be2ca0a6fd877]::panicking::default_hook
[INFO] [stdout]    5:     0x645417c82410 - test[aada8e7e76ba119b]::test_main_inner::{closure#0}
[INFO] [stdout]    6:     0x645417d8ec52 - std[617be2ca0a6fd877]::panicking::panic_with_hook
[INFO] [stdout]    7:     0x645417d71e92 - std[617be2ca0a6fd877]::panicking::panic_handler::{closure#0}
[INFO] [stdout]    8:     0x645417d6a489 - std[617be2ca0a6fd877]::sys::backtrace::__rust_end_short_backtrace::<std[617be2ca0a6fd877]::panicking::panic_handler::{closure#0}, !>
[INFO] [stdout]    9:     0x645417d72bad - __rustc[ea4f61d10b84890b]::rust_begin_unwind
[INFO] [stdout]   10:     0x645417dae02c - core[a373ad73a504971]::panicking::panic_fmt
[INFO] [stdout]   11:     0x645417b38af1 - rdv[54c749da75c8cf38]::testdocs::universe
[INFO] [stdout]   12:     0x645417b1edd1 - <rdv[54c749da75c8cf38]::page::tests::module_listings_are_foldable_sections::{closure#0} as core[a373ad73a504971]::ops::function::FnOnce<()>>::call_once
[INFO] [stdout]   13:     0x645417c7585b - test[aada8e7e76ba119b]::__rust_begin_short_backtrace::<core[a373ad73a504971]::result::Result<(), alloc[2e1b2a31b91974c5]::string::String>, fn() -> core[a373ad73a504971]::result::Result<(), alloc[2e1b2a31b91974c5]::string::String>>
[INFO] [stdout]   14:     0x645417c82a35 - test[aada8e7e76ba119b]::run_test::{closure#0}
[INFO] [stdout]   15:     0x645417c7c324 - std[617be2ca0a6fd877]::sys::backtrace::__rust_begin_short_backtrace::<test[aada8e7e76ba119b]::run_test::{closure#1}, ()>
[INFO] [stdout]   16:     0x645417c85ac2 - <std[617be2ca0a6fd877]::thread::lifecycle::spawn_unchecked<test[aada8e7e76ba119b]::run_test::{closure#1}, ()>::{closure#1} as core[a373ad73a504971]::ops::function::FnOnce<()>>::call_once::{shim:vtable#0}
[INFO] [stdout]   17:     0x645417d95d0f - <std[617be2ca0a6fd877]::sys::thread::unix::Thread>::new::thread_start
[INFO] [stdout]   18:     0x7ef225b66dfa - <unknown>
[INFO] [stdout]   19:     0x7ef225bfa3d4 - clone
[INFO] [stdout]   20:                0x0 - <unknown>
[INFO] [stdout] 
[INFO] [stdout] ---- app::tests::u_goes_up_to_the_parent_and_records_history stdout ----
[INFO] [stdout] 
[INFO] [stdout] thread 'app::tests::u_goes_up_to_the_parent_and_records_history' (1463) panicked at src/testdocs.rs:20:13:
[INFO] [stdout] these tests need the rustdoc JSON for std, which could not be loaded:
[INFO] [stdout] `rustc +nightly --print sysroot` failed: info: syncing channel updates for nightly-x86_64-unknown-linux-gnu
[INFO] [stdout] error: could not create temp file /opt/rustwide/rustup-home/tmp/9nhc9mv62is6xk2r_file: Read-only file system (os error 30)
[INFO] [stdout] stack backtrace:
[INFO] [stdout]    0:     0x645417d96821 - <<std[617be2ca0a6fd877]::sys::backtrace::BacktraceLock>::print::DisplayBacktrace as core[a373ad73a504971]::fmt::Display>::fmt
[INFO] [stdout]    1:     0x645417dad84a - core[a373ad73a504971]::fmt::write
[INFO] [stdout]    2:     0x645417d9afac - <alloc[2e1b2a31b91974c5]::vec::Vec<u8> as core[a373ad73a504971]::io::write::Write>::write_fmt
[INFO] [stdout]    3:     0x645417d71de6 - std[617be2ca0a6fd877]::panicking::default_hook::{closure#0}
[INFO] [stdout]    4:     0x645417d8e929 - std[617be2ca0a6fd877]::panicking::default_hook
[INFO] [stdout]    5:     0x645417c82410 - test[aada8e7e76ba119b]::test_main_inner::{closure#0}
[INFO] [stdout]    6:     0x645417d8ec52 - std[617be2ca0a6fd877]::panicking::panic_with_hook
[INFO] [stdout]    7:     0x645417d71e92 - std[617be2ca0a6fd877]::panicking::panic_handler::{closure#0}
[INFO] [stdout]    8:     0x645417d6a489 - std[617be2ca0a6fd877]::sys::backtrace::__rust_end_short_backtrace::<std[617be2ca0a6fd877]::panicking::panic_handler::{closure#0}, !>
[INFO] [stdout]    9:     0x645417d72bad - __rustc[ea4f61d10b84890b]::rust_begin_unwind
[INFO] [stdout]   10:     0x645417dae02c - core[a373ad73a504971]::panicking::panic_fmt
[INFO] [stdout]   11:     0x645417b38af1 - rdv[54c749da75c8cf38]::testdocs::universe
[INFO] [stdout]   12:     0x645417b37a44 - rdv[54c749da75c8cf38]::testdocs::indexed
[INFO] [stdout]   13:     0x645417b1b719 - <rdv[54c749da75c8cf38]::app::tests::u_goes_up_to_the_parent_and_records_history::{closure#0} as core[a373ad73a504971]::ops::function::FnOnce<()>>::call_once
[INFO] [stdout]   14:     0x645417c7585b - test[aada8e7e76ba119b]::__rust_begin_short_backtrace::<core[a373ad73a504971]::result::Result<(), alloc[2e1b2a31b91974c5]::string::String>, fn() -> core[a373ad73a504971]::result::Result<(), alloc[2e1b2a31b91974c5]::string::String>>
[INFO] [stdout]   15:     0x645417c82a35 - test[aada8e7e76ba119b]::run_test::{closure#0}
[INFO] [stdout]   16:     0x645417c7c324 - std[617be2ca0a6fd877]::sys::backtrace::__rust_begin_short_backtrace::<test[aada8e7e76ba119b]::run_test::{closure#1}, ()>
[INFO] [stdout]   17:     0x645417c85ac2 - <std[617be2ca0a6fd877]::thread::lifecycle::spawn_unchecked<test[aada8e7e76ba119b]::run_test::{closure#1}, ()>::{closure#1} as core[a373ad73a504971]::ops::function::FnOnce<()>>::call_once::{shim:vtable#0}
[INFO] [stdout]   18:     0x645417d95d0f - <std[617be2ca0a6fd877]::sys::thread::unix::Thread>::new::thread_start
[INFO] [stdout]   19:     0x7ef225b66dfa - <unknown>
[INFO] [stdout]   20:     0x7ef225bfa3d4 - clone
[INFO] [stdout]   21:                0x0 - <unknown>
[INFO] [stdout] 
[INFO] [stdout] ---- app::tests::opening_an_inherent_method_lands_on_its_type stdout ----
[INFO] [stdout] 
[INFO] [stdout] thread 'app::tests::opening_an_inherent_method_lands_on_its_type' (1458) panicked at src/testdocs.rs:20:13:
[INFO] [stdout] these tests need the rustdoc JSON for std, which could not be loaded:
[INFO] [stdout] `rustc +nightly --print sysroot` failed: info: syncing channel updates for nightly-x86_64-unknown-linux-gnu
[INFO] [stdout] error: could not create temp file /opt/rustwide/rustup-home/tmp/f8ahyg4td9l05m96_file: Read-only file system (os error 30)
[INFO] [stdout] stack backtrace:
[INFO] [stdout]    0:     0x645417d96821 - <<std[617be2ca0a6fd877]::sys::backtrace::BacktraceLock>::print::DisplayBacktrace as core[a373ad73a504971]::fmt::Display>::fmt
[INFO] [stdout]    1:     0x645417dad84a - core[a373ad73a504971]::fmt::write
[INFO] [stdout]    2:     0x645417d9afac - <alloc[2e1b2a31b91974c5]::vec::Vec<u8> as core[a373ad73a504971]::io::write::Write>::write_fmt
[INFO] [stdout]    3:     0x645417d71de6 - std[617be2ca0a6fd877]::panicking::default_hook::{closure#0}
[INFO] [stdout]    4:     0x645417d8e929 - std[617be2ca0a6fd877]::panicking::default_hook
[INFO] [stdout]    5:     0x645417c82410 - test[aada8e7e76ba119b]::test_main_inner::{closure#0}
[INFO] [stdout]    6:     0x645417d8ec52 - std[617be2ca0a6fd877]::panicking::panic_with_hook
[INFO] [stdout]    7:     0x645417d71e92 - std[617be2ca0a6fd877]::panicking::panic_handler::{closure#0}
[INFO] [stdout]    8:     0x645417d6a489 - std[617be2ca0a6fd877]::sys::backtrace::__rust_end_short_backtrace::<std[617be2ca0a6fd877]::panicking::panic_handler::{closure#0}, !>
[INFO] [stdout]    9:     0x645417d72bad - __rustc[ea4f61d10b84890b]::rust_begin_unwind
[INFO] [stdout]   10:     0x645417dae02c - core[a373ad73a504971]::panicking::panic_fmt
[INFO] [stdout]   11:     0x645417b38af1 - rdv[54c749da75c8cf38]::testdocs::universe
[INFO] [stdout]   12:     0x645417b37a44 - rdv[54c749da75c8cf38]::testdocs::indexed
[INFO] [stdout]   13:     0x645417b1bcc9 - <rdv[54c749da75c8cf38]::app::tests::opening_an_inherent_method_lands_on_its_type::{closure#0} as core[a373ad73a504971]::ops::function::FnOnce<()>>::call_once
[INFO] [stdout]   14:     0x645417c7585b - test[aada8e7e76ba119b]::__rust_begin_short_backtrace::<core[a373ad73a504971]::result::Result<(), alloc[2e1b2a31b91974c5]::string::String>, fn() -> core[a373ad73a504971]::result::Result<(), alloc[2e1b2a31b91974c5]::string::String>>
[INFO] [stdout]   15:     0x645417c82a35 - test[aada8e7e76ba119b]::run_test::{closure#0}
[INFO] [stdout]   16:     0x645417c7c324 - std[617be2ca0a6fd877]::sys::backtrace::__rust_begin_short_backtrace::<test[aada8e7e76ba119b]::run_test::{closure#1}, ()>
[INFO] [stdout]   17:     0x645417c85ac2 - <std[617be2ca0a6fd877]::thread::lifecycle::spawn_unchecked<test[aada8e7e76ba119b]::run_test::{closure#1}, ()>::{closure#1} as core[a373ad73a504971]::ops::function::FnOnce<()>>::call_once::{shim:vtable#0}
[INFO] [stdout]   18:     0x645417d95d0f - <std[617be2ca0a6fd877]::sys::thread::unix::Thread>::new::thread_start
[INFO] [stdout]   19:     0x7ef225b66dfa - <unknown>
[INFO] [stdout]   20:     0x7ef225bfa3d4 - clone
[INFO] [stdout]   21:                0x0 - <unknown>
[INFO] [stdout] 
[INFO] [stdout] ---- page::tests::impl_headers_are_highlighted_and_bold stdout ----
[INFO] [stdout] 
[INFO] [stdout] thread 'page::tests::impl_headers_are_highlighted_and_bold' (1825) panicked at src/testdocs.rs:20:13:
[INFO] [stdout] these tests need the rustdoc JSON for std, which could not be loaded:
[INFO] [stdout] `rustc +nightly --print sysroot` failed: info: syncing channel updates for nightly-x86_64-unknown-linux-gnu
[INFO] [stdout] error: could not create temp file /opt/rustwide/rustup-home/tmp/m70wenbsi9hyun9e_file: Read-only file system (os error 30)
[INFO] [stdout] stack backtrace:
[INFO] [stdout]    0:     0x645417d96821 - <<std[617be2ca0a6fd877]::sys::backtrace::BacktraceLock>::print::DisplayBacktrace as core[a373ad73a504971]::fmt::Display>::fmt
[INFO] [stdout]    1:     0x645417dad84a - core[a373ad73a504971]::fmt::write
[INFO] [stdout]    2:     0x645417d9afac - <alloc[2e1b2a31b91974c5]::vec::Vec<u8> as core[a373ad73a504971]::io::write::Write>::write_fmt
[INFO] [stdout]    3:     0x645417d71de6 - std[617be2ca0a6fd877]::panicking::default_hook::{closure#0}
[INFO] [stdout]    4:     0x645417d8e929 - std[617be2ca0a6fd877]::panicking::default_hook
[INFO] [stdout]    5:     0x645417c82410 - test[aada8e7e76ba119b]::test_main_inner::{closure#0}
[INFO] [stdout]    6:     0x645417d8ec52 - std[617be2ca0a6fd877]::panicking::panic_with_hook
[INFO] [stdout]    7:     0x645417d71e92 - std[617be2ca0a6fd877]::panicking::panic_handler::{closure#0}
[INFO] [stdout]    8:     0x645417d6a489 - std[617be2ca0a6fd877]::sys::backtrace::__rust_end_short_backtrace::<std[617be2ca0a6fd877]::panicking::panic_handler::{closure#0}, !>
[INFO] [stdout]    9:     0x645417d72bad - __rustc[ea4f61d10b84890b]::rust_begin_unwind
[INFO] [stdout]   10:     0x645417dae02c - core[a373ad73a504971]::panicking::panic_fmt
[INFO] [stdout]   11:     0x645417b38af1 - rdv[54c749da75c8cf38]::testdocs::universe
[INFO] [stdout]   12:     0x645417b1e6f1 - <rdv[54c749da75c8cf38]::page::tests::impl_headers_are_highlighted_and_bold::{closure#0} as core[a373ad73a504971]::ops::function::FnOnce<()>>::call_once
[INFO] [stdout]   13:     0x645417c7585b - test[aada8e7e76ba119b]::__rust_begin_short_backtrace::<core[a373ad73a504971]::result::Result<(), alloc[2e1b2a31b91974c5]::string::String>, fn() -> core[a373ad73a504971]::result::Result<(), alloc[2e1b2a31b91974c5]::string::String>>
[INFO] [stdout]   14:     0x645417c82a35 - test[aada8e7e76ba119b]::run_test::{closure#0}
[INFO] [stdout]   15:     0x645417c7c324 - std[617be2ca0a6fd877]::sys::backtrace::__rust_begin_short_backtrace::<test[aada8e7e76ba119b]::run_test::{closure#1}, ()>
[INFO] [stdout]   16:     0x645417c85ac2 - <std[617be2ca0a6fd877]::thread::lifecycle::spawn_unchecked<test[aada8e7e76ba119b]::run_test::{closure#1}, ()>::{closure#1} as core[a373ad73a504971]::ops::function::FnOnce<()>>::call_once::{shim:vtable#0}
[INFO] [stdout]   17:     0x645417d95d0f - <std[617be2ca0a6fd877]::sys::thread::unix::Thread>::new::thread_start
[INFO] [stdout]   18:     0x7ef225b66dfa - <unknown>
[INFO] [stdout]   19:     0x7ef225bfa3d4 - clone
[INFO] [stdout]   20:                0x0 - <unknown>
[INFO] [stdout] 
[INFO] [stdout] ---- app::tests::first_shift_tab_starts_from_the_visible_page stdout ----
[INFO] [stdout] 
[INFO] [stdout] thread 'app::tests::first_shift_tab_starts_from_the_visible_page' (1452) panicked at src/testdocs.rs:20:13:
[INFO] [stdout] these tests need the rustdoc JSON for std, which could not be loaded:
[INFO] [stdout] `rustc +nightly --print sysroot` failed: info: syncing channel updates for nightly-x86_64-unknown-linux-gnu
[INFO] [stdout] error: could not create temp file /opt/rustwide/rustup-home/tmp/cunkjh3th6895afh_file: Read-only file system (os error 30)
[INFO] [stdout] stack backtrace:
[INFO] [stdout]    0:     0x645417d96821 - <<std[617be2ca0a6fd877]::sys::backtrace::BacktraceLock>::print::DisplayBacktrace as core[a373ad73a504971]::fmt::Display>::fmt
[INFO] [stdout]    1:     0x645417dad84a - core[a373ad73a504971]::fmt::write
[INFO] [stdout]    2:     0x645417d9afac - <alloc[2e1b2a31b91974c5]::vec::Vec<u8> as core[a373ad73a504971]::io::write::Write>::write_fmt
[INFO] [stdout]    3:     0x645417d71de6 - std[617be2ca0a6fd877]::panicking::default_hook::{closure#0}
[INFO] [stdout]    4:     0x645417d8e929 - std[617be2ca0a6fd877]::panicking::default_hook
[INFO] [stdout]    5:     0x645417c82410 - test[aada8e7e76ba119b]::test_main_inner::{closure#0}
[INFO] [stdout]    6:     0x645417d8ec52 - std[617be2ca0a6fd877]::panicking::panic_with_hook
[INFO] [stdout]    7:     0x645417d71e92 - std[617be2ca0a6fd877]::panicking::panic_handler::{closure#0}
[INFO] [stdout]    8:     0x645417d6a489 - std[617be2ca0a6fd877]::sys::backtrace::__rust_end_short_backtrace::<std[617be2ca0a6fd877]::panicking::panic_handler::{closure#0}, !>
[INFO] [stdout]    9:     0x645417d72bad - __rustc[ea4f61d10b84890b]::rust_begin_unwind
[INFO] [stdout]   10:     0x645417dae02c - core[a373ad73a504971]::panicking::panic_fmt
[INFO] [stdout]   11:     0x645417b38af1 - rdv[54c749da75c8cf38]::testdocs::universe
[INFO] [stdout]   12:     0x645417b37a44 - rdv[54c749da75c8cf38]::testdocs::indexed
[INFO] [stdout]   13:     0x645417b1ba69 - <rdv[54c749da75c8cf38]::app::tests::first_shift_tab_starts_from_the_visible_page::{closure#0} as core[a373ad73a504971]::ops::function::FnOnce<()>>::call_once
[INFO] [stdout]   14:     0x645417c7585b - test[aada8e7e76ba119b]::__rust_begin_short_backtrace::<core[a373ad73a504971]::result::Result<(), alloc[2e1b2a31b91974c5]::string::String>, fn() -> core[a373ad73a504971]::result::Result<(), alloc[2e1b2a31b91974c5]::string::String>>
[INFO] [stdout]   15:     0x645417c82a35 - test[aada8e7e76ba119b]::run_test::{closure#0}
[INFO] [stdout]   16:     0x645417c7c324 - std[617be2ca0a6fd877]::sys::backtrace::__rust_begin_short_backtrace::<test[aada8e7e76ba119b]::run_test::{closure#1}, ()>
[INFO] [stdout]   17:     0x645417c85ac2 - <std[617be2ca0a6fd877]::thread::lifecycle::spawn_unchecked<test[aada8e7e76ba119b]::run_test::{closure#1}, ()>::{closure#1} as core[a373ad73a504971]::ops::function::FnOnce<()>>::call_once::{shim:vtable#0}
[INFO] [stdout]   18:     0x645417d95d0f - <std[617be2ca0a6fd877]::sys::thread::unix::Thread>::new::thread_start
[INFO] [stdout]   19:     0x7ef225b66dfa - <unknown>
[INFO] [stdout]   20:     0x7ef225bfa3d4 - clone
[INFO] [stdout]   21:                0x0 - <unknown>
[INFO] [stdout] 
[INFO] [stdout] ---- index::tests::lowercase_queries_find_camel_case_types stdout ----
[INFO] [stdout] 
[INFO] [stdout] thread 'index::tests::lowercase_queries_find_camel_case_types' (1734) panicked at src/testdocs.rs:20:13:
[INFO] [stdout] these tests need the rustdoc JSON for std, which could not be loaded:
[INFO] [stdout] `rustc +nightly --print sysroot` failed: info: syncing channel updates for nightly-x86_64-unknown-linux-gnu
[INFO] [stdout] error: could not create temp file /opt/rustwide/rustup-home/tmp/3k6yxicvjbqvmi1h_file: Read-only file system (os error 30)
[INFO] [stdout] stack backtrace:
[INFO] [stdout]    0:     0x645417d96821 - <<std[617be2ca0a6fd877]::sys::backtrace::BacktraceLock>::print::DisplayBacktrace as core[a373ad73a504971]::fmt::Display>::fmt
[INFO] [stdout]    1:     0x645417dad84a - core[a373ad73a504971]::fmt::write
[INFO] [stdout]    2:     0x645417d9afac - <alloc[2e1b2a31b91974c5]::vec::Vec<u8> as core[a373ad73a504971]::io::write::Write>::write_fmt
[INFO] [stdout]    3:     0x645417d71de6 - std[617be2ca0a6fd877]::panicking::default_hook::{closure#0}
[INFO] [stdout]    4:     0x645417d8e929 - std[617be2ca0a6fd877]::panicking::default_hook
[INFO] [stdout]    5:     0x645417c82410 - test[aada8e7e76ba119b]::test_main_inner::{closure#0}
[INFO] [stdout]    6:     0x645417d8ec52 - std[617be2ca0a6fd877]::panicking::panic_with_hook
[INFO] [stdout]    7:     0x645417d71e92 - std[617be2ca0a6fd877]::panicking::panic_handler::{closure#0}
[INFO] [stdout]    8:     0x645417d6a489 - std[617be2ca0a6fd877]::sys::backtrace::__rust_end_short_backtrace::<std[617be2ca0a6fd877]::panicking::panic_handler::{closure#0}, !>
[INFO] [stdout]    9:     0x645417d72bad - __rustc[ea4f61d10b84890b]::rust_begin_unwind
[INFO] [stdout]   10:     0x645417dae02c - core[a373ad73a504971]::panicking::panic_fmt
[INFO] [stdout]   11:     0x645417b38af1 - rdv[54c749da75c8cf38]::testdocs::universe
[INFO] [stdout]   12:     0x645417b59146 - <rdv[54c749da75c8cf38]::index::tests::lowercase_queries_find_camel_case_types::{closure#0} as core[a373ad73a504971]::ops::function::FnOnce<()>>::call_once
[INFO] [stdout]   13:     0x645417c7585b - test[aada8e7e76ba119b]::__rust_begin_short_backtrace::<core[a373ad73a504971]::result::Result<(), alloc[2e1b2a31b91974c5]::string::String>, fn() -> core[a373ad73a504971]::result::Result<(), alloc[2e1b2a31b91974c5]::string::String>>
[INFO] [stdout]   14:     0x645417c82a35 - test[aada8e7e76ba119b]::run_test::{closure#0}
[INFO] [stdout]   15:     0x645417c7c324 - std[617be2ca0a6fd877]::sys::backtrace::__rust_begin_short_backtrace::<test[aada8e7e76ba119b]::run_test::{closure#1}, ()>
[INFO] [stdout]   16:     0x645417c85ac2 - <std[617be2ca0a6fd877]::thread::lifecycle::spawn_unchecked<test[aada8e7e76ba119b]::run_test::{closure#1}, ()>::{closure#1} as core[a373ad73a504971]::ops::function::FnOnce<()>>::call_once::{shim:vtable#0}
[INFO] [stdout]   17:     0x645417d95d0f - <std[617be2ca0a6fd877]::sys::thread::unix::Thread>::new::thread_start
[INFO] [stdout]   18:     0x7ef225b66dfa - <unknown>
[INFO] [stdout]   19:     0x7ef225bfa3d4 - clone
[INFO] [stdout]   20:                0x0 - <unknown>
[INFO] [stdout] 
[INFO] [stdout] ---- tests::u_types_into_the_search_query stdout ----
[INFO] [stdout] 
[INFO] [stdout] thread 'tests::u_types_into_the_search_query' (2048) panicked at src/testdocs.rs:20:13:
[INFO] [stdout] these tests need the rustdoc JSON for std, which could not be loaded:
[INFO] [stdout] `rustc +nightly --print sysroot` failed: info: syncing channel updates for nightly-x86_64-unknown-linux-gnu
[INFO] [stdout] error: could not create temp file /opt/rustwide/rustup-home/tmp/w0it8_k5xbfs65rk_file: Read-only file system (os error 30)
[INFO] [stdout] stack backtrace:
[INFO] [stdout]    0:     0x645417d96821 - <<std[617be2ca0a6fd877]::sys::backtrace::BacktraceLock>::print::DisplayBacktrace as core[a373ad73a504971]::fmt::Display>::fmt
[INFO] [stdout]    1:     0x645417dad84a - core[a373ad73a504971]::fmt::write
[INFO] [stdout]    2:     0x645417d9afac - <alloc[2e1b2a31b91974c5]::vec::Vec<u8> as core[a373ad73a504971]::io::write::Write>::write_fmt
[INFO] [stdout]    3:     0x645417d71de6 - std[617be2ca0a6fd877]::panicking::default_hook::{closure#0}
[INFO] [stdout]    4:     0x645417d8e929 - std[617be2ca0a6fd877]::panicking::default_hook
[INFO] [stdout]    5:     0x645417c82410 - test[aada8e7e76ba119b]::test_main_inner::{closure#0}
[INFO] [stdout]    6:     0x645417d8ec52 - std[617be2ca0a6fd877]::panicking::panic_with_hook
[INFO] [stdout]    7:     0x645417d71e92 - std[617be2ca0a6fd877]::panicking::panic_handler::{closure#0}
[INFO] [stdout]    8:     0x645417d6a489 - std[617be2ca0a6fd877]::sys::backtrace::__rust_end_short_backtrace::<std[617be2ca0a6fd877]::panicking::panic_handler::{closure#0}, !>
[INFO] [stdout]    9:     0x645417d72bad - __rustc[ea4f61d10b84890b]::rust_begin_unwind
[INFO] [stdout]   10:     0x645417dae02c - core[a373ad73a504971]::panicking::panic_fmt
[INFO] [stdout]   11:     0x645417b38af1 - rdv[54c749da75c8cf38]::testdocs::universe
[INFO] [stdout]   12:     0x645417b37a44 - rdv[54c749da75c8cf38]::testdocs::indexed
[INFO] [stdout]   13:     0x645417b575f2 - <rdv[54c749da75c8cf38]::tests::u_types_into_the_search_query::{closure#0} as core[a373ad73a504971]::ops::function::FnOnce<()>>::call_once
[INFO] [stdout]   14:     0x645417c7585b - test[aada8e7e76ba119b]::__rust_begin_short_backtrace::<core[a373ad73a504971]::result::Result<(), alloc[2e1b2a31b91974c5]::string::String>, fn() -> core[a373ad73a504971]::result::Result<(), alloc[2e1b2a31b91974c5]::string::String>>
[INFO] [stdout]   15:     0x645417c82a35 - test[aada8e7e76ba119b]::run_test::{closure#0}
[INFO] [stdout]   16:     0x645417c7c324 - std[617be2ca0a6fd877]::sys::backtrace::__rust_begin_short_backtrace::<test[aada8e7e76ba119b]::run_test::{closure#1}, ()>
[INFO] [stdout]   17:     0x645417c85ac2 - <std[617be2ca0a6fd877]::thread::lifecycle::spawn_unchecked<test[aada8e7e76ba119b]::run_test::{closure#1}, ()>::{closure#1} as core[a373ad73a504971]::ops::function::FnOnce<()>>::call_once::{shim:vtable#0}
[INFO] [stdout]   18:     0x645417d95d0f - <std[617be2ca0a6fd877]::sys::thread::unix::Thread>::new::thread_start
[INFO] [stdout]   19:     0x7ef225b66dfa - <unknown>
[INFO] [stdout]   20:     0x7ef225bfa3d4 - clone
[INFO] [stdout]   21:                0x0 - <unknown>
[INFO] [stdout] 
[INFO] [stdout] ---- tests::esc_does_not_quit stdout ----
[INFO] [stdout] 
[INFO] [stdout] thread 'tests::esc_does_not_quit' (2025) panicked at src/testdocs.rs:20:13:
[INFO] [stdout] these tests need the rustdoc JSON for std, which could not be loaded:
[INFO] [stdout] `rustc +nightly --print sysroot` failed: info: syncing channel updates for nightly-x86_64-unknown-linux-gnu
[INFO] [stdout] error: could not create temp file /opt/rustwide/rustup-home/tmp/fn6sap988y0gfx6z_file: Read-only file system (os error 30)
[INFO] [stdout] stack backtrace:
[INFO] [stdout]    0:     0x645417d96821 - <<std[617be2ca0a6fd877]::sys::backtrace::BacktraceLock>::print::DisplayBacktrace as core[a373ad73a504971]::fmt::Display>::fmt
[INFO] [stdout]    1:     0x645417dad84a - core[a373ad73a504971]::fmt::write
[INFO] [stdout]    2:     0x645417d9afac - <alloc[2e1b2a31b91974c5]::vec::Vec<u8> as core[a373ad73a504971]::io::write::Write>::write_fmt
[INFO] [stdout]    3:     0x645417d71de6 - std[617be2ca0a6fd877]::panicking::default_hook::{closure#0}
[INFO] [stdout]    4:     0x645417d8e929 - std[617be2ca0a6fd877]::panicking::default_hook
[INFO] [stdout]    5:     0x645417c82410 - test[aada8e7e76ba119b]::test_main_inner::{closure#0}
[INFO] [stdout]    6:     0x645417d8ec52 - std[617be2ca0a6fd877]::panicking::panic_with_hook
[INFO] [stdout]    7:     0x645417d71e92 - std[617be2ca0a6fd877]::panicking::panic_handler::{closure#0}
[INFO] [stdout]    8:     0x645417d6a489 - std[617be2ca0a6fd877]::sys::backtrace::__rust_end_short_backtrace::<std[617be2ca0a6fd877]::panicking::panic_handler::{closure#0}, !>
[INFO] [stdout]    9:     0x645417d72bad - __rustc[ea4f61d10b84890b]::rust_begin_unwind
[INFO] [stdout]   10:     0x645417dae02c - core[a373ad73a504971]::panicking::panic_fmt
[INFO] [stdout]   11:     0x645417b38af1 - rdv[54c749da75c8cf38]::testdocs::universe
[INFO] [stdout]   12:     0x645417b37a44 - rdv[54c749da75c8cf38]::testdocs::indexed
[INFO] [stdout]   13:     0x645417b56dd2 - <rdv[54c749da75c8cf38]::tests::esc_does_not_quit::{closure#0} as core[a373ad73a504971]::ops::function::FnOnce<()>>::call_once
[INFO] [stdout]   14:     0x645417c7585b - test[aada8e7e76ba119b]::__rust_begin_short_backtrace::<core[a373ad73a504971]::result::Result<(), alloc[2e1b2a31b91974c5]::string::String>, fn() -> core[a373ad73a504971]::result::Result<(), alloc[2e1b2a31b91974c5]::string::String>>
[INFO] [stdout]   15:     0x645417c82a35 - test[aada8e7e76ba119b]::run_test::{closure#0}
[INFO] [stdout]   16:     0x645417c7c324 - std[617be2ca0a6fd877]::sys::backtrace::__rust_begin_short_backtrace::<test[aada8e7e76ba119b]::run_test::{closure#1}, ()>
[INFO] [stdout]   17:     0x645417c85ac2 - <std[617be2ca0a6fd877]::thread::lifecycle::spawn_unchecked<test[aada8e7e76ba119b]::run_test::{closure#1}, ()>::{closure#1} as core[a373ad73a504971]::ops::function::FnOnce<()>>::call_once::{shim:vtable#0}
[INFO] [stdout]   18:     0x645417d95d0f - <std[617be2ca0a6fd877]::sys::thread::unix::Thread>::new::thread_start
[INFO] [stdout]   19:     0x7ef225b66dfa - <unknown>
[INFO] [stdout]   20:     0x7ef225bfa3d4 - clone
[INFO] [stdout]   21:                0x0 - <unknown>
[INFO] [stdout] 
[INFO] [stdout] ---- tests::module_sections_step_and_fold stdout ----
[INFO] [stdout] 
[INFO] [stdout] thread 'tests::module_sections_step_and_fold' (2026) panicked at src/testdocs.rs:20:13:
[INFO] [stdout] these tests need the rustdoc JSON for std, which could not be loaded:
[INFO] [stdout] `rustc +nightly --print sysroot` failed: info: syncing channel updates for nightly-x86_64-unknown-linux-gnu
[INFO] [stdout] error: could not create temp file /opt/rustwide/rustup-home/tmp/slzh1yjr0uamk_8w_file: Read-only file system (os error 30)
[INFO] [stdout] stack backtrace:
[INFO] [stdout]    0:     0x645417d96821 - <<std[617be2ca0a6fd877]::sys::backtrace::BacktraceLock>::print::DisplayBacktrace as core[a373ad73a504971]::fmt::Display>::fmt
[INFO] [stdout]    1:     0x645417dad84a - core[a373ad73a504971]::fmt::write
[INFO] [stdout]    2:     0x645417d9afac - <alloc[2e1b2a31b91974c5]::vec::Vec<u8> as core[a373ad73a504971]::io::write::Write>::write_fmt
[INFO] [stdout]    3:     0x645417d71de6 - std[617be2ca0a6fd877]::panicking::default_hook::{closure#0}
[INFO] [stdout]    4:     0x645417d8e929 - std[617be2ca0a6fd877]::panicking::default_hook
[INFO] [stdout]    5:     0x645417c82410 - test[aada8e7e76ba119b]::test_main_inner::{closure#0}
[INFO] [stdout]    6:     0x645417d8ec52 - std[617be2ca0a6fd877]::panicking::panic_with_hook
[INFO] [stdout]    7:     0x645417d71e92 - std[617be2ca0a6fd877]::panicking::panic_handler::{closure#0}
[INFO] [stdout]    8:     0x645417d6a489 - std[617be2ca0a6fd877]::sys::backtrace::__rust_end_short_backtrace::<std[617be2ca0a6fd877]::panicking::panic_handler::{closure#0}, !>
[INFO] [stdout]    9:     0x645417d72bad - __rustc[ea4f61d10b84890b]::rust_begin_unwind
[INFO] [stdout]   10:     0x645417dae02c - core[a373ad73a504971]::panicking::panic_fmt
[INFO] [stdout]   11:     0x645417b38af1 - rdv[54c749da75c8cf38]::testdocs::universe
[INFO] [stdout]   12:     0x645417b37a44 - rdv[54c749da75c8cf38]::testdocs::indexed
[INFO] [stdout]   13:     0x645417b57197 - <rdv[54c749da75c8cf38]::tests::module_sections_step_and_fold::{closure#0} as core[a373ad73a504971]::ops::function::FnOnce<()>>::call_once
[INFO] [stdout]   14:     0x645417c7585b - test[aada8e7e76ba119b]::__rust_begin_short_backtrace::<core[a373ad73a504971]::result::Result<(), alloc[2e1b2a31b91974c5]::string::String>, fn() -> core[a373ad73a504971]::result::Result<(), alloc[2e1b2a31b91974c5]::string::String>>
[INFO] [stdout]   15:     0x645417c82a35 - test[aada8e7e76ba119b]::run_test::{closure#0}
[INFO] [stdout]   16:     0x645417c7c324 - std[617be2ca0a6fd877]::sys::backtrace::__rust_begin_short_backtrace::<test[aada8e7e76ba119b]::run_test::{closure#1}, ()>
[INFO] [stdout]   17:     0x645417c85ac2 - <std[617be2ca0a6fd877]::thread::lifecycle::spawn_unchecked<test[aada8e7e76ba119b]::run_test::{closure#1}, ()>::{closure#1} as core[a373ad73a504971]::ops::function::FnOnce<()>>::call_once::{shim:vtable#0}
[INFO] [stdout]   18:     0x645417d95d0f - <std[617be2ca0a6fd877]::sys::thread::unix::Thread>::new::thread_start
[INFO] [stdout]   19:     0x7ef225b66dfa - <unknown>
[INFO] [stdout]   20:     0x7ef225bfa3d4 - clone
[INFO] [stdout]   21:                0x0 - <unknown>
[INFO] [stdout] 
[INFO] [stdout] ---- page::tests::option_variants_render stdout ----
[INFO] [stdout] 
[INFO] [stdout] thread 'page::tests::option_variants_render' (1986) panicked at src/testdocs.rs:20:13:
[INFO] [stdout] these tests need the rustdoc JSON for std, which could not be loaded:
[INFO] [stdout] `rustc +nightly --print sysroot` failed: info: syncing channel updates for nightly-x86_64-unknown-linux-gnu
[INFO] [stdout] error: could not create temp file /opt/rustwide/rustup-home/tmp/_45fmzbffykm1m9c_file: Read-only file system (os error 30)
[INFO] [stdout] stack backtrace:
[INFO] [stdout]    0:     0x645417d96821 - <<std[617be2ca0a6fd877]::sys::backtrace::BacktraceLock>::print::DisplayBacktrace as core[a373ad73a504971]::fmt::Display>::fmt
[INFO] [stdout]    1:     0x645417dad84a - core[a373ad73a504971]::fmt::write
[INFO] [stdout]    2:     0x645417d9afac - <alloc[2e1b2a31b91974c5]::vec::Vec<u8> as core[a373ad73a504971]::io::write::Write>::write_fmt
[INFO] [stdout]    3:     0x645417d71de6 - std[617be2ca0a6fd877]::panicking::default_hook::{closure#0}
[INFO] [stdout]    4:     0x645417d8e929 - std[617be2ca0a6fd877]::panicking::default_hook
[INFO] [stdout]    5:     0x645417c82410 - test[aada8e7e76ba119b]::test_main_inner::{closure#0}
[INFO] [stdout]    6:     0x645417d8ec52 - std[617be2ca0a6fd877]::panicking::panic_with_hook
[INFO] [stdout]    7:     0x645417d71e92 - std[617be2ca0a6fd877]::panicking::panic_handler::{closure#0}
[INFO] [stdout]    8:     0x645417d6a489 - std[617be2ca0a6fd877]::sys::backtrace::__rust_end_short_backtrace::<std[617be2ca0a6fd877]::panicking::panic_handler::{closure#0}, !>
[INFO] [stdout]    9:     0x645417d72bad - __rustc[ea4f61d10b84890b]::rust_begin_unwind
[INFO] [stdout]   10:     0x645417dae02c - core[a373ad73a504971]::panicking::panic_fmt
[INFO] [stdout]   11:     0x645417b38af1 - rdv[54c749da75c8cf38]::testdocs::universe
[INFO] [stdout]   12:     0x645417b1c83e - <rdv[54c749da75c8cf38]::page::tests::option_variants_render::{closure#0} as core[a373ad73a504971]::ops::function::FnOnce<()>>::call_once
[INFO] [stdout]   13:     0x645417c7585b - test[aada8e7e76ba119b]::__rust_begin_short_backtrace::<core[a373ad73a504971]::result::Result<(), alloc[2e1b2a31b91974c5]::string::String>, fn() -> core[a373ad73a504971]::result::Result<(), alloc[2e1b2a31b91974c5]::string::String>>
[INFO] [stdout]   14:     0x645417c82a35 - test[aada8e7e76ba119b]::run_test::{closure#0}
[INFO] [stdout]   15:     0x645417c7c324 - std[617be2ca0a6fd877]::sys::backtrace::__rust_begin_short_backtrace::<test[aada8e7e76ba119b]::run_test::{closure#1}, ()>
[INFO] [stdout]   16:     0x645417c85ac2 - <std[617be2ca0a6fd877]::thread::lifecycle::spawn_unchecked<test[aada8e7e76ba119b]::run_test::{closure#1}, ()>::{closure#1} as core[a373ad73a504971]::ops::function::FnOnce<()>>::call_once::{shim:vtable#0}
[INFO] [stdout]   17:     0x645417d95d0f - <std[617be2ca0a6fd877]::sys::thread::unix::Thread>::new::thread_start
[INFO] [stdout]   18:     0x7ef225b66dfa - <unknown>
[INFO] [stdout]   19:     0x7ef225bfa3d4 - clone
[INFO] [stdout]   20:                0x0 - <unknown>
[INFO] [stdout] 
[INFO] [stdout] ---- app::tests::toggling_a_section_expands_it stdout ----
[INFO] [stdout] 
[INFO] [stdout] thread 'app::tests::toggling_a_section_expands_it' (1461) panicked at src/testdocs.rs:20:13:
[INFO] [stdout] these tests need the rustdoc JSON for std, which could not be loaded:
[INFO] [stdout] `rustc +nightly --print sysroot` failed: info: syncing channel updates for nightly-x86_64-unknown-linux-gnu
[INFO] [stdout] error: could not create temp file /opt/rustwide/rustup-home/tmp/cj9timmg7_pv915x_file: Read-only file system (os error 30)
[INFO] [stdout] stack backtrace:
[INFO] [stdout]    0:     0x645417d96821 - <<std[617be2ca0a6fd877]::sys::backtrace::BacktraceLock>::print::DisplayBacktrace as core[a373ad73a504971]::fmt::Display>::fmt
[INFO] [stdout]    1:     0x645417dad84a - core[a373ad73a504971]::fmt::write
[INFO] [stdout]    2:     0x645417d9afac - <alloc[2e1b2a31b91974c5]::vec::Vec<u8> as core[a373ad73a504971]::io::write::Write>::write_fmt
[INFO] [stdout]    3:     0x645417d71de6 - std[617be2ca0a6fd877]::panicking::default_hook::{closure#0}
[INFO] [stdout]    4:     0x645417d8e929 - std[617be2ca0a6fd877]::panicking::default_hook
[INFO] [stdout]    5:     0x645417c82410 - test[aada8e7e76ba119b]::test_main_inner::{closure#0}
[INFO] [stdout]    6:     0x645417d8ec52 - std[617be2ca0a6fd877]::panicking::panic_with_hook
[INFO] [stdout]    7:     0x645417d71e92 - std[617be2ca0a6fd877]::panicking::panic_handler::{closure#0}
[INFO] [stdout]    8:     0x645417d6a489 - std[617be2ca0a6fd877]::sys::backtrace::__rust_end_short_backtrace::<std[617be2ca0a6fd877]::panicking::panic_handler::{closure#0}, !>
[INFO] [stdout]    9:     0x645417d72bad - __rustc[ea4f61d10b84890b]::rust_begin_unwind
[INFO] [stdout]   10:     0x645417dae02c - core[a373ad73a504971]::panicking::panic_fmt
[INFO] [stdout]   11:     0x645417b38af1 - rdv[54c749da75c8cf38]::testdocs::universe
[INFO] [stdout]   12:     0x645417b37a44 - rdv[54c749da75c8cf38]::testdocs::indexed
[INFO] [stdout]   13:     0x645417b19b69 - <rdv[54c749da75c8cf38]::app::tests::toggling_a_section_expands_it::{closure#0} as core[a373ad73a504971]::ops::function::FnOnce<()>>::call_once
[INFO] [stdout]   14:     0x645417c7585b - test[aada8e7e76ba119b]::__rust_begin_short_backtrace::<core[a373ad73a504971]::result::Result<(), alloc[2e1b2a31b91974c5]::string::String>, fn() -> core[a373ad73a504971]::result::Result<(), alloc[2e1b2a31b91974c5]::string::String>>
[INFO] [stdout]   15:     0x645417c82a35 - test[aada8e7e76ba119b]::run_test::{closure#0}
[INFO] [stdout]   16:     0x645417c7c324 - std[617be2ca0a6fd877]::sys::backtrace::__rust_begin_short_backtrace::<test[aada8e7e76ba119b]::run_test::{closure#1}, ()>
[INFO] [stdout]   17:     0x645417c85ac2 - <std[617be2ca0a6fd877]::thread::lifecycle::spawn_unchecked<test[aada8e7e76ba119b]::run_test::{closure#1}, ()>::{closure#1} as core[a373ad73a504971]::ops::function::FnOnce<()>>::call_once::{shim:vtable#0}
[INFO] [stdout]   18:     0x645417d95d0f - <std[617be2ca0a6fd877]::sys::thread::unix::Thread>::new::thread_start
[INFO] [stdout]   19:     0x7ef225b66dfa - <unknown>
[INFO] [stdout]   20:     0x7ef225bfa3d4 - clone
[INFO] [stdout]   21:                0x0 - <unknown>
[INFO] [stdout] 
[INFO] [stdout] ---- docs::tests::crate_roots_have_no_parent stdout ----
[INFO] [stdout] 
[INFO] [stdout] thread 'docs::tests::crate_roots_have_no_parent' (1465) panicked at src/testdocs.rs:20:13:
[INFO] [stdout] these tests need the rustdoc JSON for std, which could not be loaded:
[INFO] [stdout] `rustc +nightly --print sysroot` failed: info: syncing channel updates for nightly-x86_64-unknown-linux-gnu
[INFO] [stdout] error: could not create temp file /opt/rustwide/rustup-home/tmp/hemc0__d7cpzebpk_file: Read-only file system (os error 30)
[INFO] [stdout] stack backtrace:
[INFO] [stdout]    0:     0x645417d96821 - <<std[617be2ca0a6fd877]::sys::backtrace::BacktraceLock>::print::DisplayBacktrace as core[a373ad73a504971]::fmt::Display>::fmt
[INFO] [stdout]    1:     0x645417dad84a - core[a373ad73a504971]::fmt::write
[INFO] [stdout]    2:     0x645417d9afac - <alloc[2e1b2a31b91974c5]::vec::Vec<u8> as core[a373ad73a504971]::io::write::Write>::write_fmt
[INFO] [stdout]    3:     0x645417d71de6 - std[617be2ca0a6fd877]::panicking::default_hook::{closure#0}
[INFO] [stdout]    4:     0x645417d8e929 - std[617be2ca0a6fd877]::panicking::default_hook
[INFO] [stdout]    5:     0x645417c82410 - test[aada8e7e76ba119b]::test_main_inner::{closure#0}
[INFO] [stdout]    6:     0x645417d8ec52 - std[617be2ca0a6fd877]::panicking::panic_with_hook
[INFO] [stdout]    7:     0x645417d71e92 - std[617be2ca0a6fd877]::panicking::panic_handler::{closure#0}
[INFO] [stdout]    8:     0x645417d6a489 - std[617be2ca0a6fd877]::sys::backtrace::__rust_end_short_backtrace::<std[617be2ca0a6fd877]::panicking::panic_handler::{closure#0}, !>
[INFO] [stdout]    9:     0x645417d72bad - __rustc[ea4f61d10b84890b]::rust_begin_unwind
[INFO] [stdout]   10:     0x645417dae02c - core[a373ad73a504971]::panicking::panic_fmt
[INFO] [stdout]   11:     0x645417b38af1 - rdv[54c749da75c8cf38]::testdocs::universe
[INFO] [stdout]   12:     0x645417b624dd - <rdv[54c749da75c8cf38]::docs::tests::crate_roots_have_no_parent::{closure#0} as core[a373ad73a504971]::ops::function::FnOnce<()>>::call_once
[INFO] [stdout]   13:     0x645417c7585b - test[aada8e7e76ba119b]::__rust_begin_short_backtrace::<core[a373ad73a504971]::result::Result<(), alloc[2e1b2a31b91974c5]::string::String>, fn() -> core[a373ad73a504971]::result::Result<(), alloc[2e1b2a31b91974c5]::string::String>>
[INFO] [stdout]   14:     0x645417c82a35 - test[aada8e7e76ba119b]::run_test::{closure#0}
[INFO] [stdout]   15:     0x645417c7c324 - std[617be2ca0a6fd877]::sys::backtrace::__rust_begin_short_backtrace::<test[aada8e7e76ba119b]::run_test::{closure#1}, ()>
[INFO] [stdout]   16:     0x645417c85ac2 - <std[617be2ca0a6fd877]::thread::lifecycle::spawn_unchecked<test[aada8e7e76ba119b]::run_test::{closure#1}, ()>::{closure#1} as core[a373ad73a504971]::ops::function::FnOnce<()>>::call_once::{shim:vtable#0}
[INFO] [stdout]   17:     0x645417d95d0f - <std[617be2ca0a6fd877]::sys::thread::unix::Thread>::new::thread_start
[INFO] [stdout]   18:     0x7ef225b66dfa - <unknown>
[INFO] [stdout]   19:     0x7ef225bfa3d4 - clone
[INFO] [stdout]   20:                0x0 - <unknown>
[INFO] [stdout] 
[INFO] [stdout] ---- ui::tests::an_opened_method_row_is_highlighted_on_screen stdout ----
[INFO] [stdout] 
[INFO] [stdout] thread 'ui::tests::an_opened_method_row_is_highlighted_on_screen' (2066) panicked at src/testdocs.rs:20:13:
[INFO] [stdout] these tests need the rustdoc JSON for std, which could not be loaded:
[INFO] [stdout] `rustc +nightly --print sysroot` failed: info: syncing channel updates for nightly-x86_64-unknown-linux-gnu
[INFO] [stdout] error: could not create temp file /opt/rustwide/rustup-home/tmp/xdyc8yx79yyoqvf6_file: Read-only file system (os error 30)
[INFO] [stdout] stack backtrace:
[INFO] [stdout]    0:     0x645417d96821 - <<std[617be2ca0a6fd877]::sys::backtrace::BacktraceLock>::print::DisplayBacktrace as core[a373ad73a504971]::fmt::Display>::fmt
[INFO] [stdout]    1:     0x645417dad84a - core[a373ad73a504971]::fmt::write
[INFO] [stdout]    2:     0x645417d9afac - <alloc[2e1b2a31b91974c5]::vec::Vec<u8> as core[a373ad73a504971]::io::write::Write>::write_fmt
[INFO] [stdout]    3:     0x645417d71de6 - std[617be2ca0a6fd877]::panicking::default_hook::{closure#0}
[INFO] [stdout]    4:     0x645417d8e929 - std[617be2ca0a6fd877]::panicking::default_hook
[INFO] [stdout]    5:     0x645417c82410 - test[aada8e7e76ba119b]::test_main_inner::{closure#0}
[INFO] [stdout]    6:     0x645417d8ec52 - std[617be2ca0a6fd877]::panicking::panic_with_hook
[INFO] [stdout]    7:     0x645417d71e92 - std[617be2ca0a6fd877]::panicking::panic_handler::{closure#0}
[INFO] [stdout]    8:     0x645417d6a489 - std[617be2ca0a6fd877]::sys::backtrace::__rust_end_short_backtrace::<std[617be2ca0a6fd877]::panicking::panic_handler::{closure#0}, !>
[INFO] [stdout]    9:     0x645417d72bad - __rustc[ea4f61d10b84890b]::rust_begin_unwind
[INFO] [stdout]   10:     0x645417dae02c - core[a373ad73a504971]::panicking::panic_fmt
[INFO] [stdout]   11:     0x645417b38af1 - rdv[54c749da75c8cf38]::testdocs::universe
[INFO] [stdout]   12:     0x645417b37a44 - rdv[54c749da75c8cf38]::testdocs::indexed
[INFO] [stdout]   13:     0x645417b52479 - rdv[54c749da75c8cf38]::ui::tests::an_opened_method_row_is_highlighted_on_screen
[INFO] [stdout]   14:     0x645417b57b39 - <rdv[54c749da75c8cf38]::ui::tests::an_opened_method_row_is_highlighted_on_screen::{closure#0} as core[a373ad73a504971]::ops::function::FnOnce<()>>::call_once
[INFO] [stdout]   15:     0x645417c7585b - test[aada8e7e76ba119b]::__rust_begin_short_backtrace::<core[a373ad73a504971]::result::Result<(), alloc[2e1b2a31b91974c5]::string::String>, fn() -> core[a373ad73a504971]::result::Result<(), alloc[2e1b2a31b91974c5]::string::String>>
[INFO] [stdout]   16:     0x645417c82a35 - test[aada8e7e76ba119b]::run_test::{closure#0}
[INFO] [stdout]   17:     0x645417c7c324 - std[617be2ca0a6fd877]::sys::backtrace::__rust_begin_short_backtrace::<test[aada8e7e76ba119b]::run_test::{closure#1}, ()>
[INFO] [stdout]   18:     0x645417c85ac2 - <std[617be2ca0a6fd877]::thread::lifecycle::spawn_unchecked<test[aada8e7e76ba119b]::run_test::{closure#1}, ()>::{closure#1} as core[a373ad73a504971]::ops::function::FnOnce<()>>::call_once::{shim:vtable#0}
[INFO] [stdout]   19:     0x645417d95d0f - <std[617be2ca0a6fd877]::sys::thread::unix::Thread>::new::thread_start
[INFO] [stdout]   20:     0x7ef225b66dfa - <unknown>
[INFO] [stdout]   21:     0x7ef225bfa3d4 - clone
[INFO] [stdout]   22:                0x0 - <unknown>
[INFO] [stdout] 
[INFO] [stdout] ---- page::tests::module_listings_hide_crate_internals stdout ----
[INFO] [stdout] 
[INFO] [stdout] thread 'page::tests::module_listings_hide_crate_internals' (1870) panicked at src/testdocs.rs:20:13:
[INFO] [stdout] these tests need the rustdoc JSON for std, which could not be loaded:
[INFO] [stdout] `rustc +nightly --print sysroot` failed: info: syncing channel updates for nightly-x86_64-unknown-linux-gnu
[INFO] [stdout] error: could not create temp file /opt/rustwide/rustup-home/tmp/mrs6cujrx1e2akre_file: Read-only file system (os error 30)
[INFO] [stdout] stack backtrace:
[INFO] [stdout]    0:     0x645417d96821 - <<std[617be2ca0a6fd877]::sys::backtrace::BacktraceLock>::print::DisplayBacktrace as core[a373ad73a504971]::fmt::Display>::fmt
[INFO] [stdout]    1:     0x645417dad84a - core[a373ad73a504971]::fmt::write
[INFO] [stdout]    2:     0x645417d9afac - <alloc[2e1b2a31b91974c5]::vec::Vec<u8> as core[a373ad73a504971]::io::write::Write>::write_fmt
[INFO] [stdout]    3:     0x645417d71de6 - std[617be2ca0a6fd877]::panicking::default_hook::{closure#0}
[INFO] [stdout]    4:     0x645417d8e929 - std[617be2ca0a6fd877]::panicking::default_hook
[INFO] [stdout]    5:     0x645417c82410 - test[aada8e7e76ba119b]::test_main_inner::{closure#0}
[INFO] [stdout]    6:     0x645417d8ec52 - std[617be2ca0a6fd877]::panicking::panic_with_hook
[INFO] [stdout]    7:     0x645417d71e92 - std[617be2ca0a6fd877]::panicking::panic_handler::{closure#0}
[INFO] [stdout]    8:     0x645417d6a489 - std[617be2ca0a6fd877]::sys::backtrace::__rust_end_short_backtrace::<std[617be2ca0a6fd877]::panicking::panic_handler::{closure#0}, !>
[INFO] [stdout]    9:     0x645417d72bad - __rustc[ea4f61d10b84890b]::rust_begin_unwind
[INFO] [stdout]   10:     0x645417dae02c - core[a373ad73a504971]::panicking::panic_fmt
[INFO] [stdout]   11:     0x645417b38af1 - rdv[54c749da75c8cf38]::testdocs::universe
[INFO] [stdout]   12:     0x645417b1dd41 - <rdv[54c749da75c8cf38]::page::tests::module_listings_hide_crate_internals::{closure#0} as core[a373ad73a504971]::ops::function::FnOnce<()>>::call_once
[INFO] [stdout]   13:     0x645417c7585b - test[aada8e7e76ba119b]::__rust_begin_short_backtrace::<core[a373ad73a504971]::result::Result<(), alloc[2e1b2a31b91974c5]::string::String>, fn() -> core[a373ad73a504971]::result::Result<(), alloc[2e1b2a31b91974c5]::string::String>>
[INFO] [stdout]   14:     0x645417c82a35 - test[aada8e7e76ba119b]::run_test::{closure#0}
[INFO] [stdout]   15:     0x645417c7c324 - std[617be2ca0a6fd877]::sys::backtrace::__rust_begin_short_backtrace::<test[aada8e7e76ba119b]::run_test::{closure#1}, ()>
[INFO] [stdout]   16:     0x645417c85ac2 - <std[617be2ca0a6fd877]::thread::lifecycle::spawn_unchecked<test[aada8e7e76ba119b]::run_test::{closure#1}, ()>::{closure#1} as core[a373ad73a504971]::ops::function::FnOnce<()>>::call_once::{shim:vtable#0}
[INFO] [stdout]   17:     0x645417d95d0f - <std[617be2ca0a6fd877]::sys::thread::unix::Thread>::new::thread_start
[INFO] [stdout]   18:     0x7ef225b66dfa - <unknown>
[INFO] [stdout]   19:     0x7ef225bfa3d4 - clone
[INFO] [stdout]   20:                0x0 - <unknown>
[INFO] [stdout] 
[INFO] [stdout] ---- tests::u_goes_up_while_ctrl_u_scrolls stdout ----
[INFO] [stdout] 
[INFO] [stdout] thread 'tests::u_goes_up_while_ctrl_u_scrolls' (2037) panicked at src/testdocs.rs:20:13:
[INFO] [stdout] these tests need the rustdoc JSON for std, which could not be loaded:
[INFO] [stdout] `rustc +nightly --print sysroot` failed: info: syncing channel updates for nightly-x86_64-unknown-linux-gnu
[INFO] [stdout] error: could not create temp file /opt/rustwide/rustup-home/tmp/9oouptv_3xj_a7i2_file: Read-only file system (os error 30)
[INFO] [stdout] stack backtrace:
[INFO] [stdout]    0:     0x645417d96821 - <<std[617be2ca0a6fd877]::sys::backtrace::BacktraceLock>::print::DisplayBacktrace as core[a373ad73a504971]::fmt::Display>::fmt
[INFO] [stdout]    1:     0x645417dad84a - core[a373ad73a504971]::fmt::write
[INFO] [stdout]    2:     0x645417d9afac - <alloc[2e1b2a31b91974c5]::vec::Vec<u8> as core[a373ad73a504971]::io::write::Write>::write_fmt
[INFO] [stdout]    3:     0x645417d71de6 - std[617be2ca0a6fd877]::panicking::default_hook::{closure#0}
[INFO] [stdout]    4:     0x645417d8e929 - std[617be2ca0a6fd877]::panicking::default_hook
[INFO] [stdout]    5:     0x645417c82410 - test[aada8e7e76ba119b]::test_main_inner::{closure#0}
[INFO] [stdout]    6:     0x645417d8ec52 - std[617be2ca0a6fd877]::panicking::panic_with_hook
[INFO] [stdout]    7:     0x645417d71e92 - std[617be2ca0a6fd877]::panicking::panic_handler::{closure#0}
[INFO] [stdout]    8:     0x645417d6a489 - std[617be2ca0a6fd877]::sys::backtrace::__rust_end_short_backtrace::<std[617be2ca0a6fd877]::panicking::panic_handler::{closure#0}, !>
[INFO] [stdout]    9:     0x645417d72bad - __rustc[ea4f61d10b84890b]::rust_begin_unwind
[INFO] [stdout]   10:     0x645417dae02c - core[a373ad73a504971]::panicking::panic_fmt
[INFO] [stdout]   11:     0x645417b38af1 - rdv[54c749da75c8cf38]::testdocs::universe
[INFO] [stdout]   12:     0x645417b37a44 - rdv[54c749da75c8cf38]::testdocs::indexed
[INFO] [stdout]   13:     0x645417b57715 - <rdv[54c749da75c8cf38]::tests::u_goes_up_while_ctrl_u_scrolls::{closure#0} as core[a373ad73a504971]::ops::function::FnOnce<()>>::call_once
[INFO] [stdout]   14:     0x645417c7585b - test[aada8e7e76ba119b]::__rust_begin_short_backtrace::<core[a373ad73a504971]::result::Result<(), alloc[2e1b2a31b91974c5]::string::String>, fn() -> core[a373ad73a504971]::result::Result<(), alloc[2e1b2a31b91974c5]::string::String>>
[INFO] [stdout]   15:     0x645417c82a35 - test[aada8e7e76ba119b]::run_test::{closure#0}
[INFO] [stdout]   16:     0x645417c7c324 - std[617be2ca0a6fd877]::sys::backtrace::__rust_begin_short_backtrace::<test[aada8e7e76ba119b]::run_test::{closure#1}, ()>
[INFO] [stdout]   17:     0x645417c85ac2 - <std[617be2ca0a6fd877]::thread::lifecycle::spawn_unchecked<test[aada8e7e76ba119b]::run_test::{closure#1}, ()>::{closure#1} as core[a373ad73a504971]::ops::function::FnOnce<()>>::call_once::{shim:vtable#0}
[INFO] [stdout]   18:     0x645417d95d0f - <std[617be2ca0a6fd877]::sys::thread::unix::Thread>::new::thread_start
[INFO] [stdout]   19:     0x7ef225b66dfa - <unknown>
[INFO] [stdout]   20:     0x7ef225bfa3d4 - clone
[INFO] [stdout]   21:                0x0 - <unknown>
[INFO] [stdout] 
[INFO] [stdout] 
[INFO] [stdout] failures:
[INFO] [stdout]     app::tests::a_focused_method_survives_a_width_change
[INFO] [stdout]     app::tests::a_free_function_keeps_its_own_page
[INFO] [stdout]     app::tests::first_shift_tab_starts_from_the_visible_page
[INFO] [stdout]     app::tests::focus_wraps_at_both_ends
[INFO] [stdout]     app::tests::history_holds_the_type_a_method_redirected_to
[INFO] [stdout]     app::tests::history_records_and_restores_scroll
[INFO] [stdout]     app::tests::jumping_to_bottom_does_not_move_the_section_cursor
[INFO] [stdout]     app::tests::opening_a_trait_method_unfolds_its_section
[INFO] [stdout]     app::tests::opening_an_inherent_method_lands_on_its_type
[INFO] [stdout]     app::tests::shift_tab_walks_links_backwards
[INFO] [stdout]     app::tests::starts_on_the_std_root_page
[INFO] [stdout]     app::tests::toggling_a_section_expands_it
[INFO] [stdout]     app::tests::u_at_the_crate_root_says_so_and_stays_put
[INFO] [stdout]     app::tests::u_goes_up_to_the_parent_and_records_history
[INFO] [stdout]     docs::tests::container_at_prefers_a_module_over_a_macro
[INFO] [stdout]     docs::tests::crate_roots_have_no_parent
[INFO] [stdout]     docs::tests::impls_resolve_within_owning_crate
[INFO] [stdout]     docs::tests::parent_of_a_reexported_type_finds_its_module
[INFO] [stdout]     docs::tests::parent_walks_up_to_the_crate_root
[INFO] [stdout]     docs::tests::resolves_reexports_across_crates
[INFO] [stdout]     index::tests::lowercase_queries_find_camel_case_types
[INFO] [stdout]     index::tests::well_known_names_rank_first
[INFO] [stdout]     page::tests::builds_a_page_for_string
[INFO] [stdout]     page::tests::doc_link_targets_carry_span_extents
[INFO] [stdout]     page::tests::groups_vec_impls_into_four_sections
[INFO] [stdout]     page::tests::impl_headers_are_highlighted_and_bold
[INFO] [stdout]     page::tests::method_docs_are_rendered_and_highlighted
[INFO] [stdout]     page::tests::module_listings_are_foldable_sections
[INFO] [stdout]     page::tests::module_listings_have_no_duplicate_names_per_section
[INFO] [stdout]     page::tests::module_listings_hide_crate_internals
[INFO] [stdout]     page::tests::module_pages_list_their_contents
[INFO] [stdout]     page::tests::option_variants_render
[INFO] [stdout]     tests::esc_does_not_quit
[INFO] [stdout]     tests::module_sections_step_and_fold
[INFO] [stdout]     tests::u_goes_up_while_ctrl_u_scrolls
[INFO] [stdout]     tests::u_types_into_the_search_query
[INFO] [stdout]     ui::tests::an_opened_method_row_is_highlighted_on_screen
[INFO] [stdout] 
[INFO] [stdout] test result: FAILED. 34 passed; 37 failed; 0 ignored; 0 measured; 0 filtered out; finished in 0.32s
[INFO] [stdout] 
[INFO] running `Command { std: "docker" "inspect" "4d8af641594abc7b6597b0220df9174744da2bb5980da15fb1d69e67a2840bb8", kill_on_drop: false }`
[INFO] running `Command { std: "docker" "rm" "-f" "4d8af641594abc7b6597b0220df9174744da2bb5980da15fb1d69e67a2840bb8", kill_on_drop: false }`
[INFO] [stdout] 4d8af641594abc7b6597b0220df9174744da2bb5980da15fb1d69e67a2840bb8
