[INFO] fetching crate rustdoc-json 0.9.10...
[INFO] testing rustdoc-json-0.9.10 against 1.100.0-beta.1+cargoflags=--release for beta-release-1.100-2
[INFO] extracting crate rustdoc-json 0.9.10 into /workspace/builds/worker-0-tc2/source
[INFO] started tweaking crates.io crate rustdoc-json 0.9.10
[INFO] removed 0 missing examples
[INFO] removed 0 missing tests
[INFO] finished tweaking crates.io crate rustdoc-json 0.9.10
[INFO] tweaked toml for crates.io crate rustdoc-json 0.9.10 written to /workspace/builds/worker-0-tc2/source/Cargo.toml
[INFO] validating manifest of crates.io crate rustdoc-json 0.9.10 on toolchain 1.100.0-beta.1
[INFO] running `Command { std: CARGO_HOME="/workspace/cargo-home" RUSTUP_HOME="/workspace/rustup-home" "/workspace/cargo-home/bin/cargo" "+1.100.0-beta.1" "metadata" "--manifest-path" "Cargo.toml" "--no-deps", kill_on_drop: false }`
[INFO] crate crates.io crate rustdoc-json 0.9.10 already has a lockfile, it will not be regenerated
[INFO] running `Command { std: CARGO_HOME="/workspace/cargo-home" RUSTUP_HOME="/workspace/rustup-home" "/workspace/cargo-home/bin/cargo" "+1.100.0-beta.1" "fetch" "--manifest-path" "Cargo.toml", kill_on_drop: false }`
[INFO] [stderr] warning: `package.homepage` is redundant with `package.repository`
[INFO] [stderr]   --> Cargo.toml:53:12
[INFO] [stderr]    |
[INFO] [stderr] 53 | homepage = "https://github.com/cargo-public-api/cargo-public-api/tree/main/rustdoc-json"
[INFO] [stderr]    |            ^^^^^^^^^^^^^^^^^^^^^^^^^^^^^^^^^^^^^^^^^^^^^^^^^^^^^^^^^^^^^^^^^^^^^^^^^^^^^
[INFO] [stderr] ...
[INFO] [stderr] 58 | repository = "https://github.com/cargo-public-api/cargo-public-api/tree/main/rustdoc-json"
[INFO] [stderr]    |              -----------------------------------------------------------------------------
[INFO] [stderr]    |
[INFO] [stderr]    = note: `cargo::redundant_homepage` is set to `warn` by default
[INFO] [stderr] help: consider removing `package.homepage`
[INFO] [stderr] warning: `rustdoc-json` (manifest) generated 1 warning
[INFO] [stderr]     Blocking waiting for file lock on package cache
[INFO] running `Command { std: "docker" "create" "-v" "/var/lib/crater-agent-workspace/builds/worker-0-tc2/source:/opt/rustwide/workdir:ro,Z" "-v" "/var/lib/crater-agent-workspace/builds/worker-0-tc2/target:/opt/rustwide/target:rw,Z" "-v" "/var/lib/crater-agent-workspace/cargo-home:/opt/rustwide/cargo-home:ro,Z" "-v" "/var/lib/crater-agent-workspace/rustup-home:/opt/rustwide/rustup-home:ro,Z" "-m" "1610612736" "--network" "none" "ghcr.io/rust-lang/crates-build-env/linux@sha256:77db811e55d90add9212f6832c23229e3de5f1c1f9905e8cb07319ea15df73ac" "sleep" "infinity", kill_on_drop: false }`
[INFO] [stdout] cf5ab8ee2c831c2d7bb823b8a484c1ecdc681f5ccbbd108565cc44b7b30f308a
[INFO] running `Command { std: "docker" "start" "cf5ab8ee2c831c2d7bb823b8a484c1ecdc681f5ccbbd108565cc44b7b30f308a", kill_on_drop: false }`
[INFO] running `Command { std: "docker" "inspect" "cf5ab8ee2c831c2d7bb823b8a484c1ecdc681f5ccbbd108565cc44b7b30f308a", kill_on_drop: false }`
[INFO] running `Command { std: "docker" "exec" "-e" "SOURCE_DIR=/opt/rustwide/workdir" "-e" "CARGO_HOME=/opt/rustwide/cargo-home" "-e" "RUSTUP_HOME=/opt/rustwide/rustup-home" "-e" "CARGO_TARGET_DIR=/opt/rustwide/target" "-w" "/opt/rustwide/workdir" "--user" "0:0" "cf5ab8ee2c831c2d7bb823b8a484c1ecdc681f5ccbbd108565cc44b7b30f308a" "/opt/rustwide/cargo-home/bin/cargo" "+1.100.0-beta.1" "metadata" "--no-deps" "--format-version=1", kill_on_drop: false }`
[INFO] running `Command { std: "docker" "inspect" "cf5ab8ee2c831c2d7bb823b8a484c1ecdc681f5ccbbd108565cc44b7b30f308a", kill_on_drop: false }`
[INFO] running `Command { std: "docker" "exec" "-e" "SOURCE_DIR=/opt/rustwide/workdir" "-e" "CARGO_HOME=/opt/rustwide/cargo-home" "-e" "RUSTUP_HOME=/opt/rustwide/rustup-home" "-e" "CARGO_TARGET_DIR=/opt/rustwide/target" "-e" "CARGO_INCREMENTAL=0" "-e" "RUST_BACKTRACE=full" "-e" "RUSTFLAGS=--cap-lints=warn" "-e" "RUSTDOCFLAGS=--cap-lints=warn" "-w" "/opt/rustwide/workdir" "--user" "0:0" "cf5ab8ee2c831c2d7bb823b8a484c1ecdc681f5ccbbd108565cc44b7b30f308a" "/opt/rustwide/cargo-home/bin/cargo" "+1.100.0-beta.1" "build" "--frozen" "--message-format=json" "--release", kill_on_drop: false }`
[INFO] [stderr] warning: `package.homepage` is redundant with `package.repository`
[INFO] [stderr]   --> Cargo.toml:53:12
[INFO] [stderr]    |
[INFO] [stderr] 53 | homepage = "https://github.com/cargo-public-api/cargo-public-api/tree/main/rustdoc-json"
[INFO] [stderr]    |            ^^^^^^^^^^^^^^^^^^^^^^^^^^^^^^^^^^^^^^^^^^^^^^^^^^^^^^^^^^^^^^^^^^^^^^^^^^^^^
[INFO] [stderr] ...
[INFO] [stderr] 58 | repository = "https://github.com/cargo-public-api/cargo-public-api/tree/main/rustdoc-json"
[INFO] [stderr]    |              -----------------------------------------------------------------------------
[INFO] [stderr]    |
[INFO] [stderr]    = note: `cargo::redundant_homepage` is set to `warn` by default
[INFO] [stderr] help: consider removing `package.homepage`
[INFO] [stderr] warning: `rustdoc-json` (manifest) generated 1 warning
[INFO] [stderr]    Compiling quote v1.0.42
[INFO] [stderr]    Compiling thiserror v2.0.12
[INFO] [stderr]    Compiling equivalent v1.0.0
[INFO] [stderr]    Compiling camino v1.1.11
[INFO] [stderr]    Compiling semver v1.0.26
[INFO] [stderr]    Compiling serde_json v1.0.143
[INFO] [stderr]    Compiling ryu v1.0.13
[INFO] [stderr]    Compiling itoa v1.0.6
[INFO] [stderr]    Compiling indexmap v2.13.0
[INFO] [stderr]    Compiling tracing-core v0.1.35
[INFO] [stderr]    Compiling serde_spanned v1.0.4
[INFO] [stderr]    Compiling toml_datetime v1.0.0+spec-1.1.0
[INFO] [stderr]    Compiling toml_parser v1.0.9+spec-1.1.0
[INFO] [stderr]    Compiling pin-project-lite v0.2.13
[INFO] [stderr]    Compiling toml_writer v1.0.6+spec-1.1.0
[INFO] [stderr]    Compiling syn v2.0.111
[INFO] [stderr]    Compiling toml v1.0.3+spec-1.1.0
[INFO] [stderr]    Compiling serde_derive v1.0.228
[INFO] [stderr]    Compiling thiserror-impl v2.0.12
[INFO] [stderr]    Compiling tracing-attributes v0.1.31
[INFO] [stderr]    Compiling tracing v0.1.43
[INFO] [stderr]    Compiling serde v1.0.228
[INFO] [stderr]    Compiling toml_datetime v0.6.11
[INFO] [stderr]    Compiling serde_spanned v0.6.9
[INFO] [stderr]    Compiling cargo-platform v0.3.0
[INFO] [stderr]    Compiling toml_edit v0.22.27
[INFO] [stderr]    Compiling cargo_metadata v0.23.1
[INFO] [stderr]    Compiling toml v0.8.23
[INFO] [stderr]    Compiling cargo-manifest v0.20.0
[INFO] [stderr]    Compiling rustdoc-json v0.9.10 (/opt/rustwide/workdir)
[INFO] [stderr] warning: unused dependency `toml`
[INFO] [stderr]   --> Cargo.toml:18:15
[INFO] [stderr]    |
[INFO] [stderr] 18 | [dependencies.toml]
[INFO] [stderr]    |               ^^^^^
[INFO] [stderr]    |
[INFO] [stderr]    = note: `cargo::unused_dependencies` is set to `warn` by default
[INFO] [stderr] help: consider removing the dependency on `toml`
[INFO] [stderr] warning: `rustdoc-json` (manifest) generated 1 warning
[INFO] [stderr]     Finished `release` profile [optimized] target(s) in 1m 13s
[INFO] running `Command { std: "docker" "inspect" "cf5ab8ee2c831c2d7bb823b8a484c1ecdc681f5ccbbd108565cc44b7b30f308a", kill_on_drop: false }`
[INFO] running `Command { std: "docker" "exec" "-e" "SOURCE_DIR=/opt/rustwide/workdir" "-e" "CARGO_HOME=/opt/rustwide/cargo-home" "-e" "RUSTUP_HOME=/opt/rustwide/rustup-home" "-e" "CARGO_TARGET_DIR=/opt/rustwide/target" "-e" "CARGO_INCREMENTAL=0" "-e" "RUST_BACKTRACE=full" "-e" "RUSTFLAGS=--cap-lints=warn" "-e" "RUSTDOCFLAGS=--cap-lints=warn" "-w" "/opt/rustwide/workdir" "--user" "0:0" "cf5ab8ee2c831c2d7bb823b8a484c1ecdc681f5ccbbd108565cc44b7b30f308a" "/opt/rustwide/cargo-home/bin/cargo" "+1.100.0-beta.1" "test" "--frozen" "--no-run" "--message-format=json" "--release", kill_on_drop: false }`
[INFO] [stderr] warning: `package.homepage` is redundant with `package.repository`
[INFO] [stderr]   --> Cargo.toml:53:12
[INFO] [stderr]    |
[INFO] [stderr] 53 | homepage = "https://github.com/cargo-public-api/cargo-public-api/tree/main/rustdoc-json"
[INFO] [stderr]    |            ^^^^^^^^^^^^^^^^^^^^^^^^^^^^^^^^^^^^^^^^^^^^^^^^^^^^^^^^^^^^^^^^^^^^^^^^^^^^^
[INFO] [stderr] ...
[INFO] [stderr] 58 | repository = "https://github.com/cargo-public-api/cargo-public-api/tree/main/rustdoc-json"
[INFO] [stderr]    |              -----------------------------------------------------------------------------
[INFO] [stderr]    |
[INFO] [stderr]    = note: `cargo::redundant_homepage` is set to `warn` by default
[INFO] [stderr] help: consider removing `package.homepage`
[INFO] [stderr] warning: `rustdoc-json` (manifest) generated 1 warning
[INFO] [stderr]    Compiling predicates-core v1.0.9
[INFO] [stderr]    Compiling assert_cmd v2.2.0
[INFO] [stderr]    Compiling regex-automata v0.4.10
[INFO] [stderr]    Compiling bitflags v2.4.1
[INFO] [stderr]    Compiling difflib v0.4.0
[INFO] [stderr]    Compiling getrandom v0.3.4
[INFO] [stderr]    Compiling wait-timeout v0.2.1
[INFO] [stderr]    Compiling predicates-tree v1.0.12
[INFO] [stderr]    Compiling rustix v1.1.4
[INFO] [stderr]    Compiling predicates v3.1.4
[INFO] [stderr]    Compiling bstr v1.12.1
[INFO] [stderr]    Compiling tempfile v3.27.0
[INFO] [stderr]    Compiling rustdoc-json v0.9.10 (/opt/rustwide/workdir)
[INFO] [stderr] warning: unused dependency `toml`
[INFO] [stderr]   --> Cargo.toml:18:15
[INFO] [stderr]    |
[INFO] [stderr] 18 | [dependencies.toml]
[INFO] [stderr]    |               ^^^^^
[INFO] [stderr]    |
[INFO] [stderr]    = note: `cargo::unused_dependencies` is set to `warn` by default
[INFO] [stderr] help: consider removing the dependency on `toml`
[INFO] [stderr] warning: `rustdoc-json` (manifest) generated 1 warning
[INFO] [stderr]     Finished `release` profile [optimized] target(s) in 26.65s
[INFO] running `Command { std: "docker" "inspect" "cf5ab8ee2c831c2d7bb823b8a484c1ecdc681f5ccbbd108565cc44b7b30f308a", kill_on_drop: false }`
[INFO] running `Command { std: "docker" "exec" "-e" "SOURCE_DIR=/opt/rustwide/workdir" "-e" "CARGO_HOME=/opt/rustwide/cargo-home" "-e" "RUSTUP_HOME=/opt/rustwide/rustup-home" "-e" "CARGO_TARGET_DIR=/opt/rustwide/target" "-e" "CARGO_INCREMENTAL=0" "-e" "RUST_BACKTRACE=full" "-e" "RUSTFLAGS=--cap-lints=warn" "-e" "RUSTDOCFLAGS=--cap-lints=warn" "-w" "/opt/rustwide/workdir" "--user" "0:0" "cf5ab8ee2c831c2d7bb823b8a484c1ecdc681f5ccbbd108565cc44b7b30f308a" "/opt/rustwide/cargo-home/bin/cargo" "+1.100.0-beta.1" "test" "--frozen" "--release", kill_on_drop: false }`
[INFO] [stderr] warning: `package.homepage` is redundant with `package.repository`
[INFO] [stderr]   --> Cargo.toml:53:12
[INFO] [stderr]    |
[INFO] [stderr] 53 | homepage = "https://github.com/cargo-public-api/cargo-public-api/tree/main/rustdoc-json"
[INFO] [stderr]    |            ^^^^^^^^^^^^^^^^^^^^^^^^^^^^^^^^^^^^^^^^^^^^^^^^^^^^^^^^^^^^^^^^^^^^^^^^^^^^^
[INFO] [stderr] ...
[INFO] [stderr] 58 | repository = "https://github.com/cargo-public-api/cargo-public-api/tree/main/rustdoc-json"
[INFO] [stderr]    |              -----------------------------------------------------------------------------
[INFO] [stderr]    |
[INFO] [stderr]    = note: `cargo::redundant_homepage` is set to `warn` by default
[INFO] [stderr] help: consider removing `package.homepage`
[INFO] [stderr] warning: `rustdoc-json` (manifest) generated 1 warning
[INFO] [stderr] warning: unused dependency `toml`
[INFO] [stderr]   --> Cargo.toml:18:15
[INFO] [stderr]    |
[INFO] [stderr] 18 | [dependencies.toml]
[INFO] [stderr]    |               ^^^^^
[INFO] [stderr]    |
[INFO] [stderr]    = note: `cargo::unused_dependencies` is set to `warn` by default
[INFO] [stderr] help: consider removing the dependency on `toml`
[INFO] [stderr] warning: `rustdoc-json` (manifest) generated 1 warning
[INFO] [stderr]     Finished `release` profile [optimized] target(s) in 0.10s
[INFO] [stderr]      Running unittests src/lib.rs (/opt/rustwide/target/release/build/rustdoc-json/f64b51a7d89df67a/out/rustdoc_json-f64b51a7d89df67a)
[INFO] [stdout] 
[INFO] [stdout] running 1 test
[INFO] [stdout] test builder::tests::ensure_toolchain_not_overridden ... ok
[INFO] [stdout] 
[INFO] [stdout] test result: ok. 1 passed; 0 failed; 0 ignored; 0 measured; 0 filtered out; finished in 0.00s
[INFO] [stdout] 
[INFO] [stderr]      Running unittests src/bin/test-silent-build.rs (/opt/rustwide/target/release/build/rustdoc-json/43a8934670c71599/out/test_silent_build-43a8934670c71599)
[INFO] [stdout] 
[INFO] [stdout] running 0 tests
[INFO] [stdout] 
[INFO] [stdout] test result: ok. 0 passed; 0 failed; 0 ignored; 0 measured; 0 filtered out; finished in 0.00s
[INFO] [stdout] 
[INFO] [stdout] 
[INFO] [stderr]      Running tests/rustdoc-json-lib-tests.rs (/opt/rustwide/target/release/build/rustdoc-json/e9874d2000e71511/out/rustdoc_json_lib_tests-e9874d2000e71511)
[INFO] [stdout] running 11 tests
[INFO] [stderr] error: toolchain 'nightly-x86_64-unknown-linux-gnu' is not installed
[INFO] [stderr] help: run `rustup toolchain install nightly-x86_64-unknown-linux-gnu` to install it
[INFO] [stderr] error: toolchain 'nightly-x86_64-unknown-linux-gnu' is not installed
[INFO] [stderr] help: run `rustup toolchain install nightly-x86_64-unknown-linux-gnu` to install it
[INFO] [stdout] test ensure_workspace_inheritance_works ... FAILED
[INFO] [stdout] test package_target_bin_2 ... FAILED
[INFO] [stdout] test package_target_test ... FAILED
[INFO] [stderr] error: toolchain 'nightly-x86_64-unknown-linux-gnu' is not installed
[INFO] [stderr] help: run `rustup toolchain install nightly-x86_64-unknown-linux-gnu` to install it
[INFO] [stderr] error: toolchain 'nightly-x86_64-unknown-linux-gnu' is not installed
[INFO] [stderr] help: run `rustup toolchain install nightly-x86_64-unknown-linux-gnu` to install it
[INFO] [stderr] error: toolchain 'nightly-x86_64-unknown-linux-gnu' is not installed
[INFO] [stderr] help: run `rustup toolchain install nightly-x86_64-unknown-linux-gnu` to install it
[INFO] [stdout] test pass_environment_variable ... FAILED
[INFO] [stdout] test resolver_3 ... FAILED
[INFO] [stdout] test package_target_bin_with_hyphen ... FAILED
[INFO] [stderr] error: toolchain 'nightly-x86_64-unknown-linux-gnu' is not installed
[INFO] [stderr] help: run `rustup toolchain install nightly-x86_64-unknown-linux-gnu` to install it
[INFO] [stdout] test package_target_bin ... FAILED
[INFO] [stderr] error: toolchain 'nightly-x86_64-unknown-linux-gnu' is not installed
[INFO] [stderr] help: run `rustup toolchain install nightly-x86_64-unknown-linux-gnu` to install it
[INFO] [stdout] test capture_output ... FAILED
[INFO] [stdout] test package_target_example ... FAILED
[INFO] [stderr] error: toolchain 'nightly-x86_64-unknown-linux-gnu' is not installed
[INFO] [stderr] help: run `rustup toolchain install nightly-x86_64-unknown-linux-gnu` to install it
[INFO] [stdout] test package_target_bench ... FAILED
[INFO] [stdout] test silent_build ... ok
[INFO] [stdout] 
[INFO] [stdout] failures:
[INFO] [stdout] 
[INFO] [stdout] ---- ensure_workspace_inheritance_works stdout ----
[INFO] [stdout] 
[INFO] [stdout] thread 'ensure_workspace_inheritance_works' (1051) panicked at tests/rustdoc-json-lib-tests.rs:12:10:
[INFO] [stdout] called `Result::unwrap()` on an `Err` value: CargoManifestError(Io(Os { code: 2, kind: NotFound, message: "No such file or directory" }))
[INFO] [stdout] stack backtrace:
[INFO] [stdout]    0:     0x58c2b522d871 - <<std[617be2ca0a6fd877]::sys::backtrace::BacktraceLock>::print::DisplayBacktrace as core[a373ad73a504971]::fmt::Display>::fmt
[INFO] [stdout]    1:     0x58c2b52448aa - core[a373ad73a504971]::fmt::write
[INFO] [stdout]    2:     0x58c2b523338c - <alloc[2e1b2a31b91974c5]::vec::Vec<u8> as core[a373ad73a504971]::io::write::Write>::write_fmt
[INFO] [stdout]    3:     0x58c2b5207466 - std[617be2ca0a6fd877]::panicking::default_hook::{closure#0}
[INFO] [stdout]    4:     0x58c2b52250f9 - std[617be2ca0a6fd877]::panicking::default_hook
[INFO] [stdout]    5:     0x58c2b50acee0 - test[aada8e7e76ba119b]::test_main_inner::{closure#0}
[INFO] [stdout]    6:     0x58c2b52252b2 - std[617be2ca0a6fd877]::panicking::panic_with_hook
[INFO] [stdout]    7:     0x58c2b5207512 - std[617be2ca0a6fd877]::panicking::panic_handler::{closure#0}
[INFO] [stdout]    8:     0x58c2b51ffed9 - std[617be2ca0a6fd877]::sys::backtrace::__rust_end_short_backtrace::<std[617be2ca0a6fd877]::panicking::panic_handler::{closure#0}, !>
[INFO] [stdout]    9:     0x58c2b520811d - __rustc[ea4f61d10b84890b]::rust_begin_unwind
[INFO] [stdout]   10:     0x58c2b524508c - core[a373ad73a504971]::panicking::panic_fmt
[INFO] [stdout]   11:     0x58c2b5244e62 - core[a373ad73a504971]::result::unwrap_failed
[INFO] [stdout]   12:     0x58c2b50856c5 - <rustdoc_json_lib_tests[a966403009c8ac65]::ensure_workspace_inheritance_works::{closure#0} as core[a373ad73a504971]::ops::function::FnOnce<()>>::call_once
[INFO] [stdout]   13:     0x58c2b50a032b - test[aada8e7e76ba119b]::__rust_begin_short_backtrace::<core[a373ad73a504971]::result::Result<(), alloc[2e1b2a31b91974c5]::string::String>, fn() -> core[a373ad73a504971]::result::Result<(), alloc[2e1b2a31b91974c5]::string::String>>
[INFO] [stdout]   14:     0x58c2b50ad505 - test[aada8e7e76ba119b]::run_test::{closure#0}
[INFO] [stdout]   15:     0x58c2b50a6df4 - std[617be2ca0a6fd877]::sys::backtrace::__rust_begin_short_backtrace::<test[aada8e7e76ba119b]::run_test::{closure#1}, ()>
[INFO] [stdout]   16:     0x58c2b50b0592 - <std[617be2ca0a6fd877]::thread::lifecycle::spawn_unchecked<test[aada8e7e76ba119b]::run_test::{closure#1}, ()>::{closure#1} as core[a373ad73a504971]::ops::function::FnOnce<()>>::call_once::{shim:vtable#0}
[INFO] [stdout]   17:     0x58c2b522cd0f - <std[617be2ca0a6fd877]::sys::thread::unix::Thread>::new::thread_start
[INFO] [stdout]   18:     0x76097a63cdfa - <unknown>
[INFO] [stdout]   19:     0x76097a6d03d4 - clone
[INFO] [stdout]   20:                0x0 - <unknown>
[INFO] [stdout] 
[INFO] [stdout] ---- package_target_bin_2 stdout ----
[INFO] [stdout] 
[INFO] [stdout] thread 'package_target_bin_2' (1054) panicked at tests/rustdoc-json-lib-tests.rs:74:10:
[INFO] [stdout] called `Result::unwrap()` on an `Err` value: CargoManifestError(Io(Os { code: 2, kind: NotFound, message: "No such file or directory" }))
[INFO] [stdout] stack backtrace:
[INFO] [stdout]    0:     0x58c2b522d871 - <<std[617be2ca0a6fd877]::sys::backtrace::BacktraceLock>::print::DisplayBacktrace as core[a373ad73a504971]::fmt::Display>::fmt
[INFO] [stdout]    1:     0x58c2b52448aa - core[a373ad73a504971]::fmt::write
[INFO] [stdout]    2:     0x58c2b523338c - <alloc[2e1b2a31b91974c5]::vec::Vec<u8> as core[a373ad73a504971]::io::write::Write>::write_fmt
[INFO] [stdout]    3:     0x58c2b5207466 - std[617be2ca0a6fd877]::panicking::default_hook::{closure#0}
[INFO] [stdout]    4:     0x58c2b52250f9 - std[617be2ca0a6fd877]::panicking::default_hook
[INFO] [stdout]    5:     0x58c2b50acee0 - test[aada8e7e76ba119b]::test_main_inner::{closure#0}
[INFO] [stdout]    6:     0x58c2b52252b2 - std[617be2ca0a6fd877]::panicking::panic_with_hook
[INFO] [stdout]    7:     0x58c2b5207512 - std[617be2ca0a6fd877]::panicking::panic_handler::{closure#0}
[INFO] [stdout]    8:     0x58c2b51ffed9 - std[617be2ca0a6fd877]::sys::backtrace::__rust_end_short_backtrace::<std[617be2ca0a6fd877]::panicking::panic_handler::{closure#0}, !>
[INFO] [stdout]    9:     0x58c2b520811d - __rustc[ea4f61d10b84890b]::rust_begin_unwind
[INFO] [stdout]   10:     0x58c2b524508c - core[a373ad73a504971]::panicking::panic_fmt
[INFO] [stdout]   11:     0x58c2b5244e62 - core[a373ad73a504971]::result::unwrap_failed
[INFO] [stdout]   12:     0x58c2b50831ab - rustdoc_json_lib_tests[a966403009c8ac65]::test_alternative_package_target
[INFO] [stdout]   13:     0x58c2b5084b94 - <rustdoc_json_lib_tests[a966403009c8ac65]::package_target_bin_2::{closure#0} as core[a373ad73a504971]::ops::function::FnOnce<()>>::call_once
[INFO] [stdout]   14:     0x58c2b50a032b - test[aada8e7e76ba119b]::__rust_begin_short_backtrace::<core[a373ad73a504971]::result::Result<(), alloc[2e1b2a31b91974c5]::string::String>, fn() -> core[a373ad73a504971]::result::Result<(), alloc[2e1b2a31b91974c5]::string::String>>
[INFO] [stdout]   15:     0x58c2b50ad505 - test[aada8e7e76ba119b]::run_test::{closure#0}
[INFO] [stdout]   16:     0x58c2b50a6df4 - std[617be2ca0a6fd877]::sys::backtrace::__rust_begin_short_backtrace::<test[aada8e7e76ba119b]::run_test::{closure#1}, ()>
[INFO] [stdout]   17:     0x58c2b50b0592 - <std[617be2ca0a6fd877]::thread::lifecycle::spawn_unchecked<test[aada8e7e76ba119b]::run_test::{closure#1}, ()>::{closure#1} as core[a373ad73a504971]::ops::function::FnOnce<()>>::call_once::{shim:vtable#0}
[INFO] [stdout]   18:     0x58c2b522cd0f - <std[617be2ca0a6fd877]::sys::thread::unix::Thread>::new::thread_start
[INFO] [stdout]   19:     0x76097a63cdfa - <unknown>
[INFO] [stdout]   20:     0x76097a6d03d4 - clone
[INFO] [stdout]   21:                0x0 - <unknown>
[INFO] [stdout] 
[INFO] [stdout] ---- package_target_test stdout ----
[INFO] [stdout] 
[INFO] [stdout] thread 'package_target_test' (1061) panicked at tests/rustdoc-json-lib-tests.rs:74:10:
[INFO] [stdout] called `Result::unwrap()` on an `Err` value: CargoManifestError(Io(Os { code: 2, kind: NotFound, message: "No such file or directory" }))
[INFO] [stdout] stack backtrace:
[INFO] [stdout]    0:     0x58c2b522d871 - <<std[617be2ca0a6fd877]::sys::backtrace::BacktraceLock>::print::DisplayBacktrace as core[a373ad73a504971]::fmt::Display>::fmt
[INFO] [stdout]    1:     0x58c2b52448aa - core[a373ad73a504971]::fmt::write
[INFO] [stdout]    2:     0x58c2b523338c - <alloc[2e1b2a31b91974c5]::vec::Vec<u8> as core[a373ad73a504971]::io::write::Write>::write_fmt
[INFO] [stdout]    3:     0x58c2b5207466 - std[617be2ca0a6fd877]::panicking::default_hook::{closure#0}
[INFO] [stdout]    4:     0x58c2b52250f9 - std[617be2ca0a6fd877]::panicking::default_hook
[INFO] [stdout]    5:     0x58c2b50acee0 - test[aada8e7e76ba119b]::test_main_inner::{closure#0}
[INFO] [stdout]    6:     0x58c2b52252b2 - std[617be2ca0a6fd877]::panicking::panic_with_hook
[INFO] [stdout]    7:     0x58c2b5207512 - std[617be2ca0a6fd877]::panicking::panic_handler::{closure#0}
[INFO] [stdout]    8:     0x58c2b51ffed9 - std[617be2ca0a6fd877]::sys::backtrace::__rust_end_short_backtrace::<std[617be2ca0a6fd877]::panicking::panic_handler::{closure#0}, !>
[INFO] [stdout]    9:     0x58c2b520811d - __rustc[ea4f61d10b84890b]::rust_begin_unwind
[INFO] [stdout]   10:     0x58c2b524508c - core[a373ad73a504971]::panicking::panic_fmt
[INFO] [stdout]   11:     0x58c2b5244e62 - core[a373ad73a504971]::result::unwrap_failed
[INFO] [stdout]   12:     0x58c2b50831ab - rustdoc_json_lib_tests[a966403009c8ac65]::test_alternative_package_target
[INFO] [stdout]   13:     0x58c2b5084aa0 - <rustdoc_json_lib_tests[a966403009c8ac65]::package_target_test::{closure#0} as core[a373ad73a504971]::ops::function::FnOnce<()>>::call_once
[INFO] [stdout]   14:     0x58c2b50a032b - test[aada8e7e76ba119b]::__rust_begin_short_backtrace::<core[a373ad73a504971]::result::Result<(), alloc[2e1b2a31b91974c5]::string::String>, fn() -> core[a373ad73a504971]::result::Result<(), alloc[2e1b2a31b91974c5]::string::String>>
[INFO] [stdout]   15:     0x58c2b50ad505 - test[aada8e7e76ba119b]::run_test::{closure#0}
[INFO] [stdout]   16:     0x58c2b50a6df4 - std[617be2ca0a6fd877]::sys::backtrace::__rust_begin_short_backtrace::<test[aada8e7e76ba119b]::run_test::{closure#1}, ()>
[INFO] [stdout]   17:     0x58c2b50b0592 - <std[617be2ca0a6fd877]::thread::lifecycle::spawn_unchecked<test[aada8e7e76ba119b]::run_test::{closure#1}, ()>::{closure#1} as core[a373ad73a504971]::ops::function::FnOnce<()>>::call_once::{shim:vtable#0}
[INFO] [stdout]   18:     0x58c2b522cd0f - <std[617be2ca0a6fd877]::sys::thread::unix::Thread>::new::thread_start
[INFO] [stdout]   19:     0x76097a63cdfa - <unknown>
[INFO] [stdout]   20:     0x76097a6d03d4 - clone
[INFO] [stdout]   21:                0x0 - <unknown>
[INFO] [stdout] 
[INFO] [stdout] ---- pass_environment_variable stdout ----
[INFO] [stdout] 
[INFO] [stdout] thread 'pass_environment_variable' (1159) panicked at tests/rustdoc-json-lib-tests.rs:154:5:
[INFO] [stdout] assertion failed: matches!(result, Err(rustdoc_json::BuildError::BuildRustdocJsonError))
[INFO] [stdout] stack backtrace:
[INFO] [stdout]    0:     0x58c2b522d871 - <<std[617be2ca0a6fd877]::sys::backtrace::BacktraceLock>::print::DisplayBacktrace as core[a373ad73a504971]::fmt::Display>::fmt
[INFO] [stdout]    1:     0x58c2b52448aa - core[a373ad73a504971]::fmt::write
[INFO] [stdout]    2:     0x58c2b523338c - <alloc[2e1b2a31b91974c5]::vec::Vec<u8> as core[a373ad73a504971]::io::write::Write>::write_fmt
[INFO] [stdout]    3:     0x58c2b5207466 - std[617be2ca0a6fd877]::panicking::default_hook::{closure#0}
[INFO] [stdout]    4:     0x58c2b52250f9 - std[617be2ca0a6fd877]::panicking::default_hook
[INFO] [stdout]    5:     0x58c2b50acee0 - test[aada8e7e76ba119b]::test_main_inner::{closure#0}
[INFO] [stdout]    6:     0x58c2b52252b2 - std[617be2ca0a6fd877]::panicking::panic_with_hook
[INFO] [stdout]    7:     0x58c2b5207544 - std[617be2ca0a6fd877]::panicking::panic_handler::{closure#0}
[INFO] [stdout]    8:     0x58c2b51ffed9 - std[617be2ca0a6fd877]::sys::backtrace::__rust_end_short_backtrace::<std[617be2ca0a6fd877]::panicking::panic_handler::{closure#0}, !>
[INFO] [stdout]    9:     0x58c2b520811d - __rustc[ea4f61d10b84890b]::rust_begin_unwind
[INFO] [stdout]   10:     0x58c2b524508c - core[a373ad73a504971]::panicking::panic_fmt
[INFO] [stdout]   11:     0x58c2b5245052 - core[a373ad73a504971]::panicking::panic
[INFO] [stdout]   12:     0x58c2b5084fe4 - <rustdoc_json_lib_tests[a966403009c8ac65]::pass_environment_variable::{closure#0} as core[a373ad73a504971]::ops::function::FnOnce<()>>::call_once
[INFO] [stdout]   13:     0x58c2b50a032b - test[aada8e7e76ba119b]::__rust_begin_short_backtrace::<core[a373ad73a504971]::result::Result<(), alloc[2e1b2a31b91974c5]::string::String>, fn() -> core[a373ad73a504971]::result::Result<(), alloc[2e1b2a31b91974c5]::string::String>>
[INFO] [stdout]   14:     0x58c2b50ad505 - test[aada8e7e76ba119b]::run_test::{closure#0}
[INFO] [stdout]   15:     0x58c2b50a6df4 - std[617be2ca0a6fd877]::sys::backtrace::__rust_begin_short_backtrace::<test[aada8e7e76ba119b]::run_test::{closure#1}, ()>
[INFO] [stdout]   16:     0x58c2b50b0592 - <std[617be2ca0a6fd877]::thread::lifecycle::spawn_unchecked<test[aada8e7e76ba119b]::run_test::{closure#1}, ()>::{closure#1} as core[a373ad73a504971]::ops::function::FnOnce<()>>::call_once::{shim:vtable#0}
[INFO] [stdout]   17:     0x58c2b522cd0f - <std[617be2ca0a6fd877]::sys::thread::unix::Thread>::new::thread_start
[INFO] [stdout]   18:     0x76097a63cdfa - <unknown>
[INFO] [stdout]   19:     0x76097a6d03d4 - clone
[INFO] [stdout]   20:                0x0 - <unknown>
[INFO] [stdout] 
[INFO] [stdout] ---- resolver_3 stdout ----
[INFO] [stdout] 
[INFO] [stdout] thread 'resolver_3' (1160) panicked at tests/rustdoc-json-lib-tests.rs:31:10:
[INFO] [stdout] called `Result::unwrap()` on an `Err` value: CargoManifestError(Io(Os { code: 2, kind: NotFound, message: "No such file or directory" }))
[INFO] [stdout] stack backtrace:
[INFO] [stdout]    0:     0x58c2b522d871 - <<std[617be2ca0a6fd877]::sys::backtrace::BacktraceLock>::print::DisplayBacktrace as core[a373ad73a504971]::fmt::Display>::fmt
[INFO] [stdout]    1:     0x58c2b52448aa - core[a373ad73a504971]::fmt::write
[INFO] [stdout]    2:     0x58c2b523338c - <alloc[2e1b2a31b91974c5]::vec::Vec<u8> as core[a373ad73a504971]::io::write::Write>::write_fmt
[INFO] [stdout]    3:     0x58c2b5207466 - std[617be2ca0a6fd877]::panicking::default_hook::{closure#0}
[INFO] [stdout]    4:     0x58c2b52250f9 - std[617be2ca0a6fd877]::panicking::default_hook
[INFO] [stdout]    5:     0x58c2b50acee0 - test[aada8e7e76ba119b]::test_main_inner::{closure#0}
[INFO] [stdout]    6:     0x58c2b52252b2 - std[617be2ca0a6fd877]::panicking::panic_with_hook
[INFO] [stdout]    7:     0x58c2b5207512 - std[617be2ca0a6fd877]::panicking::panic_handler::{closure#0}
[INFO] [stdout]    8:     0x58c2b51ffed9 - std[617be2ca0a6fd877]::sys::backtrace::__rust_end_short_backtrace::<std[617be2ca0a6fd877]::panicking::panic_handler::{closure#0}, !>
[INFO] [stdout]    9:     0x58c2b520811d - __rustc[ea4f61d10b84890b]::rust_begin_unwind
[INFO] [stdout]   10:     0x58c2b524508c - core[a373ad73a504971]::panicking::panic_fmt
[INFO] [stdout]   11:     0x58c2b5244e62 - core[a373ad73a504971]::result::unwrap_failed
[INFO] [stdout]   12:     0x58c2b5083f82 - <rustdoc_json_lib_tests[a966403009c8ac65]::resolver_3::{closure#0} as core[a373ad73a504971]::ops::function::FnOnce<()>>::call_once
[INFO] [stdout]   13:     0x58c2b50a032b - test[aada8e7e76ba119b]::__rust_begin_short_backtrace::<core[a373ad73a504971]::result::Result<(), alloc[2e1b2a31b91974c5]::string::String>, fn() -> core[a373ad73a504971]::result::Result<(), alloc[2e1b2a31b91974c5]::string::String>>
[INFO] [stdout]   14:     0x58c2b50ad505 - test[aada8e7e76ba119b]::run_test::{closure#0}
[INFO] [stdout]   15:     0x58c2b50a6df4 - std[617be2ca0a6fd877]::sys::backtrace::__rust_begin_short_backtrace::<test[aada8e7e76ba119b]::run_test::{closure#1}, ()>
[INFO] [stdout]   16:     0x58c2b50b0592 - <std[617be2ca0a6fd877]::thread::lifecycle::spawn_unchecked<test[aada8e7e76ba119b]::run_test::{closure#1}, ()>::{closure#1} as core[a373ad73a504971]::ops::function::FnOnce<()>>::call_once::{shim:vtable#0}
[INFO] [stdout]   17:     0x58c2b522cd0f - <std[617be2ca0a6fd877]::sys::thread::unix::Thread>::new::thread_start
[INFO] [stdout]   18:     0x76097a63cdfa - <unknown>
[INFO] [stdout]   19:     0x76097a6d03d4 - clone
[INFO] [stdout]   20:                0x0 - <unknown>
[INFO] [stdout] 
[INFO] [stdout] ---- package_target_bin_with_hyphen stdout ----
[INFO] [stdout] 
[INFO] [stdout] thread 'package_target_bin_with_hyphen' (1059) panicked at tests/rustdoc-json-lib-tests.rs:74:10:
[INFO] [stdout] called `Result::unwrap()` on an `Err` value: CargoManifestError(Io(Os { code: 2, kind: NotFound, message: "No such file or directory" }))
[INFO] [stdout] stack backtrace:
[INFO] [stdout]    0:     0x58c2b522d871 - <<std[617be2ca0a6fd877]::sys::backtrace::BacktraceLock>::print::DisplayBacktrace as core[a373ad73a504971]::fmt::Display>::fmt
[INFO] [stdout]    1:     0x58c2b52448aa - core[a373ad73a504971]::fmt::write
[INFO] [stdout]    2:     0x58c2b523338c - <alloc[2e1b2a31b91974c5]::vec::Vec<u8> as core[a373ad73a504971]::io::write::Write>::write_fmt
[INFO] [stdout]    3:     0x58c2b5207466 - std[617be2ca0a6fd877]::panicking::default_hook::{closure#0}
[INFO] [stdout]    4:     0x58c2b52250f9 - std[617be2ca0a6fd877]::panicking::default_hook
[INFO] [stdout]    5:     0x58c2b50acee0 - test[aada8e7e76ba119b]::test_main_inner::{closure#0}
[INFO] [stdout]    6:     0x58c2b52252b2 - std[617be2ca0a6fd877]::panicking::panic_with_hook
[INFO] [stdout]    7:     0x58c2b5207512 - std[617be2ca0a6fd877]::panicking::panic_handler::{closure#0}
[INFO] [stdout]    8:     0x58c2b51ffed9 - std[617be2ca0a6fd877]::sys::backtrace::__rust_end_short_backtrace::<std[617be2ca0a6fd877]::panicking::panic_handler::{closure#0}, !>
[INFO] [stdout]    9:     0x58c2b520811d - __rustc[ea4f61d10b84890b]::rust_begin_unwind
[INFO] [stdout]   10:     0x58c2b524508c - core[a373ad73a504971]::panicking::panic_fmt
[INFO] [stdout]   11:     0x58c2b5244e62 - core[a373ad73a504971]::result::unwrap_failed
[INFO] [stdout]   12:     0x58c2b50831ab - rustdoc_json_lib_tests[a966403009c8ac65]::test_alternative_package_target
[INFO] [stdout]   13:     0x58c2b508522e - <rustdoc_json_lib_tests[a966403009c8ac65]::package_target_bin_with_hyphen::{closure#0} as core[a373ad73a504971]::ops::function::FnOnce<()>>::call_once
[INFO] [stdout]   14:     0x58c2b50a032b - test[aada8e7e76ba119b]::__rust_begin_short_backtrace::<core[a373ad73a504971]::result::Result<(), alloc[2e1b2a31b91974c5]::string::String>, fn() -> core[a373ad73a504971]::result::Result<(), alloc[2e1b2a31b91974c5]::string::String>>
[INFO] [stdout]   15:     0x58c2b50ad505 - test[aada8e7e76ba119b]::run_test::{closure#0}
[INFO] [stdout]   16:     0x58c2b50a6df4 - std[617be2ca0a6fd877]::sys::backtrace::__rust_begin_short_backtrace::<test[aada8e7e76ba119b]::run_test::{closure#1}, ()>
[INFO] [stdout]   17:     0x58c2b50b0592 - <std[617be2ca0a6fd877]::thread::lifecycle::spawn_unchecked<test[aada8e7e76ba119b]::run_test::{closure#1}, ()>::{closure#1} as core[a373ad73a504971]::ops::function::FnOnce<()>>::call_once::{shim:vtable#0}
[INFO] [stdout]   18:     0x58c2b522cd0f - <std[617be2ca0a6fd877]::sys::thread::unix::Thread>::new::thread_start
[INFO] [stdout]   19:     0x76097a63cdfa - <unknown>
[INFO] [stdout]   20:     0x76097a6d03d4 - clone
[INFO] [stdout]   21:                0x0 - <unknown>
[INFO] [stdout] 
[INFO] [stdout] ---- package_target_bin stdout ----
[INFO] [stdout] 
[INFO] [stdout] thread 'package_target_bin' (1053) panicked at tests/rustdoc-json-lib-tests.rs:74:10:
[INFO] [stdout] called `Result::unwrap()` on an `Err` value: CargoManifestError(Io(Os { code: 2, kind: NotFound, message: "No such file or directory" }))
[INFO] [stdout] stack backtrace:
[INFO] [stdout]    0:     0x58c2b522d871 - <<std[617be2ca0a6fd877]::sys::backtrace::BacktraceLock>::print::DisplayBacktrace as core[a373ad73a504971]::fmt::Display>::fmt
[INFO] [stdout]    1:     0x58c2b52448aa - core[a373ad73a504971]::fmt::write
[INFO] [stdout]    2:     0x58c2b523338c - <alloc[2e1b2a31b91974c5]::vec::Vec<u8> as core[a373ad73a504971]::io::write::Write>::write_fmt
[INFO] [stdout]    3:     0x58c2b5207466 - std[617be2ca0a6fd877]::panicking::default_hook::{closure#0}
[INFO] [stdout]    4:     0x58c2b52250f9 - std[617be2ca0a6fd877]::panicking::default_hook
[INFO] [stdout]    5:     0x58c2b50acee0 - test[aada8e7e76ba119b]::test_main_inner::{closure#0}
[INFO] [stdout]    6:     0x58c2b52252b2 - std[617be2ca0a6fd877]::panicking::panic_with_hook
[INFO] [stdout]    7:     0x58c2b5207512 - std[617be2ca0a6fd877]::panicking::panic_handler::{closure#0}
[INFO] [stdout]    8:     0x58c2b51ffed9 - std[617be2ca0a6fd877]::sys::backtrace::__rust_end_short_backtrace::<std[617be2ca0a6fd877]::panicking::panic_handler::{closure#0}, !>
[INFO] [stdout]    9:     0x58c2b520811d - __rustc[ea4f61d10b84890b]::rust_begin_unwind
[INFO] [stdout]   10:     0x58c2b524508c - core[a373ad73a504971]::panicking::panic_fmt
[INFO] [stdout]   11:     0x58c2b5244e62 - core[a373ad73a504971]::result::unwrap_failed
[INFO] [stdout]   12:     0x58c2b50831ab - rustdoc_json_lib_tests[a966403009c8ac65]::test_alternative_package_target
[INFO] [stdout]   13:     0x58c2b5084a2d - <rustdoc_json_lib_tests[a966403009c8ac65]::package_target_bin::{closure#0} as core[a373ad73a504971]::ops::function::FnOnce<()>>::call_once
[INFO] [stdout]   14:     0x58c2b50a032b - test[aada8e7e76ba119b]::__rust_begin_short_backtrace::<core[a373ad73a504971]::result::Result<(), alloc[2e1b2a31b91974c5]::string::String>, fn() -> core[a373ad73a504971]::result::Result<(), alloc[2e1b2a31b91974c5]::string::String>>
[INFO] [stdout]   15:     0x58c2b50ad505 - test[aada8e7e76ba119b]::run_test::{closure#0}
[INFO] [stdout]   16:     0x58c2b50a6df4 - std[617be2ca0a6fd877]::sys::backtrace::__rust_begin_short_backtrace::<test[aada8e7e76ba119b]::run_test::{closure#1}, ()>
[INFO] [stdout]   17:     0x58c2b50b0592 - <std[617be2ca0a6fd877]::thread::lifecycle::spawn_unchecked<test[aada8e7e76ba119b]::run_test::{closure#1}, ()>::{closure#1} as core[a373ad73a504971]::ops::function::FnOnce<()>>::call_once::{shim:vtable#0}
[INFO] [stdout]   18:     0x58c2b522cd0f - <std[617be2ca0a6fd877]::sys::thread::unix::Thread>::new::thread_start
[INFO] [stdout]   19:     0x76097a63cdfa - <unknown>
[INFO] [stdout]   20:     0x76097a6d03d4 - clone
[INFO] [stdout]   21:                0x0 - <unknown>
[INFO] [stdout] 
[INFO] [stdout] ---- capture_output stdout ----
[INFO] [stdout] 
[INFO] [stdout] thread 'capture_output' (1050) panicked at tests/rustdoc-json-lib-tests.rs:115:5:
[INFO] [stdout] assertion failed: matches!(result, Err(rustdoc_json::BuildError::BuildRustdocJsonError))
[INFO] [stdout] stack backtrace:
[INFO] [stdout]    0:     0x58c2b522d871 - <<std[617be2ca0a6fd877]::sys::backtrace::BacktraceLock>::print::DisplayBacktrace as core[a373ad73a504971]::fmt::Display>::fmt
[INFO] [stdout]    1:     0x58c2b52448aa - core[a373ad73a504971]::fmt::write
[INFO] [stdout]    2:     0x58c2b523338c - <alloc[2e1b2a31b91974c5]::vec::Vec<u8> as core[a373ad73a504971]::io::write::Write>::write_fmt
[INFO] [stdout]    3:     0x58c2b5207466 - std[617be2ca0a6fd877]::panicking::default_hook::{closure#0}
[INFO] [stdout]    4:     0x58c2b52250f9 - std[617be2ca0a6fd877]::panicking::default_hook
[INFO] [stdout]    5:     0x58c2b50acee0 - test[aada8e7e76ba119b]::test_main_inner::{closure#0}
[INFO] [stdout]    6:     0x58c2b52252b2 - std[617be2ca0a6fd877]::panicking::panic_with_hook
[INFO] [stdout]    7:     0x58c2b5207544 - std[617be2ca0a6fd877]::panicking::panic_handler::{closure#0}
[INFO] [stdout]    8:     0x58c2b51ffed9 - std[617be2ca0a6fd877]::sys::backtrace::__rust_end_short_backtrace::<std[617be2ca0a6fd877]::panicking::panic_handler::{closure#0}, !>
[INFO] [stdout]    9:     0x58c2b520811d - __rustc[ea4f61d10b84890b]::rust_begin_unwind
[INFO] [stdout]   10:     0x58c2b524508c - core[a373ad73a504971]::panicking::panic_fmt
[INFO] [stdout]   11:     0x58c2b5245052 - core[a373ad73a504971]::panicking::panic
[INFO] [stdout]   12:     0x58c2b508485e - <rustdoc_json_lib_tests[a966403009c8ac65]::capture_output::{closure#0} as core[a373ad73a504971]::ops::function::FnOnce<()>>::call_once
[INFO] [stdout]   13:     0x58c2b50a032b - test[aada8e7e76ba119b]::__rust_begin_short_backtrace::<core[a373ad73a504971]::result::Result<(), alloc[2e1b2a31b91974c5]::string::String>, fn() -> core[a373ad73a504971]::result::Result<(), alloc[2e1b2a31b91974c5]::string::String>>
[INFO] [stdout]   14:     0x58c2b50ad505 - test[aada8e7e76ba119b]::run_test::{closure#0}
[INFO] [stdout]   15:     0x58c2b50a6df4 - std[617be2ca0a6fd877]::sys::backtrace::__rust_begin_short_backtrace::<test[aada8e7e76ba119b]::run_test::{closure#1}, ()>
[INFO] [stdout]   16:     0x58c2b50b0592 - <std[617be2ca0a6fd877]::thread::lifecycle::spawn_unchecked<test[aada8e7e76ba119b]::run_test::{closure#1}, ()>::{closure#1} as core[a373ad73a504971]::ops::function::FnOnce<()>>::call_once::{shim:vtable#0}
[INFO] [stdout]   17:     0x58c2b522cd0f - <std[617be2ca0a6fd877]::sys::thread::unix::Thread>::new::thread_start
[INFO] [stdout]   18:     0x76097a63cdfa - <unknown>
[INFO] [stdout]   19:     0x76097a6d03d4 - clone
[INFO] [stdout]   20:                0x0 - <unknown>
[INFO] [stdout] 
[INFO] [stdout] ---- package_target_example stdout ----
[INFO] [stdout] 
[INFO] [stdout] thread 'package_target_example' (1060) panicked at tests/rustdoc-json-lib-tests.rs:74:10:
[INFO] [stdout] called `Result::unwrap()` on an `Err` value: CargoManifestError(Io(Os { code: 2, kind: NotFound, message: "No such file or directory" }))
[INFO] [stdout] stack backtrace:
[INFO] [stdout]    0:     0x58c2b522d871 - <<std[617be2ca0a6fd877]::sys::backtrace::BacktraceLock>::print::DisplayBacktrace as core[a373ad73a504971]::fmt::Display>::fmt
[INFO] [stdout]    1:     0x58c2b52448aa - core[a373ad73a504971]::fmt::write
[INFO] [stdout]    2:     0x58c2b523338c - <alloc[2e1b2a31b91974c5]::vec::Vec<u8> as core[a373ad73a504971]::io::write::Write>::write_fmt
[INFO] [stdout]    3:     0x58c2b5207466 - std[617be2ca0a6fd877]::panicking::default_hook::{closure#0}
[INFO] [stdout]    4:     0x58c2b52250f9 - std[617be2ca0a6fd877]::panicking::default_hook
[INFO] [stdout]    5:     0x58c2b50acee0 - test[aada8e7e76ba119b]::test_main_inner::{closure#0}
[INFO] [stdout]    6:     0x58c2b52252b2 - std[617be2ca0a6fd877]::panicking::panic_with_hook
[INFO] [stdout]    7:     0x58c2b5207512 - std[617be2ca0a6fd877]::panicking::panic_handler::{closure#0}
[INFO] [stdout]    8:     0x58c2b51ffed9 - std[617be2ca0a6fd877]::sys::backtrace::__rust_end_short_backtrace::<std[617be2ca0a6fd877]::panicking::panic_handler::{closure#0}, !>
[INFO] [stdout]    9:     0x58c2b520811d - __rustc[ea4f61d10b84890b]::rust_begin_unwind
[INFO] [stdout]   10:     0x58c2b524508c - core[a373ad73a504971]::panicking::panic_fmt
[INFO] [stdout]   11:     0x58c2b5244e62 - core[a373ad73a504971]::result::unwrap_failed
[INFO] [stdout]   12:     0x58c2b50831ab - rustdoc_json_lib_tests[a966403009c8ac65]::test_alternative_package_target
[INFO] [stdout]   13:     0x58c2b5084c17 - <rustdoc_json_lib_tests[a966403009c8ac65]::package_target_example::{closure#0} as core[a373ad73a504971]::ops::function::FnOnce<()>>::call_once
[INFO] [stdout]   14:     0x58c2b50a032b - test[aada8e7e76ba119b]::__rust_begin_short_backtrace::<core[a373ad73a504971]::result::Result<(), alloc[2e1b2a31b91974c5]::string::String>, fn() -> core[a373ad73a504971]::result::Result<(), alloc[2e1b2a31b91974c5]::string::String>>
[INFO] [stdout]   15:     0x58c2b50ad505 - test[aada8e7e76ba119b]::run_test::{closure#0}
[INFO] [stdout]   16:     0x58c2b50a6df4 - std[617be2ca0a6fd877]::sys::backtrace::__rust_begin_short_backtrace::<test[aada8e7e76ba119b]::run_test::{closure#1}, ()>
[INFO] [stdout]   17:     0x58c2b50b0592 - <std[617be2ca0a6fd877]::thread::lifecycle::spawn_unchecked<test[aada8e7e76ba119b]::run_test::{closure#1}, ()>::{closure#1} as core[a373ad73a504971]::ops::function::FnOnce<()>>::call_once::{shim:vtable#0}
[INFO] [stdout]   18:     0x58c2b522cd0f - <std[617be2ca0a6fd877]::sys::thread::unix::Thread>::new::thread_start
[INFO] [stdout]   19:     0x76097a63cdfa - <unknown>
[INFO] [stdout]   20:     0x76097a6d03d4 - clone
[INFO] [stdout]   21:                0x0 - <unknown>
[INFO] [stdout] 
[INFO] [stdout] ---- package_target_bench stdout ----
[INFO] [stdout] 
[INFO] [stdout] thread 'package_target_bench' (1052) panicked at tests/rustdoc-json-lib-tests.rs:74:10:
[INFO] [stdout] called `Result::unwrap()` on an `Err` value: CargoManifestError(Io(Os { code: 2, kind: NotFound, message: "No such file or directory" }))
[INFO] [stdout] stack backtrace:
[INFO] [stdout]    0:     0x58c2b522d871 - <<std[617be2ca0a6fd877]::sys::backtrace::BacktraceLock>::print::DisplayBacktrace as core[a373ad73a504971]::fmt::Display>::fmt
[INFO] [stdout]    1:     0x58c2b52448aa - core[a373ad73a504971]::fmt::write
[INFO] [stdout]    2:     0x58c2b523338c - <alloc[2e1b2a31b91974c5]::vec::Vec<u8> as core[a373ad73a504971]::io::write::Write>::write_fmt
[INFO] [stdout]    3:     0x58c2b5207466 - std[617be2ca0a6fd877]::panicking::default_hook::{closure#0}
[INFO] [stdout]    4:     0x58c2b52250f9 - std[617be2ca0a6fd877]::panicking::default_hook
[INFO] [stdout]    5:     0x58c2b50acee0 - test[aada8e7e76ba119b]::test_main_inner::{closure#0}
[INFO] [stdout]    6:     0x58c2b52252b2 - std[617be2ca0a6fd877]::panicking::panic_with_hook
[INFO] [stdout]    7:     0x58c2b5207512 - std[617be2ca0a6fd877]::panicking::panic_handler::{closure#0}
[INFO] [stdout]    8:     0x58c2b51ffed9 - std[617be2ca0a6fd877]::sys::backtrace::__rust_end_short_backtrace::<std[617be2ca0a6fd877]::panicking::panic_handler::{closure#0}, !>
[INFO] [stdout]    9:     0x58c2b520811d - __rustc[ea4f61d10b84890b]::rust_begin_unwind
[INFO] [stdout]   10:     0x58c2b524508c - core[a373ad73a504971]::panicking::panic_fmt
[INFO] [stdout]   11:     0x58c2b5244e62 - core[a373ad73a504971]::result::unwrap_failed
[INFO] [stdout]   12:     0x58c2b50831ab - rustdoc_json_lib_tests[a966403009c8ac65]::test_alternative_package_target
[INFO] [stdout]   13:     0x58c2b5084b14 - <rustdoc_json_lib_tests[a966403009c8ac65]::package_target_bench::{closure#0} as core[a373ad73a504971]::ops::function::FnOnce<()>>::call_once
[INFO] [stdout]   14:     0x58c2b50a032b - test[aada8e7e76ba119b]::__rust_begin_short_backtrace::<core[a373ad73a504971]::result::Result<(), alloc[2e1b2a31b91974c5]::string::String>, fn() -> core[a373ad73a504971]::result::Result<(), alloc[2e1b2a31b91974c5]::string::String>>
[INFO] [stdout]   15:     0x58c2b50ad505 - test[aada8e7e76ba119b]::run_test::{closure#0}
[INFO] [stdout]   16:     0x58c2b50a6df4 - std[617be2ca0a6fd877]::sys::backtrace::__rust_begin_short_backtrace::<test[aada8e7e76ba119b]::run_test::{closure#1}, ()>
[INFO] [stdout]   17:     0x58c2b50b0592 - <std[617be2ca0a6fd877]::thread::lifecycle::spawn_unchecked<test[aada8e7e76ba119b]::run_test::{closure#1}, ()>::{closure#1} as core[a373ad73a504971]::ops::function::FnOnce<()>>::call_once::{shim:vtable#0}
[INFO] [stdout]   18:     0x58c2b522cd0f - <std[617be2ca0a6fd877]::sys::thread::unix::Thread>::new::thread_start
[INFO] [stdout]   19:     0x76097a63cdfa - <unknown>
[INFO] [stdout]   20:     0x76097a6d03d4 - clone
[INFO] [stdout]   21:                0x0 - <unknown>
[INFO] [stdout] 
[INFO] [stdout] 
[INFO] [stdout] failures:
[INFO] [stdout]     capture_output
[INFO] [stdout]     ensure_workspace_inheritance_works
[INFO] [stdout]     package_target_bench
[INFO] [stdout]     package_target_bin
[INFO] [stdout]     package_target_bin_2
[INFO] [stdout]     package_target_bin_with_hyphen
[INFO] [stdout]     package_target_example
[INFO] [stdout]     package_target_test
[INFO] [stdout]     pass_environment_variable
[INFO] [stdout]     resolver_3
[INFO] [stdout] 
[INFO] [stdout] test result: FAILED. 1 passed; 10 failed; 0 ignored; 0 measured; 0 filtered out; finished in 0.28s
[INFO] [stdout] 
[INFO] [stderr] error: test failed, to rerun pass `--test rustdoc-json-lib-tests`
[INFO] running `Command { std: "docker" "inspect" "cf5ab8ee2c831c2d7bb823b8a484c1ecdc681f5ccbbd108565cc44b7b30f308a", kill_on_drop: false }`
[INFO] running `Command { std: "docker" "rm" "-f" "cf5ab8ee2c831c2d7bb823b8a484c1ecdc681f5ccbbd108565cc44b7b30f308a", kill_on_drop: false }`
[INFO] [stdout] cf5ab8ee2c831c2d7bb823b8a484c1ecdc681f5ccbbd108565cc44b7b30f308a
