[INFO] fetching crate rustcmdpev 0.2.0...
[INFO] testing rustcmdpev-0.2.0 against 1.100.0-beta.1+cargoflags=--release for beta-release-1.100-2
[INFO] extracting crate rustcmdpev 0.2.0 into /workspace/builds/worker-2-tc2/source
[INFO] started tweaking crates.io crate rustcmdpev 0.2.0
[INFO] removed 0 missing tests
[INFO] finished tweaking crates.io crate rustcmdpev 0.2.0
[INFO] tweaked toml for crates.io crate rustcmdpev 0.2.0 written to /workspace/builds/worker-2-tc2/source/Cargo.toml
[INFO] validating manifest of crates.io crate rustcmdpev 0.2.0 on toolchain 1.100.0-beta.1
[INFO] running `Command { std: CARGO_HOME="/workspace/cargo-home" RUSTUP_HOME="/workspace/rustup-home" "/workspace/cargo-home/bin/cargo" "+1.100.0-beta.1" "metadata" "--manifest-path" "Cargo.toml" "--no-deps", kill_on_drop: false }`
[INFO] crate crates.io crate rustcmdpev 0.2.0 already has a lockfile, it will not be regenerated
[INFO] running `Command { std: CARGO_HOME="/workspace/cargo-home" RUSTUP_HOME="/workspace/rustup-home" "/workspace/cargo-home/bin/cargo" "+1.100.0-beta.1" "fetch" "--manifest-path" "Cargo.toml", kill_on_drop: false }`
[INFO] [stderr] warning: `package.homepage` is redundant with `package.repository`
[INFO] [stderr]    --> Cargo.toml:129:12
[INFO] [stderr]     |
[INFO] [stderr] 129 | homepage = "https://github.com/treble37/rustcmdpev"
[INFO] [stderr]     |            ^^^^^^^^^^^^^^^^^^^^^^^^^^^^^^^^^^^^^^^^
[INFO] [stderr] ...
[INFO] [stderr] 134 | repository = "https://github.com/treble37/rustcmdpev"
[INFO] [stderr]     |              ----------------------------------------
[INFO] [stderr]     |
[INFO] [stderr]     = note: `cargo::redundant_homepage` is set to `warn` by default
[INFO] [stderr] help: consider removing `package.homepage`
[INFO] [stderr] warning: `rustcmdpev` (manifest) generated 1 warning
[INFO] running `Command { std: "docker" "create" "-v" "/var/lib/crater-agent-workspace/builds/worker-2-tc2/source:/opt/rustwide/workdir:ro,Z" "-v" "/var/lib/crater-agent-workspace/builds/worker-2-tc2/target:/opt/rustwide/target:rw,Z" "-v" "/var/lib/crater-agent-workspace/cargo-home:/opt/rustwide/cargo-home:ro,Z" "-v" "/var/lib/crater-agent-workspace/rustup-home:/opt/rustwide/rustup-home:ro,Z" "-m" "1610612736" "--network" "none" "ghcr.io/rust-lang/crates-build-env/linux@sha256:77db811e55d90add9212f6832c23229e3de5f1c1f9905e8cb07319ea15df73ac" "sleep" "infinity", kill_on_drop: false }`
[INFO] [stdout] ea31887601819fe0071ff7417f638bf70aa030f1c8ef02b5627237dae0747410
[INFO] running `Command { std: "docker" "start" "ea31887601819fe0071ff7417f638bf70aa030f1c8ef02b5627237dae0747410", kill_on_drop: false }`
[INFO] running `Command { std: "docker" "inspect" "ea31887601819fe0071ff7417f638bf70aa030f1c8ef02b5627237dae0747410", kill_on_drop: false }`
[INFO] running `Command { std: "docker" "exec" "-e" "SOURCE_DIR=/opt/rustwide/workdir" "-e" "CARGO_HOME=/opt/rustwide/cargo-home" "-e" "RUSTUP_HOME=/opt/rustwide/rustup-home" "-e" "CARGO_TARGET_DIR=/opt/rustwide/target" "-w" "/opt/rustwide/workdir" "--user" "0:0" "ea31887601819fe0071ff7417f638bf70aa030f1c8ef02b5627237dae0747410" "/opt/rustwide/cargo-home/bin/cargo" "+1.100.0-beta.1" "metadata" "--no-deps" "--format-version=1", kill_on_drop: false }`
[INFO] running `Command { std: "docker" "inspect" "ea31887601819fe0071ff7417f638bf70aa030f1c8ef02b5627237dae0747410", kill_on_drop: false }`
[INFO] running `Command { std: "docker" "exec" "-e" "SOURCE_DIR=/opt/rustwide/workdir" "-e" "CARGO_HOME=/opt/rustwide/cargo-home" "-e" "RUSTUP_HOME=/opt/rustwide/rustup-home" "-e" "CARGO_TARGET_DIR=/opt/rustwide/target" "-e" "CARGO_INCREMENTAL=0" "-e" "RUST_BACKTRACE=full" "-e" "RUSTFLAGS=--cap-lints=warn" "-e" "RUSTDOCFLAGS=--cap-lints=warn" "-w" "/opt/rustwide/workdir" "--user" "0:0" "ea31887601819fe0071ff7417f638bf70aa030f1c8ef02b5627237dae0747410" "/opt/rustwide/cargo-home/bin/cargo" "+1.100.0-beta.1" "build" "--frozen" "--message-format=json" "--release", kill_on_drop: false }`
[INFO] [stderr] warning: `package.homepage` is redundant with `package.repository`
[INFO] [stderr]    --> Cargo.toml:129:12
[INFO] [stderr]     |
[INFO] [stderr] 129 | homepage = "https://github.com/treble37/rustcmdpev"
[INFO] [stderr]     |            ^^^^^^^^^^^^^^^^^^^^^^^^^^^^^^^^^^^^^^^^
[INFO] [stderr] ...
[INFO] [stderr] 134 | repository = "https://github.com/treble37/rustcmdpev"
[INFO] [stderr]     |              ----------------------------------------
[INFO] [stderr]     |
[INFO] [stderr]     = note: `cargo::redundant_homepage` is set to `warn` by default
[INFO] [stderr] help: consider removing `package.homepage`
[INFO] [stderr] warning: `rustcmdpev` (manifest) generated 1 warning
[INFO] [stderr]    Compiling syn v2.0.115
[INFO] [stderr]    Compiling siphasher v1.0.2
[INFO] [stderr]    Compiling rustix v1.1.3
[INFO] [stderr]    Compiling linux-raw-sys v0.11.0
[INFO] [stderr]    Compiling fastrand v2.3.0
[INFO] [stderr]    Compiling regex-syntax v0.8.9
[INFO] [stderr]    Compiling colorchoice v1.0.4
[INFO] [stderr]    Compiling anstyle v1.0.13
[INFO] [stderr]    Compiling tracing-core v0.1.36
[INFO] [stderr]    Compiling anstyle-parse v0.2.7
[INFO] [stderr]    Compiling phf_shared v0.13.1
[INFO] [stderr]    Compiling clap_lex v1.0.0
[INFO] [stderr]    Compiling smawk v0.3.2
[INFO] [stderr]    Compiling unicode-linebreak v0.1.5
[INFO] [stderr]    Compiling memchr v2.8.0
[INFO] [stderr]    Compiling colored v3.1.1
[INFO] [stderr]    Compiling anstream v0.6.21
[INFO] [stderr]    Compiling clap_builder v4.5.59
[INFO] [stderr]    Compiling phf_generator v0.13.1
[INFO] [stderr]    Compiling tracing-log v0.2.0
[INFO] [stderr]    Compiling serde_json v1.0.149
[INFO] [stderr]    Compiling terminal_size v0.4.3
[INFO] [stderr]    Compiling textwrap v0.16.2
[INFO] [stderr]    Compiling regex-automata v0.4.14
[INFO] [stderr]    Compiling serde_derive v1.0.228
[INFO] [stderr]    Compiling phf_macros v0.13.1
[INFO] [stderr]    Compiling tracing-attributes v0.1.31
[INFO] [stderr]    Compiling clap_derive v4.5.55
[INFO] [stderr]    Compiling matchers v0.2.0
[INFO] [stderr]    Compiling phf v0.13.1
[INFO] [stderr]    Compiling tracing v0.1.44
[INFO] [stderr]    Compiling tracing-subscriber v0.3.22
[INFO] [stderr]    Compiling clap v4.5.59
[INFO] [stderr]    Compiling serde v1.0.228
[INFO] [stderr]    Compiling rustcmdpev-core v0.2.0
[INFO] [stderr]    Compiling rustcmdpev v0.2.0 (/opt/rustwide/workdir)
[INFO] [stderr]     Finished `release` profile [optimized] target(s) in 41.29s
[INFO] running `Command { std: "docker" "inspect" "ea31887601819fe0071ff7417f638bf70aa030f1c8ef02b5627237dae0747410", kill_on_drop: false }`
[INFO] running `Command { std: "docker" "exec" "-e" "SOURCE_DIR=/opt/rustwide/workdir" "-e" "CARGO_HOME=/opt/rustwide/cargo-home" "-e" "RUSTUP_HOME=/opt/rustwide/rustup-home" "-e" "CARGO_TARGET_DIR=/opt/rustwide/target" "-e" "CARGO_INCREMENTAL=0" "-e" "RUST_BACKTRACE=full" "-e" "RUSTFLAGS=--cap-lints=warn" "-e" "RUSTDOCFLAGS=--cap-lints=warn" "-w" "/opt/rustwide/workdir" "--user" "0:0" "ea31887601819fe0071ff7417f638bf70aa030f1c8ef02b5627237dae0747410" "/opt/rustwide/cargo-home/bin/cargo" "+1.100.0-beta.1" "test" "--frozen" "--no-run" "--message-format=json" "--release", kill_on_drop: false }`
[INFO] [stderr] warning: `package.homepage` is redundant with `package.repository`
[INFO] [stderr]    --> Cargo.toml:129:12
[INFO] [stderr]     |
[INFO] [stderr] 129 | homepage = "https://github.com/treble37/rustcmdpev"
[INFO] [stderr]     |            ^^^^^^^^^^^^^^^^^^^^^^^^^^^^^^^^^^^^^^^^
[INFO] [stderr] ...
[INFO] [stderr] 134 | repository = "https://github.com/treble37/rustcmdpev"
[INFO] [stderr]     |              ----------------------------------------
[INFO] [stderr]     |
[INFO] [stderr]     = note: `cargo::redundant_homepage` is set to `warn` by default
[INFO] [stderr] help: consider removing `package.homepage`
[INFO] [stderr] warning: `rustcmdpev` (manifest) generated 1 warning
[INFO] [stderr]    Compiling rustcmdpev v0.2.0 (/opt/rustwide/workdir)
[INFO] [stderr]     Finished `release` profile [optimized] target(s) in 4.27s
[INFO] running `Command { std: "docker" "inspect" "ea31887601819fe0071ff7417f638bf70aa030f1c8ef02b5627237dae0747410", kill_on_drop: false }`
[INFO] running `Command { std: "docker" "exec" "-e" "SOURCE_DIR=/opt/rustwide/workdir" "-e" "CARGO_HOME=/opt/rustwide/cargo-home" "-e" "RUSTUP_HOME=/opt/rustwide/rustup-home" "-e" "CARGO_TARGET_DIR=/opt/rustwide/target" "-e" "CARGO_INCREMENTAL=0" "-e" "RUST_BACKTRACE=full" "-e" "RUSTFLAGS=--cap-lints=warn" "-e" "RUSTDOCFLAGS=--cap-lints=warn" "-w" "/opt/rustwide/workdir" "--user" "0:0" "ea31887601819fe0071ff7417f638bf70aa030f1c8ef02b5627237dae0747410" "/opt/rustwide/cargo-home/bin/cargo" "+1.100.0-beta.1" "test" "--frozen" "--release", kill_on_drop: false }`
[INFO] [stderr] warning: `package.homepage` is redundant with `package.repository`
[INFO] [stderr]    --> Cargo.toml:129:12
[INFO] [stderr]     |
[INFO] [stderr] 129 | homepage = "https://github.com/treble37/rustcmdpev"
[INFO] [stderr]     |            ^^^^^^^^^^^^^^^^^^^^^^^^^^^^^^^^^^^^^^^^
[INFO] [stderr] ...
[INFO] [stderr] 134 | repository = "https://github.com/treble37/rustcmdpev"
[INFO] [stderr]     |              ----------------------------------------
[INFO] [stderr]     |
[INFO] [stderr]     = note: `cargo::redundant_homepage` is set to `warn` by default
[INFO] [stderr] help: consider removing `package.homepage`
[INFO] [stderr] warning: `rustcmdpev` (manifest) generated 1 warning
[INFO] [stderr]     Finished `release` profile [optimized] target(s) in 0.10s
[INFO] [stderr]      Running unittests src/main.rs (/opt/rustwide/target/release/build/rustcmdpev/a672b49c6b4a35b8/out/rustcmdpev-a672b49c6b4a35b8)
[INFO] [stdout] 
[INFO] [stdout] running 0 tests
[INFO] [stdout] 
[INFO] [stdout] test result: ok. 0 passed; 0 failed; 0 ignored; 0 measured; 0 filtered out; finished in 0.00s
[INFO] [stdout] 
[INFO] [stderr]      Running tests/cli_color.rs (/opt/rustwide/target/release/build/rustcmdpev/adfec7fb94d802b8/out/cli_color-adfec7fb94d802b8)
[INFO] [stdout] 
[INFO] [stdout] running 3 tests
[INFO] [stdout] test color_never_disables_ansi_sequences ... ok
[INFO] [stdout] test color_auto_respects_no_color ... ok
[INFO] [stdout] test color_always_emits_ansi_sequences ... ok
[INFO] [stdout] 
[INFO] [stdout] test result: ok. 3 passed; 0 failed; 0 ignored; 0 measured; 0 filtered out; finished in 0.06s
[INFO] [stdout] 
[INFO] [stderr]      Running tests/cli_compat.rs (/opt/rustwide/target/release/build/rustcmdpev/b9d1ae83b4a05311/out/cli_compat-b9d1ae83b4a05311)
[INFO] [stdout] 
[INFO] [stdout] running 3 tests
[INFO] [stdout] test compat_rejects_non_legacy_width ... ok
[INFO] [stdout] test compat_pretty_with_default_width_succeeds ... ok
[INFO] [stdout] test compat_rejects_non_pretty_format ... ok
[INFO] [stdout] 
[INFO] [stdout] test result: ok. 3 passed; 0 failed; 0 ignored; 0 measured; 0 filtered out; finished in 0.01s
[INFO] [stdout] 
[INFO] [stderr]      Running tests/cli_exit_codes.rs (/opt/rustwide/target/release/build/rustcmdpev/d126dc4aba39e72f/out/cli_exit_codes-d126dc4aba39e72f)
[INFO] [stdout] 
[INFO] [stdout] running 5 tests
[INFO] [stdout] test exit_code_2_for_empty_stdin ... ok
[INFO] [stdout] test exit_code_5_for_output_serialization_error_is_reserved ... ok
[INFO] [stdout] test exit_code_4_for_invalid_compatibility_flags ... ok
[INFO] [stdout] test exit_code_2_for_input_read_error ... ok
[INFO] [stdout] test exit_code_3_for_invalid_input_json ... ok
[INFO] [stdout] 
[INFO] [stdout] test result: ok. 5 passed; 0 failed; 0 ignored; 0 measured; 0 filtered out; finished in 0.01s
[INFO] [stdout] 
[INFO] [stderr]      Running tests/cli_formats.rs (/opt/rustwide/target/release/build/rustcmdpev/ed24513f22203593/out/cli_formats-ed24513f22203593)
[INFO] [stdout] 
[INFO] [stdout] running 2 tests
[INFO] [stdout] test format_table_succeeds_and_contains_header_and_node ... ok
[INFO] [stdout] test format_json_succeeds_and_contains_plan ... ok
[INFO] [stdout] 
[INFO] [stdout] test result: ok. 2 passed; 0 failed; 0 ignored; 0 measured; 0 filtered out; finished in 0.01s
[INFO] [stdout] 
[INFO] [stderr]      Running tests/cli_input_file.rs (/opt/rustwide/target/release/build/rustcmdpev/7636d066ab06a3d7/out/cli_input_file-7636d066ab06a3d7)
[INFO] [stdout] 
[INFO] [stdout] running 3 tests
[INFO] [stdout] test input_file_missing_returns_non_zero_and_actionable_error ... ok
[INFO] [stderr]      Running tests/cli_invalid_json.rs (/opt/rustwide/target/release/build/rustcmdpev/896224237318da29/out/cli_invalid_json-896224237318da29)
[INFO] [stdout] test input_file_valid_json_succeeds ... ok
[INFO] [stdout] test input_file_invalid_json_returns_non_zero_and_error ... ok
[INFO] [stdout] 
[INFO] [stdout] test result: ok. 3 passed; 0 failed; 0 ignored; 0 measured; 0 filtered out; finished in 0.01s
[INFO] [stdout] 
[INFO] [stdout] 
[INFO] [stdout] running 2 tests
[INFO] [stdout] test invalid_json_stdin_returns_code_3_and_actionable_error ... ok
[INFO] [stdout] test invalid_json_input_file_returns_code_3_and_actionable_error ... ok
[INFO] [stdout] 
[INFO] [stdout] test result: ok. 2 passed; 0 failed; 0 ignored; 0 measured; 0 filtered out; finished in 0.01s
[INFO] [stdout] 
[INFO] [stderr]      Running tests/cli_logging.rs (/opt/rustwide/target/release/build/rustcmdpev/af3c3fe63226bcc2/out/cli_logging-af3c3fe63226bcc2)
[INFO] [stdout] 
[INFO] [stdout] running 2 tests
[INFO] [stdout] test quiet_mode_suppresses_info_logs_on_success ... ok
[INFO] [stdout] test verbose_mode_emits_info_logs ... ok
[INFO] [stdout] 
[INFO] [stdout] test result: ok. 2 passed; 0 failed; 0 ignored; 0 measured; 0 filtered out; finished in 0.01s
[INFO] [stdout] 
[INFO] [stderr]      Running tests/cli_postgres_version.rs (/opt/rustwide/target/release/build/rustcmdpev/7629eedee1e3c896/out/cli_postgres_version-7629eedee1e3c896)
[INFO] [stdout] 
[INFO] [stdout] running 3 tests
[INFO] [stdout] test postgres_version_hint_propagates_into_json_output ... ok
[INFO] [stdout] test no_postgres_version_hint_leaves_field_omitted ... ok
[INFO] [stdout] test invalid_postgres_version_hint_does_not_fail ... ok
[INFO] [stdout] 
[INFO] [stdout] test result: ok. 3 passed; 0 failed; 0 ignored; 0 measured; 0 filtered out; finished in 0.01s
[INFO] [stdout] 
[INFO] [stderr]      Running tests/cli_stdin_contract.rs (/opt/rustwide/target/release/build/rustcmdpev/e889a07c675ee05d/out/cli_stdin_contract-e889a07c675ee05d)
[INFO] [stdout] 
[INFO] [stdout] running 6 tests
[INFO] [stdout] test missing_plan_returns_non_zero_and_error ... ok
[INFO] [stdout] test valid_minimal_explain_array_succeeds ... ok
[INFO] [stdout] test invalid_top_level_shape_returns_non_zero_and_error ... ok
[INFO] [stderr]      Running tests/cli_structure_validation.rs (/opt/rustwide/target/release/build/rustcmdpev/07876d6077118f96/out/cli_structure_validation-07876d6077118f96)
[INFO] [stdout] test invalid_json_returns_non_zero_and_error ... ok
[INFO] [stdout] test empty_stdin_returns_non_zero_and_actionable_error ... ok
[INFO] [stdout] test empty_array_returns_non_zero_and_error ... ok
[INFO] [stdout] 
[INFO] [stdout] test result: ok. 6 passed; 0 failed; 0 ignored; 0 measured; 0 filtered out; finished in 0.01s
[INFO] [stdout] 
[INFO] [stdout] 
[INFO] [stdout] running 6 tests
[INFO] [stdout] test rejects_non_array_plans_field ... ok
[INFO] [stdout] test rejects_negative_numeric_invariant ... ok
[INFO] [stdout] test rejects_excessive_plan_depth ... ok
[INFO] [stdout] test rejects_non_object_child_plan ... ok
[INFO] [stdout] test accepts_valid_nested_plan_shape ... ok
[INFO] [stderr]      Running tests/cli_summary.rs (/opt/rustwide/target/release/build/rustcmdpev/889b3a4fc8ca322d/out/cli_summary-889b3a4fc8ca322d)
[INFO] [stdout] test rejects_excessive_plan_node_count ... ok
[INFO] [stdout] 
[INFO] [stdout] test result: ok. 6 passed; 0 failed; 0 ignored; 0 measured; 0 filtered out; finished in 0.05s
[INFO] [stdout] 
[INFO] [stdout] 
[INFO] [stdout] running 3 tests
[INFO] [stdout] test compat_rejects_detailed_summary ... ok
[INFO] [stdout] test default_summary_keeps_three_line_header ... ok
[INFO] [stderr]      Running tests/cli_theme_and_mode.rs (/opt/rustwide/target/release/build/rustcmdpev/c28f6fbbbec546c9/out/cli_theme_and_mode-c28f6fbbbec546c9)
[INFO] [stdout] test detailed_summary_includes_loops_buffers_and_io_time ... ok
[INFO] [stdout] 
[INFO] [stdout] test result: ok. 3 passed; 0 failed; 0 ignored; 0 measured; 0 filtered out; finished in 0.01s
[INFO] [stdout] 
[INFO] [stdout] 
[INFO] [stdout] running 4 tests
[INFO] [stdout] test verbose_render_mode_includes_loops_and_buffers ... ok
[INFO] [stdout] test compat_rejects_non_default_render_mode ... ok
[INFO] [stdout] test no_color_theme_strips_ansi_even_with_color_always ... ok
[INFO] [stdout] test condensed_render_mode_skips_descriptions ... ok
[INFO] [stdout] 
[INFO] [stdout] test result: ok. 4 passed; 0 failed; 0 ignored; 0 measured; 0 filtered out; finished in 0.01s
[INFO] [stdout] 
[INFO] [stderr]      Running tests/cli_tree_style.rs (/opt/rustwide/target/release/build/rustcmdpev/b575eda5bcdd3b96/out/cli_tree_style-b575eda5bcdd3b96)
[INFO] [stdout] 
[INFO] [stdout] running 3 tests
[INFO] [stdout] test ascii_tree_style_emits_only_ascii_box_drawings ... ok
[INFO] [stdout] test heavy_tree_style_uses_heavy_glyphs ... ok
[INFO] [stderr]      Running tests/diverse_plan_types.rs (/opt/rustwide/target/release/build/rustcmdpev/15ea00d29836b0f8/out/diverse_plan_types-15ea00d29836b0f8)
[INFO] [stdout] test compat_rejects_non_unicode_tree_style ... ok
[INFO] [stdout] 
[INFO] [stdout] test result: ok. 3 passed; 0 failed; 0 ignored; 0 measured; 0 filtered out; finished in 0.02s
[INFO] [stdout] 
[INFO] [stdout] 
[INFO] [stdout] running 8 tests
[INFO] [stdout] test aggregate_groupby_fixture_renders_filter_and_strategy ... ok
[INFO] [stdout] test nested_loop_with_index_fixture_renders_join_and_inner_index ... ok
[INFO] [stdout] test append_union_fixture_renders_both_children ... ok
[INFO] [stdout] test table_format_emits_header_and_node_rows ... ok
[INFO] [stdout] test merge_join_fixture_renders_two_children_and_index_only_scan ... ok
[INFO] [stdout] test json_format_round_trips_diverse_plan_shapes ... ok
[INFO] [stdout] test cte_recursive_fixture_renders_cte_label_and_index_scan ... ok
[INFO] [stdout] test sort_limit_fixture_renders_expected_node_chain ... ok
[INFO] [stdout] 
[INFO] [stdout] test result: ok. 8 passed; 0 failed; 0 ignored; 0 measured; 0 filtered out; finished in 0.11s
[INFO] [stdout] 
[INFO] [stderr]      Running tests/example_fixture.rs (/opt/rustwide/target/release/build/rustcmdpev/9c9e1de300bcb9c5/out/example_fixture-9c9e1de300bcb9c5)
[INFO] [stdout] 
[INFO] [stdout] running 2 tests
[INFO] [stderr] error: no input provided; pass JSON via stdin or --input <PATH> (try --help)
[INFO] [stdout] test bundled_example_json_fixture_succeeds_via_stdin ... FAILED
[INFO] [stdout] test bundled_example_json_fixture_succeeds ... FAILED
[INFO] [stdout] 
[INFO] [stdout] failures:
[INFO] [stdout] 
[INFO] [stdout] ---- bundled_example_json_fixture_succeeds_via_stdin stdout ----
[INFO] [stdout] 
[INFO] [stdout] thread 'bundled_example_json_fixture_succeeds_via_stdin' (1472) panicked at tests/example_fixture.rs:38:64:
[INFO] [stdout] read bundled fixture: Os { code: 2, kind: NotFound, message: "No such file or directory" }
[INFO] [stdout] stack backtrace:
[INFO] [stdout]    0:     0x60a583ab02d1 - <<std[617be2ca0a6fd877]::sys::backtrace::BacktraceLock>::print::DisplayBacktrace as core[a373ad73a504971]::fmt::Display>::fmt
[INFO] [stdout]    1:     0x60a583ac430a - core[a373ad73a504971]::fmt::write
[INFO] [stdout]    2:     0x60a583ab455c - <alloc[2e1b2a31b91974c5]::vec::Vec<u8> as core[a373ad73a504971]::io::write::Write>::write_fmt
[INFO] [stdout]    3:     0x60a583a8bd06 - std[617be2ca0a6fd877]::panicking::default_hook::{closure#0}
[INFO] [stdout]    4:     0x60a583aa8659 - std[617be2ca0a6fd877]::panicking::default_hook
[INFO] [stdout]    5:     0x60a583a44040 - test[aada8e7e76ba119b]::test_main_inner::{closure#0}
[INFO] [stdout]    6:     0x60a583aa8812 - std[617be2ca0a6fd877]::panicking::panic_with_hook
[INFO] [stdout]    7:     0x60a583a8bdb2 - std[617be2ca0a6fd877]::panicking::panic_handler::{closure#0}
[INFO] [stdout]    8:     0x60a583a84939 - std[617be2ca0a6fd877]::sys::backtrace::__rust_end_short_backtrace::<std[617be2ca0a6fd877]::panicking::panic_handler::{closure#0}, !>
[INFO] [stdout]    9:     0x60a583a8c9bd - __rustc[ea4f61d10b84890b]::rust_begin_unwind
[INFO] [stdout]   10:     0x60a583ac4a3c - core[a373ad73a504971]::panicking::panic_fmt
[INFO] [stdout]   11:     0x60a583ac4812 - core[a373ad73a504971]::result::unwrap_failed
[INFO] [stdout]   12:     0x60a583a371a3 - <example_fixture[f4600943fa23b3df]::bundled_example_json_fixture_succeeds_via_stdin::{closure#0} as core[a373ad73a504971]::ops::function::FnOnce<()>>::call_once
[INFO] [stdout]   13:     0x60a583a3748b - test[aada8e7e76ba119b]::__rust_begin_short_backtrace::<core[a373ad73a504971]::result::Result<(), alloc[2e1b2a31b91974c5]::string::String>, fn() -> core[a373ad73a504971]::result::Result<(), alloc[2e1b2a31b91974c5]::string::String>>
[INFO] [stdout]   14:     0x60a583a44665 - test[aada8e7e76ba119b]::run_test::{closure#0}
[INFO] [stdout]   15:     0x60a583a3df54 - std[617be2ca0a6fd877]::sys::backtrace::__rust_begin_short_backtrace::<test[aada8e7e76ba119b]::run_test::{closure#1}, ()>
[INFO] [stdout]   16:     0x60a583a476f2 - <std[617be2ca0a6fd877]::thread::lifecycle::spawn_unchecked<test[aada8e7e76ba119b]::run_test::{closure#1}, ()>::{closure#1} as core[a373ad73a504971]::ops::function::FnOnce<()>>::call_once::{shim:vtable#0}
[INFO] [stdout]   17:     0x60a583aaf81f - <std[617be2ca0a6fd877]::sys::thread::unix::Thread>::new::thread_start
[INFO] [stdout]   18:     0x74c2dd38adfa - <unknown>
[INFO] [stdout]   19:     0x74c2dd41e3d4 - clone
[INFO] [stdout]   20:                0x0 - <unknown>
[INFO] [stdout] 
[INFO] [stdout] ---- bundled_example_json_fixture_succeeds stdout ----
[INFO] [stdout] 
[INFO] [stdout] thread 'bundled_example_json_fixture_succeeds' (1471) panicked at tests/example_fixture.rs:20:5:
[INFO] [stdout] assertion `left == right` failed
[INFO] [stdout]   left: Some(2)
[INFO] [stdout]  right: Some(0)
[INFO] [stdout] stack backtrace:
[INFO] [stdout]    0:     0x60a583ab02d1 - <<std[617be2ca0a6fd877]::sys::backtrace::BacktraceLock>::print::DisplayBacktrace as core[a373ad73a504971]::fmt::Display>::fmt
[INFO] [stdout]    1:     0x60a583ac430a - core[a373ad73a504971]::fmt::write
[INFO] [stdout]    2:     0x60a583ab455c - <alloc[2e1b2a31b91974c5]::vec::Vec<u8> as core[a373ad73a504971]::io::write::Write>::write_fmt
[INFO] [stdout]    3:     0x60a583a8bd06 - std[617be2ca0a6fd877]::panicking::default_hook::{closure#0}
[INFO] [stdout]    4:     0x60a583aa8659 - std[617be2ca0a6fd877]::panicking::default_hook
[INFO] [stdout]    5:     0x60a583a44040 - test[aada8e7e76ba119b]::test_main_inner::{closure#0}
[INFO] [stdout]    6:     0x60a583aa8812 - std[617be2ca0a6fd877]::panicking::panic_with_hook
[INFO] [stdout]    7:     0x60a583a8bdb2 - std[617be2ca0a6fd877]::panicking::panic_handler::{closure#0}
[INFO] [stdout]    8:     0x60a583a84939 - std[617be2ca0a6fd877]::sys::backtrace::__rust_end_short_backtrace::<std[617be2ca0a6fd877]::panicking::panic_handler::{closure#0}, !>
[INFO] [stdout]    9:     0x60a583a8c9bd - __rustc[ea4f61d10b84890b]::rust_begin_unwind
[INFO] [stdout]   10:     0x60a583ac4a3c - core[a373ad73a504971]::panicking::panic_fmt
[INFO] [stdout]   11:     0x60a583ac4953 - core[a373ad73a504971]::panicking::assert_failed_inner
[INFO] [stdout]   12:     0x60a583a35ec1 - core[a373ad73a504971]::panicking::assert_failed::<core[a373ad73a504971]::option::Option<i32>, core[a373ad73a504971]::option::Option<i32>>
[INFO] [stdout]   13:     0x60a583a36c46 - <example_fixture[f4600943fa23b3df]::bundled_example_json_fixture_succeeds::{closure#0} as core[a373ad73a504971]::ops::function::FnOnce<()>>::call_once
[INFO] [stdout]   14:     0x60a583a3748b - test[aada8e7e76ba119b]::__rust_begin_short_backtrace::<core[a373ad73a504971]::result::Result<(), alloc[2e1b2a31b91974c5]::string::String>, fn() -> core[a373ad73a504971]::result::Result<(), alloc[2e1b2a31b91974c5]::string::String>>
[INFO] [stdout]   15:     0x60a583a44665 - test[aada8e7e76ba119b]::run_test::{closure#0}
[INFO] [stdout]   16:     0x60a583a3df54 - std[617be2ca0a6fd877]::sys::backtrace::__rust_begin_short_backtrace::<test[aada8e7e76ba119b]::run_test::{closure#1}, ()>
[INFO] [stdout]   17:     0x60a583a476f2 - <std[617be2ca0a6fd877]::thread::lifecycle::spawn_unchecked<test[aada8e7e76ba119b]::run_test::{closure#1}, ()>::{closure#1} as core[a373ad73a504971]::ops::function::FnOnce<()>>::call_once::{shim:vtable#0}
[INFO] [stdout]   18:     0x60a583aaf81f - <std[617be2ca0a6fd877]::sys::thread::unix::Thread>::new::thread_start
[INFO] [stdout]   19:     0x74c2dd38adfa - <unknown>
[INFO] [stdout]   20:     0x74c2dd41e3d4 - clone
[INFO] [stdout]   21:                0x0 - <unknown>
[INFO] [stdout] 
[INFO] [stdout] 
[INFO] [stdout] failures:
[INFO] [stdout]     bundled_example_json_fixture_succeeds
[INFO] [stdout]     bundled_example_json_fixture_succeeds_via_stdin
[INFO] [stdout] 
[INFO] [stdout] test result: FAILED. 0 passed; 2 failed; 0 ignored; 0 measured; 0 filtered out; finished in 0.01s
[INFO] [stdout] 
[INFO] [stderr] error: test failed, to rerun pass `--test example_fixture`
[INFO] running `Command { std: "docker" "inspect" "ea31887601819fe0071ff7417f638bf70aa030f1c8ef02b5627237dae0747410", kill_on_drop: false }`
[INFO] running `Command { std: "docker" "rm" "-f" "ea31887601819fe0071ff7417f638bf70aa030f1c8ef02b5627237dae0747410", kill_on_drop: false }`
[INFO] [stdout] ea31887601819fe0071ff7417f638bf70aa030f1c8ef02b5627237dae0747410
