[INFO] fetching crate rustbolt_resolver 0.5.3...
[INFO] testing rustbolt_resolver-0.5.3 against 1.99.0-beta.8+cargoflags=--release for beta-release-1.100-2
[INFO] extracting crate rustbolt_resolver 0.5.3 into /workspace/builds/worker-2-tc1/source
[INFO] started tweaking crates.io crate rustbolt_resolver 0.5.3
[INFO] removed 0 missing examples
[INFO] finished tweaking crates.io crate rustbolt_resolver 0.5.3
[INFO] tweaked toml for crates.io crate rustbolt_resolver 0.5.3 written to /workspace/builds/worker-2-tc1/source/Cargo.toml
[INFO] validating manifest of crates.io crate rustbolt_resolver 0.5.3 on toolchain 1.99.0-beta.8
[INFO] running `Command { std: CARGO_HOME="/workspace/cargo-home" RUSTUP_HOME="/workspace/rustup-home" "/workspace/cargo-home/bin/cargo" "+1.99.0-beta.8" "metadata" "--manifest-path" "Cargo.toml" "--no-deps", kill_on_drop: false }`
[INFO] crate crates.io crate rustbolt_resolver 0.5.3 already has a lockfile, it will not be regenerated
[INFO] running `Command { std: CARGO_HOME="/workspace/cargo-home" RUSTUP_HOME="/workspace/rustup-home" "/workspace/cargo-home/bin/cargo" "+1.99.0-beta.8" "fetch" "--manifest-path" "Cargo.toml", kill_on_drop: false }`
[INFO] [stderr]     Updating crates.io index
[INFO] [stderr]  Downloading crates ...
[INFO] [stderr]   Downloaded libredox v0.1.3
[INFO] [stderr]   Downloaded filetime v0.2.25
[INFO] [stderr]   Downloaded redox_syscall v0.5.10
[INFO] [stderr]   Downloaded vfs v0.12.1
[INFO] [stderr]   Downloaded bit-set v0.5.3
[INFO] [stderr]   Downloaded clap_lex v0.7.4
[INFO] [stderr]   Downloaded codspeed v2.9.1
[INFO] [stderr]   Downloaded windows-link v0.1.1
[INFO] [stderr]   Downloaded clean-path v0.2.1
[INFO] [stderr]   Downloaded normalize-path v0.2.1
[INFO] [stderr]   Downloaded crunchy v0.2.3
[INFO] [stderr]   Downloaded arca v0.7.0
[INFO] [stderr]   Downloaded anstyle v1.0.10
[INFO] [stderr]   Downloaded endian-type v0.1.2
[INFO] [stderr]   Downloaded path-slash v0.2.1
[INFO] [stderr]   Downloaded document-features v0.2.11
[INFO] [stderr]   Downloaded json-strip-comments v1.0.4
[INFO] [stderr]   Downloaded deranged v0.4.1
[INFO] [stderr]   Downloaded codspeed-criterion-compat v2.9.1
[INFO] [stderr]   Downloaded hermit-abi v0.5.0
[INFO] [stderr]   Downloaded rustversion v1.0.20
[INFO] [stderr]   Downloaded colored v2.2.0
[INFO] [stderr]   Downloaded bit-vec v0.6.3
[INFO] [stderr]   Downloaded iana-time-zone v0.1.62
[INFO] [stderr]   Downloaded serde_with_macros v3.12.0
[INFO] [stderr]   Downloaded smallvec v1.14.0
[INFO] [stderr]   Downloaded litrs v0.4.1
[INFO] [stderr]   Downloaded uuid v1.16.0
[INFO] [stderr]   Downloaded tracing-core v0.1.33
[INFO] [stderr]   Downloaded tracing-attributes v0.1.28
[INFO] [stderr]   Downloaded clap v4.5.34
[INFO] [stderr]   Downloaded proc-macro2 v1.0.94
[INFO] [stderr]   Downloaded half v2.5.0
[INFO] [stderr]   Downloaded bumpalo v3.17.0
[INFO] [stderr]   Downloaded indexmap v2.8.0
[INFO] [stderr]   Downloaded cc v1.2.17
[INFO] [stderr]   Downloaded fancy-regex v0.13.0
[INFO] [stderr]   Downloaded serde_with v3.12.0
[INFO] [stderr]   Downloaded codspeed-criterion-compat-walltime v2.9.1
[INFO] [stderr]   Downloaded clap_builder v4.5.34
[INFO] [stderr]   Downloaded chrono v0.4.40
[INFO] [stderr]   Downloaded radix_trie v0.2.1
[INFO] [stderr]   Downloaded syn v2.0.100
[INFO] [stderr]   Downloaded pnp v0.9.1
[INFO] [stderr]   Downloaded libc v0.2.171
[INFO] running `Command { std: "docker" "create" "-v" "/var/lib/crater-agent-workspace/builds/worker-2-tc1/source:/opt/rustwide/workdir:ro,Z" "-v" "/var/lib/crater-agent-workspace/builds/worker-2-tc1/target:/opt/rustwide/target:rw,Z" "-v" "/var/lib/crater-agent-workspace/cargo-home:/opt/rustwide/cargo-home:ro,Z" "-v" "/var/lib/crater-agent-workspace/rustup-home:/opt/rustwide/rustup-home:ro,Z" "-m" "1610612736" "--network" "none" "ghcr.io/rust-lang/crates-build-env/linux@sha256:77db811e55d90add9212f6832c23229e3de5f1c1f9905e8cb07319ea15df73ac" "sleep" "infinity", kill_on_drop: false }`
[INFO] [stdout] d34b9c624e1dda0d13feedb51325f6a539f9a85ceafdcb3e4be80b8839549d85
[INFO] running `Command { std: "docker" "start" "d34b9c624e1dda0d13feedb51325f6a539f9a85ceafdcb3e4be80b8839549d85", kill_on_drop: false }`
[INFO] running `Command { std: "docker" "inspect" "d34b9c624e1dda0d13feedb51325f6a539f9a85ceafdcb3e4be80b8839549d85", kill_on_drop: false }`
[INFO] running `Command { std: "docker" "exec" "-e" "SOURCE_DIR=/opt/rustwide/workdir" "-e" "CARGO_HOME=/opt/rustwide/cargo-home" "-e" "RUSTUP_HOME=/opt/rustwide/rustup-home" "-e" "CARGO_TARGET_DIR=/opt/rustwide/target" "-w" "/opt/rustwide/workdir" "--user" "0:0" "d34b9c624e1dda0d13feedb51325f6a539f9a85ceafdcb3e4be80b8839549d85" "/opt/rustwide/cargo-home/bin/cargo" "+1.99.0-beta.8" "metadata" "--no-deps" "--format-version=1", kill_on_drop: false }`
[INFO] running `Command { std: "docker" "inspect" "d34b9c624e1dda0d13feedb51325f6a539f9a85ceafdcb3e4be80b8839549d85", kill_on_drop: false }`
[INFO] running `Command { std: "docker" "exec" "-e" "SOURCE_DIR=/opt/rustwide/workdir" "-e" "CARGO_HOME=/opt/rustwide/cargo-home" "-e" "RUSTUP_HOME=/opt/rustwide/rustup-home" "-e" "CARGO_TARGET_DIR=/opt/rustwide/target" "-e" "CARGO_INCREMENTAL=0" "-e" "RUST_BACKTRACE=full" "-e" "RUSTFLAGS=--cap-lints=warn" "-e" "RUSTDOCFLAGS=--cap-lints=warn" "-w" "/opt/rustwide/workdir" "--user" "0:0" "d34b9c624e1dda0d13feedb51325f6a539f9a85ceafdcb3e4be80b8839549d85" "/opt/rustwide/cargo-home/bin/cargo" "+1.99.0-beta.8" "build" "--frozen" "--message-format=json" "--release", kill_on_drop: false }`
[INFO] [stderr]    Compiling proc-macro2 v1.0.94
[INFO] [stderr]    Compiling unicode-ident v1.0.18
[INFO] [stderr]    Compiling memchr v2.7.4
[INFO] [stderr]    Compiling serde v1.0.219
[INFO] [stderr]    Compiling strsim v0.11.1
[INFO] [stderr]    Compiling ident_case v1.0.1
[INFO] [stderr]    Compiling fnv v1.0.7
[INFO] [stderr]    Compiling smallvec v1.14.0
[INFO] [stderr]    Compiling once_cell v1.21.3
[INFO] [stderr]    Compiling autocfg v1.4.0
[INFO] [stderr]    Compiling regex-syntax v0.8.5
[INFO] [stderr]    Compiling hashbrown v0.15.2
[INFO] [stderr]    Compiling equivalent v1.0.2
[INFO] [stderr]    Compiling libc v0.2.171
[INFO] [stderr]    Compiling bit-vec v0.6.3
[INFO] [stderr]    Compiling crossbeam-utils v0.8.21
[INFO] [stderr]    Compiling serde_json v1.0.140
[INFO] [stderr]    Compiling endian-type v0.1.2
[INFO] [stderr]    Compiling parking_lot_core v0.9.10
[INFO] [stderr]    Compiling thiserror v1.0.69
[INFO] [stderr]    Compiling ryu v1.0.20
[INFO] [stderr]    Compiling path-slash v0.2.1
[INFO] [stderr]    Compiling nibble_vec v0.1.0
[INFO] [stderr]    Compiling clean-path v0.2.1
[INFO] [stderr]    Compiling itoa v1.0.15
[INFO] [stderr]    Compiling radix_trie v0.2.1
[INFO] [stderr]    Compiling bit-set v0.5.3
[INFO] [stderr]    Compiling adler v1.0.2
[INFO] [stderr]    Compiling cfg-if v1.0.0
[INFO] [stderr]    Compiling scopeguard v1.2.0
[INFO] [stderr]    Compiling concurrent_lru v0.2.0
[INFO] [stderr]    Compiling tracing-core v0.1.33
[INFO] [stderr]    Compiling lazy_static v1.5.0
[INFO] [stderr]    Compiling hashbrown v0.14.5
[INFO] [stderr]    Compiling miniz_oxide v0.7.4
[INFO] [stderr]    Compiling pathdiff v0.2.3
[INFO] [stderr]    Compiling byteorder v1.5.0
[INFO] [stderr]    Compiling pin-project-lite v0.2.16
[INFO] [stderr]    Compiling lock_api v0.4.12
[INFO] [stderr]    Compiling rustc-hash v2.1.1
[INFO] [stderr]    Compiling aho-corasick v1.1.3
[INFO] [stderr]    Compiling json-strip-comments v1.0.4
[INFO] [stderr]    Compiling dunce v1.0.5
[INFO] [stderr]    Compiling simdutf8 v0.1.5
[INFO] [stderr]    Compiling arca v0.7.0
[INFO] [stderr]    Compiling quote v1.0.40
[INFO] [stderr]    Compiling syn v2.0.100
[INFO] [stderr]    Compiling dashmap v6.1.0
[INFO] [stderr]    Compiling regex-automata v0.4.9
[INFO] [stderr]    Compiling darling_core v0.20.11
[INFO] [stderr]    Compiling serde_derive v1.0.219
[INFO] [stderr]    Compiling thiserror-impl v1.0.69
[INFO] [stderr]    Compiling tracing-attributes v0.1.28
[INFO] [stderr]    Compiling tracing v0.1.41
[INFO] [stderr]    Compiling fancy-regex v0.13.0
[INFO] [stderr]    Compiling regex v1.11.1
[INFO] [stderr]    Compiling darling_macro v0.20.11
[INFO] [stderr]    Compiling darling v0.20.11
[INFO] [stderr]    Compiling serde_with_macros v3.12.0
[INFO] [stderr]    Compiling indexmap v2.8.0
[INFO] [stderr]    Compiling serde_with v3.12.0
[INFO] [stderr]    Compiling pnp v0.9.1
[INFO] [stderr]    Compiling rustbolt_resolver v0.5.3 (/opt/rustwide/workdir)
[INFO] [stdout] warning: eliding a lifetime that's named elsewhere is confusing
[INFO] [stdout]    --> src/package_json.rs:129:42
[INFO] [stdout]     |
[INFO] [stdout] 127 |         &'a self,
[INFO] [stdout]     |          -- the lifetime is named here
[INFO] [stdout] 128 |         main_fields: &'a [String],
[INFO] [stdout]     |                       -- the lifetime is named here
[INFO] [stdout] 129 |     ) -> impl Iterator<Item = &'a str> + '_ {
[INFO] [stdout]     |                                --        ^^ the same lifetime is elided here
[INFO] [stdout]     |                                |
[INFO] [stdout]     |                                the same lifetime is named here
[INFO] [stdout]     |
[INFO] [stdout]     = help: the same lifetime is referred to in inconsistent ways, making the signature confusing
[INFO] [stdout]     = note: `#[warn(mismatched_lifetime_syntaxes)]` on by default
[INFO] [stdout] help: consistently use `'a`
[INFO] [stdout]     |
[INFO] [stdout] 129 -     ) -> impl Iterator<Item = &'a str> + '_ {
[INFO] [stdout] 129 +     ) -> impl Iterator<Item = &'a str> + 'a {
[INFO] [stdout]     |
[INFO] [stdout] 
[INFO] [stdout] 
[INFO] [stdout] warning: eliding a lifetime that's named elsewhere is confusing
[INFO] [stdout]    --> src/package_json.rs:142:48
[INFO] [stdout]     |
[INFO] [stdout] 140 |         &'a self,
[INFO] [stdout]     |          -- the lifetime is named here
[INFO] [stdout] 141 |         exports_fields: &'a [Vec<String>],
[INFO] [stdout]     |                          -- the lifetime is named here
[INFO] [stdout] 142 |     ) -> impl Iterator<Item = &'a JSONValue> + '_ {
[INFO] [stdout]     |                                --              ^^ the same lifetime is elided here
[INFO] [stdout]     |                                |
[INFO] [stdout]     |                                the same lifetime is named here
[INFO] [stdout]     |
[INFO] [stdout]     = help: the same lifetime is referred to in inconsistent ways, making the signature confusing
[INFO] [stdout] help: consistently use `'a`
[INFO] [stdout]     |
[INFO] [stdout] 142 -     ) -> impl Iterator<Item = &'a JSONValue> + '_ {
[INFO] [stdout] 142 +     ) -> impl Iterator<Item = &'a JSONValue> + 'a {
[INFO] [stdout]     |
[INFO] [stdout] 
[INFO] [stdout] 
[INFO] [stdout] warning: eliding a lifetime that's named elsewhere is confusing
[INFO] [stdout]    --> src/package_json.rs:156:46
[INFO] [stdout]     |
[INFO] [stdout] 154 |         &'a self,
[INFO] [stdout]     |          -- the lifetime is named here
[INFO] [stdout] 155 |         imports_fields: &'a [Vec<String>],
[INFO] [stdout]     |                          -- the lifetime is named here
[INFO] [stdout] 156 |     ) -> impl Iterator<Item = &'a JSONMap> + '_ {
[INFO] [stdout]     |                                --            ^^ the same lifetime is elided here
[INFO] [stdout]     |                                |
[INFO] [stdout]     |                                the same lifetime is named here
[INFO] [stdout]     |
[INFO] [stdout]     = help: the same lifetime is referred to in inconsistent ways, making the signature confusing
[INFO] [stdout] help: consistently use `'a`
[INFO] [stdout]     |
[INFO] [stdout] 156 -     ) -> impl Iterator<Item = &'a JSONMap> + '_ {
[INFO] [stdout] 156 +     ) -> impl Iterator<Item = &'a JSONMap> + 'a {
[INFO] [stdout]     |
[INFO] [stdout] 
[INFO] [stdout] 
[INFO] [stdout] warning: eliding a lifetime that's named elsewhere is confusing
[INFO] [stdout]    --> src/package_json.rs:172:46
[INFO] [stdout]     |
[INFO] [stdout] 170 |         &'a self,
[INFO] [stdout]     |          -- the lifetime is named here
[INFO] [stdout] 171 |         alias_fields: &'a [Vec<String>],
[INFO] [stdout]     |                        -- the lifetime is named here
[INFO] [stdout] 172 |     ) -> impl Iterator<Item = &'a JSONMap> + '_ {
[INFO] [stdout]     |                                --            ^^ the same lifetime is elided here
[INFO] [stdout]     |                                |
[INFO] [stdout]     |                                the same lifetime is named here
[INFO] [stdout]     |
[INFO] [stdout]     = help: the same lifetime is referred to in inconsistent ways, making the signature confusing
[INFO] [stdout] help: consistently use `'a`
[INFO] [stdout]     |
[INFO] [stdout] 172 -     ) -> impl Iterator<Item = &'a JSONMap> + '_ {
[INFO] [stdout] 172 +     ) -> impl Iterator<Item = &'a JSONMap> + 'a {
[INFO] [stdout]     |
[INFO] [stdout] 
[INFO] [stdout] 
[INFO] [stdout] warning: eliding a lifetime that's named elsewhere is confusing
[INFO] [stdout]    --> src/package_json.rs:193:24
[INFO] [stdout]     |
[INFO] [stdout] 189 |         &'a self,
[INFO] [stdout]     |          -- the lifetime is named here
[INFO] [stdout] ...
[INFO] [stdout] 192 |         alias_fields: &'a [Vec<String>],
[INFO] [stdout]     |                        -- the lifetime is named here
[INFO] [stdout] 193 |     ) -> Result<Option<&str>, ResolveError> {
[INFO] [stdout]     |                        ^^^^ the same lifetime is elided here
[INFO] [stdout]     |
[INFO] [stdout]     = help: the same lifetime is referred to in inconsistent ways, making the signature confusing
[INFO] [stdout] help: consistently use `'a`
[INFO] [stdout]     |
[INFO] [stdout] 193 |     ) -> Result<Option<&'a str>, ResolveError> {
[INFO] [stdout]     |                         ++
[INFO] [stdout] 
[INFO] [stdout] 
[INFO] [stdout] warning: eliding a lifetime that's named elsewhere is confusing
[INFO] [stdout]   --> src/specifier.rs:34:32
[INFO] [stdout]    |
[INFO] [stdout] 32 |         specifier: &'a str,
[INFO] [stdout]    |                     -- the lifetime is named here
[INFO] [stdout] 33 |         skip: usize,
[INFO] [stdout] 34 |     ) -> (Cow<'a, str>, Option<&str>, Option<&str>) {
[INFO] [stdout]    |               --               ^^^^          ^^^^ the same lifetime is elided here
[INFO] [stdout]    |               |                |
[INFO] [stdout]    |               |                the same lifetime is elided here
[INFO] [stdout]    |               the same lifetime is named here
[INFO] [stdout]    |
[INFO] [stdout]    = help: the same lifetime is referred to in inconsistent ways, making the signature confusing
[INFO] [stdout] help: consistently use `'a`
[INFO] [stdout]    |
[INFO] [stdout] 34 |     ) -> (Cow<'a, str>, Option<&'a str>, Option<&'a str>) {
[INFO] [stdout]    |                                 ++               ++
[INFO] [stdout] 
[INFO] [stdout] 
[INFO] [stderr]     Finished `release` profile [optimized] target(s) in 38.55s
[INFO] running `Command { std: "docker" "inspect" "d34b9c624e1dda0d13feedb51325f6a539f9a85ceafdcb3e4be80b8839549d85", kill_on_drop: false }`
[INFO] running `Command { std: "docker" "exec" "-e" "SOURCE_DIR=/opt/rustwide/workdir" "-e" "CARGO_HOME=/opt/rustwide/cargo-home" "-e" "RUSTUP_HOME=/opt/rustwide/rustup-home" "-e" "CARGO_TARGET_DIR=/opt/rustwide/target" "-e" "CARGO_INCREMENTAL=0" "-e" "RUST_BACKTRACE=full" "-e" "RUSTFLAGS=--cap-lints=warn" "-e" "RUSTDOCFLAGS=--cap-lints=warn" "-w" "/opt/rustwide/workdir" "--user" "0:0" "d34b9c624e1dda0d13feedb51325f6a539f9a85ceafdcb3e4be80b8839549d85" "/opt/rustwide/cargo-home/bin/cargo" "+1.99.0-beta.8" "test" "--frozen" "--no-run" "--message-format=json" "--release", kill_on_drop: false }`
[INFO] [stderr]    Compiling cfg-if v1.0.0
[INFO] [stderr]    Compiling memchr v2.7.4
[INFO] [stderr]    Compiling equivalent v1.0.2
[INFO] [stderr]    Compiling hashbrown v0.15.2
[INFO] [stderr]    Compiling once_cell v1.21.3
[INFO] [stderr]    Compiling smallvec v1.14.0
[INFO] [stderr]    Compiling regex-syntax v0.8.5
[INFO] [stderr]    Compiling ryu v1.0.20
[INFO] [stderr]    Compiling itoa v1.0.15
[INFO] [stderr]    Compiling lazy_static v1.5.0
[INFO] [stderr]    Compiling libc v0.2.171
[INFO] [stderr]    Compiling crossbeam-utils v0.8.21
[INFO] [stderr]    Compiling getrandom v0.3.2
[INFO] [stderr]    Compiling either v1.15.0
[INFO] [stderr]    Compiling serde v1.0.219
[INFO] [stderr]    Compiling num-traits v0.2.19
[INFO] [stderr]    Compiling half v2.5.0
[INFO] [stderr]    Compiling endian-type v0.1.2
[INFO] [stderr]    Compiling clap_lex v0.7.4
[INFO] [stderr]    Compiling anstyle v1.0.10
[INFO] [stderr]    Compiling ciborium-io v0.2.2
[INFO] [stderr]    Compiling bit-vec v0.6.3
[INFO] [stderr]    Compiling nibble_vec v0.1.0
[INFO] [stderr]    Compiling colored v2.2.0
[INFO] [stderr]    Compiling bit-set v0.5.3
[INFO] [stderr]    Compiling clap_builder v4.5.34
[INFO] [stderr]    Compiling itertools v0.10.5
[INFO] [stderr]    Compiling cast v0.3.0
[INFO] [stderr]    Compiling path-slash v0.2.1
[INFO] [stderr]    Compiling clean-path v0.2.1
[INFO] [stderr]    Compiling radix_trie v0.2.1
[INFO] [stderr]    Compiling scopeguard v1.2.0
[INFO] [stderr]    Compiling ciborium-ll v0.2.2
[INFO] [stderr]    Compiling crossbeam-epoch v0.9.18
[INFO] [stderr]    Compiling adler v1.0.2
[INFO] [stderr]    Compiling rayon-core v1.12.1
[INFO] [stderr]    Compiling same-file v1.0.6
[INFO] [stderr]    Compiling miniz_oxide v0.7.4
[INFO] [stderr]    Compiling lock_api v0.4.12
[INFO] [stderr]    Compiling parking_lot_core v0.9.10
[INFO] [stderr]    Compiling uuid v1.16.0
[INFO] [stderr]    Compiling walkdir v2.5.0
[INFO] [stderr]    Compiling is-terminal v0.4.16
[INFO] [stderr]    Compiling tracing-core v0.1.33
[INFO] [stderr]    Compiling aho-corasick v1.1.3
[INFO] [stderr]    Compiling arca v0.7.0
[INFO] [stderr]    Compiling crossbeam-deque v0.8.6
[INFO] [stderr]    Compiling concurrent_lru v0.2.0
[INFO] [stderr]    Compiling thiserror v1.0.69
[INFO] [stderr]    Compiling codspeed-criterion-compat v2.9.1
[INFO] [stderr]    Compiling pathdiff v0.2.3
[INFO] [stderr]    Compiling pin-project-lite v0.2.16
[INFO] [stderr]    Compiling oorandom v11.1.5
[INFO] [stderr]    Compiling anes v0.1.6
[INFO] [stderr]    Compiling byteorder v1.5.0
[INFO] [stderr]    Compiling hashbrown v0.14.5
[INFO] [stderr]    Compiling tracing v0.1.41
[INFO] [stderr]    Compiling json-strip-comments v1.0.4
[INFO] [stderr]    Compiling filetime v0.2.25
[INFO] [stderr]    Compiling rustc-hash v2.1.1
[INFO] [stderr]    Compiling simdutf8 v0.1.5
[INFO] [stderr]    Compiling dunce v1.0.5
[INFO] [stderr]    Compiling normalize-path v0.2.1
[INFO] [stderr]    Compiling vfs v0.12.1
[INFO] [stderr]    Compiling rayon v1.10.0
[INFO] [stderr]    Compiling dashmap v6.1.0
[INFO] [stderr]    Compiling criterion-plot v0.5.0
[INFO] [stderr]    Compiling regex-automata v0.4.9
[INFO] [stderr]    Compiling clap v4.5.34
[INFO] [stderr]    Compiling indexmap v2.8.0
[INFO] [stderr]    Compiling ciborium v0.2.2
[INFO] [stderr]    Compiling serde_json v1.0.140
[INFO] [stderr]    Compiling serde_with v3.12.0
[INFO] [stderr]    Compiling tinytemplate v1.2.1
[INFO] [stderr]    Compiling codspeed v2.9.1
[INFO] [stderr]    Compiling regex v1.11.1
[INFO] [stderr]    Compiling fancy-regex v0.13.0
[INFO] [stderr]    Compiling pnp v0.9.1
[INFO] [stderr]    Compiling codspeed-criterion-compat-walltime v2.9.1
[INFO] [stderr]    Compiling rustbolt_resolver v0.5.3 (/opt/rustwide/workdir)
[INFO] [stdout] warning: eliding a lifetime that's named elsewhere is confusing
[INFO] [stdout]    --> src/package_json.rs:129:42
[INFO] [stdout]     |
[INFO] [stdout] 127 |         &'a self,
[INFO] [stdout]     |          -- the lifetime is named here
[INFO] [stdout] 128 |         main_fields: &'a [String],
[INFO] [stdout]     |                       -- the lifetime is named here
[INFO] [stdout] 129 |     ) -> impl Iterator<Item = &'a str> + '_ {
[INFO] [stdout]     |                                --        ^^ the same lifetime is elided here
[INFO] [stdout]     |                                |
[INFO] [stdout]     |                                the same lifetime is named here
[INFO] [stdout]     |
[INFO] [stdout]     = help: the same lifetime is referred to in inconsistent ways, making the signature confusing
[INFO] [stdout]     = note: `#[warn(mismatched_lifetime_syntaxes)]` on by default
[INFO] [stdout] help: consistently use `'a`
[INFO] [stdout]     |
[INFO] [stdout] 129 -     ) -> impl Iterator<Item = &'a str> + '_ {
[INFO] [stdout] 129 +     ) -> impl Iterator<Item = &'a str> + 'a {
[INFO] [stdout]     |
[INFO] [stdout] 
[INFO] [stdout] 
[INFO] [stdout] warning: eliding a lifetime that's named elsewhere is confusing
[INFO] [stdout]    --> src/package_json.rs:142:48
[INFO] [stdout]     |
[INFO] [stdout] 140 |         &'a self,
[INFO] [stdout]     |          -- the lifetime is named here
[INFO] [stdout] 141 |         exports_fields: &'a [Vec<String>],
[INFO] [stdout]     |                          -- the lifetime is named here
[INFO] [stdout] 142 |     ) -> impl Iterator<Item = &'a JSONValue> + '_ {
[INFO] [stdout]     |                                --              ^^ the same lifetime is elided here
[INFO] [stdout]     |                                |
[INFO] [stdout]     |                                the same lifetime is named here
[INFO] [stdout]     |
[INFO] [stdout]     = help: the same lifetime is referred to in inconsistent ways, making the signature confusing
[INFO] [stdout] help: consistently use `'a`
[INFO] [stdout]     |
[INFO] [stdout] 142 -     ) -> impl Iterator<Item = &'a JSONValue> + '_ {
[INFO] [stdout] 142 +     ) -> impl Iterator<Item = &'a JSONValue> + 'a {
[INFO] [stdout]     |
[INFO] [stdout] 
[INFO] [stdout] 
[INFO] [stdout] warning: eliding a lifetime that's named elsewhere is confusing
[INFO] [stdout]    --> src/package_json.rs:156:46
[INFO] [stdout]     |
[INFO] [stdout] 154 |         &'a self,
[INFO] [stdout]     |          -- the lifetime is named here
[INFO] [stdout] 155 |         imports_fields: &'a [Vec<String>],
[INFO] [stdout]     |                          -- the lifetime is named here
[INFO] [stdout] 156 |     ) -> impl Iterator<Item = &'a JSONMap> + '_ {
[INFO] [stdout]     |                                --            ^^ the same lifetime is elided here
[INFO] [stdout]     |                                |
[INFO] [stdout]     |                                the same lifetime is named here
[INFO] [stdout]     |
[INFO] [stdout]     = help: the same lifetime is referred to in inconsistent ways, making the signature confusing
[INFO] [stdout] help: consistently use `'a`
[INFO] [stdout]     |
[INFO] [stdout] 156 -     ) -> impl Iterator<Item = &'a JSONMap> + '_ {
[INFO] [stdout] 156 +     ) -> impl Iterator<Item = &'a JSONMap> + 'a {
[INFO] [stdout]     |
[INFO] [stdout] 
[INFO] [stdout] 
[INFO] [stdout] warning: eliding a lifetime that's named elsewhere is confusing
[INFO] [stdout]    --> src/package_json.rs:172:46
[INFO] [stdout]     |
[INFO] [stdout] 170 |         &'a self,
[INFO] [stdout]     |          -- the lifetime is named here
[INFO] [stdout] 171 |         alias_fields: &'a [Vec<String>],
[INFO] [stdout]     |                        -- the lifetime is named here
[INFO] [stdout] 172 |     ) -> impl Iterator<Item = &'a JSONMap> + '_ {
[INFO] [stdout]     |                                --            ^^ the same lifetime is elided here
[INFO] [stdout]     |                                |
[INFO] [stdout]     |                                the same lifetime is named here
[INFO] [stdout]     |
[INFO] [stdout]     = help: the same lifetime is referred to in inconsistent ways, making the signature confusing
[INFO] [stdout] help: consistently use `'a`
[INFO] [stdout]     |
[INFO] [stdout] 172 -     ) -> impl Iterator<Item = &'a JSONMap> + '_ {
[INFO] [stdout] 172 +     ) -> impl Iterator<Item = &'a JSONMap> + 'a {
[INFO] [stdout]     |
[INFO] [stdout] 
[INFO] [stdout] 
[INFO] [stdout] warning: eliding a lifetime that's named elsewhere is confusing
[INFO] [stdout]    --> src/package_json.rs:193:24
[INFO] [stdout]     |
[INFO] [stdout] 189 |         &'a self,
[INFO] [stdout]     |          -- the lifetime is named here
[INFO] [stdout] ...
[INFO] [stdout] 192 |         alias_fields: &'a [Vec<String>],
[INFO] [stdout]     |                        -- the lifetime is named here
[INFO] [stdout] 193 |     ) -> Result<Option<&str>, ResolveError> {
[INFO] [stdout]     |                        ^^^^ the same lifetime is elided here
[INFO] [stdout]     |
[INFO] [stdout]     = help: the same lifetime is referred to in inconsistent ways, making the signature confusing
[INFO] [stdout] help: consistently use `'a`
[INFO] [stdout]     |
[INFO] [stdout] 193 |     ) -> Result<Option<&'a str>, ResolveError> {
[INFO] [stdout]     |                         ++
[INFO] [stdout] 
[INFO] [stdout] 
[INFO] [stdout] warning: eliding a lifetime that's named elsewhere is confusing
[INFO] [stdout]   --> src/specifier.rs:34:32
[INFO] [stdout]    |
[INFO] [stdout] 32 |         specifier: &'a str,
[INFO] [stdout]    |                     -- the lifetime is named here
[INFO] [stdout] 33 |         skip: usize,
[INFO] [stdout] 34 |     ) -> (Cow<'a, str>, Option<&str>, Option<&str>) {
[INFO] [stdout]    |               --               ^^^^          ^^^^ the same lifetime is elided here
[INFO] [stdout]    |               |                |
[INFO] [stdout]    |               |                the same lifetime is elided here
[INFO] [stdout]    |               the same lifetime is named here
[INFO] [stdout]    |
[INFO] [stdout]    = help: the same lifetime is referred to in inconsistent ways, making the signature confusing
[INFO] [stdout] help: consistently use `'a`
[INFO] [stdout]    |
[INFO] [stdout] 34 |     ) -> (Cow<'a, str>, Option<&'a str>, Option<&'a str>) {
[INFO] [stdout]    |                                 ++               ++
[INFO] [stdout] 
[INFO] [stdout] 
[INFO] [stdout] warning: eliding a lifetime that's named elsewhere is confusing
[INFO] [stdout]    --> src/package_json.rs:129:42
[INFO] [stdout]     |
[INFO] [stdout] 127 |         &'a self,
[INFO] [stdout]     |          -- the lifetime is named here
[INFO] [stdout] 128 |         main_fields: &'a [String],
[INFO] [stdout]     |                       -- the lifetime is named here
[INFO] [stdout] 129 |     ) -> impl Iterator<Item = &'a str> + '_ {
[INFO] [stdout]     |                                --        ^^ the same lifetime is elided here
[INFO] [stdout]     |                                |
[INFO] [stdout]     |                                the same lifetime is named here
[INFO] [stdout]     |
[INFO] [stdout]     = help: the same lifetime is referred to in inconsistent ways, making the signature confusing
[INFO] [stdout]     = note: `#[warn(mismatched_lifetime_syntaxes)]` on by default
[INFO] [stdout] help: consistently use `'a`
[INFO] [stdout]     |
[INFO] [stdout] 129 -     ) -> impl Iterator<Item = &'a str> + '_ {
[INFO] [stdout] 129 +     ) -> impl Iterator<Item = &'a str> + 'a {
[INFO] [stdout]     |
[INFO] [stdout] 
[INFO] [stdout] 
[INFO] [stdout] warning: eliding a lifetime that's named elsewhere is confusing
[INFO] [stdout]    --> src/package_json.rs:142:48
[INFO] [stdout]     |
[INFO] [stdout] 140 |         &'a self,
[INFO] [stdout]     |          -- the lifetime is named here
[INFO] [stdout] 141 |         exports_fields: &'a [Vec<String>],
[INFO] [stdout]     |                          -- the lifetime is named here
[INFO] [stdout] 142 |     ) -> impl Iterator<Item = &'a JSONValue> + '_ {
[INFO] [stdout]     |                                --              ^^ the same lifetime is elided here
[INFO] [stdout]     |                                |
[INFO] [stdout]     |                                the same lifetime is named here
[INFO] [stdout]     |
[INFO] [stdout]     = help: the same lifetime is referred to in inconsistent ways, making the signature confusing
[INFO] [stdout] help: consistently use `'a`
[INFO] [stdout]     |
[INFO] [stdout] 142 -     ) -> impl Iterator<Item = &'a JSONValue> + '_ {
[INFO] [stdout] 142 +     ) -> impl Iterator<Item = &'a JSONValue> + 'a {
[INFO] [stdout]     |
[INFO] [stdout] 
[INFO] [stdout] 
[INFO] [stdout] warning: eliding a lifetime that's named elsewhere is confusing
[INFO] [stdout]    --> src/package_json.rs:156:46
[INFO] [stdout]     |
[INFO] [stdout] 154 |         &'a self,
[INFO] [stdout]     |          -- the lifetime is named here
[INFO] [stdout] 155 |         imports_fields: &'a [Vec<String>],
[INFO] [stdout]     |                          -- the lifetime is named here
[INFO] [stdout] 156 |     ) -> impl Iterator<Item = &'a JSONMap> + '_ {
[INFO] [stdout]     |                                --            ^^ the same lifetime is elided here
[INFO] [stdout]     |                                |
[INFO] [stdout]     |                                the same lifetime is named here
[INFO] [stdout]     |
[INFO] [stdout]     = help: the same lifetime is referred to in inconsistent ways, making the signature confusing
[INFO] [stdout] help: consistently use `'a`
[INFO] [stdout]     |
[INFO] [stdout] 156 -     ) -> impl Iterator<Item = &'a JSONMap> + '_ {
[INFO] [stdout] 156 +     ) -> impl Iterator<Item = &'a JSONMap> + 'a {
[INFO] [stdout]     |
[INFO] [stdout] 
[INFO] [stdout] 
[INFO] [stdout] warning: eliding a lifetime that's named elsewhere is confusing
[INFO] [stdout]    --> src/package_json.rs:172:46
[INFO] [stdout]     |
[INFO] [stdout] 170 |         &'a self,
[INFO] [stdout]     |          -- the lifetime is named here
[INFO] [stdout] 171 |         alias_fields: &'a [Vec<String>],
[INFO] [stdout]     |                        -- the lifetime is named here
[INFO] [stdout] 172 |     ) -> impl Iterator<Item = &'a JSONMap> + '_ {
[INFO] [stdout]     |                                --            ^^ the same lifetime is elided here
[INFO] [stdout]     |                                |
[INFO] [stdout]     |                                the same lifetime is named here
[INFO] [stdout]     |
[INFO] [stdout]     = help: the same lifetime is referred to in inconsistent ways, making the signature confusing
[INFO] [stdout] help: consistently use `'a`
[INFO] [stdout]     |
[INFO] [stdout] 172 -     ) -> impl Iterator<Item = &'a JSONMap> + '_ {
[INFO] [stdout] 172 +     ) -> impl Iterator<Item = &'a JSONMap> + 'a {
[INFO] [stdout]     |
[INFO] [stdout] 
[INFO] [stdout] 
[INFO] [stdout] warning: eliding a lifetime that's named elsewhere is confusing
[INFO] [stdout]    --> src/package_json.rs:193:24
[INFO] [stdout]     |
[INFO] [stdout] 189 |         &'a self,
[INFO] [stdout]     |          -- the lifetime is named here
[INFO] [stdout] ...
[INFO] [stdout] 192 |         alias_fields: &'a [Vec<String>],
[INFO] [stdout]     |                        -- the lifetime is named here
[INFO] [stdout] 193 |     ) -> Result<Option<&str>, ResolveError> {
[INFO] [stdout]     |                        ^^^^ the same lifetime is elided here
[INFO] [stdout]     |
[INFO] [stdout]     = help: the same lifetime is referred to in inconsistent ways, making the signature confusing
[INFO] [stdout] help: consistently use `'a`
[INFO] [stdout]     |
[INFO] [stdout] 193 |     ) -> Result<Option<&'a str>, ResolveError> {
[INFO] [stdout]     |                         ++
[INFO] [stdout] 
[INFO] [stdout] 
[INFO] [stdout] warning: eliding a lifetime that's named elsewhere is confusing
[INFO] [stdout]   --> src/specifier.rs:34:32
[INFO] [stdout]    |
[INFO] [stdout] 32 |         specifier: &'a str,
[INFO] [stdout]    |                     -- the lifetime is named here
[INFO] [stdout] 33 |         skip: usize,
[INFO] [stdout] 34 |     ) -> (Cow<'a, str>, Option<&str>, Option<&str>) {
[INFO] [stdout]    |               --               ^^^^          ^^^^ the same lifetime is elided here
[INFO] [stdout]    |               |                |
[INFO] [stdout]    |               |                the same lifetime is elided here
[INFO] [stdout]    |               the same lifetime is named here
[INFO] [stdout]    |
[INFO] [stdout]    = help: the same lifetime is referred to in inconsistent ways, making the signature confusing
[INFO] [stdout] help: consistently use `'a`
[INFO] [stdout]    |
[INFO] [stdout] 34 |     ) -> (Cow<'a, str>, Option<&'a str>, Option<&'a str>) {
[INFO] [stdout]    |                                 ++               ++
[INFO] [stdout] 
[INFO] [stdout] 
[INFO] [stderr]     Finished `release` profile [optimized] target(s) in 1m 47s
[INFO] running `Command { std: "docker" "inspect" "d34b9c624e1dda0d13feedb51325f6a539f9a85ceafdcb3e4be80b8839549d85", kill_on_drop: false }`
[INFO] running `Command { std: "docker" "exec" "-e" "SOURCE_DIR=/opt/rustwide/workdir" "-e" "CARGO_HOME=/opt/rustwide/cargo-home" "-e" "RUSTUP_HOME=/opt/rustwide/rustup-home" "-e" "CARGO_TARGET_DIR=/opt/rustwide/target" "-e" "CARGO_INCREMENTAL=0" "-e" "RUST_BACKTRACE=full" "-e" "RUSTFLAGS=--cap-lints=warn" "-e" "RUSTDOCFLAGS=--cap-lints=warn" "-w" "/opt/rustwide/workdir" "--user" "0:0" "d34b9c624e1dda0d13feedb51325f6a539f9a85ceafdcb3e4be80b8839549d85" "/opt/rustwide/cargo-home/bin/cargo" "+1.99.0-beta.8" "test" "--frozen" "--release", kill_on_drop: false }`
[INFO] [stderr] warning: eliding a lifetime that's named elsewhere is confusing
[INFO] [stderr]    --> src/package_json.rs:129:42
[INFO] [stderr]     |
[INFO] [stderr] 127 |         &'a self,
[INFO] [stderr]     |          -- the lifetime is named here
[INFO] [stderr] 128 |         main_fields: &'a [String],
[INFO] [stderr]     |                       -- the lifetime is named here
[INFO] [stderr] 129 |     ) -> impl Iterator<Item = &'a str> + '_ {
[INFO] [stderr]     |                                --        ^^ the same lifetime is elided here
[INFO] [stderr]     |                                |
[INFO] [stderr]     |                                the same lifetime is named here
[INFO] [stderr]     |
[INFO] [stderr]     = help: the same lifetime is referred to in inconsistent ways, making the signature confusing
[INFO] [stderr]     = note: `#[warn(mismatched_lifetime_syntaxes)]` on by default
[INFO] [stderr] help: consistently use `'a`
[INFO] [stderr]     |
[INFO] [stderr] 129 -     ) -> impl Iterator<Item = &'a str> + '_ {
[INFO] [stderr] 129 +     ) -> impl Iterator<Item = &'a str> + 'a {
[INFO] [stderr]     |
[INFO] [stderr] 
[INFO] [stderr] warning: eliding a lifetime that's named elsewhere is confusing
[INFO] [stderr]    --> src/package_json.rs:142:48
[INFO] [stderr]     |
[INFO] [stderr] 140 |         &'a self,
[INFO] [stderr]     |          -- the lifetime is named here
[INFO] [stderr] 141 |         exports_fields: &'a [Vec<String>],
[INFO] [stderr]     |                          -- the lifetime is named here
[INFO] [stderr] 142 |     ) -> impl Iterator<Item = &'a JSONValue> + '_ {
[INFO] [stderr]     |                                --              ^^ the same lifetime is elided here
[INFO] [stderr]     |                                |
[INFO] [stderr]     |                                the same lifetime is named here
[INFO] [stderr]     |
[INFO] [stderr]     = help: the same lifetime is referred to in inconsistent ways, making the signature confusing
[INFO] [stderr] help: consistently use `'a`
[INFO] [stderr]     |
[INFO] [stderr] 142 -     ) -> impl Iterator<Item = &'a JSONValue> + '_ {
[INFO] [stderr] 142 +     ) -> impl Iterator<Item = &'a JSONValue> + 'a {
[INFO] [stderr]     |
[INFO] [stderr] 
[INFO] [stderr] warning: eliding a lifetime that's named elsewhere is confusing
[INFO] [stderr]    --> src/package_json.rs:156:46
[INFO] [stderr]     |
[INFO] [stderr] 154 |         &'a self,
[INFO] [stderr]     |          -- the lifetime is named here
[INFO] [stderr] 155 |         imports_fields: &'a [Vec<String>],
[INFO] [stderr]     |                          -- the lifetime is named here
[INFO] [stderr] 156 |     ) -> impl Iterator<Item = &'a JSONMap> + '_ {
[INFO] [stderr]     |                                --            ^^ the same lifetime is elided here
[INFO] [stderr]     |                                |
[INFO] [stderr]     |                                the same lifetime is named here
[INFO] [stderr]     |
[INFO] [stderr]     = help: the same lifetime is referred to in inconsistent ways, making the signature confusing
[INFO] [stderr] help: consistently use `'a`
[INFO] [stderr]     |
[INFO] [stderr] 156 -     ) -> impl Iterator<Item = &'a JSONMap> + '_ {
[INFO] [stderr] 156 +     ) -> impl Iterator<Item = &'a JSONMap> + 'a {
[INFO] [stderr]     |
[INFO] [stderr] 
[INFO] [stderr] warning: eliding a lifetime that's named elsewhere is confusing
[INFO] [stderr]    --> src/package_json.rs:172:46
[INFO] [stderr]     |
[INFO] [stderr] 170 |         &'a self,
[INFO] [stderr]     |          -- the lifetime is named here
[INFO] [stderr] 171 |         alias_fields: &'a [Vec<String>],
[INFO] [stderr]     |                        -- the lifetime is named here
[INFO] [stderr] 172 |     ) -> impl Iterator<Item = &'a JSONMap> + '_ {
[INFO] [stderr]     |                                --            ^^ the same lifetime is elided here
[INFO] [stderr]     |                                |
[INFO] [stderr]     |                                the same lifetime is named here
[INFO] [stderr]     |
[INFO] [stderr]     = help: the same lifetime is referred to in inconsistent ways, making the signature confusing
[INFO] [stderr] help: consistently use `'a`
[INFO] [stderr]     |
[INFO] [stderr] 172 -     ) -> impl Iterator<Item = &'a JSONMap> + '_ {
[INFO] [stderr] 172 +     ) -> impl Iterator<Item = &'a JSONMap> + 'a {
[INFO] [stderr]     |
[INFO] [stderr] 
[INFO] [stderr] warning: eliding a lifetime that's named elsewhere is confusing
[INFO] [stderr]    --> src/package_json.rs:193:24
[INFO] [stderr]     |
[INFO] [stderr] 189 |         &'a self,
[INFO] [stderr]     |          -- the lifetime is named here
[INFO] [stderr] ...
[INFO] [stderr] 192 |         alias_fields: &'a [Vec<String>],
[INFO] [stderr]     |                        -- the lifetime is named here
[INFO] [stderr] 193 |     ) -> Result<Option<&str>, ResolveError> {
[INFO] [stderr]     |                        ^^^^ the same lifetime is elided here
[INFO] [stderr]     |
[INFO] [stderr]     = help: the same lifetime is referred to in inconsistent ways, making the signature confusing
[INFO] [stderr] help: consistently use `'a`
[INFO] [stderr]     |
[INFO] [stderr] 193 |     ) -> Result<Option<&'a str>, ResolveError> {
[INFO] [stderr]     |                         ++
[INFO] [stderr] 
[INFO] [stderr] warning: eliding a lifetime that's named elsewhere is confusing
[INFO] [stderr]   --> src/specifier.rs:34:32
[INFO] [stderr]    |
[INFO] [stderr] 32 |         specifier: &'a str,
[INFO] [stderr]    |                     -- the lifetime is named here
[INFO] [stderr] 33 |         skip: usize,
[INFO] [stderr] 34 |     ) -> (Cow<'a, str>, Option<&str>, Option<&str>) {
[INFO] [stderr]    |               --               ^^^^          ^^^^ the same lifetime is elided here
[INFO] [stderr]    |               |                |
[INFO] [stderr]    |               |                the same lifetime is elided here
[INFO] [stderr]    |               the same lifetime is named here
[INFO] [stderr]    |
[INFO] [stderr]    = help: the same lifetime is referred to in inconsistent ways, making the signature confusing
[INFO] [stderr] help: consistently use `'a`
[INFO] [stderr]    |
[INFO] [stderr] 34 |     ) -> (Cow<'a, str>, Option<&'a str>, Option<&'a str>) {
[INFO] [stderr]    |                                 ++               ++
[INFO] [stderr] 
[INFO] [stderr] warning: `rustbolt_resolver` (lib) generated 6 warnings (run `cargo fix --lib -p rustbolt_resolver` to apply 6 suggestions)
[INFO] [stderr] warning: `rustbolt_resolver` (lib test) generated 6 warnings (6 duplicates)
[INFO] [stderr]     Finished `release` profile [optimized] target(s) in 0.18s
[INFO] [stderr]      Running unittests src/lib.rs (/opt/rustwide/target/release/deps/rustbolt_resolver-6119985ce4622e71)
[INFO] [stdout] 
[INFO] [stdout] running 103 tests
[INFO] [stdout] test path::is_invalid_exports_target ... ok
[INFO] [stdout] test path::normalize ... ok
[INFO] [stdout] test resolution::test ... ok
[INFO] [stdout] test specifier::tests::empty ... ok
[INFO] [stdout] test specifier::tests::enhanced_resolve_edge_cases ... ok
[INFO] [stdout] test specifier::tests::enhanced_resolve_windows_like ... ok
[INFO] [stdout] test specifier::tests::absolute ... ok
[INFO] [stdout] test error::test_into_io_error ... ok
[INFO] [stdout] test specifier::tests::hash ... ok
[INFO] [stdout] test file_system::metadata ... ok
[INFO] [stdout] test options::test::enforce_extension ... ok
[INFO] [stdout] test specifier::tests::query_fragment ... ok
[INFO] [stdout] test specifier::tests::module ... ok
[INFO] [stdout] test tests::alias::all_alias_values_are_not_found ... ok
[INFO] [stdout] test specifier::tests::relative ... ok
[INFO] [stdout] test tests::alias::alias ... ok
[INFO] [stdout] test error::test_coverage ... ok
[INFO] [stdout] test specifier::tests::debug ... ok
[INFO] [stdout] test options::test::display ... ok
[INFO] [stdout] test tests::alias::alias_fragment ... FAILED
[INFO] [stdout] test tests::browser_field::with_query ... FAILED
[INFO] [stdout] test tests::builtins::fail ... ok
[INFO] [stdout] test tests::alias::alias_is_full_path ... FAILED
[INFO] [stdout] test tests::alias::system_path ... FAILED
[INFO] [stdout] test tests::alias::alias_try_fragment_as_path ... FAILED
[INFO] [stdout] test tests::dependencies::windows::test ... ok
[INFO] [stdout] test tests::builtins::builtins_off ... ok
[INFO] [stdout] test tests::exports_field::exports_not_browser_field2 ... FAILED
[INFO] [stdout] test tests::builtins::builtins ... ok
[INFO] [stdout] test tests::exports_field::extension_alias_1_2 ... FAILED
[INFO] [stdout] test tests::browser_field::replace_file ... FAILED
[INFO] [stdout] test tests::browser_field::shared_resolvers ... FAILED
[INFO] [stdout] test tests::browser_field::recursive ... FAILED
[INFO] [stdout] test tests::browser_field::ignore ... FAILED
[INFO] [stdout] test tests::exports_field::shared_resolvers ... FAILED
[INFO] [stdout] test tests::browser_field::broken ... FAILED
[INFO] [stdout] test tests::browser_field::recurse_fail ... ok
[INFO] [stdout] test tests::browser_field::crypto_js ... FAILED
[INFO] [stdout] test tests::exports_field::extension_without_fully_specified ... FAILED
[INFO] [stdout] test tests::builtins::imports ... FAILED
[INFO] [stdout] test tests::exports_field::extension_alias_3 ... FAILED
[INFO] [stdout] test tests::extensions::default_enforce_extension ... FAILED
[INFO] [stdout] test tests::exports_field::extension_alias_throw_error ... FAILED
[INFO] [stdout] test tests::exports_field::exports_not_browser_field1 ... FAILED
[INFO] [stdout] test tests::exports_field::field_name_path ... FAILED
[INFO] [stdout] test tests::exports_field::test_cases ... ok
[INFO] [stdout] test tests::fallback::fallback ... ok
[INFO] [stdout] test tests::full_specified::windows::resolve_to_context ... ok
[INFO] [stdout] test tests::full_specified::windows::test ... ok
[INFO] [stdout] test tests::imports_field::shared_resolvers ... FAILED
[INFO] [stdout] test tests::alias::absolute_path ... FAILED
[INFO] [stdout] test tests::exports_field::test_simple ... FAILED
[INFO] [stdout] test tests::imports_field::test_cases ... ok
[INFO] [stdout] test tests::imports_field::test_simple ... FAILED
[INFO] [stdout] test tests::extension_alias::extension_alias ... FAILED
[INFO] [stdout] test tests::incorrect_description_file::incorrect_description_file_1 ... FAILED
[INFO] [stdout] test tests::incorrect_description_file::no_description_file ... FAILED
[INFO] [stdout] test tests::alias::infinite_recursion ... ok
[INFO] [stdout] test tests::incorrect_description_file::incorrect_description_file_2 ... FAILED
[INFO] [stdout] test tests::missing::test ... FAILED
[INFO] [stdout] test tests::incorrect_description_file::incorrect_description_file_3 ... ok
[INFO] [stdout] test tests::extension_alias::not_apply_to_extension_nor_main_files ... FAILED
[INFO] [stdout] test tests::main_field::test ... FAILED
[INFO] [stdout] test tests::pnp::pnp1 ... FAILED
[INFO] [stdout] test tests::resolve::resolve_to_context ... FAILED
[INFO] [stdout] test tests::pnp::resolve_pnp_pkg_should_failed_while_disable_pnp_mode ... ok
[INFO] [stdout] test tests::extensions::extensions ... FAILED
[INFO] [stdout] test tests::restrictions::restriction1 ... FAILED
[INFO] [stdout] test tests::resolve::resolve ... FAILED
[INFO] [stdout] test tests::main_field::test_fallback ... FAILED
[INFO] [stdout] test tests::resolve::prefer_relative ... FAILED
[INFO] [stdout] test tests::extensions::multi_dot_extension ... FAILED
[INFO] [stdout] test tests::extensions::respect_enforce_extension ... FAILED
[INFO] [stdout] test tests::missing::alias_and_extensions ... ok
[INFO] [stdout] test tests::roots::roots_fall_through ... FAILED
[INFO] [stdout] test tests::simple::resolve_abs_main ... FAILED
[INFO] [stdout] test tests::simple::dashed_name ... FAILED
[INFO] [stdout] test tests::resolve::issue238_resolve ... FAILED
[INFO] [stdout] test tests::simple::simple ... FAILED
[INFO] [stdout] test tests::simple::windows::no_package ... ok
[INFO] [stdout] test tests::roots::resolve_to_context ... FAILED
[INFO] [stdout] test tests::pnp::resolve_in_pnp_linked_folder ... FAILED
[INFO] [stdout] test tests::extensions::without_leading_dot - should panic ... FAILED
[INFO] [stdout] test tests::scoped_packages::scoped_packages ... FAILED
[INFO] [stdout] test tests::roots::prefer_absolute ... FAILED
[INFO] [stdout] test tests::symlink::test ... ok
[INFO] [stdout] test tests::tsconfig_paths::test_base_url ... ok
[INFO] [stdout] test tests::tsconfig_paths::broken ... FAILED
[INFO] [stdout] test tests::resolve::resolve_hash_as_module ... ok
[INFO] [stdout] test tests::roots::roots ... FAILED
[INFO] [stdout] test tests::tsconfig_paths::empty ... FAILED
[INFO] [stdout] test tests::tsconfig_paths::test_template_variable ... FAILED
[INFO] [stdout] test tests::tsconfig_paths::json_with_comments ... FAILED
[INFO] [stdout] test tests::tsconfig_paths::tsconfig_fallthrough ... FAILED
[INFO] [stdout] test tests::tsconfig_project_references::self_reference ... FAILED
[INFO] [stdout] test tests::tsconfig_paths::test_paths ... ok
[INFO] [stdout] test tests::tsconfig_paths::test_paths_and_base_url ... ok
[INFO] [stdout] test tests::tsconfig_paths::tsconfig ... FAILED
[INFO] [stdout] test tests::tsconfig_project_references::disabled ... FAILED
[INFO] [stdout] test tests::threaded_environment ... ok
[INFO] [stdout] test tests::tsconfig_project_references::manual ... FAILED
[INFO] [stdout] test tests::tsconfig_project_references::auto ... FAILED
[INFO] [stdout] test tests::tsconfig_paths::windows_test::match_path ... ok
[INFO] [stdout] 
[INFO] [stdout] failures:
[INFO] [stdout] 
[INFO] [stdout] ---- tests::alias::alias_fragment stdout ----
[INFO] [stdout] 
[INFO] [stdout] thread 'tests::alias::alias_fragment' (1723) panicked at src/tests/alias.rs:268:9:
[INFO] [stdout] assertion `left == right` failed: handle fragment edge case (no fragment) ./no#fragment/#/#
[INFO] [stdout]   left: Err(MatchedAliasNotFound("foo", "foo"))
[INFO] [stdout]  right: Ok("/opt/rustwide/workdir/fixtures/enhanced_resolve/test/fixtures/no#fragment/#/#.js")
[INFO] [stdout] stack backtrace:
[INFO] [stdout]    0:     0x6289cf5891e5 - <unknown>
[INFO] [stdout]    1:     0x6289cf4877ea - <unknown>
[INFO] [stdout]    2:     0x6289cf58887b - <unknown>
[INFO] [stdout]    3:     0x6289cf58835f - <unknown>
[INFO] [stdout]    4:     0x6289cf587f8a - <unknown>
[INFO] [stdout]    5:     0x6289cf587ac2 - <unknown>
[INFO] [stdout]    6:     0x6289cf5af031 - <unknown>
[INFO] [stdout]    7:     0x6289cf5aefe9 - <unknown>
[INFO] [stdout]    8:     0x6289cf5af4fc - <unknown>
[INFO] [stdout]    9:     0x6289cf48767b - <unknown>
[INFO] [stdout]   10:     0x6289cf4875f1 - <unknown>
[INFO] [stdout]   11:     0x6289cf349618 - <unknown>
[INFO] [stdout]   12:     0x6289cf43a920 - <unknown>
[INFO] [stdout]   13:     0x6289cf5cc3fb - <unknown>
[INFO] [stdout]   14:     0x6289cf5c7a0f - <unknown>
[INFO] [stdout]   15:     0x6289cf5c748c - <unknown>
[INFO] [stdout]   16:     0x6289cf5e21ac - <unknown>
[INFO] [stdout]   17:     0x6289cf5b0b02 - <unknown>
[INFO] [stdout]   18:     0x704f4a7ecdfa - <unknown>
[INFO] [stdout]   19:     0x704f4a8803d4 - clone
[INFO] [stdout]   20:                0x0 - <unknown>
[INFO] [stdout] 
[INFO] [stdout] ---- tests::browser_field::with_query stdout ----
[INFO] [stdout] 
[INFO] [stdout] thread 'tests::browser_field::with_query' (1736) panicked at src/tests/browser_field.rs:188:5:
[INFO] [stdout] assertion `left == right` failed
[INFO] [stdout]   left: Err(NotFound("./foo"))
[INFO] [stdout]  right: Ok("/opt/rustwide/workdir/fixtures/enhanced_resolve/test/fixtures/browser-module/lib/browser.js?query")
[INFO] [stdout] stack backtrace:
[INFO] [stdout]    0:     0x6289cf5891e5 - <unknown>
[INFO] [stdout]    1:     0x6289cf4877ea - <unknown>
[INFO] [stdout]    2:     0x6289cf58887b - <unknown>
[INFO] [stdout]    3:     0x6289cf58835f - <unknown>
[INFO] [stdout]    4:     0x6289cf587f8a - <unknown>
[INFO] [stdout]    5:     0x6289cf587ac2 - <unknown>
[INFO] [stdout]    6:     0x6289cf5af031 - <unknown>
[INFO] [stdout]    7:     0x6289cf5aefe9 - <unknown>
[INFO] [stdout]    8:     0x6289cf5af4fc - <unknown>
[INFO] [stdout]    9:     0x6289cf48767b - <unknown>
[INFO] [stdout]   10:     0x6289cf487592 - <unknown>
[INFO] [stdout]   11:     0x6289cf349618 - <unknown>
[INFO] [stdout]   12:     0x6289cf412acb - <unknown>
[INFO] [stdout]   13:     0x6289cf5cc3fb - <unknown>
[INFO] [stdout]   14:     0x6289cf5c7a0f - <unknown>
[INFO] [stdout]   15:     0x6289cf5c748c - <unknown>
[INFO] [stdout]   16:     0x6289cf5e21ac - <unknown>
[INFO] [stdout]   17:     0x6289cf5b0b02 - <unknown>
[INFO] [stdout]   18:     0x704f4a7ecdfa - <unknown>
[INFO] [stdout]   19:     0x704f4a8803d4 - clone
[INFO] [stdout]   20:                0x0 - <unknown>
[INFO] [stdout] 
[INFO] [stdout] ---- tests::alias::alias_is_full_path stdout ----
[INFO] [stdout] 
[INFO] [stdout] thread 'tests::alias::alias_is_full_path' (1724) panicked at src/tests/alias.rs:206:9:
[INFO] [stdout] assertion `left == right` failed
[INFO] [stdout]   left: Err(MatchedAliasNotFound("@/index", "@"))
[INFO] [stdout]  right: Ok("/opt/rustwide/workdir/fixtures/enhanced_resolve/test/fixtures/foo/index.js")
[INFO] [stdout] stack backtrace:
[INFO] [stdout]    0:     0x6289cf5891e5 - <unknown>
[INFO] [stdout]    1:     0x6289cf4877ea - <unknown>
[INFO] [stdout]    2:     0x6289cf58887b - <unknown>
[INFO] [stdout]    3:     0x6289cf58835f - <unknown>
[INFO] [stdout]    4:     0x6289cf587f8a - <unknown>
[INFO] [stdout]    5:     0x6289cf587ac2 - <unknown>
[INFO] [stdout]    6:     0x6289cf5af031 - <unknown>
[INFO] [stdout]    7:     0x6289cf5aefe9 - <unknown>
[INFO] [stdout]    8:     0x6289cf5af4fc - <unknown>
[INFO] [stdout]    9:     0x6289cf48767b - <unknown>
[INFO] [stdout]   10:     0x6289cf487592 - <unknown>
[INFO] [stdout]   11:     0x6289cf349618 - <unknown>
[INFO] [stdout]   12:     0x6289cf43bbbe - <unknown>
[INFO] [stdout]   13:     0x6289cf5cc3fb - <unknown>
[INFO] [stdout]   14:     0x6289cf5c7a0f - <unknown>
[INFO] [stdout]   15:     0x6289cf5c748c - <unknown>
[INFO] [stdout]   16:     0x6289cf5e21ac - <unknown>
[INFO] [stdout]   17:     0x6289cf5b0b02 - <unknown>
[INFO] [stdout]   18:     0x704f4a7ecdfa - <unknown>
[INFO] [stdout]   19:     0x704f4a8803d4 - clone
[INFO] [stdout]   20:                0x0 - <unknown>
[INFO] [stdout] 
[INFO] [stdout] ---- tests::alias::system_path stdout ----
[INFO] [stdout] 
[INFO] [stdout] thread 'tests::alias::system_path' (1728) panicked at src/tests/alias.rs:176:83:
[INFO] [stdout] called `Result::unwrap()` on an `Err` value: MatchedAliasNotFound("@app/files/a", "@app")
[INFO] [stdout] stack backtrace:
[INFO] [stdout]    0:     0x6289cf5891e5 - <unknown>
[INFO] [stdout]    1:     0x6289cf4877ea - <unknown>
[INFO] [stdout]    2:     0x6289cf58887b - <unknown>
[INFO] [stdout]    3:     0x6289cf58835f - <unknown>
[INFO] [stdout]    4:     0x6289cf587f8a - <unknown>
[INFO] [stdout]    5:     0x6289cf587ac2 - <unknown>
[INFO] [stdout]    6:     0x6289cf5af031 - <unknown>
[INFO] [stdout]    7:     0x6289cf5aefe9 - <unknown>
[INFO] [stdout]    8:     0x6289cf5af4fc - <unknown>
[INFO] [stdout]    9:     0x6289cf48767b - <unknown>
[INFO] [stdout]   10:     0x6289cf48b851 - <unknown>
[INFO] [stdout]   11:     0x6289cf43928f - <unknown>
[INFO] [stdout]   12:     0x6289cf5cc3fb - <unknown>
[INFO] [stdout]   13:     0x6289cf5c7a0f - <unknown>
[INFO] [stdout]   14:     0x6289cf5c748c - <unknown>
[INFO] [stdout]   15:     0x6289cf5e21ac - <unknown>
[INFO] [stdout]   16:     0x6289cf5b0b02 - <unknown>
[INFO] [stdout]   17:     0x704f4a7ecdfa - <unknown>
[INFO] [stdout]   18:     0x704f4a8803d4 - clone
[INFO] [stdout]   19:                0x0 - <unknown>
[INFO] [stdout] 
[INFO] [stdout] ---- tests::alias::alias_try_fragment_as_path stdout ----
[INFO] [stdout] 
[INFO] [stdout] thread 'tests::alias::alias_try_fragment_as_path' (1725) panicked at src/tests/alias.rs:283:5:
[INFO] [stdout] assertion `left == right` failed
[INFO] [stdout]   left: Err(MatchedAliasNotFound("#/a", "#"))
[INFO] [stdout]  right: Ok("/opt/rustwide/workdir/fixtures/enhanced_resolve/test/fixtures/#/a.js")
[INFO] [stdout] stack backtrace:
[INFO] [stdout]    0:     0x6289cf5891e5 - <unknown>
[INFO] [stdout]    1:     0x6289cf4877ea - <unknown>
[INFO] [stdout]    2:     0x6289cf58887b - <unknown>
[INFO] [stdout]    3:     0x6289cf58835f - <unknown>
[INFO] [stdout]    4:     0x6289cf587f8a - <unknown>
[INFO] [stdout]    5:     0x6289cf587ac2 - <unknown>
[INFO] [stdout]    6:     0x6289cf5af031 - <unknown>
[INFO] [stdout]    7:     0x6289cf5aefe9 - <unknown>
[INFO] [stdout]    8:     0x6289cf5af4fc - <unknown>
[INFO] [stdout]    9:     0x6289cf48767b - <unknown>
[INFO] [stdout]   10:     0x6289cf487592 - <unknown>
[INFO] [stdout]   11:     0x6289cf349618 - <unknown>
[INFO] [stdout]   12:     0x6289cf43d2c4 - <unknown>
[INFO] [stdout]   13:     0x6289cf5cc3fb - <unknown>
[INFO] [stdout]   14:     0x6289cf5c7a0f - <unknown>
[INFO] [stdout]   15:     0x6289cf5c748c - <unknown>
[INFO] [stdout]   16:     0x6289cf5e21ac - <unknown>
[INFO] [stdout]   17:     0x6289cf5b0b02 - <unknown>
[INFO] [stdout]   18:     0x704f4a7ecdfa - <unknown>
[INFO] [stdout]   19:     0x704f4a8803d4 - clone
[INFO] [stdout]   20:                0x0 - <unknown>
[INFO] [stdout] 
[INFO] [stdout] ---- tests::exports_field::exports_not_browser_field2 stdout ----
[INFO] [stdout] 
[INFO] [stdout] thread 'tests::exports_field::exports_not_browser_field2' (1743) panicked at src/tests/exports_field.rs:118:5:
[INFO] [stdout] assertion `left == right` failed
[INFO] [stdout]   left: Err(NotFound("exports-field/dist/main.js"))
[INFO] [stdout]  right: Ok("/opt/rustwide/workdir/fixtures/enhanced_resolve/test/fixtures/exports-field2/node_modules/exports-field/lib/browser.js")
[INFO] [stdout] stack backtrace:
[INFO] [stdout]    0:     0x6289cf5891e5 - <unknown>
[INFO] [stdout]    1:     0x6289cf4877ea - <unknown>
[INFO] [stdout]    2:     0x6289cf58887b - <unknown>
[INFO] [stdout]    3:     0x6289cf58835f - <unknown>
[INFO] [stdout]    4:     0x6289cf587f8a - <unknown>
[INFO] [stdout]    5:     0x6289cf587ac2 - <unknown>
[INFO] [stdout]    6:     0x6289cf5af031 - <unknown>
[INFO] [stdout]    7:     0x6289cf5aefe9 - <unknown>
[INFO] [stdout]    8:     0x6289cf5af4fc - <unknown>
[INFO] [stdout]    9:     0x6289cf48767b - <unknown>
[INFO] [stdout]   10:     0x6289cf487592 - <unknown>
[INFO] [stdout]   11:     0x6289cf349618 - <unknown>
[INFO] [stdout]   12:     0x6289cf41f604 - <unknown>
[INFO] [stdout]   13:     0x6289cf5cc3fb - <unknown>
[INFO] [stdout]   14:     0x6289cf5c7a0f - <unknown>
[INFO] [stdout]   15:     0x6289cf5c748c - <unknown>
[INFO] [stdout]   16:     0x6289cf5e21ac - <unknown>
[INFO] [stdout]   17:     0x6289cf5b0b02 - <unknown>
[INFO] [stdout]   18:     0x704f4a7ecdfa - <unknown>
[INFO] [stdout]   19:     0x704f4a8803d4 - clone
[INFO] [stdout]   20:                0x0 - <unknown>
[INFO] [stdout] 
[INFO] [stdout] ---- tests::exports_field::extension_alias_1_2 stdout ----
[INFO] [stdout] 
[INFO] [stdout] thread 'tests::exports_field::extension_alias_1_2' (1744) panicked at src/tests/exports_field.rs:231:9:
[INFO] [stdout] assertion `left == right` failed: should resolve with the `extensionAlias` option "/opt/rustwide/workdir/fixtures/enhanced_resolve/test/fixtures/exports-field-and-extension-alias" @org/pkg/string.js
[INFO] [stdout]   left: Err(NotFound("@org/pkg/string.js"))
[INFO] [stdout]  right: Ok("/opt/rustwide/workdir/fixtures/enhanced_resolve/test/fixtures/exports-field-and-extension-alias/node_modules/@org/pkg/dist/string.js")
[INFO] [stdout] stack backtrace:
[INFO] [stdout]    0:     0x6289cf5891e5 - <unknown>
[INFO] [stdout]    1:     0x6289cf4877ea - <unknown>
[INFO] [stdout]    2:     0x6289cf58887b - <unknown>
[INFO] [stdout]    3:     0x6289cf58835f - <unknown>
[INFO] [stdout]    4:     0x6289cf587f8a - <unknown>
[INFO] [stdout]    5:     0x6289cf587ac2 - <unknown>
[INFO] [stdout]    6:     0x6289cf5af031 - <unknown>
[INFO] [stdout]    7:     0x6289cf5aefe9 - <unknown>
[INFO] [stdout]    8:     0x6289cf5af4fc - <unknown>
[INFO] [stdout]    9:     0x6289cf48767b - <unknown>
[INFO] [stdout]   10:     0x6289cf4875f1 - <unknown>
[INFO] [stdout]   11:     0x6289cf349618 - <unknown>
[INFO] [stdout]   12:     0x6289cf41df6d - <unknown>
[INFO] [stdout]   13:     0x6289cf5cc3fb - <unknown>
[INFO] [stdout]   14:     0x6289cf5c7a0f - <unknown>
[INFO] [stdout]   15:     0x6289cf5c748c - <unknown>
[INFO] [stdout]   16:     0x6289cf5e21ac - <unknown>
[INFO] [stdout]   17:     0x6289cf5b0b02 - <unknown>
[INFO] [stdout]   18:     0x704f4a7ecdfa - <unknown>
[INFO] [stdout]   19:     0x704f4a8803d4 - clone
[INFO] [stdout]   20:                0x0 - <unknown>
[INFO] [stdout] 
[INFO] [stdout] ---- tests::browser_field::replace_file stdout ----
[INFO] [stdout] 
[INFO] [stdout] thread 'tests::browser_field::replace_file' (1734) panicked at src/tests/browser_field.rs:90:9:
[INFO] [stdout] assertion `left == right` failed: should replace a file 1 "/opt/rustwide/workdir/fixtures/enhanced_resolve/test/fixtures/browser-module" ./lib/replaced
[INFO] [stdout]   left: Err(NotFound("./lib/replaced"))
[INFO] [stdout]  right: Ok("/opt/rustwide/workdir/fixtures/enhanced_resolve/test/fixtures/browser-module/lib/browser.js")
[INFO] [stdout] stack backtrace:
[INFO] [stdout]    0:     0x6289cf5891e5 - <unknown>
[INFO] [stdout]    1:     0x6289cf4877ea - <unknown>
[INFO] [stdout]    2:     0x6289cf58887b - <unknown>
[INFO] [stdout]    3:     0x6289cf58835f - <unknown>
[INFO] [stdout]    4:     0x6289cf587f8a - <unknown>
[INFO] [stdout]    5:     0x6289cf587ac2 - <unknown>
[INFO] [stdout]    6:     0x6289cf5af031 - <unknown>
[INFO] [stdout]    7:     0x6289cf5aefe9 - <unknown>
[INFO] [stdout]    8:     0x6289cf5af4fc - <unknown>
[INFO] [stdout]    9:     0x6289cf48767b - <unknown>
[INFO] [stdout]   10:     0x6289cf4875f1 - <unknown>
[INFO] [stdout]   11:     0x6289cf349618 - <unknown>
[INFO] [stdout]   12:     0x6289cf41557b - <unknown>
[INFO] [stdout]   13:     0x6289cf5cc3fb - <unknown>
[INFO] [stdout]   14:     0x6289cf5c7a0f - <unknown>
[INFO] [stdout]   15:     0x6289cf5c748c - <unknown>
[INFO] [stdout]   16:     0x6289cf5e21ac - <unknown>
[INFO] [stdout]   17:     0x6289cf5b0b02 - <unknown>
[INFO] [stdout]   18:     0x704f4a7ecdfa - <unknown>
[INFO] [stdout]   19:     0x704f4a8803d4 - clone
[INFO] [stdout]   20:                0x0 - <unknown>
[INFO] [stdout] 
[INFO] [stdout] ---- tests::browser_field::shared_resolvers stdout ----
[INFO] [stdout] 
[INFO] [stdout] thread 'tests::browser_field::shared_resolvers' (1735) panicked at src/tests/browser_field.rs:43:5:
[INFO] [stdout] assertion `left == right` failed
[INFO] [stdout]   left: Err(NotFound("./lib/main1.js"))
[INFO] [stdout]  right: Ok("/opt/rustwide/workdir/fixtures/enhanced_resolve/test/fixtures/browser-module/lib/main.js")
[INFO] [stdout] stack backtrace:
[INFO] [stdout]    0:     0x6289cf5891e5 - <unknown>
[INFO] [stdout]    1:     0x6289cf4877ea - <unknown>
[INFO] [stdout]    2:     0x6289cf58887b - <unknown>
[INFO] [stdout]    3:     0x6289cf58835f - <unknown>
[INFO] [stdout]    4:     0x6289cf587f8a - <unknown>
[INFO] [stdout]    5:     0x6289cf587ac2 - <unknown>
[INFO] [stdout]    6:     0x6289cf5af031 - <unknown>
[INFO] [stdout]    7:     0x6289cf5aefe9 - <unknown>
[INFO] [stdout]    8:     0x6289cf5af4fc - <unknown>
[INFO] [stdout]    9:     0x6289cf48767b - <unknown>
[INFO] [stdout]   10:     0x6289cf487592 - <unknown>
[INFO] [stdout]   11:     0x6289cf349618 - <unknown>
[INFO] [stdout]   12:     0x6289cf416c55 - <unknown>
[INFO] [stdout]   13:     0x6289cf5cc3fb - <unknown>
[INFO] [stdout]   14:     0x6289cf5c7a0f - <unknown>
[INFO] [stdout]   15:     0x6289cf5c748c - <unknown>
[INFO] [stdout]   16:     0x6289cf5e21ac - <unknown>
[INFO] [stdout]   17:     0x6289cf5b0b02 - <unknown>
[INFO] [stdout]   18:     0x704f4a7ecdfa - <unknown>
[INFO] [stdout]   19:     0x704f4a8803d4 - clone
[INFO] [stdout]   20:                0x0 - <unknown>
[INFO] [stdout] 
[INFO] [stdout] ---- tests::browser_field::recursive stdout ----
[INFO] [stdout] 
[INFO] [stdout] thread 'tests::browser_field::recursive' (1733) panicked at src/tests/browser_field.rs:174:9:
[INFO] [stdout] assertion `left == right` failed: should handle recursive file 1 "/opt/rustwide/workdir/fixtures/enhanced_resolve/test/fixtures/browser-module" recursive-file/a
[INFO] [stdout]   left: Err(NotFound("recursive-file/a"))
[INFO] [stdout]  right: Err(Recursion)
[INFO] [stdout] stack backtrace:
[INFO] [stdout]    0:     0x6289cf5891e5 - <unknown>
[INFO] [stdout]    1:     0x6289cf4877ea - <unknown>
[INFO] [stdout]    2:     0x6289cf58887b - <unknown>
[INFO] [stdout]    3:     0x6289cf58835f - <unknown>
[INFO] [stdout]    4:     0x6289cf587f8a - <unknown>
[INFO] [stdout]    5:     0x6289cf587ac2 - <unknown>
[INFO] [stdout]    6:     0x6289cf5af031 - <unknown>
[INFO] [stdout]    7:     0x6289cf5aefe9 - <unknown>
[INFO] [stdout]    8:     0x6289cf5af4fc - <unknown>
[INFO] [stdout]    9:     0x6289cf48767b - <unknown>
[INFO] [stdout]   10:     0x6289cf4875f1 - <unknown>
[INFO] [stdout]   11:     0x6289cf3495e4 - <unknown>
[INFO] [stdout]   12:     0x6289cf41a9af - <unknown>
[INFO] [stdout]   13:     0x6289cf5cc3fb - <unknown>
[INFO] [stdout]   14:     0x6289cf5c7a0f - <unknown>
[INFO] [stdout]   15:     0x6289cf5c748c - <unknown>
[INFO] [stdout]   16:     0x6289cf5e21ac - <unknown>
[INFO] [stdout]   17:     0x6289cf5b0b02 - <unknown>
[INFO] [stdout]   18:     0x704f4a7ecdfa - <unknown>
[INFO] [stdout]   19:     0x704f4a8803d4 - clone
[INFO] [stdout]   20:                0x0 - <unknown>
[INFO] [stdout] 
[INFO] [stdout] ---- tests::browser_field::ignore stdout ----
[INFO] [stdout] 
[INFO] [stdout] thread 'tests::browser_field::ignore' (1731) panicked at src/tests/browser_field.rs:30:9:
[INFO] [stdout] assertion `left == right` failed: "/opt/rustwide/workdir/fixtures/enhanced_resolve/test/fixtures/browser-module" ./lib/ignore
[INFO] [stdout]   left: Err(NotFound("./lib/ignore"))
[INFO] [stdout]  right: Err(Ignored("/opt/rustwide/workdir/fixtures/enhanced_resolve/test/fixtures/browser-module/lib/ignore.js"))
[INFO] [stdout] stack backtrace:
[INFO] [stdout]    0:     0x6289cf5891e5 - <unknown>
[INFO] [stdout]    1:     0x6289cf4877ea - <unknown>
[INFO] [stdout]    2:     0x6289cf58887b - <unknown>
[INFO] [stdout]    3:     0x6289cf58835f - <unknown>
[INFO] [stdout]    4:     0x6289cf587f8a - <unknown>
[INFO] [stdout]    5:     0x6289cf587ac2 - <unknown>
[INFO] [stdout]    6:     0x6289cf5af031 - <unknown>
[INFO] [stdout]    7:     0x6289cf5aefe9 - <unknown>
[INFO] [stdout]    8:     0x6289cf5af4fc - <unknown>
[INFO] [stdout]    9:     0x6289cf48767b - <unknown>
[INFO] [stdout]   10:     0x6289cf4875f1 - <unknown>
[INFO] [stdout]   11:     0x6289cf3495e4 - <unknown>
[INFO] [stdout]   12:     0x6289cf418f21 - <unknown>
[INFO] [stdout]   13:     0x6289cf5cc3fb - <unknown>
[INFO] [stdout]   14:     0x6289cf5c7a0f - <unknown>
[INFO] [stdout]   15:     0x6289cf5c748c - <unknown>
[INFO] [stdout]   16:     0x6289cf5e21ac - <unknown>
[INFO] [stdout]   17:     0x6289cf5b0b02 - <unknown>
[INFO] [stdout]   18:     0x704f4a7ecdfa - <unknown>
[INFO] [stdout]   19:     0x704f4a8803d4 - clone
[INFO] [stdout]   20:                0x0 - <unknown>
[INFO] [stdout] 
[INFO] [stdout] ---- tests::exports_field::shared_resolvers stdout ----
[INFO] [stdout] 
[INFO] [stdout] thread 'tests::exports_field::shared_resolvers' (1749) panicked at src/tests/exports_field.rs:200:5:
[INFO] [stdout] assertion `left == right` failed
[INFO] [stdout]   left: Err(NotFound("exports-field"))
[INFO] [stdout]  right: Ok("/opt/rustwide/workdir/fixtures/enhanced_resolve/test/fixtures/exports-field3/node_modules/exports-field/main.js")
[INFO] [stdout] stack backtrace:
[INFO] [stdout]    0:     0x6289cf5891e5 - <unknown>
[INFO] [stdout]    1:     0x6289cf4877ea - <unknown>
[INFO] [stdout]    2:     0x6289cf58887b - <unknown>
[INFO] [stdout]    3:     0x6289cf58835f - <unknown>
[INFO] [stdout]    4:     0x6289cf587f8a - <unknown>
[INFO] [stdout]    5:     0x6289cf587ac2 - <unknown>
[INFO] [stdout]    6:     0x6289cf5af031 - <unknown>
[INFO] [stdout]    7:     0x6289cf5aefe9 - <unknown>
[INFO] [stdout]    8:     0x6289cf5af4fc - <unknown>
[INFO] [stdout]    9:     0x6289cf48767b - <unknown>
[INFO] [stdout]   10:     0x6289cf487592 - <unknown>
[INFO] [stdout]   11:     0x6289cf349618 - <unknown>
[INFO] [stdout]   12:     0x6289cf41bc1e - <unknown>
[INFO] [stdout]   13:     0x6289cf5cc3fb - <unknown>
[INFO] [stdout]   14:     0x6289cf5c7a0f - <unknown>
[INFO] [stdout]   15:     0x6289cf5c748c - <unknown>
[INFO] [stdout]   16:     0x6289cf5e21ac - <unknown>
[INFO] [stdout]   17:     0x6289cf5b0b02 - <unknown>
[INFO] [stdout]   18:     0x704f4a7ecdfa - <unknown>
[INFO] [stdout]   19:     0x704f4a8803d4 - clone
[INFO] [stdout]   20:                0x0 - <unknown>
[INFO] [stdout] 
[INFO] [stdout] ---- tests::browser_field::broken stdout ----
[INFO] [stdout] 
[INFO] [stdout] thread 'tests::browser_field::broken' (1729) panicked at src/tests/browser_field.rs:134:9:
[INFO] [stdout] assertion `left == right` failed: "/opt/rustwide/workdir/fixtures/enhanced_resolve/test/fixtures" browser-module-broken
[INFO] [stdout]   left: Err(NotFound("browser-module-broken"))
[INFO] [stdout]  right: Ok("/opt/rustwide/workdir/fixtures/enhanced_resolve/test/fixtures/node_modules/browser-module-broken/main.js")
[INFO] [stdout] stack backtrace:
[INFO] [stdout]    0:     0x6289cf5891e5 - <unknown>
[INFO] [stdout]    1:     0x6289cf4877ea - <unknown>
[INFO] [stdout]    2:     0x6289cf58887b - <unknown>
[INFO] [stdout]    3:     0x6289cf58835f - <unknown>
[INFO] [stdout]    4:     0x6289cf587f8a - <unknown>
[INFO] [stdout]    5:     0x6289cf587ac2 - <unknown>
[INFO] [stdout]    6:     0x6289cf5af031 - <unknown>
[INFO] [stdout]    7:     0x6289cf5aefe9 - <unknown>
[INFO] [stdout]    8:     0x6289cf5af4fc - <unknown>
[INFO] [stdout]    9:     0x6289cf48767b - <unknown>
[INFO] [stdout]   10:     0x6289cf4875f1 - <unknown>
[INFO] [stdout]   11:     0x6289cf349618 - <unknown>
[INFO] [stdout]   12:     0x6289cf4179ac - <unknown>
[INFO] [stdout]   13:     0x6289cf5cc3fb - <unknown>
[INFO] [stdout]   14:     0x6289cf5c7a0f - <unknown>
[INFO] [stdout]   15:     0x6289cf5c748c - <unknown>
[INFO] [stdout]   16:     0x6289cf5e21ac - <unknown>
[INFO] [stdout]   17:     0x6289cf5b0b02 - <unknown>
[INFO] [stdout]   18:     0x704f4a7ecdfa - <unknown>
[INFO] [stdout]   19:     0x704f4a8803d4 - clone
[INFO] [stdout]   20:                0x0 - <unknown>
[INFO] [stdout] 
[INFO] [stdout] ---- tests::browser_field::crypto_js stdout ----
[INFO] [stdout] 
[INFO] [stdout] thread 'tests::browser_field::crypto_js' (1730) panicked at src/tests/browser_field.rs:152:5:
[INFO] [stdout] assertion `left == right` failed
[INFO] [stdout]   left: Err(MatchedAliasNotFound("crypto", "crypto"))
[INFO] [stdout]  right: Err(Ignored("/opt/rustwide/workdir/fixtures/enhanced_resolve/test/fixtures/crypto-js"))
[INFO] [stdout] stack backtrace:
[INFO] [stdout]    0:     0x6289cf5891e5 - <unknown>
[INFO] [stdout]    1:     0x6289cf4877ea - <unknown>
[INFO] [stdout]    2:     0x6289cf58887b - <unknown>
[INFO] [stdout]    3:     0x6289cf58835f - <unknown>
[INFO] [stdout]    4:     0x6289cf587f8a - <unknown>
[INFO] [stdout]    5:     0x6289cf587ac2 - <unknown>
[INFO] [stdout]    6:     0x6289cf5af031 - <unknown>
[INFO] [stdout]    7:     0x6289cf5aefe9 - <unknown>
[INFO] [stdout]    8:     0x6289cf5af4fc - <unknown>
[INFO] [stdout]    9:     0x6289cf48767b - <unknown>
[INFO] [stdout]   10:     0x6289cf487592 - <unknown>
[INFO] [stdout]   11:     0x6289cf349618 - <unknown>
[INFO] [stdout]   12:     0x6289cf419ae5 - <unknown>
[INFO] [stdout]   13:     0x6289cf5cc3fb - <unknown>
[INFO] [stdout]   14:     0x6289cf5c7a0f - <unknown>
[INFO] [stdout]   15:     0x6289cf5c748c - <unknown>
[INFO] [stdout]   16:     0x6289cf5e21ac - <unknown>
[INFO] [stdout]   17:     0x6289cf5b0b02 - <unknown>
[INFO] [stdout]   18:     0x704f4a7ecdfa - <unknown>
[INFO] [stdout]   19:     0x704f4a8803d4 - clone
[INFO] [stdout]   20:                0x0 - <unknown>
[INFO] [stdout] 
[INFO] [stdout] ---- tests::exports_field::extension_without_fully_specified stdout ----
[INFO] [stdout] 
[INFO] [stdout] thread 'tests::exports_field::extension_without_fully_specified' (1747) panicked at src/tests/exports_field.rs:134:5:
[INFO] [stdout] assertion `left == right` failed
[INFO] [stdout]   left: Err(NotFound("exports-field/dist/main"))
[INFO] [stdout]  right: Ok("/opt/rustwide/workdir/fixtures/enhanced_resolve/test/fixtures/exports-field2/node_modules/exports-field/lib/lib2/main.js")
[INFO] [stdout] stack backtrace:
[INFO] [stdout]    0:     0x6289cf5891e5 - <unknown>
[INFO] [stdout]    1:     0x6289cf4877ea - <unknown>
[INFO] [stdout]    2:     0x6289cf58887b - <unknown>
[INFO] [stdout]    3:     0x6289cf58835f - <unknown>
[INFO] [stdout]    4:     0x6289cf587f8a - <unknown>
[INFO] [stdout]    5:     0x6289cf587ac2 - <unknown>
[INFO] [stdout]    6:     0x6289cf5af031 - <unknown>
[INFO] [stdout]    7:     0x6289cf5aefe9 - <unknown>
[INFO] [stdout]    8:     0x6289cf5af4fc - <unknown>
[INFO] [stdout]    9:     0x6289cf48767b - <unknown>
[INFO] [stdout]   10:     0x6289cf487592 - <unknown>
[INFO] [stdout]   11:     0x6289cf349618 - <unknown>
[INFO] [stdout]   12:     0x6289cf420dac - <unknown>
[INFO] [stdout]   13:     0x6289cf5cc3fb - <unknown>
[INFO] [stdout]   14:     0x6289cf5c7a0f - <unknown>
[INFO] [stdout]   15:     0x6289cf5c748c - <unknown>
[INFO] [stdout]   16:     0x6289cf5e21ac - <unknown>
[INFO] [stdout]   17:     0x6289cf5b0b02 - <unknown>
[INFO] [stdout]   18:     0x704f4a7ecdfa - <unknown>
[INFO] [stdout]   19:     0x704f4a8803d4 - clone
[INFO] [stdout]   20:                0x0 - <unknown>
[INFO] [stdout] 
[INFO] [stdout] ---- tests::builtins::imports stdout ----
[INFO] [stdout] 
[INFO] [stdout] thread 'tests::builtins::imports' (1740) panicked at src/tests/builtins.rs:119:9:
[INFO] [stdout] assertion `left == right` failed
[INFO] [stdout]   left: Err(NotFound("#fs"))
[INFO] [stdout]  right: Err(Builtin("node:fs"))
[INFO] [stdout] stack backtrace:
[INFO] [stdout]    0:     0x6289cf5891e5 - <unknown>
[INFO] [stdout]    1:     0x6289cf4877ea - <unknown>
[INFO] [stdout]    2:     0x6289cf58887b - <unknown>
[INFO] [stdout]    3:     0x6289cf58835f - <unknown>
[INFO] [stdout]    4:     0x6289cf587f8a - <unknown>
[INFO] [stdout]    5:     0x6289cf587ac2 - <unknown>
[INFO] [stdout]    6:     0x6289cf5af031 - <unknown>
[INFO] [stdout]    7:     0x6289cf5aefe9 - <unknown>
[INFO] [stdout]    8:     0x6289cf5af4fc - <unknown>
[INFO] [stdout]    9:     0x6289cf48767b - <unknown>
[INFO] [stdout]   10:     0x6289cf487592 - <unknown>
[INFO] [stdout]   11:     0x6289cf349618 - <unknown>
[INFO] [stdout]   12:     0x6289cf45201f - <unknown>
[INFO] [stdout]   13:     0x6289cf5cc3fb - <unknown>
[INFO] [stdout]   14:     0x6289cf5c7a0f - <unknown>
[INFO] [stdout]   15:     0x6289cf5c748c - <unknown>
[INFO] [stdout]   16:     0x6289cf5e21ac - <unknown>
[INFO] [stdout]   17:     0x6289cf5b0b02 - <unknown>
[INFO] [stdout]   18:     0x704f4a7ecdfa - <unknown>
[INFO] [stdout]   19:     0x704f4a8803d4 - clone
[INFO] [stdout]   20:                0x0 - <unknown>
[INFO] [stdout] 
[INFO] [stdout] ---- tests::exports_field::extension_alias_3 stdout ----
[INFO] [stdout] 
[INFO] [stdout] thread 'tests::exports_field::extension_alias_3' (1745) panicked at src/tests/exports_field.rs:257:9:
[INFO] [stdout] assertion `left == right` failed: should resolve with the `extensionAlias` option #3 "/opt/rustwide/workdir/fixtures/enhanced_resolve/test/fixtures/exports-field-and-extension-alias" pkg/string.js
[INFO] [stdout]   left: Err(NotFound("pkg/string.js"))
[INFO] [stdout]  right: Ok("/opt/rustwide/workdir/fixtures/enhanced_resolve/test/fixtures/exports-field-and-extension-alias/node_modules/pkg/dist/string.js")
[INFO] [stdout] stack backtrace:
[INFO] [stdout]    0:     0x6289cf5891e5 - <unknown>
[INFO] [stdout]    1:     0x6289cf4877ea - <unknown>
[INFO] [stdout]    2:     0x6289cf58887b - <unknown>
[INFO] [stdout]    3:     0x6289cf58835f - <unknown>
[INFO] [stdout]    4:     0x6289cf587f8a - <unknown>
[INFO] [stdout]    5:     0x6289cf587ac2 - <unknown>
[INFO] [stdout]    6:     0x6289cf5af031 - <unknown>
[INFO] [stdout]    7:     0x6289cf5aefe9 - <unknown>
[INFO] [stdout]    8:     0x6289cf5af4fc - <unknown>
[INFO] [stdout]    9:     0x6289cf48767b - <unknown>
[INFO] [stdout]   10:     0x6289cf4875f1 - <unknown>
[INFO] [stdout]   11:     0x6289cf349618 - <unknown>
[INFO] [stdout]   12:     0x6289cf41cb45 - <unknown>
[INFO] [stdout]   13:     0x6289cf5cc3fb - <unknown>
[INFO] [stdout]   14:     0x6289cf5c7a0f - <unknown>
[INFO] [stdout]   15:     0x6289cf5c748c - <unknown>
[INFO] [stdout]   16:     0x6289cf5e21ac - <unknown>
[INFO] [stdout]   17:     0x6289cf5b0b02 - <unknown>
[INFO] [stdout]   18:     0x704f4a7ecdfa - <unknown>
[INFO] [stdout]   19:     0x704f4a8803d4 - clone
[INFO] [stdout]   20:                0x0 - <unknown>
[INFO] [stdout] 
[INFO] [stdout] ---- tests::extensions::default_enforce_extension stdout ----
[INFO] [stdout] 
[INFO] [stdout] thread 'tests::extensions::default_enforce_extension' (1754) panicked at src/tests/extensions.rs:55:5:
[INFO] [stdout] assertion `left == right` failed
[INFO] [stdout]   left: Err(NotFound("./foo"))
[INFO] [stdout]  right: Ok("/opt/rustwide/workdir/fixtures/enhanced_resolve/test/fixtures/extensions/foo.ts")
[INFO] [stdout] stack backtrace:
[INFO] [stdout]    0:     0x6289cf5891e5 - <unknown>
[INFO] [stdout]    1:     0x6289cf4877ea - <unknown>
[INFO] [stdout]    2:     0x6289cf58887b - <unknown>
[INFO] [stdout]    3:     0x6289cf58835f - <unknown>
[INFO] [stdout]    4:     0x6289cf587f8a - <unknown>
[INFO] [stdout]    5:     0x6289cf587ac2 - <unknown>
[INFO] [stdout]    6:     0x6289cf5af031 - <unknown>
[INFO] [stdout]    7:     0x6289cf5aefe9 - <unknown>
[INFO] [stdout]    8:     0x6289cf5af4fc - <unknown>
[INFO] [stdout]    9:     0x6289cf48767b - <unknown>
[INFO] [stdout]   10:     0x6289cf487592 - <unknown>
[INFO] [stdout]   11:     0x6289cf349618 - <unknown>
[INFO] [stdout]   12:     0x6289cf40f271 - <unknown>
[INFO] [stdout]   13:     0x6289cf5cc3fb - <unknown>
[INFO] [stdout]   14:     0x6289cf5c7a0f - <unknown>
[INFO] [stdout]   15:     0x6289cf5c748c - <unknown>
[INFO] [stdout]   16:     0x6289cf5e21ac - <unknown>
[INFO] [stdout]   17:     0x6289cf5b0b02 - <unknown>
[INFO] [stdout]   18:     0x704f4a7ecdfa - <unknown>
[INFO] [stdout]   19:     0x704f4a8803d4 - clone
[INFO] [stdout]   20:                0x0 - <unknown>
[INFO] [stdout] 
[INFO] [stdout] ---- tests::exports_field::extension_alias_throw_error stdout ----
[INFO] [stdout] 
[INFO] [stdout] thread 'tests::exports_field::extension_alias_throw_error' (1746) panicked at src/tests/exports_field.rs:284:9:
[INFO] [stdout] assertion `left == right` failed: should throw error with the `extensionAlias` option "/opt/rustwide/workdir/fixtures/enhanced_resolve/test/fixtures/exports-field-and-extension-alias" pkg/string.js
[INFO] [stdout]   left: Err(NotFound("pkg/string.js"))
[INFO] [stdout]  right: Err(ExtensionAlias("string.js", "string.ts", "/opt/rustwide/workdir/fixtures/enhanced_resolve/test/fixtures/exports-field-and-extension-alias/node_modules/pkg/dist"))
[INFO] [stdout] stack backtrace:
[INFO] [stdout]    0:     0x6289cf5891e5 - <unknown>
[INFO] [stdout]    1:     0x6289cf4877ea - <unknown>
[INFO] [stdout]    2:     0x6289cf58887b - <unknown>
[INFO] [stdout]    3:     0x6289cf58835f - <unknown>
[INFO] [stdout]    4:     0x6289cf587f8a - <unknown>
[INFO] [stdout]    5:     0x6289cf587ac2 - <unknown>
[INFO] [stdout]    6:     0x6289cf5af031 - <unknown>
[INFO] [stdout]    7:     0x6289cf5aefe9 - <unknown>
[INFO] [stdout]    8:     0x6289cf5af4fc - <unknown>
[INFO] [stdout]    9:     0x6289cf48767b - <unknown>
[INFO] [stdout]   10:     0x6289cf4875f1 - <unknown>
[INFO] [stdout]   11:     0x6289cf3495e4 - <unknown>
[INFO] [stdout]   12:     0x6289cf42034a - <unknown>
[INFO] [stdout]   13:     0x6289cf5cc3fb - <unknown>
[INFO] [stdout]   14:     0x6289cf5c7a0f - <unknown>
[INFO] [stdout]   15:     0x6289cf5c748c - <unknown>
[INFO] [stdout]   16:     0x6289cf5e21ac - <unknown>
[INFO] [stdout]   17:     0x6289cf5b0b02 - <unknown>
[INFO] [stdout]   18:     0x704f4a7ecdfa - <unknown>
[INFO] [stdout]   19:     0x704f4a8803d4 - clone
[INFO] [stdout]   20:                0x0 - <unknown>
[INFO] [stdout] 
[INFO] [stdout] ---- tests::exports_field::exports_not_browser_field1 stdout ----
[INFO] [stdout] 
[INFO] [stdout] thread 'tests::exports_field::exports_not_browser_field1' (1742) panicked at src/tests/exports_field.rs:102:5:
[INFO] [stdout] assertion `left == right` failed
[INFO] [stdout]   left: Err(NotFound("exports-field/dist/main.js"))
[INFO] [stdout]  right: Ok("/opt/rustwide/workdir/fixtures/enhanced_resolve/test/fixtures/exports-field/node_modules/exports-field/lib/lib2/main.js")
[INFO] [stdout] stack backtrace:
[INFO] [stdout]    0:     0x6289cf5891e5 - <unknown>
[INFO] [stdout]    1:     0x6289cf4877ea - <unknown>
[INFO] [stdout]    2:     0x6289cf58887b - <unknown>
[INFO] [stdout]    3:     0x6289cf58835f - <unknown>
[INFO] [stdout]    4:     0x6289cf587f8a - <unknown>
[INFO] [stdout]    5:     0x6289cf587ac2 - <unknown>
[INFO] [stdout]    6:     0x6289cf5af031 - <unknown>
[INFO] [stdout]    7:     0x6289cf5aefe9 - <unknown>
[INFO] [stdout]    8:     0x6289cf5af4fc - <unknown>
[INFO] [stdout]    9:     0x6289cf48767b - <unknown>
[INFO] [stdout]   10:     0x6289cf487592 - <unknown>
[INFO] [stdout]   11:     0x6289cf349618 - <unknown>
[INFO] [stdout]   12:     0x6289cf41eb64 - <unknown>
[INFO] [stdout]   13:     0x6289cf5cc3fb - <unknown>
[INFO] [stdout]   14:     0x6289cf5c7a0f - <unknown>
[INFO] [stdout]   15:     0x6289cf5c748c - <unknown>
[INFO] [stdout]   16:     0x6289cf5e21ac - <unknown>
[INFO] [stdout]   17:     0x6289cf5b0b02 - <unknown>
[INFO] [stdout]   18:     0x704f4a7ecdfa - <unknown>
[INFO] [stdout]   19:     0x704f4a8803d4 - clone
[INFO] [stdout]   20:                0x0 - <unknown>
[INFO] [stdout] 
[INFO] [stdout] ---- tests::exports_field::field_name_path stdout ----
[INFO] [stdout] 
[INFO] [stdout] thread 'tests::exports_field::field_name_path' (1748) panicked at src/tests/exports_field.rs:157:9:
[INFO] [stdout] assertion `left == right` failed
[INFO] [stdout]   left: Err(NotFound("exports-field"))
[INFO] [stdout]  right: Ok("/opt/rustwide/workdir/fixtures/enhanced_resolve/test/fixtures/exports-field3/node_modules/exports-field/main.js")
[INFO] [stdout] stack backtrace:
[INFO] [stdout]    0:     0x6289cf5891e5 - <unknown>
[INFO] [stdout]    1:     0x6289cf4877ea - <unknown>
[INFO] [stdout]    2:     0x6289cf58887b - <unknown>
[INFO] [stdout]    3:     0x6289cf58835f - <unknown>
[INFO] [stdout]    4:     0x6289cf587f8a - <unknown>
[INFO] [stdout]    5:     0x6289cf587ac2 - <unknown>
[INFO] [stdout]    6:     0x6289cf5af031 - <unknown>
[INFO] [stdout]    7:     0x6289cf5aefe9 - <unknown>
[INFO] [stdout]    8:     0x6289cf5af4fc - <unknown>
[INFO] [stdout]    9:     0x6289cf48767b - <unknown>
[INFO] [stdout]   10:     0x6289cf487592 - <unknown>
[INFO] [stdout]   11:     0x6289cf349618 - <unknown>
[INFO] [stdout]   12:     0x6289cf3c5161 - <unknown>
[INFO] [stdout]   13:     0x6289cf41aba9 - <unknown>
[INFO] [stdout]   14:     0x6289cf5cc3fb - <unknown>
[INFO] [stdout]   15:     0x6289cf5c7a0f - <unknown>
[INFO] [stdout]   16:     0x6289cf5c748c - <unknown>
[INFO] [stdout]   17:     0x6289cf5e21ac - <unknown>
[INFO] [stdout]   18:     0x6289cf5b0b02 - <unknown>
[INFO] [stdout]   19:     0x704f4a7ecdfa - <unknown>
[INFO] [stdout]   20:     0x704f4a8803d4 - clone
[INFO] [stdout]   21:                0x0 - <unknown>
[INFO] [stdout] 
[INFO] [stdout] ---- tests::imports_field::shared_resolvers stdout ----
[INFO] [stdout] 
[INFO] [stdout] thread 'tests::imports_field::shared_resolvers' (1762) panicked at src/tests/imports_field.rs:67:5:
[INFO] [stdout] assertion `left == right` failed
[INFO] [stdout]   left: Err(NotFound("#imports-field"))
[INFO] [stdout]  right: Ok("/opt/rustwide/workdir/fixtures/enhanced_resolve/test/fixtures/imports-field/b.js")
[INFO] [stdout] stack backtrace:
[INFO] [stdout]    0:     0x6289cf5891e5 - <unknown>
[INFO] [stdout]    1:     0x6289cf4877ea - <unknown>
[INFO] [stdout]    2:     0x6289cf58887b - <unknown>
[INFO] [stdout]    3:     0x6289cf58835f - <unknown>
[INFO] [stdout]    4:     0x6289cf587f8a - <unknown>
[INFO] [stdout]    5:     0x6289cf587ac2 - <unknown>
[INFO] [stdout]    6:     0x6289cf5af031 - <unknown>
[INFO] [stdout]    7:     0x6289cf5aefe9 - <unknown>
[INFO] [stdout]    8:     0x6289cf5af4fc - <unknown>
[INFO] [stdout]    9:     0x6289cf48767b - <unknown>
[INFO] [stdout]   10:     0x6289cf487592 - <unknown>
[INFO] [stdout]   11:     0x6289cf349618 - <unknown>
[INFO] [stdout]   12:     0x6289cf423d51 - <unknown>
[INFO] [stdout]   13:     0x6289cf5cc3fb - <unknown>
[INFO] [stdout]   14:     0x6289cf5c7a0f - <unknown>
[INFO] [stdout]   15:     0x6289cf5c748c - <unknown>
[INFO] [stdout]   16:     0x6289cf5e21ac - <unknown>
[INFO] [stdout]   17:     0x6289cf5b0b02 - <unknown>
[INFO] [stdout]   18:     0x704f4a7ecdfa - <unknown>
[INFO] [stdout]   19:     0x704f4a8803d4 - clone
[INFO] [stdout]   20:                0x0 - <unknown>
[INFO] [stdout] 
[INFO] [stdout] ---- tests::alias::absolute_path stdout ----
[INFO] [stdout] 
[INFO] [stdout] thread 'tests::alias::absolute_path' (1721) panicked at src/tests/alias.rs:162:5:
[INFO] [stdout] assertion `left == right` failed
[INFO] [stdout]   left: Err(NotFound("foo/index"))
[INFO] [stdout]  right: Err(Ignored("/opt/rustwide/workdir/fixtures/enhanced_resolve/test/fixtures/foo"))
[INFO] [stdout] stack backtrace:
[INFO] [stdout]    0:     0x6289cf5891e5 - <unknown>
[INFO] [stdout]    1:     0x6289cf4877ea - <unknown>
[INFO] [stdout]    2:     0x6289cf58887b - <unknown>
[INFO] [stdout]    3:     0x6289cf58835f - <unknown>
[INFO] [stdout]    4:     0x6289cf587f8a - <unknown>
[INFO] [stdout]    5:     0x6289cf587ac2 - <unknown>
[INFO] [stdout]    6:     0x6289cf5af031 - <unknown>
[INFO] [stdout]    7:     0x6289cf5aefe9 - <unknown>
[INFO] [stdout]    8:     0x6289cf5af4fc - <unknown>
[INFO] [stdout]    9:     0x6289cf48767b - <unknown>
[INFO] [stdout]   10:     0x6289cf487592 - <unknown>
[INFO] [stdout]   11:     0x6289cf3495e4 - <unknown>
[INFO] [stdout]   12:     0x6289cf439c76 - <unknown>
[INFO] [stdout]   13:     0x6289cf5cc3fb - <unknown>
[INFO] [stdout]   14:     0x6289cf5c7a0f - <unknown>
[INFO] [stdout]   15:     0x6289cf5c748c - <unknown>
[INFO] [stdout]   16:     0x6289cf5e21ac - <unknown>
[INFO] [stdout]   17:     0x6289cf5b0b02 - <unknown>
[INFO] [stdout]   18:     0x704f4a7ecdfa - <unknown>
[INFO] [stdout]   19:     0x704f4a8803d4 - clone
[INFO] [stdout]   20:                0x0 - <unknown>
[INFO] [stdout] 
[INFO] [stdout] ---- tests::exports_field::test_simple stdout ----
[INFO] [stdout] 
[INFO] [stdout] thread 'tests::exports_field::test_simple' (1751) panicked at src/tests/exports_field.rs:58:9:
[INFO] [stdout] assertion `left == right` failed: resolve root using exports field, not a main field "/opt/rustwide/workdir/fixtures/enhanced_resolve/test/fixtures/exports-field" exports-field
[INFO] [stdout]   left: Err(NotFound("exports-field"))
[INFO] [stdout]  right: Ok("/opt/rustwide/workdir/fixtures/enhanced_resolve/test/fixtures/exports-field/node_modules/exports-field/x.js")
[INFO] [stdout] stack backtrace:
[INFO] [stdout]    0:     0x6289cf5891e5 - <unknown>
[INFO] [stdout]    1:     0x6289cf4877ea - <unknown>
[INFO] [stdout]    2:     0x6289cf58887b - <unknown>
[INFO] [stdout]    3:     0x6289cf58835f - <unknown>
[INFO] [stdout]    4:     0x6289cf587f8a - <unknown>
[INFO] [stdout]    5:     0x6289cf587ac2 - <unknown>
[INFO] [stdout]    6:     0x6289cf5af031 - <unknown>
[INFO] [stdout]    7:     0x6289cf5aefe9 - <unknown>
[INFO] [stdout]    8:     0x6289cf5af4fc - <unknown>
[INFO] [stdout]    9:     0x6289cf48767b - <unknown>
[INFO] [stdout]   10:     0x6289cf4875f1 - <unknown>
[INFO] [stdout]   11:     0x6289cf349618 - <unknown>
[INFO] [stdout]   12:     0x6289cf3c1bcc - <unknown>
[INFO] [stdout]   13:     0x6289cf41ab89 - <unknown>
[INFO] [stdout]   14:     0x6289cf5cc3fb - <unknown>
[INFO] [stdout]   15:     0x6289cf5c7a0f - <unknown>
[INFO] [stdout]   16:     0x6289cf5c748c - <unknown>
[INFO] [stdout]   17:     0x6289cf5e21ac - <unknown>
[INFO] [stdout]   18:     0x6289cf5b0b02 - <unknown>
[INFO] [stdout]   19:     0x704f4a7ecdfa - <unknown>
[INFO] [stdout]   20:     0x704f4a8803d4 - clone
[INFO] [stdout]   21:                0x0 - <unknown>
[INFO] [stdout] 
[INFO] [stdout] ---- tests::imports_field::test_simple stdout ----
[INFO] [stdout] 
[INFO] [stdout] thread 'tests::imports_field::test_simple' (1764) panicked at src/tests/imports_field.rs:34:9:
[INFO] [stdout] assertion `left == right` failed: should resolve using imports field instead of self-referencing "/opt/rustwide/workdir/fixtures/enhanced_resolve/test/fixtures/imports-field" #imports-field
[INFO] [stdout]   left: Err(NotFound("#imports-field"))
[INFO] [stdout]  right: Ok("/opt/rustwide/workdir/fixtures/enhanced_resolve/test/fixtures/imports-field/b.js")
[INFO] [stdout] stack backtrace:
[INFO] [stdout]    0:     0x6289cf5891e5 - <unknown>
[INFO] [stdout]    1:     0x6289cf4877ea - <unknown>
[INFO] [stdout]    2:     0x6289cf58887b - <unknown>
[INFO] [stdout]    3:     0x6289cf58835f - <unknown>
[INFO] [stdout]    4:     0x6289cf587f8a - <unknown>
[INFO] [stdout]    5:     0x6289cf587ac2 - <unknown>
[INFO] [stdout]    6:     0x6289cf5af031 - <unknown>
[INFO] [stdout]    7:     0x6289cf5aefe9 - <unknown>
[INFO] [stdout]    8:     0x6289cf5af4fc - <unknown>
[INFO] [stdout]    9:     0x6289cf48767b - <unknown>
[INFO] [stdout]   10:     0x6289cf4875f1 - <unknown>
[INFO] [stdout]   11:     0x6289cf349618 - <unknown>
[INFO] [stdout]   12:     0x6289cf422599 - <unknown>
[INFO] [stdout]   13:     0x6289cf5cc3fb - <unknown>
[INFO] [stdout]   14:     0x6289cf5c7a0f - <unknown>
[INFO] [stdout]   15:     0x6289cf5c748c - <unknown>
[INFO] [stdout]   16:     0x6289cf5e21ac - <unknown>
[INFO] [stdout]   17:     0x6289cf5b0b02 - <unknown>
[INFO] [stdout]   18:     0x704f4a7ecdfa - <unknown>
[INFO] [stdout]   19:     0x704f4a8803d4 - clone
[INFO] [stdout]   20:                0x0 - <unknown>
[INFO] [stdout] 
[INFO] [stdout] ---- tests::extension_alias::extension_alias stdout ----
[INFO] [stdout] 
[INFO] [stdout] thread 'tests::extension_alias::extension_alias' (1752) panicked at src/tests/extension_alias.rs:29:9:
[INFO] [stdout] assertion `left == right` failed: should alias fully specified file "/opt/rustwide/workdir/fixtures/enhanced_resolve/test/fixtures/extension-alias" ./index.js
[INFO] [stdout]   left: Err(NotFound("./index.js"))
[INFO] [stdout]  right: Ok("/opt/rustwide/workdir/fixtures/enhanced_resolve/test/fixtures/extension-alias/index.ts")
[INFO] [stdout] stack backtrace:
[INFO] [stdout]    0:     0x6289cf5891e5 - <unknown>
[INFO] [stdout]    1:     0x6289cf4877ea - <unknown>
[INFO] [stdout]    2:     0x6289cf58887b - <unknown>
[INFO] [stdout]    3:     0x6289cf58835f - <unknown>
[INFO] [stdout]    4:     0x6289cf587f8a - <unknown>
[INFO] [stdout]    5:     0x6289cf587ac2 - <unknown>
[INFO] [stdout]    6:     0x6289cf5af031 - <unknown>
[INFO] [stdout]    7:     0x6289cf5aefe9 - <unknown>
[INFO] [stdout]    8:     0x6289cf5af4fc - <unknown>
[INFO] [stdout]    9:     0x6289cf48767b - <unknown>
[INFO] [stdout]   10:     0x6289cf4875f1 - <unknown>
[INFO] [stdout]   11:     0x6289cf349618 - <unknown>
[INFO] [stdout]   12:     0x6289cf42dcd3 - <unknown>
[INFO] [stdout]   13:     0x6289cf5cc3fb - <unknown>
[INFO] [stdout]   14:     0x6289cf5c7a0f - <unknown>
[INFO] [stdout]   15:     0x6289cf5c748c - <unknown>
[INFO] [stdout]   16:     0x6289cf5e21ac - <unknown>
[INFO] [stdout]   17:     0x6289cf5b0b02 - <unknown>
[INFO] [stdout]   18:     0x704f4a7ecdfa - <unknown>
[INFO] [stdout]   19:     0x704f4a8803d4 - clone
[INFO] [stdout]   20:                0x0 - <unknown>
[INFO] [stdout] 
[INFO] [stdout] ---- tests::incorrect_description_file::incorrect_description_file_1 stdout ----
[INFO] [stdout] 
[INFO] [stdout] thread 'tests::incorrect_description_file::incorrect_description_file_1' (1765) panicked at src/tests/incorrect_description_file.rs:21:5:
[INFO] [stdout] assertion failed: matches!(resolution, Err(ResolveError::JSON(_)))
[INFO] [stdout] stack backtrace:
[INFO] [stdout]    0:     0x6289cf5891e5 - <unknown>
[INFO] [stdout]    1:     0x6289cf4877ea - <unknown>
[INFO] [stdout]    2:     0x6289cf58887b - <unknown>
[INFO] [stdout]    3:     0x6289cf58835f - <unknown>
[INFO] [stdout]    4:     0x6289cf587f8a - <unknown>
[INFO] [stdout]    5:     0x6289cf587ac2 - <unknown>
[INFO] [stdout]    6:     0x6289cf5af062 - <unknown>
[INFO] [stdout]    7:     0x6289cf5aefe9 - <unknown>
[INFO] [stdout]    8:     0x6289cf5af4fc - <unknown>
[INFO] [stdout]    9:     0x6289cf48767b - <unknown>
[INFO] [stdout]   10:     0x6289cf489671 - <unknown>
[INFO] [stdout]   11:     0x6289cf431200 - <unknown>
[INFO] [stdout]   12:     0x6289cf5cc3fb - <unknown>
[INFO] [stdout]   13:     0x6289cf5c7a0f - <unknown>
[INFO] [stdout]   14:     0x6289cf5c748c - <unknown>
[INFO] [stdout]   15:     0x6289cf5e21ac - <unknown>
[INFO] [stdout]   16:     0x6289cf5b0b02 - <unknown>
[INFO] [stdout]   17:     0x704f4a7ecdfa - <unknown>
[INFO] [stdout]   18:     0x704f4a8803d4 - clone
[INFO] [stdout]   19:                0x0 - <unknown>
[INFO] [stdout] 
[INFO] [stdout] ---- tests::incorrect_description_file::no_description_file stdout ----
[INFO] [stdout] 
[INFO] [stdout] thread 'tests::incorrect_description_file::no_description_file' (1768) panicked at src/tests/incorrect_description_file.rs:59:5:
[INFO] [stdout] assertion `left == right` failed
[INFO] [stdout]   left: Err(NotFound("."))
[INFO] [stdout]  right: Ok("/opt/rustwide/workdir/fixtures/enhanced_resolve/lib/index.js")
[INFO] [stdout] stack backtrace:
[INFO] [stdout]    0:     0x6289cf5891e5 - <unknown>
[INFO] [stdout]    1:     0x6289cf4877ea - <unknown>
[INFO] [stdout]    2:     0x6289cf58887b - <unknown>
[INFO] [stdout]    3:     0x6289cf58835f - <unknown>
[INFO] [stdout]    4:     0x6289cf587f8a - <unknown>
[INFO] [stdout]    5:     0x6289cf587ac2 - <unknown>
[INFO] [stdout]    6:     0x6289cf5af031 - <unknown>
[INFO] [stdout]    7:     0x6289cf5aefe9 - <unknown>
[INFO] [stdout]    8:     0x6289cf5af4fc - <unknown>
[INFO] [stdout]    9:     0x6289cf48767b - <unknown>
[INFO] [stdout]   10:     0x6289cf487592 - <unknown>
[INFO] [stdout]   11:     0x6289cf349618 - <unknown>
[INFO] [stdout]   12:     0x6289cf4309f6 - <unknown>
[INFO] [stdout]   13:     0x6289cf5cc3fb - <unknown>
[INFO] [stdout]   14:     0x6289cf5c7a0f - <unknown>
[INFO] [stdout]   15:     0x6289cf5c748c - <unknown>
[INFO] [stdout]   16:     0x6289cf5e21ac - <unknown>
[INFO] [stdout]   17:     0x6289cf5b0b02 - <unknown>
[INFO] [stdout]   18:     0x704f4a7ecdfa - <unknown>
[INFO] [stdout]   19:     0x704f4a8803d4 - clone
[INFO] [stdout]   20:                0x0 - <unknown>
[INFO] [stdout] 
[INFO] [stdout] ---- tests::incorrect_description_file::incorrect_description_file_2 stdout ----
[INFO] [stdout] 
[INFO] [stdout] thread 'tests::incorrect_description_file::incorrect_description_file_2' (1766) panicked at src/tests/incorrect_description_file.rs:41:5:
[INFO] [stdout] assertion failed: matches!(resolution, Err(ResolveError::JSON(_)))
[INFO] [stdout] stack backtrace:
[INFO] [stdout]    0:     0x6289cf5891e5 - <unknown>
[INFO] [stdout]    1:     0x6289cf4877ea - <unknown>
[INFO] [stdout]    2:     0x6289cf58887b - <unknown>
[INFO] [stdout]    3:     0x6289cf58835f - <unknown>
[INFO] [stdout]    4:     0x6289cf587f8a - <unknown>
[INFO] [stdout]    5:     0x6289cf587ac2 - <unknown>
[INFO] [stdout]    6:     0x6289cf5af062 - <unknown>
[INFO] [stdout]    7:     0x6289cf5aefe9 - <unknown>
[INFO] [stdout]    8:     0x6289cf5af4fc - <unknown>
[INFO] [stdout]    9:     0x6289cf48767b - <unknown>
[INFO] [stdout]   10:     0x6289cf489671 - <unknown>
[INFO] [stdout]   11:     0x6289cf43168a - <unknown>
[INFO] [stdout]   12:     0x6289cf5cc3fb - <unknown>
[INFO] [stdout]   13:     0x6289cf5c7a0f - <unknown>
[INFO] [stdout]   14:     0x6289cf5c748c - <unknown>
[INFO] [stdout]   15:     0x6289cf5e21ac - <unknown>
[INFO] [stdout]   16:     0x6289cf5b0b02 - <unknown>
[INFO] [stdout]   17:     0x704f4a7ecdfa - <unknown>
[INFO] [stdout]   18:     0x704f4a8803d4 - clone
[INFO] [stdout]   19:                0x0 - <unknown>
[INFO] [stdout] 
[INFO] [stdout] ---- tests::missing::test stdout ----
[INFO] [stdout] 
[INFO] [stdout] thread 'tests::missing::test' (1772) panicked at src/tests/missing.rs:63:13:
[INFO] [stdout] missing-module: "/opt/rustwide/workdir/fixtures/enhanced_resolve/test/fixtures/node_modules/missing-module" not in {"/opt/rustwide/node_modules", "/package.json", "/opt/rustwide/workdir/package.json", "/opt/rustwide/workdir/fixtures/enhanced_resolve/test", "/opt/node_modules", "/opt/rustwide/workdir/fixtures", "/opt/rustwide/package.json", "/opt/package.json", "/opt/rustwide/workdir/fixtures/enhanced_resolve/test/fixtures", "/node_modules", "/opt/rustwide/workdir/node_modules", "/opt/rustwide/workdir/fixtures/enhanced_resolve"}
[INFO] [stdout] stack backtrace:
[INFO] [stdout]    0:     0x6289cf5891e5 - <unknown>
[INFO] [stdout]    1:     0x6289cf4877ea - <unknown>
[INFO] [stdout]    2:     0x6289cf58887b - <unknown>
[INFO] [stdout]    3:     0x6289cf58835f - <unknown>
[INFO] [stdout]    4:     0x6289cf587f8a - <unknown>
[INFO] [stdout]    5:     0x6289cf587ac2 - <unknown>
[INFO] [stdout]    6:     0x6289cf5af031 - <unknown>
[INFO] [stdout]    7:     0x6289cf5aefe9 - <unknown>
[INFO] [stdout]    8:     0x6289cf5af4fc - <unknown>
[INFO] [stdout]    9:     0x6289cf48767b - <unknown>
[INFO] [stdout]   10:     0x6289cf447e11 - <unknown>
[INFO] [stdout]   11:     0x6289cf5cc3fb - <unknown>
[INFO] [stdout]   12:     0x6289cf5c7a0f - <unknown>
[INFO] [stdout]   13:     0x6289cf5c748c - <unknown>
[INFO] [stdout]   14:     0x6289cf5e21ac - <unknown>
[INFO] [stdout]   15:     0x6289cf5b0b02 - <unknown>
[INFO] [stdout]   16:     0x704f4a7ecdfa - <unknown>
[INFO] [stdout]   17:     0x704f4a8803d4 - clone
[INFO] [stdout]   18:                0x0 - <unknown>
[INFO] [stdout] 
[INFO] [stdout] ---- tests::extension_alias::not_apply_to_extension_nor_main_files stdout ----
[INFO] [stdout] 
[INFO] [stdout] thread 'tests::extension_alias::not_apply_to_extension_nor_main_files' (1753) panicked at src/tests/extension_alias.rs:59:9:
[INFO] [stdout] assertion `left == right` failed: directory "/opt/rustwide/workdir/fixtures/enhanced_resolve/test/fixtures/extension-alias" ./dir2
[INFO] [stdout]   left: Err(NotFound("./dir2"))
[INFO] [stdout]  right: Ok("/opt/rustwide/workdir/fixtures/enhanced_resolve/test/fixtures/extension-alias/dir2/index.js")
[INFO] [stdout] stack backtrace:
[INFO] [stdout]    0:     0x6289cf5891e5 - <unknown>
[INFO] [stdout]    1:     0x6289cf4877ea - <unknown>
[INFO] [stdout]    2:     0x6289cf58887b - <unknown>
[INFO] [stdout]    3:     0x6289cf58835f - <unknown>
[INFO] [stdout]    4:     0x6289cf587f8a - <unknown>
[INFO] [stdout]    5:     0x6289cf587ac2 - <unknown>
[INFO] [stdout]    6:     0x6289cf5af031 - <unknown>
[INFO] [stdout]    7:     0x6289cf5aefe9 - <unknown>
[INFO] [stdout]    8:     0x6289cf5af4fc - <unknown>
[INFO] [stdout]    9:     0x6289cf48767b - <unknown>
[INFO] [stdout]   10:     0x6289cf4875f1 - <unknown>
[INFO] [stdout]   11:     0x6289cf349618 - <unknown>
[INFO] [stdout]   12:     0x6289cf42f0c9 - <unknown>
[INFO] [stdout]   13:     0x6289cf5cc3fb - <unknown>
[INFO] [stdout]   14:     0x6289cf5c7a0f - <unknown>
[INFO] [stdout]   15:     0x6289cf5c748c - <unknown>
[INFO] [stdout]   16:     0x6289cf5e21ac - <unknown>
[INFO] [stdout]   17:     0x6289cf5b0b02 - <unknown>
[INFO] [stdout]   18:     0x704f4a7ecdfa - <unknown>
[INFO] [stdout]   19:     0x704f4a8803d4 - clone
[INFO] [stdout]   20:                0x0 - <unknown>
[INFO] [stdout] 
[INFO] [stdout] ---- tests::main_field::test stdout ----
[INFO] [stdout] 
[INFO] [stdout] thread 'tests::main_field::test' (1769) panicked at src/tests/main_field.rs:15:5:
[INFO] [stdout] assertion `left == right` failed
[INFO] [stdout]   left: Err(NotFound("pck2"))
[INFO] [stdout]  right: Ok("/opt/rustwide/workdir/fixtures/enhanced_resolve/test/fixtures/restrictions/node_modules/pck2/index.css")
[INFO] [stdout] stack backtrace:
[INFO] [stdout]    0:     0x6289cf5891e5 - <unknown>
[INFO] [stdout]    1:     0x6289cf4877ea - <unknown>
[INFO] [stdout]    2:     0x6289cf58887b - <unknown>
[INFO] [stdout]    3:     0x6289cf58835f - <unknown>
[INFO] [stdout]    4:     0x6289cf587f8a - <unknown>
[INFO] [stdout]    5:     0x6289cf587ac2 - <unknown>
[INFO] [stdout]    6:     0x6289cf5af031 - <unknown>
[INFO] [stdout]    7:     0x6289cf5aefe9 - <unknown>
[INFO] [stdout]    8:     0x6289cf5af4fc - <unknown>
[INFO] [stdout]    9:     0x6289cf48767b - <unknown>
[INFO] [stdout]   10:     0x6289cf487592 - <unknown>
[INFO] [stdout]   11:     0x6289cf349618 - <unknown>
[INFO] [stdout]   12:     0x6289cf4118ee - <unknown>
[INFO] [stdout]   13:     0x6289cf5cc3fb - <unknown>
[INFO] [stdout]   14:     0x6289cf5c7a0f - <unknown>
[INFO] [stdout]   15:     0x6289cf5c748c - <unknown>
[INFO] [stdout]   16:     0x6289cf5e21ac - <unknown>
[INFO] [stdout]   17:     0x6289cf5b0b02 - <unknown>
[INFO] [stdout]   18:     0x704f4a7ecdfa - <unknown>
[INFO] [stdout]   19:     0x704f4a8803d4 - clone
[INFO] [stdout]   20:                0x0 - <unknown>
[INFO] [stdout] 
[INFO] [stdout] ---- tests::pnp::pnp1 stdout ----
[INFO] [stdout] 
[INFO] [stdout] thread 'tests::pnp::pnp1' (1773) panicked at src/tests/pnp.rs:19:5:
[INFO] [stdout] assertion `left == right` failed
[INFO] [stdout]   left: Err(NotFound("is-even"))
[INFO] [stdout]  right: Ok("/opt/rustwide/workdir/fixtures/pnp/.yarn/cache/is-even-npm-1.0.0-9f726520dc-2728cc2f39.zip/node_modules/is-even/index.js")
[INFO] [stdout] stack backtrace:
[INFO] [stdout]    0:     0x6289cf5891e5 - <unknown>
[INFO] [stdout]    1:     0x6289cf4877ea - <unknown>
[INFO] [stdout]    2:     0x6289cf58887b - <unknown>
[INFO] [stdout]    3:     0x6289cf58835f - <unknown>
[INFO] [stdout]    4:     0x6289cf587f8a - <unknown>
[INFO] [stdout]    5:     0x6289cf587ac2 - <unknown>
[INFO] [stdout]    6:     0x6289cf5af031 - <unknown>
[INFO] [stdout]    7:     0x6289cf5aefe9 - <unknown>
[INFO] [stdout]    8:     0x6289cf5af4fc - <unknown>
[INFO] [stdout]    9:     0x6289cf48767b - <unknown>
[INFO] [stdout]   10:     0x6289cf487592 - <unknown>
[INFO] [stdout]   11:     0x6289cf349618 - <unknown>
[INFO] [stdout]   12:     0x6289cf437f3c - <unknown>
[INFO] [stdout]   13:     0x6289cf5cc3fb - <unknown>
[INFO] [stdout]   14:     0x6289cf5c7a0f - <unknown>
[INFO] [stdout]   15:     0x6289cf5c748c - <unknown>
[INFO] [stdout]   16:     0x6289cf5e21ac - <unknown>
[INFO] [stdout]   17:     0x6289cf5b0b02 - <unknown>
[INFO] [stdout]   18:     0x704f4a7ecdfa - <unknown>
[INFO] [stdout]   19:     0x704f4a8803d4 - clone
[INFO] [stdout]   20:                0x0 - <unknown>
[INFO] [stdout] 
[INFO] [stdout] ---- tests::resolve::resolve_to_context stdout ----
[INFO] [stdout] 
[INFO] [stdout] thread 'tests::resolve::resolve_to_context' (1780) panicked at src/tests/resolve.rs:109:9:
[INFO] [stdout] assertion `left == right` failed: context for fixtures "/opt/rustwide/workdir/fixtures/enhanced_resolve/test/fixtures" ./
[INFO] [stdout]   left: Err(NotFound("./"))
[INFO] [stdout]  right: Ok("/opt/rustwide/workdir/fixtures/enhanced_resolve/test/fixtures")
[INFO] [stdout] stack backtrace:
[INFO] [stdout]    0:     0x6289cf5891e5 - <unknown>
[INFO] [stdout]    1:     0x6289cf4877ea - <unknown>
[INFO] [stdout]    2:     0x6289cf58887b - <unknown>
[INFO] [stdout]    3:     0x6289cf58835f - <unknown>
[INFO] [stdout]    4:     0x6289cf587f8a - <unknown>
[INFO] [stdout]    5:     0x6289cf587ac2 - <unknown>
[INFO] [stdout]    6:     0x6289cf5af031 - <unknown>
[INFO] [stdout]    7:     0x6289cf5aefe9 - <unknown>
[INFO] [stdout]    8:     0x6289cf5af4fc - <unknown>
[INFO] [stdout]    9:     0x6289cf48767b - <unknown>
[INFO] [stdout]   10:     0x6289cf4875f1 - <unknown>
[INFO] [stdout]   11:     0x6289cf349618 - <unknown>
[INFO] [stdout]   12:     0x6289cf44ae24 - <unknown>
[INFO] [stdout]   13:     0x6289cf5cc3fb - <unknown>
[INFO] [stdout]   14:     0x6289cf5c7a0f - <unknown>
[INFO] [stdout]   15:     0x6289cf5c748c - <unknown>
[INFO] [stdout]   16:     0x6289cf5e21ac - <unknown>
[INFO] [stdout]   17:     0x6289cf5b0b02 - <unknown>
[INFO] [stdout]   18:     0x704f4a7ecdfa - <unknown>
[INFO] [stdout]   19:     0x704f4a8803d4 - clone
[INFO] [stdout]   20:                0x0 - <unknown>
[INFO] [stdout] 
[INFO] [stdout] ---- tests::extensions::extensions stdout ----
[INFO] [stdout] 
[INFO] [stdout] thread 'tests::extensions::extensions' (1755) panicked at src/tests/extensions.rs:28:9:
[INFO] [stdout] assertion `left == right` failed: should resolve according to order of provided extensions ./foo foo.ts
[INFO] [stdout]   left: Err(NotFound("./foo"))
[INFO] [stdout]  right: Ok("/opt/rustwide/workdir/fixtures/enhanced_resolve/test/fixtures/extensions/foo.ts")
[INFO] [stdout] stack backtrace:
[INFO] [stdout]    0:     0x6289cf5891e5 - <unknown>
[INFO] [stdout]    1:     0x6289cf4877ea - <unknown>
[INFO] [stdout]    2:     0x6289cf58887b - <unknown>
[INFO] [stdout]    3:     0x6289cf58835f - <unknown>
[INFO] [stdout]    4:     0x6289cf587f8a - <unknown>
[INFO] [stdout]    5:     0x6289cf587ac2 - <unknown>
[INFO] [stdout]    6:     0x6289cf5af031 - <unknown>
[INFO] [stdout]    7:     0x6289cf5aefe9 - <unknown>
[INFO] [stdout]    8:     0x6289cf5af4fc - <unknown>
[INFO] [stdout]    9:     0x6289cf48767b - <unknown>
[INFO] [stdout]   10:     0x6289cf4875f1 - <unknown>
[INFO] [stdout]   11:     0x6289cf349618 - <unknown>
[INFO] [stdout]   12:     0x6289cf40d1c2 - <unknown>
[INFO] [stdout]   13:     0x6289cf5cc3fb - <unknown>
[INFO] [stdout]   14:     0x6289cf5c7a0f - <unknown>
[INFO] [stdout]   15:     0x6289cf5c748c - <unknown>
[INFO] [stdout]   16:     0x6289cf5e21ac - <unknown>
[INFO] [stdout]   17:     0x6289cf5b0b02 - <unknown>
[INFO] [stdout]   18:     0x704f4a7ecdfa - <unknown>
[INFO] [stdout]   19:     0x704f4a8803d4 - clone
[INFO] [stdout]   20:                0x0 - <unknown>
[INFO] [stdout] 
[INFO] [stdout] ---- tests::restrictions::restriction1 stdout ----
[INFO] [stdout] 
[INFO] [stdout] thread 'tests::restrictions::restriction1' (1781) panicked at src/tests/restrictions.rs:24:5:
[INFO] [stdout] assertion `left == right` failed
[INFO] [stdout]   left: Err(NotFound("pck2"))
[INFO] [stdout]  right: Err(Restriction("/opt/rustwide/workdir/fixtures/enhanced_resolve/test/fixtures/c.js", "/opt/rustwide/workdir/fixtures/enhanced_resolve/test/fixtures/restrictions"))
[INFO] [stdout] stack backtrace:
[INFO] [stdout]    0:     0x6289cf5891e5 - <unknown>
[INFO] [stdout]    1:     0x6289cf4877ea - <unknown>
[INFO] [stdout]    2:     0x6289cf58887b - <unknown>
[INFO] [stdout]    3:     0x6289cf58835f - <unknown>
[INFO] [stdout]    4:     0x6289cf587f8a - <unknown>
[INFO] [stdout]    5:     0x6289cf587ac2 - <unknown>
[INFO] [stdout]    6:     0x6289cf5af031 - <unknown>
[INFO] [stdout]    7:     0x6289cf5aefe9 - <unknown>
[INFO] [stdout]    8:     0x6289cf5af4fc - <unknown>
[INFO] [stdout]    9:     0x6289cf48767b - <unknown>
[INFO] [stdout]   10:     0x6289cf487592 - <unknown>
[INFO] [stdout]   11:     0x6289cf3495e4 - <unknown>
[INFO] [stdout]   12:     0x6289cf4121cd - <unknown>
[INFO] [stdout]   13:     0x6289cf5cc3fb - <unknown>
[INFO] [stdout]   14:     0x6289cf5c7a0f - <unknown>
[INFO] [stdout]   15:     0x6289cf5c748c - <unknown>
[INFO] [stdout]   16:     0x6289cf5e21ac - <unknown>
[INFO] [stdout]   17:     0x6289cf5b0b02 - <unknown>
[INFO] [stdout]   18:     0x704f4a7ecdfa - <unknown>
[INFO] [stdout]   19:     0x704f4a8803d4 - clone
[INFO] [stdout]   20:                0x0 - <unknown>
[INFO] [stdout] 
[INFO] [stdout] ---- tests::resolve::resolve stdout ----
[INFO] [stdout] 
[INFO] [stdout] thread 'tests::resolve::resolve' (1778) panicked at src/tests/resolve.rs:57:9:
[INFO] [stdout] assertion `left == right` failed: absolute path "/opt/rustwide/workdir/fixtures/enhanced_resolve/test/fixtures" /opt/rustwide/workdir/fixtures/enhanced_resolve/test/fixtures/main1.js
[INFO] [stdout]   left: Err(NotFound("/opt/rustwide/workdir/fixtures/enhanced_resolve/test/fixtures/main1.js"))
[INFO] [stdout]  right: Ok("/opt/rustwide/workdir/fixtures/enhanced_resolve/test/fixtures/main1.js")
[INFO] [stdout] stack backtrace:
[INFO] [stdout]    0:     0x6289cf5891e5 - <unknown>
[INFO] [stdout]    1:     0x6289cf4877ea - <unknown>
[INFO] [stdout]    2:     0x6289cf58887b - <unknown>
[INFO] [stdout]    3:     0x6289cf58835f - <unknown>
[INFO] [stdout]    4:     0x6289cf587f8a - <unknown>
[INFO] [stdout]    5:     0x6289cf587ac2 - <unknown>
[INFO] [stdout]    6:     0x6289cf5af031 - <unknown>
[INFO] [stdout]    7:     0x6289cf5aefe9 - <unknown>
[INFO] [stdout]    8:     0x6289cf5af4fc - <unknown>
[INFO] [stdout]    9:     0x6289cf48767b - <unknown>
[INFO] [stdout]   10:     0x6289cf4875f1 - <unknown>
[INFO] [stdout]   11:     0x6289cf349618 - <unknown>
[INFO] [stdout]   12:     0x6289cf44db85 - <unknown>
[INFO] [stdout]   13:     0x6289cf5cc3fb - <unknown>
[INFO] [stdout]   14:     0x6289cf5c7a0f - <unknown>
[INFO] [stdout]   15:     0x6289cf5c748c - <unknown>
[INFO] [stdout]   16:     0x6289cf5e21ac - <unknown>
[INFO] [stdout]   17:     0x6289cf5b0b02 - <unknown>
[INFO] [stdout]   18:     0x704f4a7ecdfa - <unknown>
[INFO] [stdout]   19:     0x704f4a8803d4 - clone
[INFO] [stdout]   20:                0x0 - <unknown>
[INFO] [stdout] 
[INFO] [stdout] ---- tests::main_field::test_fallback stdout ----
[INFO] [stdout] 
[INFO] [stdout] thread 'tests::main_field::test_fallback' (1770) panicked at src/tests/main_field.rs:37:5:
[INFO] [stdout] assertion `left == right` failed
[INFO] [stdout]   left: Err(NotFound("main_field_fallback"))
[INFO] [stdout]  right: Ok("/opt/rustwide/workdir/fixtures/invalid/node_modules/main_field_fallback/exist.js")
[INFO] [stdout] stack backtrace:
[INFO] [stdout]    0:     0x6289cf5891e5 - <unknown>
[INFO] [stdout]    1:     0x6289cf4877ea - <unknown>
[INFO] [stdout]    2:     0x6289cf58887b - <unknown>
[INFO] [stdout]    3:     0x6289cf58835f - <unknown>
[INFO] [stdout]    4:     0x6289cf587f8a - <unknown>
[INFO] [stdout]    5:     0x6289cf587ac2 - <unknown>
[INFO] [stdout]    6:     0x6289cf5af031 - <unknown>
[INFO] [stdout]    7:     0x6289cf5aefe9 - <unknown>
[INFO] [stdout]    8:     0x6289cf5af4fc - <unknown>
[INFO] [stdout]    9:     0x6289cf48767b - <unknown>
[INFO] [stdout]   10:     0x6289cf487592 - <unknown>
[INFO] [stdout]   11:     0x6289cf349618 - <unknown>
[INFO] [stdout]   12:     0x6289cf410906 - <unknown>
[INFO] [stdout]   13:     0x6289cf5cc3fb - <unknown>
[INFO] [stdout]   14:     0x6289cf5c7a0f - <unknown>
[INFO] [stdout]   15:     0x6289cf5c748c - <unknown>
[INFO] [stdout]   16:     0x6289cf5e21ac - <unknown>
[INFO] [stdout]   17:     0x6289cf5b0b02 - <unknown>
[INFO] [stdout]   18:     0x704f4a7ecdfa - <unknown>
[INFO] [stdout]   19:     0x704f4a8803d4 - clone
[INFO] [stdout]   20:                0x0 - <unknown>
[INFO] [stdout] 
[INFO] [stdout] ---- tests::resolve::prefer_relative stdout ----
[INFO] [stdout] 
[INFO] [stdout] thread 'tests::resolve::prefer_relative' (1777) panicked at src/tests/resolve.rs:89:9:
[INFO] [stdout] assertion `left == right` failed: should correctly resolve with preferRelative 1 main1.js
[INFO] [stdout]   left: Err(NotFound("main1.js"))
[INFO] [stdout]  right: Ok("/opt/rustwide/workdir/fixtures/enhanced_resolve/test/fixtures/main1.js")
[INFO] [stdout] stack backtrace:
[INFO] [stdout]    0:     0x6289cf5891e5 - <unknown>
[INFO] [stdout]    1:     0x6289cf4877ea - <unknown>
[INFO] [stdout]    2:     0x6289cf58887b - <unknown>
[INFO] [stdout]    3:     0x6289cf58835f - <unknown>
[INFO] [stdout]    4:     0x6289cf587f8a - <unknown>
[INFO] [stdout]    5:     0x6289cf587ac2 - <unknown>
[INFO] [stdout]    6:     0x6289cf5af031 - <unknown>
[INFO] [stdout]    7:     0x6289cf5aefe9 - <unknown>
[INFO] [stdout]    8:     0x6289cf5af4fc - <unknown>
[INFO] [stdout]    9:     0x6289cf48767b - <unknown>
[INFO] [stdout]   10:     0x6289cf4875f1 - <unknown>
[INFO] [stdout]   11:     0x6289cf349618 - <unknown>
[INFO] [stdout]   12:     0x6289cf4494f1 - <unknown>
[INFO] [stdout]   13:     0x6289cf5cc3fb - <unknown>
[INFO] [stdout]   14:     0x6289cf5c7a0f - <unknown>
[INFO] [stdout]   15:     0x6289cf5c748c - <unknown>
[INFO] [stdout]   16:     0x6289cf5e21ac - <unknown>
[INFO] [stdout]   17:     0x6289cf5b0b02 - <unknown>
[INFO] [stdout]   18:     0x704f4a7ecdfa - <unknown>
[INFO] [stdout]   19:     0x704f4a8803d4 - clone
[INFO] [stdout]   20:                0x0 - <unknown>
[INFO] [stdout] 
[INFO] [stdout] ---- tests::extensions::multi_dot_extension stdout ----
[INFO] [stdout] 
[INFO] [stdout] thread 'tests::extensions::multi_dot_extension' (1756) panicked at src/tests/extensions.rs:103:9:
[INFO] [stdout] assertion `left == right` failed: should resolve according to order of provided extensions ./foo foo.ts
[INFO] [stdout]   left: Err(NotFound("./foo"))
[INFO] [stdout]  right: Ok("/opt/rustwide/workdir/fixtures/enhanced_resolve/test/fixtures/extensions/foo.ts")
[INFO] [stdout] stack backtrace:
[INFO] [stdout]    0:     0x6289cf5891e5 - <unknown>
[INFO] [stdout]    1:     0x6289cf4877ea - <unknown>
[INFO] [stdout]    2:     0x6289cf58887b - <unknown>
[INFO] [stdout]    3:     0x6289cf58835f - <unknown>
[INFO] [stdout]    4:     0x6289cf587f8a - <unknown>
[INFO] [stdout]    5:     0x6289cf587ac2 - <unknown>
[INFO] [stdout]    6:     0x6289cf5af031 - <unknown>
[INFO] [stdout]    7:     0x6289cf5aefe9 - <unknown>
[INFO] [stdout]    8:     0x6289cf5af4fc - <unknown>
[INFO] [stdout]    9:     0x6289cf48767b - <unknown>
[INFO] [stdout]   10:     0x6289cf4875f1 - <unknown>
[INFO] [stdout]   11:     0x6289cf349618 - <unknown>
[INFO] [stdout]   12:     0x6289cf40e2b5 - <unknown>
[INFO] [stdout]   13:     0x6289cf5cc3fb - <unknown>
[INFO] [stdout]   14:     0x6289cf5c7a0f - <unknown>
[INFO] [stdout]   15:     0x6289cf5c748c - <unknown>
[INFO] [stdout]   16:     0x6289cf5e21ac - <unknown>
[INFO] [stdout]   17:     0x6289cf5b0b02 - <unknown>
[INFO] [stdout]   18:     0x704f4a7ecdfa - <unknown>
[INFO] [stdout]   19:     0x704f4a8803d4 - clone
[INFO] [stdout]   20:                0x0 - <unknown>
[INFO] [stdout] 
[INFO] [stdout] ---- tests::extensions::respect_enforce_extension stdout ----
[INFO] [stdout] 
[INFO] [stdout] thread 'tests::extensions::respect_enforce_extension' (1757) panicked at src/tests/extensions.rs:76:5:
[INFO] [stdout] assertion `left == right` failed
[INFO] [stdout]   left: Err(NotFound("./foo"))
[INFO] [stdout]  right: Ok("/opt/rustwide/workdir/fixtures/enhanced_resolve/test/fixtures/extensions/foo.ts")
[INFO] [stdout] stack backtrace:
[INFO] [stdout]    0:     0x6289cf5891e5 - <unknown>
[INFO] [stdout]    1:     0x6289cf4877ea - <unknown>
[INFO] [stdout]    2:     0x6289cf58887b - <unknown>
[INFO] [stdout]    3:     0x6289cf58835f - <unknown>
[INFO] [stdout]    4:     0x6289cf587f8a - <unknown>
[INFO] [stdout]    5:     0x6289cf587ac2 - <unknown>
[INFO] [stdout]    6:     0x6289cf5af031 - <unknown>
[INFO] [stdout]    7:     0x6289cf5aefe9 - <unknown>
[INFO] [stdout]    8:     0x6289cf5af4fc - <unknown>
[INFO] [stdout]    9:     0x6289cf48767b - <unknown>
[INFO] [stdout]   10:     0x6289cf487592 - <unknown>
[INFO] [stdout]   11:     0x6289cf349618 - <unknown>
[INFO] [stdout]   12:     0x6289cf40fe61 - <unknown>
[INFO] [stdout]   13:     0x6289cf5cc3fb - <unknown>
[INFO] [stdout]   14:     0x6289cf5c7a0f - <unknown>
[INFO] [stdout]   15:     0x6289cf5c748c - <unknown>
[INFO] [stdout]   16:     0x6289cf5e21ac - <unknown>
[INFO] [stdout]   17:     0x6289cf5b0b02 - <unknown>
[INFO] [stdout]   18:     0x704f4a7ecdfa - <unknown>
[INFO] [stdout]   19:     0x704f4a8803d4 - clone
[INFO] [stdout]   20:                0x0 - <unknown>
[INFO] [stdout] 
[INFO] [stdout] ---- tests::roots::roots_fall_through stdout ----
[INFO] [stdout] 
[INFO] [stdout] thread 'tests::roots::roots_fall_through' (1785) panicked at src/tests/roots.rs:88:5:
[INFO] [stdout] assertion `left == right` failed
[INFO] [stdout]   left: Err(NotFound("/opt/rustwide/workdir/fixtures/enhanced_resolve/test/fixtures/roots_fall_through/index.js"))
[INFO] [stdout]  right: Ok("/opt/rustwide/workdir/fixtures/enhanced_resolve/test/fixtures/roots_fall_through/index.js")
[INFO] [stdout] stack backtrace:
[INFO] [stdout]    0:     0x6289cf5891e5 - <unknown>
[INFO] [stdout]    1:     0x6289cf4877ea - <unknown>
[INFO] [stdout]    2:     0x6289cf58887b - <unknown>
[INFO] [stdout]    3:     0x6289cf58835f - <unknown>
[INFO] [stdout]    4:     0x6289cf587f8a - <unknown>
[INFO] [stdout]    5:     0x6289cf587ac2 - <unknown>
[INFO] [stdout]    6:     0x6289cf5af031 - <unknown>
[INFO] [stdout]    7:     0x6289cf5aefe9 - <unknown>
[INFO] [stdout]    8:     0x6289cf5af4fc - <unknown>
[INFO] [stdout]    9:     0x6289cf48767b - <unknown>
[INFO] [stdout]   10:     0x6289cf487592 - <unknown>
[INFO] [stdout]   11:     0x6289cf349618 - <unknown>
[INFO] [stdout]   12:     0x6289cf44274f - <unknown>
[INFO] [stdout]   13:     0x6289cf5cc3fb - <unknown>
[INFO] [stdout]   14:     0x6289cf5c7a0f - <unknown>
[INFO] [stdout]   15:     0x6289cf5c748c - <unknown>
[INFO] [stdout]   16:     0x6289cf5e21ac - <unknown>
[INFO] [stdout]   17:     0x6289cf5b0b02 - <unknown>
[INFO] [stdout]   18:     0x704f4a7ecdfa - <unknown>
[INFO] [stdout]   19:     0x704f4a8803d4 - clone
[INFO] [stdout]   20:                0x0 - <unknown>
[INFO] [stdout] 
[INFO] [stdout] ---- tests::simple::resolve_abs_main stdout ----
[INFO] [stdout] 
[INFO] [stdout] thread 'tests::simple::resolve_abs_main' (1788) panicked at src/tests/simple.rs:13:48:
[INFO] [stdout] called `Result::unwrap()` on an `Err` value: NotFound("a")
[INFO] [stdout] stack backtrace:
[INFO] [stdout]    0:     0x6289cf5891e5 - <unknown>
[INFO] [stdout]    1:     0x6289cf4877ea - <unknown>
[INFO] [stdout]    2:     0x6289cf58887b - <unknown>
[INFO] [stdout]    3:     0x6289cf58835f - <unknown>
[INFO] [stdout]    4:     0x6289cf587f8a - <unknown>
[INFO] [stdout]    5:     0x6289cf587ac2 - <unknown>
[INFO] [stdout]    6:     0x6289cf5af031 - <unknown>
[INFO] [stdout]    7:     0x6289cf5aefe9 - <unknown>
[INFO] [stdout]    8:     0x6289cf5af4fc - <unknown>
[INFO] [stdout]    9:     0x6289cf48767b - <unknown>
[INFO] [stdout]   10:     0x6289cf48b851 - <unknown>
[INFO] [stdout]   11:     0x6289cf444e4e - <unknown>
[INFO] [stdout]   12:     0x6289cf5cc3fb - <unknown>
[INFO] [stdout]   13:     0x6289cf5c7a0f - <unknown>
[INFO] [stdout]   14:     0x6289cf5c748c - <unknown>
[INFO] [stdout]   15:     0x6289cf5e21ac - <unknown>
[INFO] [stdout]   16:     0x6289cf5b0b02 - <unknown>
[INFO] [stdout]   17:     0x704f4a7ecdfa - <unknown>
[INFO] [stdout]   18:     0x704f4a8803d4 - clone
[INFO] [stdout]   19:                0x0 - <unknown>
[INFO] [stdout] 
[INFO] [stdout] ---- tests::simple::dashed_name stdout ----
[INFO] [stdout] 
[INFO] [stdout] thread 'tests::simple::dashed_name' (1787) panicked at src/tests/simple.rs:56:9:
[INFO] [stdout] assertion `left == right` failed: "/opt/rustwide/workdir/fixtures/enhanced_resolve/test/fixtures" dash
[INFO] [stdout]   left: Err(NotFound("dash"))
[INFO] [stdout]  right: Ok("/opt/rustwide/workdir/fixtures/enhanced_resolve/test/fixtures/node_modules/dash/index.js")
[INFO] [stdout] stack backtrace:
[INFO] [stdout]    0:     0x6289cf5891e5 - <unknown>
[INFO] [stdout]    1:     0x6289cf4877ea - <unknown>
[INFO] [stdout]    2:     0x6289cf58887b - <unknown>
[INFO] [stdout]    3:     0x6289cf58835f - <unknown>
[INFO] [stdout]    4:     0x6289cf587f8a - <unknown>
[INFO] [stdout]    5:     0x6289cf587ac2 - <unknown>
[INFO] [stdout]    6:     0x6289cf5af031 - <unknown>
[INFO] [stdout]    7:     0x6289cf5aefe9 - <unknown>
[INFO] [stdout]    8:     0x6289cf5af4fc - <unknown>
[INFO] [stdout]    9:     0x6289cf48767b - <unknown>
[INFO] [stdout]   10:     0x6289cf4875f1 - <unknown>
[INFO] [stdout]   11:     0x6289cf349618 - <unknown>
[INFO] [stdout]   12:     0x6289cf4447e1 - <unknown>
[INFO] [stdout]   13:     0x6289cf5cc3fb - <unknown>
[INFO] [stdout]   14:     0x6289cf5c7a0f - <unknown>
[INFO] [stdout]   15:     0x6289cf5c748c - <unknown>
[INFO] [stdout]   16:     0x6289cf5e21ac - <unknown>
[INFO] [stdout]   17:     0x6289cf5b0b02 - <unknown>
[INFO] [stdout]   18:     0x704f4a7ecdfa - <unknown>
[INFO] [stdout]   19:     0x704f4a8803d4 - clone
[INFO] [stdout]   20:                0x0 - <unknown>
[INFO] [stdout] 
[INFO] [stdout] ---- tests::resolve::issue238_resolve stdout ----
[INFO] [stdout] 
[INFO] [stdout] thread 'tests::resolve::issue238_resolve' (1776) panicked at src/tests/resolve.rs:71:5:
[INFO] [stdout] assertion `left == right` failed
[INFO] [stdout]   left: Err(NotFound("config/myObjectFile"))
[INFO] [stdout]  right: Ok("/opt/rustwide/workdir/fixtures/enhanced_resolve/test/fixtures/issue-238/src/common/config/myObjectFile.js")
[INFO] [stdout] stack backtrace:
[INFO] [stdout]    0:     0x6289cf5891e5 - <unknown>
[INFO] [stdout]    1:     0x6289cf4877ea - <unknown>
[INFO] [stdout]    2:     0x6289cf58887b - <unknown>
[INFO] [stdout]    3:     0x6289cf58835f - <unknown>
[INFO] [stdout]    4:     0x6289cf587f8a - <unknown>
[INFO] [stdout]    5:     0x6289cf587ac2 - <unknown>
[INFO] [stdout]    6:     0x6289cf5af031 - <unknown>
[INFO] [stdout]    7:     0x6289cf5aefe9 - <unknown>
[INFO] [stdout]    8:     0x6289cf5af4fc - <unknown>
[INFO] [stdout]    9:     0x6289cf48767b - <unknown>
[INFO] [stdout]   10:     0x6289cf487592 - <unknown>
[INFO] [stdout]   11:     0x6289cf349618 - <unknown>
[INFO] [stdout]   12:     0x6289cf449f17 - <unknown>
[INFO] [stdout]   13:     0x6289cf5cc3fb - <unknown>
[INFO] [stdout]   14:     0x6289cf5c7a0f - <unknown>
[INFO] [stdout]   15:     0x6289cf5c748c - <unknown>
[INFO] [stdout]   16:     0x6289cf5e21ac - <unknown>
[INFO] [stdout]   17:     0x6289cf5b0b02 - <unknown>
[INFO] [stdout]   18:     0x704f4a7ecdfa - <unknown>
[INFO] [stdout]   19:     0x704f4a8803d4 - clone
[INFO] [stdout]   20:                0x0 - <unknown>
[INFO] [stdout] 
[INFO] [stdout] ---- tests::simple::simple stdout ----
[INFO] [stdout] 
[INFO] [stdout] thread 'tests::simple::simple' (1789) panicked at src/tests/simple.rs:35:9:
[INFO] [stdout] assertion `left == right` failed: direct "/opt/rustwide/workdir/fixtures/enhanced_resolve/test" ../lib/index
[INFO] [stdout]   left: Err(NotFound("../lib/index"))
[INFO] [stdout]  right: Ok("/opt/rustwide/workdir/fixtures/enhanced_resolve/lib/index.js")
[INFO] [stdout] stack backtrace:
[INFO] [stdout]    0:     0x6289cf5891e5 - <unknown>
[INFO] [stdout]    1:     0x6289cf4877ea - <unknown>
[INFO] [stdout]    2:     0x6289cf58887b - <unknown>
[INFO] [stdout]    3:     0x6289cf58835f - <unknown>
[INFO] [stdout]    4:     0x6289cf587f8a - <unknown>
[INFO] [stdout]    5:     0x6289cf587ac2 - <unknown>
[INFO] [stdout]    6:     0x6289cf5af031 - <unknown>
[INFO] [stdout]    7:     0x6289cf5aefe9 - <unknown>
[INFO] [stdout]    8:     0x6289cf5af4fc - <unknown>
[INFO] [stdout]    9:     0x6289cf48767b - <unknown>
[INFO] [stdout]   10:     0x6289cf4875f1 - <unknown>
[INFO] [stdout]   11:     0x6289cf349618 - <unknown>
[INFO] [stdout]   12:     0x6289cf44567d - <unknown>
[INFO] [stdout]   13:     0x6289cf5cc3fb - <unknown>
[INFO] [stdout]   14:     0x6289cf5c7a0f - <unknown>
[INFO] [stdout]   15:     0x6289cf5c748c - <unknown>
[INFO] [stdout]   16:     0x6289cf5e21ac - <unknown>
[INFO] [stdout]   17:     0x6289cf5b0b02 - <unknown>
[INFO] [stdout]   18:     0x704f4a7ecdfa - <unknown>
[INFO] [stdout]   19:     0x704f4a8803d4 - clone
[INFO] [stdout]   20:                0x0 - <unknown>
[INFO] [stdout] 
[INFO] [stdout] ---- tests::roots::resolve_to_context stdout ----
[INFO] [stdout] 
[INFO] [stdout] thread 'tests::roots::resolve_to_context' (1783) panicked at src/tests/roots.rs:57:5:
[INFO] [stdout] assertion `left == right` failed
[INFO] [stdout]   left: Err(NotFound("/fixtures/lib"))
[INFO] [stdout]  right: Ok("/opt/rustwide/workdir/fixtures/enhanced_resolve/test/fixtures/lib")
[INFO] [stdout] stack backtrace:
[INFO] [stdout]    0:     0x6289cf5891e5 - <unknown>
[INFO] [stdout]    1:     0x6289cf4877ea - <unknown>
[INFO] [stdout]    2:     0x6289cf58887b - <unknown>
[INFO] [stdout]    3:     0x6289cf58835f - <unknown>
[INFO] [stdout]    4:     0x6289cf587f8a - <unknown>
[INFO] [stdout]    5:     0x6289cf587ac2 - <unknown>
[INFO] [stdout]    6:     0x6289cf5af031 - <unknown>
[INFO] [stdout]    7:     0x6289cf5aefe9 - <unknown>
[INFO] [stdout]    8:     0x6289cf5af4fc - <unknown>
[INFO] [stdout]    9:     0x6289cf48767b - <unknown>
[INFO] [stdout]   10:     0x6289cf487592 - <unknown>
[INFO] [stdout]   11:     0x6289cf349618 - <unknown>
[INFO] [stdout]   12:     0x6289cf4421a1 - <unknown>
[INFO] [stdout]   13:     0x6289cf5cc3fb - <unknown>
[INFO] [stdout]   14:     0x6289cf5c7a0f - <unknown>
[INFO] [stdout]   15:     0x6289cf5c748c - <unknown>
[INFO] [stdout]   16:     0x6289cf5e21ac - <unknown>
[INFO] [stdout]   17:     0x6289cf5b0b02 - <unknown>
[INFO] [stdout]   18:     0x704f4a7ecdfa - <unknown>
[INFO] [stdout]   19:     0x704f4a8803d4 - clone
[INFO] [stdout]   20:                0x0 - <unknown>
[INFO] [stdout] 
[INFO] [stdout] ---- tests::pnp::resolve_in_pnp_linked_folder stdout ----
[INFO] [stdout] 
[INFO] [stdout] thread 'tests::pnp::resolve_in_pnp_linked_folder' (1774) panicked at src/tests/pnp.rs:79:5:
[INFO] [stdout] assertion `left == right` failed
[INFO] [stdout]   left: Err(NotFound("lib/lib.js"))
[INFO] [stdout]  right: Ok("/opt/rustwide/workdir/fixtures/pnp/shared/lib.js")
[INFO] [stdout] stack backtrace:
[INFO] [stdout]    0:     0x6289cf5891e5 - <unknown>
[INFO] [stdout]    1:     0x6289cf4877ea - <unknown>
[INFO] [stdout]    2:     0x6289cf58887b - <unknown>
[INFO] [stdout]    3:     0x6289cf58835f - <unknown>
[INFO] [stdout]    4:     0x6289cf587f8a - <unknown>
[INFO] [stdout]    5:     0x6289cf587ac2 - <unknown>
[INFO] [stdout]    6:     0x6289cf5af031 - <unknown>
[INFO] [stdout]    7:     0x6289cf5aefe9 - <unknown>
[INFO] [stdout]    8:     0x6289cf5af4fc - <unknown>
[INFO] [stdout]    9:     0x6289cf48767b - <unknown>
[INFO] [stdout]   10:     0x6289cf487592 - <unknown>
[INFO] [stdout]   11:     0x6289cf349618 - <unknown>
[INFO] [stdout]   12:     0x6289cf43687c - <unknown>
[INFO] [stdout]   13:     0x6289cf5cc3fb - <unknown>
[INFO] [stdout]   14:     0x6289cf5c7a0f - <unknown>
[INFO] [stdout]   15:     0x6289cf5c748c - <unknown>
[INFO] [stdout]   16:     0x6289cf5e21ac - <unknown>
[INFO] [stdout]   17:     0x6289cf5b0b02 - <unknown>
[INFO] [stdout]   18:     0x704f4a7ecdfa - <unknown>
[INFO] [stdout]   19:     0x704f4a8803d4 - clone
[INFO] [stdout]   20:                0x0 - <unknown>
[INFO] [stdout] 
[INFO] [stdout] ---- tests::extensions::without_leading_dot stdout ----
[INFO] [stdout] note: test did not panic as expected at src/tests/extensions.rs:120:4
[INFO] [stdout] ---- tests::scoped_packages::scoped_packages stdout ----
[INFO] [stdout] 
[INFO] [stdout] thread 'tests::scoped_packages::scoped_packages' (1786) panicked at src/tests/scoped_packages.rs:23:9:
[INFO] [stdout] assertion `left == right` failed: main field should work "/opt/rustwide/workdir/fixtures/enhanced_resolve/test/fixtures/scoped" @scope/pack1
[INFO] [stdout]   left: Err(NotFound("@scope/pack1"))
[INFO] [stdout]  right: Ok("/opt/rustwide/workdir/fixtures/enhanced_resolve/test/fixtures/scoped/./node_modules/@scope/pack1/main.js")
[INFO] [stdout] stack backtrace:
[INFO] [stdout]    0:     0x6289cf5891e5 - <unknown>
[INFO] [stdout]    1:     0x6289cf4877ea - <unknown>
[INFO] [stdout]    2:     0x6289cf58887b - <unknown>
[INFO] [stdout]    3:     0x6289cf58835f - <unknown>
[INFO] [stdout]    4:     0x6289cf587f8a - <unknown>
[INFO] [stdout]    5:     0x6289cf587ac2 - <unknown>
[INFO] [stdout]    6:     0x6289cf5af031 - <unknown>
[INFO] [stdout]    7:     0x6289cf5aefe9 - <unknown>
[INFO] [stdout]    8:     0x6289cf5af4fc - <unknown>
[INFO] [stdout]    9:     0x6289cf48767b - <unknown>
[INFO] [stdout]   10:     0x6289cf4875f1 - <unknown>
[INFO] [stdout]   11:     0x6289cf349618 - <unknown>
[INFO] [stdout]   12:     0x6289cf42fedf - <unknown>
[INFO] [stdout]   13:     0x6289cf5cc3fb - <unknown>
[INFO] [stdout]   14:     0x6289cf5c7a0f - <unknown>
[INFO] [stdout]   15:     0x6289cf5c748c - <unknown>
[INFO] [stdout]   16:     0x6289cf5e21ac - <unknown>
[INFO] [stdout]   17:     0x6289cf5b0b02 - <unknown>
[INFO] [stdout]   18:     0x704f4a7ecdfa - <unknown>
[INFO] [stdout]   19:     0x704f4a8803d4 - clone
[INFO] [stdout]   20:                0x0 - <unknown>
[INFO] [stdout] 
[INFO] [stdout] ---- tests::roots::prefer_absolute stdout ----
[INFO] [stdout] 
[INFO] [stdout] thread 'tests::roots::prefer_absolute' (1782) panicked at src/tests/roots.rs:78:9:
[INFO] [stdout] assertion `left == right` failed: should resolve an absolute path (prefer absolute) /opt/rustwide/workdir/fixtures/enhanced_resolve/test/fixtures/b.js
[INFO] [stdout]   left: Err(NotFound("/opt/rustwide/workdir/fixtures/enhanced_resolve/test/fixtures/b.js"))
[INFO] [stdout]  right: Ok("/opt/rustwide/workdir/fixtures/enhanced_resolve/test/fixtures/b.js")
[INFO] [stdout] stack backtrace:
[INFO] [stdout]    0:     0x6289cf5891e5 - <unknown>
[INFO] [stdout]    1:     0x6289cf4877ea - <unknown>
[INFO] [stdout]    2:     0x6289cf58887b - <unknown>
[INFO] [stdout]    3:     0x6289cf58835f - <unknown>
[INFO] [stdout]    4:     0x6289cf587f8a - <unknown>
[INFO] [stdout]    5:     0x6289cf587ac2 - <unknown>
[INFO] [stdout]    6:     0x6289cf5af031 - <unknown>
[INFO] [stdout]    7:     0x6289cf5aefe9 - <unknown>
[INFO] [stdout]    8:     0x6289cf5af4fc - <unknown>
[INFO] [stdout]    9:     0x6289cf48767b - <unknown>
[INFO] [stdout]   10:     0x6289cf4875f1 - <unknown>
[INFO] [stdout]   11:     0x6289cf349618 - <unknown>
[INFO] [stdout]   12:     0x6289cf4417a8 - <unknown>
[INFO] [stdout]   13:     0x6289cf5cc3fb - <unknown>
[INFO] [stdout]   14:     0x6289cf5c7a0f - <unknown>
[INFO] [stdout]   15:     0x6289cf5c748c - <unknown>
[INFO] [stdout]   16:     0x6289cf5e21ac - <unknown>
[INFO] [stdout]   17:     0x6289cf5b0b02 - <unknown>
[INFO] [stdout]   18:     0x704f4a7ecdfa - <unknown>
[INFO] [stdout]   19:     0x704f4a8803d4 - clone
[INFO] [stdout]   20:                0x0 - <unknown>
[INFO] [stdout] 
[INFO] [stdout] ---- tests::tsconfig_paths::broken stdout ----
[INFO] [stdout] 
[INFO] [stdout] thread 'tests::tsconfig_paths::broken' (1793) panicked at src/tests/tsconfig_paths.rs:114:5:
[INFO] [stdout] assertion failed: matches!(resolved_path, Err(ResolveError::JSON(_)))
[INFO] [stdout] stack backtrace:
[INFO] [stdout]    0:     0x6289cf5891e5 - <unknown>
[INFO] [stdout]    1:     0x6289cf4877ea - <unknown>
[INFO] [stdout]    2:     0x6289cf58887b - <unknown>
[INFO] [stdout]    3:     0x6289cf58835f - <unknown>
[INFO] [stdout]    4:     0x6289cf587f8a - <unknown>
[INFO] [stdout]    5:     0x6289cf587ac2 - <unknown>
[INFO] [stdout]    6:     0x6289cf5af062 - <unknown>
[INFO] [stdout]    7:     0x6289cf5aefe9 - <unknown>
[INFO] [stdout]    8:     0x6289cf5af4fc - <unknown>
[INFO] [stdout]    9:     0x6289cf48767b - <unknown>
[INFO] [stdout]   10:     0x6289cf489671 - <unknown>
[INFO] [stdout]   11:     0x6289cf42ab18 - <unknown>
[INFO] [stdout]   12:     0x6289cf5cc3fb - <unknown>
[INFO] [stdout]   13:     0x6289cf5c7a0f - <unknown>
[INFO] [stdout]   14:     0x6289cf5c748c - <unknown>
[INFO] [stdout]   15:     0x6289cf5e21ac - <unknown>
[INFO] [stdout]   16:     0x6289cf5b0b02 - <unknown>
[INFO] [stdout]   17:     0x704f4a7ecdfa - <unknown>
[INFO] [stdout]   18:     0x704f4a8803d4 - clone
[INFO] [stdout]   19:                0x0 - <unknown>
[INFO] [stdout] 
[INFO] [stdout] ---- tests::roots::roots stdout ----
[INFO] [stdout] 
[INFO] [stdout] thread 'tests::roots::roots' (1784) panicked at src/tests/roots.rs:33:9:
[INFO] [stdout] assertion `left == right` failed: should respect roots option /fixtures/b.js
[INFO] [stdout]   left: Err(NotFound("/fixtures/b.js"))
[INFO] [stdout]  right: Ok("/opt/rustwide/workdir/fixtures/enhanced_resolve/test/fixtures/b.js")
[INFO] [stdout] stack backtrace:
[INFO] [stdout]    0:     0x6289cf5891e5 - <unknown>
[INFO] [stdout]    1:     0x6289cf4877ea - <unknown>
[INFO] [stdout]    2:     0x6289cf58887b - <unknown>
[INFO] [stdout]    3:     0x6289cf58835f - <unknown>
[INFO] [stdout]    4:     0x6289cf587f8a - <unknown>
[INFO] [stdout]    5:     0x6289cf587ac2 - <unknown>
[INFO] [stdout]    6:     0x6289cf5af031 - <unknown>
[INFO] [stdout]    7:     0x6289cf5aefe9 - <unknown>
[INFO] [stdout]    8:     0x6289cf5af4fc - <unknown>
[INFO] [stdout]    9:     0x6289cf48767b - <unknown>
[INFO] [stdout]   10:     0x6289cf4875f1 - <unknown>
[INFO] [stdout]   11:     0x6289cf349618 - <unknown>
[INFO] [stdout]   12:     0x6289cf4439bb - <unknown>
[INFO] [stdout]   13:     0x6289cf5cc3fb - <unknown>
[INFO] [stdout]   14:     0x6289cf5c7a0f - <unknown>
[INFO] [stdout]   15:     0x6289cf5c748c - <unknown>
[INFO] [stdout]   16:     0x6289cf5e21ac - <unknown>
[INFO] [stdout]   17:     0x6289cf5b0b02 - <unknown>
[INFO] [stdout]   18:     0x704f4a7ecdfa - <unknown>
[INFO] [stdout]   19:     0x704f4a8803d4 - clone
[INFO] [stdout]   20:                0x0 - <unknown>
[INFO] [stdout] 
[INFO] [stdout] ---- tests::tsconfig_paths::empty stdout ----
[INFO] [stdout] 
[INFO] [stdout] thread 'tests::tsconfig_paths::empty' (1794) panicked at src/tests/tsconfig_paths.rs:130:5:
[INFO] [stdout] assertion `left == right` failed
[INFO] [stdout]   left: Err(TsconfigNotFound("/opt/rustwide/workdir/fixtures/tsconfig/cases/empty/tsconfig.json"))
[INFO] [stdout]  right: Ok("/opt/rustwide/workdir/fixtures/tsconfig/cases/empty/index.js")
[INFO] [stdout] stack backtrace:
[INFO] [stdout]    0:     0x6289cf5891e5 - <unknown>
[INFO] [stdout]    1:     0x6289cf4877ea - <unknown>
[INFO] [stdout]    2:     0x6289cf58887b - <unknown>
[INFO] [stdout]    3:     0x6289cf58835f - <unknown>
[INFO] [stdout]    4:     0x6289cf587f8a - <unknown>
[INFO] [stdout]    5:     0x6289cf587ac2 - <unknown>
[INFO] [stdout]    6:     0x6289cf5af031 - <unknown>
[INFO] [stdout]    7:     0x6289cf5aefe9 - <unknown>
[INFO] [stdout]    8:     0x6289cf5af4fc - <unknown>
[INFO] [stdout]    9:     0x6289cf48767b - <unknown>
[INFO] [stdout]   10:     0x6289cf487592 - <unknown>
[INFO] [stdout]   11:     0x6289cf349618 - <unknown>
[INFO] [stdout]   12:     0x6289cf42a44c - <unknown>
[INFO] [stdout]   13:     0x6289cf5cc3fb - <unknown>
[INFO] [stdout]   14:     0x6289cf5c7a0f - <unknown>
[INFO] [stdout]   15:     0x6289cf5c748c - <unknown>
[INFO] [stdout]   16:     0x6289cf5e21ac - <unknown>
[INFO] [stdout]   17:     0x6289cf5b0b02 - <unknown>
[INFO] [stderr] error: test failed, to rerun pass `--lib`
[INFO] [stdout]   18:     0x704f4a7ecdfa - <unknown>
[INFO] [stdout]   19:     0x704f4a8803d4 - clone
[INFO] [stdout]   20:                0x0 - <unknown>
[INFO] [stdout] 
[INFO] [stdout] ---- tests::tsconfig_paths::test_template_variable stdout ----
[INFO] [stdout] 
[INFO] [stdout] thread 'tests::tsconfig_paths::test_template_variable' (1800) panicked at src/tests/tsconfig_paths.rs:252:9:
[INFO] [stdout] assertion `left == right` failed: foo tsconfig1.json "/opt/rustwide/workdir/fixtures/tsconfig/cases/paths_template_variable"
[INFO] [stdout]   left: Err(TsconfigNotFound("/opt/rustwide/workdir/fixtures/tsconfig/cases/paths_template_variable/tsconfig1.json"))
[INFO] [stdout]  right: Ok("/opt/rustwide/workdir/fixtures/tsconfig/cases/paths_template_variable/foo.js")
[INFO] [stdout] stack backtrace:
[INFO] [stdout]    0:     0x6289cf5891e5 - <unknown>
[INFO] [stdout]    1:     0x6289cf4877ea - <unknown>
[INFO] [stdout]    2:     0x6289cf58887b - <unknown>
[INFO] [stdout]    3:     0x6289cf58835f - <unknown>
[INFO] [stdout]    4:     0x6289cf587f8a - <unknown>
[INFO] [stdout]    5:     0x6289cf587ac2 - <unknown>
[INFO] [stdout]    6:     0x6289cf5af031 - <unknown>
[INFO] [stdout]    7:     0x6289cf5aefe9 - <unknown>
[INFO] [stdout]    8:     0x6289cf5af4fc - <unknown>
[INFO] [stdout]    9:     0x6289cf48767b - <unknown>
[INFO] [stdout]   10:     0x6289cf4875f1 - <unknown>
[INFO] [stdout]   11:     0x6289cf349618 - <unknown>
[INFO] [stdout]   12:     0x6289cf4282d3 - <unknown>
[INFO] [stdout]   13:     0x6289cf5cc3fb - <unknown>
[INFO] [stdout]   14:     0x6289cf5c7a0f - <unknown>
[INFO] [stdout]   15:     0x6289cf5c748c - <unknown>
[INFO] [stdout]   16:     0x6289cf5e21ac - <unknown>
[INFO] [stdout]   17:     0x6289cf5b0b02 - <unknown>
[INFO] [stdout]   18:     0x704f4a7ecdfa - <unknown>
[INFO] [stdout]   19:     0x704f4a8803d4 - clone
[INFO] [stdout]   20:                0x0 - <unknown>
[INFO] [stdout] 
[INFO] [stdout] ---- tests::tsconfig_paths::json_with_comments stdout ----
[INFO] [stdout] 
[INFO] [stdout] thread 'tests::tsconfig_paths::json_with_comments' (1795) panicked at src/tests/tsconfig_paths.rs:91:5:
[INFO] [stdout] assertion `left == right` failed
[INFO] [stdout]   left: Err(TsconfigNotFound("/opt/rustwide/workdir/fixtures/tsconfig/cases/trailing-comma/tsconfig.json"))
[INFO] [stdout]  right: Ok("/opt/rustwide/workdir/fixtures/tsconfig/cases/trailing-comma/bar.js")
[INFO] [stdout] stack backtrace:
[INFO] [stdout]    0:     0x6289cf5891e5 - <unknown>
[INFO] [stdout]    1:     0x6289cf4877ea - <unknown>
[INFO] [stdout]    2:     0x6289cf58887b - <unknown>
[INFO] [stdout]    3:     0x6289cf58835f - <unknown>
[INFO] [stdout]    4:     0x6289cf587f8a - <unknown>
[INFO] [stdout]    5:     0x6289cf587ac2 - <unknown>
[INFO] [stdout]    6:     0x6289cf5af031 - <unknown>
[INFO] [stdout]    7:     0x6289cf5aefe9 - <unknown>
[INFO] [stdout]    8:     0x6289cf5af4fc - <unknown>
[INFO] [stdout]    9:     0x6289cf48767b - <unknown>
[INFO] [stdout]   10:     0x6289cf487592 - <unknown>
[INFO] [stdout]   11:     0x6289cf349618 - <unknown>
[INFO] [stdout]   12:     0x6289cf426f3c - <unknown>
[INFO] [stdout]   13:     0x6289cf5cc3fb - <unknown>
[INFO] [stdout]   14:     0x6289cf5c7a0f - <unknown>
[INFO] [stdout]   15:     0x6289cf5c748c - <unknown>
[INFO] [stdout]   16:     0x6289cf5e21ac - <unknown>
[INFO] [stdout]   17:     0x6289cf5b0b02 - <unknown>
[INFO] [stdout]   18:     0x704f4a7ecdfa - <unknown>
[INFO] [stdout]   19:     0x704f4a8803d4 - clone
[INFO] [stdout]   20:                0x0 - <unknown>
[INFO] [stdout] 
[INFO] [stdout] ---- tests::tsconfig_paths::tsconfig_fallthrough stdout ----
[INFO] [stdout] 
[INFO] [stdout] thread 'tests::tsconfig_paths::tsconfig_fallthrough' (1802) panicked at src/tests/tsconfig_paths.rs:75:5:
[INFO] [stdout] assertion `left == right` failed
[INFO] [stdout]   left: Err(TsconfigNotFound("/opt/rustwide/workdir/fixtures/tsconfig/tsconfig.json"))
[INFO] [stdout]  right: Err(NotFound("/"))
[INFO] [stdout] stack backtrace:
[INFO] [stdout]    0:     0x6289cf5891e5 - <unknown>
[INFO] [stdout]    1:     0x6289cf4877ea - <unknown>
[INFO] [stdout]    2:     0x6289cf58887b - <unknown>
[INFO] [stdout]    3:     0x6289cf58835f - <unknown>
[INFO] [stdout]    4:     0x6289cf587f8a - <unknown>
[INFO] [stdout]    5:     0x6289cf587ac2 - <unknown>
[INFO] [stdout]    6:     0x6289cf5af031 - <unknown>
[INFO] [stdout]    7:     0x6289cf5aefe9 - <unknown>
[INFO] [stdout]    8:     0x6289cf5af4fc - <unknown>
[INFO] [stdout]    9:     0x6289cf48767b - <unknown>
[INFO] [stdout]   10:     0x6289cf487592 - <unknown>
[INFO] [stdout]   11:     0x6289cf3495e4 - <unknown>
[INFO] [stdout]   12:     0x6289cf427575 - <unknown>
[INFO] [stdout]   13:     0x6289cf5cc3fb - <unknown>
[INFO] [stdout]   14:     0x6289cf5c7a0f - <unknown>
[INFO] [stdout]   15:     0x6289cf5c748c - <unknown>
[INFO] [stdout]   16:     0x6289cf5e21ac - <unknown>
[INFO] [stdout]   17:     0x6289cf5b0b02 - <unknown>
[INFO] [stdout]   18:     0x704f4a7ecdfa - <unknown>
[INFO] [stdout]   19:     0x704f4a8803d4 - clone
[INFO] [stdout]   20:                0x0 - <unknown>
[INFO] [stdout] 
[INFO] [stdout] ---- tests::tsconfig_project_references::self_reference stdout ----
[INFO] [stdout] 
[INFO] [stdout] thread 'tests::tsconfig_project_references::self_reference' (1807) panicked at src/tests/tsconfig_project_references.rs:126:9:
[INFO] [stdout] assertion `left == right` failed: "/opt/rustwide/workdir/fixtures/tsconfig/cases/project_references/app" ["./tsconfig.json"]
[INFO] [stdout]   left: Err(TsconfigNotFound("/opt/rustwide/workdir/fixtures/tsconfig/cases/project_references/app"))
[INFO] [stdout]  right: Err(TsconfigSelfReference("/opt/rustwide/workdir/fixtures/tsconfig/cases/project_references/app/tsconfig.json"))
[INFO] [stdout] stack backtrace:
[INFO] [stdout]    0:     0x6289cf5891e5 - <unknown>
[INFO] [stdout]    1:     0x6289cf4877ea - <unknown>
[INFO] [stdout]    2:     0x6289cf58887b - <unknown>
[INFO] [stdout]    3:     0x6289cf58835f - <unknown>
[INFO] [stdout]    4:     0x6289cf587f8a - <unknown>
[INFO] [stdout]    5:     0x6289cf587ac2 - <unknown>
[INFO] [stdout]    6:     0x6289cf5af031 - <unknown>
[INFO] [stdout]    7:     0x6289cf5aefe9 - <unknown>
[INFO] [stdout]    8:     0x6289cf5af4fc - <unknown>
[INFO] [stdout]    9:     0x6289cf48767b - <unknown>
[INFO] [stdout]   10:     0x6289cf4875f1 - <unknown>
[INFO] [stdout]   11:     0x6289cf349618 - <unknown>
[INFO] [stdout]   12:     0x6289cf432710 - <unknown>
[INFO] [stdout]   13:     0x6289cf5cc3fb - <unknown>
[INFO] [stdout]   14:     0x6289cf5c7a0f - <unknown>
[INFO] [stdout]   15:     0x6289cf5c748c - <unknown>
[INFO] [stdout]   16:     0x6289cf5e21ac - <unknown>
[INFO] [stdout]   17:     0x6289cf5b0b02 - <unknown>
[INFO] [stdout]   18:     0x704f4a7ecdfa - <unknown>
[INFO] [stdout]   19:     0x704f4a8803d4 - clone
[INFO] [stdout]   20:                0x0 - <unknown>
[INFO] [stdout] 
[INFO] [stdout] ---- tests::tsconfig_paths::tsconfig stdout ----
[INFO] [stdout] 
[INFO] [stdout] thread 'tests::tsconfig_paths::tsconfig' (1801) panicked at src/tests/tsconfig_paths.rs:41:9:
[INFO] [stdout] assertion `left == right` failed: ts-path "/opt/rustwide/workdir/fixtures/tsconfig"
[INFO] [stdout]   left: Err(TsconfigNotFound("/opt/rustwide/workdir/fixtures/tsconfig/tsconfig.json"))
[INFO] [stdout]  right: Ok("/opt/rustwide/workdir/fixtures/tsconfig/foo.js")
[INFO] [stdout] stack backtrace:
[INFO] [stdout]    0:     0x6289cf5891e5 - <unknown>
[INFO] [stdout]    1:     0x6289cf4877ea - <unknown>
[INFO] [stdout]    2:     0x6289cf58887b - <unknown>
[INFO] [stdout]    3:     0x6289cf58835f - <unknown>
[INFO] [stdout]    4:     0x6289cf587f8a - <unknown>
[INFO] [stdout]    5:     0x6289cf587ac2 - <unknown>
[INFO] [stdout]    6:     0x6289cf5af031 - <unknown>
[INFO] [stdout]    7:     0x6289cf5aefe9 - <unknown>
[INFO] [stdout]    8:     0x6289cf5af4fc - <unknown>
[INFO] [stdout]    9:     0x6289cf48767b - <unknown>
[INFO] [stdout]   10:     0x6289cf4875f1 - <unknown>
[INFO] [stdout]   11:     0x6289cf349618 - <unknown>
[INFO] [stdout]   12:     0x6289cf42c5e8 - <unknown>
[INFO] [stdout]   13:     0x6289cf5cc3fb - <unknown>
[INFO] [stdout]   14:     0x6289cf5c7a0f - <unknown>
[INFO] [stdout]   15:     0x6289cf5c748c - <unknown>
[INFO] [stdout]   16:     0x6289cf5e21ac - <unknown>
[INFO] [stdout]   17:     0x6289cf5b0b02 - <unknown>
[INFO] [stdout]   18:     0x704f4a7ecdfa - <unknown>
[INFO] [stdout]   19:     0x704f4a8803d4 - clone
[INFO] [stdout]   20:                0x0 - <unknown>
[INFO] [stdout] 
[INFO] [stdout] ---- tests::tsconfig_project_references::disabled stdout ----
[INFO] [stdout] 
[INFO] [stdout] thread 'tests::tsconfig_project_references::disabled' (1805) panicked at src/tests/tsconfig_project_references.rs:68:9:
[INFO] [stdout] assertion `left == right` failed: @/index.ts "/opt/rustwide/workdir/fixtures/tsconfig/cases/project_references/app"
[INFO] [stdout]   left: Err(TsconfigNotFound("/opt/rustwide/workdir/fixtures/tsconfig/cases/project_references/app"))
[INFO] [stdout]  right: Ok("/opt/rustwide/workdir/fixtures/tsconfig/cases/project_references/app/aliased/index.ts")
[INFO] [stdout] stack backtrace:
[INFO] [stdout]    0:     0x6289cf5891e5 - <unknown>
[INFO] [stdout]    1:     0x6289cf4877ea - <unknown>
[INFO] [stdout]    2:     0x6289cf58887b - <unknown>
[INFO] [stdout]    3:     0x6289cf58835f - <unknown>
[INFO] [stdout]    4:     0x6289cf587f8a - <unknown>
[INFO] [stdout]    5:     0x6289cf587ac2 - <unknown>
[INFO] [stdout]    6:     0x6289cf5af031 - <unknown>
[INFO] [stdout]    7:     0x6289cf5aefe9 - <unknown>
[INFO] [stdout]    8:     0x6289cf5af4fc - <unknown>
[INFO] [stdout]    9:     0x6289cf48767b - <unknown>
[INFO] [stdout]   10:     0x6289cf4875f1 - <unknown>
[INFO] [stdout]   11:     0x6289cf349618 - <unknown>
[INFO] [stdout]   12:     0x6289cf435e62 - <unknown>
[INFO] [stdout]   13:     0x6289cf5cc3fb - <unknown>
[INFO] [stdout]   14:     0x6289cf5c7a0f - <unknown>
[INFO] [stdout]   15:     0x6289cf5c748c - <unknown>
[INFO] [stdout]   16:     0x6289cf5e21ac - <unknown>
[INFO] [stdout]   17:     0x6289cf5b0b02 - <unknown>
[INFO] [stdout]   18:     0x704f4a7ecdfa - <unknown>
[INFO] [stdout]   19:     0x704f4a8803d4 - clone
[INFO] [stdout]   20:                0x0 - <unknown>
[INFO] [stdout] 
[INFO] [stdout] ---- tests::tsconfig_project_references::manual stdout ----
[INFO] [stdout] 
[INFO] [stdout] thread 'tests::tsconfig_project_references::manual' (1806) panicked at src/tests/tsconfig_project_references.rs:99:9:
[INFO] [stdout] assertion `left == right` failed: @/index.ts "/opt/rustwide/workdir/fixtures/tsconfig/cases/project_references/app"
[INFO] [stdout]   left: Err(TsconfigNotFound("/opt/rustwide/workdir/fixtures/tsconfig/cases/project_references/app"))
[INFO] [stdout]  right: Ok("/opt/rustwide/workdir/fixtures/tsconfig/cases/project_references/app/aliased/index.ts")
[INFO] [stdout] stack backtrace:
[INFO] [stdout]    0:     0x6289cf5891e5 - <unknown>
[INFO] [stdout]    1:     0x6289cf4877ea - <unknown>
[INFO] [stdout]    2:     0x6289cf58887b - <unknown>
[INFO] [stdout]    3:     0x6289cf58835f - <unknown>
[INFO] [stdout]    4:     0x6289cf587f8a - <unknown>
[INFO] [stdout]    5:     0x6289cf587ac2 - <unknown>
[INFO] [stdout]    6:     0x6289cf5af031 - <unknown>
[INFO] [stdout]    7:     0x6289cf5aefe9 - <unknown>
[INFO] [stdout]    8:     0x6289cf5af4fc - <unknown>
[INFO] [stdout]    9:     0x6289cf48767b - <unknown>
[INFO] [stdout]   10:     0x6289cf4875f1 - <unknown>
[INFO] [stdout]   11:     0x6289cf349618 - <unknown>
[INFO] [stdout]   12:     0x6289cf434cb2 - <unknown>
[INFO] [stdout]   13:     0x6289cf5cc3fb - <unknown>
[INFO] [stdout]   14:     0x6289cf5c7a0f - <unknown>
[INFO] [stdout]   15:     0x6289cf5c748c - <unknown>
[INFO] [stdout]   16:     0x6289cf5e21ac - <unknown>
[INFO] [stdout]   17:     0x6289cf5b0b02 - <unknown>
[INFO] [stdout]   18:     0x704f4a7ecdfa - <unknown>
[INFO] [stdout]   19:     0x704f4a8803d4 - clone
[INFO] [stdout]   20:                0x0 - <unknown>
[INFO] [stdout] 
[INFO] [stdout] ---- tests::tsconfig_project_references::auto stdout ----
[INFO] [stdout] 
[INFO] [stdout] thread 'tests::tsconfig_project_references::auto' (1804) panicked at src/tests/tsconfig_project_references.rs:37:9:
[INFO] [stdout] assertion `left == right` failed: @/index.ts "/opt/rustwide/workdir/fixtures/tsconfig/cases/project_references/app"
[INFO] [stdout]   left: Err(TsconfigNotFound("/opt/rustwide/workdir/fixtures/tsconfig/cases/project_references/app"))
[INFO] [stdout]  right: Ok("/opt/rustwide/workdir/fixtures/tsconfig/cases/project_references/app/aliased/index.ts")
[INFO] [stdout] stack backtrace:
[INFO] [stdout]    0:     0x6289cf5891e5 - <unknown>
[INFO] [stdout]    1:     0x6289cf4877ea - <unknown>
[INFO] [stdout]    2:     0x6289cf58887b - <unknown>
[INFO] [stdout]    3:     0x6289cf58835f - <unknown>
[INFO] [stdout]    4:     0x6289cf587f8a - <unknown>
[INFO] [stdout]    5:     0x6289cf587ac2 - <unknown>
[INFO] [stdout]    6:     0x6289cf5af031 - <unknown>
[INFO] [stdout]    7:     0x6289cf5aefe9 - <unknown>
[INFO] [stdout]    8:     0x6289cf5af4fc - <unknown>
[INFO] [stdout]    9:     0x6289cf48767b - <unknown>
[INFO] [stdout]   10:     0x6289cf4875f1 - <unknown>
[INFO] [stdout]   11:     0x6289cf349618 - <unknown>
[INFO] [stdout]   12:     0x6289cf433a09 - <unknown>
[INFO] [stdout]   13:     0x6289cf5cc3fb - <unknown>
[INFO] [stdout]   14:     0x6289cf5c7a0f - <unknown>
[INFO] [stdout]   15:     0x6289cf5c748c - <unknown>
[INFO] [stdout]   16:     0x6289cf5e21ac - <unknown>
[INFO] [stdout]   17:     0x6289cf5b0b02 - <unknown>
[INFO] [stdout]   18:     0x704f4a7ecdfa - <unknown>
[INFO] [stdout]   19:     0x704f4a8803d4 - clone
[INFO] [stdout]   20:                0x0 - <unknown>
[INFO] [stdout] 
[INFO] [stdout] 
[INFO] [stdout] failures:
[INFO] [stdout]     tests::alias::absolute_path
[INFO] [stdout]     tests::alias::alias_fragment
[INFO] [stdout]     tests::alias::alias_is_full_path
[INFO] [stdout]     tests::alias::alias_try_fragment_as_path
[INFO] [stdout]     tests::alias::system_path
[INFO] [stdout]     tests::browser_field::broken
[INFO] [stdout]     tests::browser_field::crypto_js
[INFO] [stdout]     tests::browser_field::ignore
[INFO] [stdout]     tests::browser_field::recursive
[INFO] [stdout]     tests::browser_field::replace_file
[INFO] [stdout]     tests::browser_field::shared_resolvers
[INFO] [stdout]     tests::browser_field::with_query
[INFO] [stdout]     tests::builtins::imports
[INFO] [stdout]     tests::exports_field::exports_not_browser_field1
[INFO] [stdout]     tests::exports_field::exports_not_browser_field2
[INFO] [stdout]     tests::exports_field::extension_alias_1_2
[INFO] [stdout]     tests::exports_field::extension_alias_3
[INFO] [stdout]     tests::exports_field::extension_alias_throw_error
[INFO] [stdout]     tests::exports_field::extension_without_fully_specified
[INFO] [stdout]     tests::exports_field::field_name_path
[INFO] [stdout]     tests::exports_field::shared_resolvers
[INFO] [stdout]     tests::exports_field::test_simple
[INFO] [stdout]     tests::extension_alias::extension_alias
[INFO] [stdout]     tests::extension_alias::not_apply_to_extension_nor_main_files
[INFO] [stdout]     tests::extensions::default_enforce_extension
[INFO] [stdout]     tests::extensions::extensions
[INFO] [stdout]     tests::extensions::multi_dot_extension
[INFO] [stdout]     tests::extensions::respect_enforce_extension
[INFO] [stdout]     tests::extensions::without_leading_dot
[INFO] [stdout]     tests::imports_field::shared_resolvers
[INFO] [stdout]     tests::imports_field::test_simple
[INFO] [stdout]     tests::incorrect_description_file::incorrect_description_file_1
[INFO] [stdout]     tests::incorrect_description_file::incorrect_description_file_2
[INFO] [stdout]     tests::incorrect_description_file::no_description_file
[INFO] [stdout]     tests::main_field::test
[INFO] [stdout]     tests::main_field::test_fallback
[INFO] [stdout]     tests::missing::test
[INFO] [stdout]     tests::pnp::pnp1
[INFO] [stdout]     tests::pnp::resolve_in_pnp_linked_folder
[INFO] [stdout]     tests::resolve::issue238_resolve
[INFO] [stdout]     tests::resolve::prefer_relative
[INFO] [stdout]     tests::resolve::resolve
[INFO] [stdout]     tests::resolve::resolve_to_context
[INFO] [stdout]     tests::restrictions::restriction1
[INFO] [stdout]     tests::roots::prefer_absolute
[INFO] [stdout]     tests::roots::resolve_to_context
[INFO] [stdout]     tests::roots::roots
[INFO] [stdout]     tests::roots::roots_fall_through
[INFO] [stdout]     tests::scoped_packages::scoped_packages
[INFO] [stdout]     tests::simple::dashed_name
[INFO] [stdout]     tests::simple::resolve_abs_main
[INFO] [stdout]     tests::simple::simple
[INFO] [stdout]     tests::tsconfig_paths::broken
[INFO] [stdout]     tests::tsconfig_paths::empty
[INFO] [stdout]     tests::tsconfig_paths::json_with_comments
[INFO] [stdout]     tests::tsconfig_paths::test_template_variable
[INFO] [stdout]     tests::tsconfig_paths::tsconfig
[INFO] [stdout]     tests::tsconfig_paths::tsconfig_fallthrough
[INFO] [stdout]     tests::tsconfig_project_references::auto
[INFO] [stdout]     tests::tsconfig_project_references::disabled
[INFO] [stdout]     tests::tsconfig_project_references::manual
[INFO] [stdout]     tests::tsconfig_project_references::self_reference
[INFO] [stdout] 
[INFO] [stdout] test result: FAILED. 41 passed; 62 failed; 0 ignored; 0 measured; 0 filtered out; finished in 0.02s
[INFO] [stdout] 
[INFO] running `Command { std: "docker" "inspect" "d34b9c624e1dda0d13feedb51325f6a539f9a85ceafdcb3e4be80b8839549d85", kill_on_drop: false }`
[INFO] running `Command { std: "docker" "rm" "-f" "d34b9c624e1dda0d13feedb51325f6a539f9a85ceafdcb3e4be80b8839549d85", kill_on_drop: false }`
[INFO] [stdout] d34b9c624e1dda0d13feedb51325f6a539f9a85ceafdcb3e4be80b8839549d85
