[INFO] fetching crate rustbin 0.8.0...
[INFO] testing rustbin-0.8.0 against 1.100.0-beta.1+cargoflags=--release for beta-release-1.100-2
[INFO] extracting crate rustbin 0.8.0 into /workspace/builds/worker-1-tc2/source
[INFO] started tweaking crates.io crate rustbin 0.8.0
[INFO] finished tweaking crates.io crate rustbin 0.8.0
[INFO] tweaked toml for crates.io crate rustbin 0.8.0 written to /workspace/builds/worker-1-tc2/source/Cargo.toml
[INFO] validating manifest of crates.io crate rustbin 0.8.0 on toolchain 1.100.0-beta.1
[INFO] running `Command { std: CARGO_HOME="/workspace/cargo-home" RUSTUP_HOME="/workspace/rustup-home" "/workspace/cargo-home/bin/cargo" "+1.100.0-beta.1" "metadata" "--manifest-path" "Cargo.toml" "--no-deps", kill_on_drop: false }`
[INFO] crate crates.io crate rustbin 0.8.0 already has a lockfile, it will not be regenerated
[INFO] running `Command { std: CARGO_HOME="/workspace/cargo-home" RUSTUP_HOME="/workspace/rustup-home" "/workspace/cargo-home/bin/cargo" "+1.100.0-beta.1" "fetch" "--manifest-path" "Cargo.toml", kill_on_drop: false }`
[INFO] running `Command { std: "docker" "create" "-v" "/var/lib/crater-agent-workspace/builds/worker-1-tc2/source:/opt/rustwide/workdir:ro,Z" "-v" "/var/lib/crater-agent-workspace/builds/worker-1-tc2/target:/opt/rustwide/target:rw,Z" "-v" "/var/lib/crater-agent-workspace/cargo-home:/opt/rustwide/cargo-home:ro,Z" "-v" "/var/lib/crater-agent-workspace/rustup-home:/opt/rustwide/rustup-home:ro,Z" "-m" "1610612736" "--network" "none" "ghcr.io/rust-lang/crates-build-env/linux@sha256:77db811e55d90add9212f6832c23229e3de5f1c1f9905e8cb07319ea15df73ac" "sleep" "infinity", kill_on_drop: false }`
[INFO] [stdout] a7f8b718d0f51a6d366ee74ea910854ed6308cee1dd0e451244bd2ccd7a22c88
[INFO] running `Command { std: "docker" "start" "a7f8b718d0f51a6d366ee74ea910854ed6308cee1dd0e451244bd2ccd7a22c88", kill_on_drop: false }`
[INFO] running `Command { std: "docker" "inspect" "a7f8b718d0f51a6d366ee74ea910854ed6308cee1dd0e451244bd2ccd7a22c88", kill_on_drop: false }`
[INFO] running `Command { std: "docker" "exec" "-e" "SOURCE_DIR=/opt/rustwide/workdir" "-e" "CARGO_HOME=/opt/rustwide/cargo-home" "-e" "RUSTUP_HOME=/opt/rustwide/rustup-home" "-e" "CARGO_TARGET_DIR=/opt/rustwide/target" "-w" "/opt/rustwide/workdir" "--user" "0:0" "a7f8b718d0f51a6d366ee74ea910854ed6308cee1dd0e451244bd2ccd7a22c88" "/opt/rustwide/cargo-home/bin/cargo" "+1.100.0-beta.1" "metadata" "--no-deps" "--format-version=1", kill_on_drop: false }`
[INFO] running `Command { std: "docker" "inspect" "a7f8b718d0f51a6d366ee74ea910854ed6308cee1dd0e451244bd2ccd7a22c88", kill_on_drop: false }`
[INFO] running `Command { std: "docker" "exec" "-e" "SOURCE_DIR=/opt/rustwide/workdir" "-e" "CARGO_HOME=/opt/rustwide/cargo-home" "-e" "RUSTUP_HOME=/opt/rustwide/rustup-home" "-e" "CARGO_TARGET_DIR=/opt/rustwide/target" "-e" "CARGO_INCREMENTAL=0" "-e" "RUST_BACKTRACE=full" "-e" "RUSTFLAGS=--cap-lints=warn" "-e" "RUSTDOCFLAGS=--cap-lints=warn" "-w" "/opt/rustwide/workdir" "--user" "0:0" "a7f8b718d0f51a6d366ee74ea910854ed6308cee1dd0e451244bd2ccd7a22c88" "/opt/rustwide/cargo-home/bin/cargo" "+1.100.0-beta.1" "build" "--frozen" "--message-format=json" "--release", kill_on_drop: false }`
[INFO] [stderr]    Compiling proc-macro2 v1.0.85
[INFO] [stderr]    Compiling unicode-ident v1.0.12
[INFO] [stderr]    Compiling serde v1.0.203
[INFO] [stderr]    Compiling autocfg v1.3.0
[INFO] [stderr]    Compiling syn v1.0.109
[INFO] [stderr]    Compiling colorchoice v1.0.1
[INFO] [stderr]    Compiling anstyle-query v1.1.0
[INFO] [stderr]    Compiling is_terminal_polyfill v1.70.0
[INFO] [stderr]    Compiling anstyle v1.0.7
[INFO] [stderr]    Compiling serde_json v1.0.117
[INFO] [stderr]    Compiling clap_lex v0.7.1
[INFO] [stderr]    Compiling thiserror v1.0.61
[INFO] [stderr]    Compiling iana-time-zone v0.1.60
[INFO] [stderr]    Compiling anstyle-parse v0.2.4
[INFO] [stderr]    Compiling ryu v1.0.18
[INFO] [stderr]    Compiling itoa v1.0.11
[INFO] [stderr]    Compiling byteorder v1.5.0
[INFO] [stderr]    Compiling anstream v0.6.14
[INFO] [stderr]    Compiling num-traits v0.2.19
[INFO] [stderr]    Compiling clap_builder v4.5.7
[INFO] [stderr]    Compiling quote v1.0.36
[INFO] [stderr]    Compiling syn v2.0.66
[INFO] [stderr]    Compiling derivative v2.2.0
[INFO] [stderr]    Compiling serde_derive v1.0.203
[INFO] [stderr]    Compiling clap_derive v4.5.5
[INFO] [stderr]    Compiling thiserror-impl v1.0.61
[INFO] [stderr]    Compiling clap v4.5.7
[INFO] [stderr]    Compiling bitflags v2.5.0
[INFO] [stderr]    Compiling chrono v0.4.38
[INFO] [stderr]    Compiling rustbin v0.8.0 (/opt/rustwide/workdir)
[INFO] [stderr]     Finished `release` profile [optimized] target(s) in 29.88s
[INFO] running `Command { std: "docker" "inspect" "a7f8b718d0f51a6d366ee74ea910854ed6308cee1dd0e451244bd2ccd7a22c88", kill_on_drop: false }`
[INFO] running `Command { std: "docker" "exec" "-e" "SOURCE_DIR=/opt/rustwide/workdir" "-e" "CARGO_HOME=/opt/rustwide/cargo-home" "-e" "RUSTUP_HOME=/opt/rustwide/rustup-home" "-e" "CARGO_TARGET_DIR=/opt/rustwide/target" "-e" "CARGO_INCREMENTAL=0" "-e" "RUST_BACKTRACE=full" "-e" "RUSTFLAGS=--cap-lints=warn" "-e" "RUSTDOCFLAGS=--cap-lints=warn" "-w" "/opt/rustwide/workdir" "--user" "0:0" "a7f8b718d0f51a6d366ee74ea910854ed6308cee1dd0e451244bd2ccd7a22c88" "/opt/rustwide/cargo-home/bin/cargo" "+1.100.0-beta.1" "test" "--frozen" "--no-run" "--message-format=json" "--release", kill_on_drop: false }`
[INFO] [stderr]    Compiling serde_test v1.0.176
[INFO] [stderr]    Compiling rustbin v0.8.0 (/opt/rustwide/workdir)
[INFO] [stderr]     Finished `release` profile [optimized] target(s) in 6.20s
[INFO] running `Command { std: "docker" "inspect" "a7f8b718d0f51a6d366ee74ea910854ed6308cee1dd0e451244bd2ccd7a22c88", kill_on_drop: false }`
[INFO] running `Command { std: "docker" "exec" "-e" "SOURCE_DIR=/opt/rustwide/workdir" "-e" "CARGO_HOME=/opt/rustwide/cargo-home" "-e" "RUSTUP_HOME=/opt/rustwide/rustup-home" "-e" "CARGO_TARGET_DIR=/opt/rustwide/target" "-e" "CARGO_INCREMENTAL=0" "-e" "RUST_BACKTRACE=full" "-e" "RUSTFLAGS=--cap-lints=warn" "-e" "RUSTDOCFLAGS=--cap-lints=warn" "-w" "/opt/rustwide/workdir" "--user" "0:0" "a7f8b718d0f51a6d366ee74ea910854ed6308cee1dd0e451244bd2ccd7a22c88" "/opt/rustwide/cargo-home/bin/cargo" "+1.100.0-beta.1" "test" "--frozen" "--release", kill_on_drop: false }`
[INFO] [stderr]     Finished `release` profile [optimized] target(s) in 0.06s
[INFO] [stderr]      Running unittests src/lib.rs (/opt/rustwide/target/release/build/rustbin/0db5374023f41eae/out/rustbin-0db5374023f41eae)
[INFO] [stdout] 
[INFO] [stdout] running 63 tests
[INFO] [stdout] test pe::export::tests::fix_rvas ... ok
[INFO] [stdout] test pe::dos::tests::parse_valid_header ... ok
[INFO] [stdout] test pe::dos::tests::parse_invalid_header ... ok
[INFO] [stdout] test pe::file::tests::file_hdr_to_json ... ok
[INFO] [stdout] test pe::export::tests::parse_export_directory ... ok
[INFO] [stdout] test pe::import::test::test_parse_import_fn_names ... ok
[INFO] [stdout] test pe::optional::x64::tests::test_valid_header ... ok
[INFO] [stdout] test pe::file::tests::parse_valid_header ... ok
[INFO] [stdout] test pe::relocs::tests::parse_reloc_block ... ok
[INFO] [stdout] test pe::import::test::test_parse_sections ... ok
[INFO] [stdout] test pe::rsrc::tests::load_data ... ok
[INFO] [stdout] test pe::file::tests::parse_invalid_header ... ok
[INFO] [stdout] test pe::export::tests::parse_exports ... ok
[INFO] [stdout] test pe::import::test::test_parse_import_desc_with_fixes ... ok
[INFO] [stdout] test pe::relocs::tests::parse_reloc_block_full_with_rva ... ok
[INFO] [stdout] test pe::import::test::test_parse_idir ... ok
[INFO] [stdout] test pe::optional::x86::test::test_valid_header ... ok
[INFO] [stdout] test pe::relocs::tests::parse_all_relocs ... ok
[INFO] [stdout] test pe::import::test::test_parse_idir_with_names ... ok
[INFO] [stdout] test pe::import::test::test_parse_import_desc ... ok
[INFO] [stdout] test pe::import::test::test_update_name ... ok
[INFO] [stdout] test pe::optional::tests::parse_valid_data ... ok
[INFO] [stdout] test pe::relocs::tests::parse_reloc_block_full ... ok
[INFO] [stdout] test pe::section::tests::parse_one_section ... ok
[INFO] [stdout] test pe::rsrc::tests::parse_rsrc_tree ... ok
[INFO] [stdout] test pe::rsrc::tests::parse_rsrc_data ... ok
[INFO] [stdout] test pe::rsrc::tests::parse_rsrc_entry ... ok
[INFO] [stdout] test pe::rsrc::tests::parse_rsrc_entry_with_data ... ok
[INFO] [stdout] test pe::rsrc::tests::print_tree ... ok
[INFO] [stdout] test pe::rsrc::tests::rsrc_entry_fix_rvas ... ok
[INFO] [stdout] test pe::section::tests::section_from_name ... ok
[INFO] [stdout] test pe::rsrc::tests::parse_rsrc_string ... ok
[INFO] [stdout] test pe::rsrc::tests::parse_rsrc_table ... ok
[INFO] [stdout] test pe::rsrc::tests::rdata_fix_rvas ... ok
[INFO] [stdout] test pe::rsrc::tests::rstr_fix_rva ... ok
[INFO] [stdout] test pe::section::tests::oep_to_offset ... ok
[INFO] [stdout] test pe::section::tests::parse_all_sections ... ok
[INFO] [stdout] test pe::ser::min::tests::min_dos_to_json ... ok
[INFO] [stdout] test pe::ser::min::tests::min_file_to_json ... ok
[INFO] [stdout] test pe::ser::min::tests::opt64_to_json ... ok
[INFO] [stdout] test pe::ser::min::tests::serialize_exports ... ok
[INFO] [stdout] test pe::ser::min::tests::serialize_imports ... ok
[INFO] [stdout] test pe::ser::tests::ser_data_dirs ... ok
[INFO] [stdout] test pe::ser::tests::serealize_relocs ... ok
[INFO] [stdout] test pe::ser::min::tests::export_to_json ... ok
[INFO] [stdout] test pe::ser::min::tests::imports_to_json ... ok
[INFO] [stdout] test pe::ser::min::tests::opt32_to_json ... ok
[INFO] [stdout] test pe::tests::read_string_at_offset ... ok
[INFO] [stdout] test pe::ser::min::tests::sections_to_json ... ok
[INFO] [stdout] test pe::tests::section_of_directories ... ok
[INFO] [stdout] test pe::ser::min::tests::serialize_dos ... ok
[INFO] [stdout] test pe::ser::min::tests::serialize_file ... ok
[INFO] [stdout] test pe::ser::min::tests::serialize_opt_hdr_64 ... ok
[INFO] [stdout] test pe::ser::min::tests::serialize_sections ... ok
[INFO] [stdout] test pe::ser::min::tests::serialize_opt_hdr_32 ... ok
[INFO] [stdout] test pe::ser::min::tests::serialize_resources ... ok
[INFO] [stdout] test utils::tests::test_read_wchar_string_at_offset ... ok
[INFO] [stdout] test pe::ser::tests::dirs_to_json ... ok
[INFO] [stdout] test pe::tests::parse_valid_header_x64 ... ok
[INFO] [stdout] test pe::tests::parse_valid_header_x86 ... ok
[INFO] [stdout] test pe::section::tests::oep_from_offset ... ok
[INFO] [stdout] test pe::section::tests::oep_in_text_section ... ok
[INFO] [stdout] test pe::ser::tests::reloc_to_json ... ok
[INFO] [stdout] 
[INFO] [stdout] test result: ok. 63 passed; 0 failed; 0 ignored; 0 measured; 0 filtered out; finished in 0.03s
[INFO] [stdout] 
[INFO] [stderr]      Running unittests src/main.rs (/opt/rustwide/target/release/build/rustbin/2c7a0695af59ba98/out/rustbin-2c7a0695af59ba98)
[INFO] [stdout] 
[INFO] [stdout] running 0 tests
[INFO] [stdout] 
[INFO] [stdout] test result: ok. 0 passed; 0 failed; 0 ignored; 0 measured; 0 filtered out; finished in 0.00s
[INFO] [stdout] 
[INFO] [stderr]      Running tests/integration_test.rs (/opt/rustwide/target/release/build/rustbin/992aad777d9beba6/out/integration_test-992aad777d9beba6)
[INFO] [stdout] 
[INFO] [stdout] running 1 test
[INFO] [stdout] test pe_to_min_json ... FAILED
[INFO] [stdout] 
[INFO] [stdout] failures:
[INFO] [stdout] 
[INFO] [stdout] ---- pe_to_min_json stdout ----
[INFO] [stdout] TargetPath: "/opt/rustwide/workdir/test-data/test.dll"
[INFO] [stdout] 
[INFO] [stdout] thread 'pe_to_min_json' (1077) panicked at tests/integration_test.rs:15:6:
[INFO] [stdout] assertion failed: path.is_file()
[INFO] [stdout] stack backtrace:
[INFO] [stdout]    0:     0x64a3c8e59281 - <<std[617be2ca0a6fd877]::sys::backtrace::BacktraceLock>::print::DisplayBacktrace as core[a373ad73a504971]::fmt::Display>::fmt
[INFO] [stdout]    1:     0x64a3c8e6d7ea - core[a373ad73a504971]::fmt::write
[INFO] [stdout]    2:     0x64a3c8e5d58c - <alloc[2e1b2a31b91974c5]::vec::Vec<u8> as core[a373ad73a504971]::io::write::Write>::write_fmt
[INFO] [stdout]    3:     0x64a3c8e354c6 - std[617be2ca0a6fd877]::panicking::default_hook::{closure#0}
[INFO] [stdout]    4:     0x64a3c8e51919 - std[617be2ca0a6fd877]::panicking::default_hook
[INFO] [stdout]    5:     0x64a3c8dedda0 - test[aada8e7e76ba119b]::test_main_inner::{closure#0}
[INFO] [stdout]    6:     0x64a3c8e51ad2 - std[617be2ca0a6fd877]::panicking::panic_with_hook
[INFO] [stdout]    7:     0x64a3c8e355a4 - std[617be2ca0a6fd877]::panicking::panic_handler::{closure#0}
[INFO] [stdout]    8:     0x64a3c8e2e289 - std[617be2ca0a6fd877]::sys::backtrace::__rust_end_short_backtrace::<std[617be2ca0a6fd877]::panicking::panic_handler::{closure#0}, !>
[INFO] [stdout]    9:     0x64a3c8e3617d - __rustc[ea4f61d10b84890b]::rust_begin_unwind
[INFO] [stdout]   10:     0x64a3c8e6df1c - core[a373ad73a504971]::panicking::panic_fmt
[INFO] [stdout]   11:     0x64a3c8e6dee2 - core[a373ad73a504971]::panicking::panic
[INFO] [stdout]   12:     0x64a3c8dce979 - <integration_test[4cad089ff8547137]::pe_to_min_json::{closure#0} as core[a373ad73a504971]::ops::function::FnOnce<()>>::call_once
[INFO] [stdout]   13:     0x64a3c8de11eb - test[aada8e7e76ba119b]::__rust_begin_short_backtrace::<core[a373ad73a504971]::result::Result<(), alloc[2e1b2a31b91974c5]::string::String>, fn() -> core[a373ad73a504971]::result::Result<(), alloc[2e1b2a31b91974c5]::string::String>>
[INFO] [stdout]   14:     0x64a3c8dee3c5 - test[aada8e7e76ba119b]::run_test::{closure#0}
[INFO] [stdout]   15:     0x64a3c8de7cb4 - std[617be2ca0a6fd877]::sys::backtrace::__rust_begin_short_backtrace::<test[aada8e7e76ba119b]::run_test::{closure#1}, ()>
[INFO] [stdout]   16:     0x64a3c8df1452 - <std[617be2ca0a6fd877]::thread::lifecycle::spawn_unchecked<test[aada8e7e76ba119b]::run_test::{closure#1}, ()>::{closure#1} as core[a373ad73a504971]::ops::function::FnOnce<()>>::call_once::{shim:vtable#0}
[INFO] [stdout]   17:     0x64a3c8e58adf - <std[617be2ca0a6fd877]::sys::thread::unix::Thread>::new::thread_start
[INFO] [stdout]   18:     0x72d5c2865dfa - <unknown>
[INFO] [stdout]   19:     0x72d5c28f93d4 - clone
[INFO] [stdout]   20:                0x0 - <unknown>
[INFO] [stdout] 
[INFO] [stdout] 
[INFO] [stdout] failures:
[INFO] [stdout]     pe_to_min_json
[INFO] [stdout] 
[INFO] [stdout] test result: FAILED. 0 passed; 1 failed; 0 ignored; 0 measured; 0 filtered out; finished in 0.00s
[INFO] [stdout] 
[INFO] [stderr] error: test failed, to rerun pass `--test integration_test`
[INFO] running `Command { std: "docker" "inspect" "a7f8b718d0f51a6d366ee74ea910854ed6308cee1dd0e451244bd2ccd7a22c88", kill_on_drop: false }`
[INFO] running `Command { std: "docker" "rm" "-f" "a7f8b718d0f51a6d366ee74ea910854ed6308cee1dd0e451244bd2ccd7a22c88", kill_on_drop: false }`
[INFO] [stdout] a7f8b718d0f51a6d366ee74ea910854ed6308cee1dd0e451244bd2ccd7a22c88
