[INFO] fetching crate rustauth 0.3.0...
[INFO] testing rustauth-0.3.0 against 1.100.0-beta.1+cargoflags=--release for beta-release-1.100-2
[INFO] extracting crate rustauth 0.3.0 into /workspace/builds/worker-2-tc2/source
[INFO] started tweaking crates.io crate rustauth 0.3.0
[INFO] removed 0 missing tests
[INFO] finished tweaking crates.io crate rustauth 0.3.0
[INFO] tweaked toml for crates.io crate rustauth 0.3.0 written to /workspace/builds/worker-2-tc2/source/Cargo.toml
[INFO] validating manifest of crates.io crate rustauth 0.3.0 on toolchain 1.100.0-beta.1
[INFO] running `Command { std: CARGO_HOME="/workspace/cargo-home" RUSTUP_HOME="/workspace/rustup-home" "/workspace/cargo-home/bin/cargo" "+1.100.0-beta.1" "metadata" "--manifest-path" "Cargo.toml" "--no-deps", kill_on_drop: false }`
[INFO] crate crates.io crate rustauth 0.3.0 already has a lockfile, it will not be regenerated
[INFO] running `Command { std: CARGO_HOME="/workspace/cargo-home" RUSTUP_HOME="/workspace/rustup-home" "/workspace/cargo-home/bin/cargo" "+1.100.0-beta.1" "fetch" "--manifest-path" "Cargo.toml", kill_on_drop: false }`
[INFO] [stderr] warning: `package.homepage` is redundant with `package.repository`
[INFO] [stderr]    --> Cargo.toml:155:12
[INFO] [stderr]     |
[INFO] [stderr] 155 | homepage = "https://github.com/salasebas/rustauth"
[INFO] [stderr]     |            ^^^^^^^^^^^^^^^^^^^^^^^^^^^^^^^^^^^^^^^
[INFO] [stderr] ...
[INFO] [stderr] 160 | repository = "https://github.com/salasebas/rustauth"
[INFO] [stderr]     |              ---------------------------------------
[INFO] [stderr]     |
[INFO] [stderr]     = note: `cargo::redundant_homepage` is set to `warn` by default
[INFO] [stderr] help: consider removing `package.homepage`
[INFO] [stderr] warning: `rustauth` (manifest) generated 1 warning
[INFO] running `Command { std: "docker" "create" "-v" "/var/lib/crater-agent-workspace/builds/worker-2-tc2/source:/opt/rustwide/workdir:ro,Z" "-v" "/var/lib/crater-agent-workspace/builds/worker-2-tc2/target:/opt/rustwide/target:rw,Z" "-v" "/var/lib/crater-agent-workspace/cargo-home:/opt/rustwide/cargo-home:ro,Z" "-v" "/var/lib/crater-agent-workspace/rustup-home:/opt/rustwide/rustup-home:ro,Z" "-m" "1610612736" "--network" "none" "ghcr.io/rust-lang/crates-build-env/linux@sha256:77db811e55d90add9212f6832c23229e3de5f1c1f9905e8cb07319ea15df73ac" "sleep" "infinity", kill_on_drop: false }`
[INFO] [stdout] 0a672a2ba6f25e4bf51c84a78736c97674a64e712eee9ddeb07d50a73e2edc2c
[INFO] running `Command { std: "docker" "start" "0a672a2ba6f25e4bf51c84a78736c97674a64e712eee9ddeb07d50a73e2edc2c", kill_on_drop: false }`
[INFO] running `Command { std: "docker" "inspect" "0a672a2ba6f25e4bf51c84a78736c97674a64e712eee9ddeb07d50a73e2edc2c", kill_on_drop: false }`
[INFO] running `Command { std: "docker" "exec" "-e" "SOURCE_DIR=/opt/rustwide/workdir" "-e" "CARGO_HOME=/opt/rustwide/cargo-home" "-e" "RUSTUP_HOME=/opt/rustwide/rustup-home" "-e" "CARGO_TARGET_DIR=/opt/rustwide/target" "-w" "/opt/rustwide/workdir" "--user" "0:0" "0a672a2ba6f25e4bf51c84a78736c97674a64e712eee9ddeb07d50a73e2edc2c" "/opt/rustwide/cargo-home/bin/cargo" "+1.100.0-beta.1" "metadata" "--no-deps" "--format-version=1", kill_on_drop: false }`
[INFO] running `Command { std: "docker" "inspect" "0a672a2ba6f25e4bf51c84a78736c97674a64e712eee9ddeb07d50a73e2edc2c", kill_on_drop: false }`
[INFO] running `Command { std: "docker" "exec" "-e" "SOURCE_DIR=/opt/rustwide/workdir" "-e" "CARGO_HOME=/opt/rustwide/cargo-home" "-e" "RUSTUP_HOME=/opt/rustwide/rustup-home" "-e" "CARGO_TARGET_DIR=/opt/rustwide/target" "-e" "CARGO_INCREMENTAL=0" "-e" "RUST_BACKTRACE=full" "-e" "RUSTFLAGS=--cap-lints=warn" "-e" "RUSTDOCFLAGS=--cap-lints=warn" "-w" "/opt/rustwide/workdir" "--user" "0:0" "0a672a2ba6f25e4bf51c84a78736c97674a64e712eee9ddeb07d50a73e2edc2c" "/opt/rustwide/cargo-home/bin/cargo" "+1.100.0-beta.1" "build" "--frozen" "--message-format=json" "--release", kill_on_drop: false }`
[INFO] [stderr] warning: `package.homepage` is redundant with `package.repository`
[INFO] [stderr]    --> Cargo.toml:155:12
[INFO] [stderr]     |
[INFO] [stderr] 155 | homepage = "https://github.com/salasebas/rustauth"
[INFO] [stderr]     |            ^^^^^^^^^^^^^^^^^^^^^^^^^^^^^^^^^^^^^^^
[INFO] [stderr] ...
[INFO] [stderr] 160 | repository = "https://github.com/salasebas/rustauth"
[INFO] [stderr]     |              ---------------------------------------
[INFO] [stderr]     |
[INFO] [stderr]     = note: `cargo::redundant_homepage` is set to `warn` by default
[INFO] [stderr] help: consider removing `package.homepage`
[INFO] [stderr] warning: `rustauth` (manifest) generated 1 warning
[INFO] [stderr]    Compiling zeroize v1.9.0
[INFO] [stderr]    Compiling inout v0.1.4
[INFO] [stderr]    Compiling crypto-common v0.1.7
[INFO] [stderr]    Compiling parking_lot_core v0.9.12
[INFO] [stderr]    Compiling ppv-lite86 v0.2.21
[INFO] [stderr]    Compiling icu_normalizer v2.2.0
[INFO] [stderr]    Compiling base64ct v1.8.3
[INFO] [stderr]    Compiling futures-util v0.3.32
[INFO] [stderr]    Compiling digest v0.10.7
[INFO] [stderr]    Compiling universal-hash v0.5.1
[INFO] [stderr]    Compiling cipher v0.4.4
[INFO] [stderr]    Compiling parking_lot v0.12.5
[INFO] [stderr]    Compiling hmac v0.12.1
[INFO] [stderr]    Compiling password-hash v0.5.0
[INFO] [stderr]    Compiling pbkdf2 v0.12.2
[INFO] [stderr]    Compiling sha2 v0.10.9
[INFO] [stderr]    Compiling dashmap v6.2.1
[INFO] [stderr]    Compiling salsa20 v0.10.2
[INFO] [stderr]    Compiling rand_chacha v0.3.1
[INFO] [stderr]    Compiling idna_adapter v1.2.2
[INFO] [stderr]    Compiling idna v1.1.0
[INFO] [stderr]    Compiling chacha20 v0.9.1
[INFO] [stderr]    Compiling poly1305 v0.8.0
[INFO] [stderr]    Compiling aead v0.5.2
[INFO] [stderr]    Compiling deranged v0.5.8
[INFO] [stderr]    Compiling memchr v2.8.2
[INFO] [stderr]    Compiling chacha20poly1305 v0.10.1
[INFO] [stderr]    Compiling tokio v1.52.3
[INFO] [stderr]    Compiling serde v1.0.228
[INFO] [stderr]    Compiling url v2.5.8
[INFO] [stderr]    Compiling serde_json v1.0.150
[INFO] [stderr]    Compiling rand v0.8.6
[INFO] [stderr]    Compiling scrypt v0.11.0
[INFO] [stderr]    Compiling time v0.3.49
[INFO] [stderr]    Compiling governor v0.10.4
[INFO] [stderr]    Compiling hkdf v0.12.4
[INFO] [stderr]    Compiling rustauth-core v0.3.0
[INFO] [stderr]    Compiling rustauth v0.3.0 (/opt/rustwide/workdir)
[INFO] [stderr]     Finished `release` profile [optimized] target(s) in 1m 33s
[INFO] running `Command { std: "docker" "inspect" "0a672a2ba6f25e4bf51c84a78736c97674a64e712eee9ddeb07d50a73e2edc2c", kill_on_drop: false }`
[INFO] running `Command { std: "docker" "exec" "-e" "SOURCE_DIR=/opt/rustwide/workdir" "-e" "CARGO_HOME=/opt/rustwide/cargo-home" "-e" "RUSTUP_HOME=/opt/rustwide/rustup-home" "-e" "CARGO_TARGET_DIR=/opt/rustwide/target" "-e" "CARGO_INCREMENTAL=0" "-e" "RUST_BACKTRACE=full" "-e" "RUSTFLAGS=--cap-lints=warn" "-e" "RUSTDOCFLAGS=--cap-lints=warn" "-w" "/opt/rustwide/workdir" "--user" "0:0" "0a672a2ba6f25e4bf51c84a78736c97674a64e712eee9ddeb07d50a73e2edc2c" "/opt/rustwide/cargo-home/bin/cargo" "+1.100.0-beta.1" "test" "--frozen" "--no-run" "--message-format=json" "--release", kill_on_drop: false }`
[INFO] [stderr] warning: `package.homepage` is redundant with `package.repository`
[INFO] [stderr]    --> Cargo.toml:155:12
[INFO] [stderr]     |
[INFO] [stderr] 155 | homepage = "https://github.com/salasebas/rustauth"
[INFO] [stderr]     |            ^^^^^^^^^^^^^^^^^^^^^^^^^^^^^^^^^^^^^^^
[INFO] [stderr] ...
[INFO] [stderr] 160 | repository = "https://github.com/salasebas/rustauth"
[INFO] [stderr]     |              ---------------------------------------
[INFO] [stderr]     |
[INFO] [stderr]     = note: `cargo::redundant_homepage` is set to `warn` by default
[INFO] [stderr] help: consider removing `package.homepage`
[INFO] [stderr] warning: `rustauth` (manifest) generated 1 warning
[INFO] [stderr]    Compiling displaydoc v0.2.6
[INFO] [stderr]    Compiling serde v1.0.228
[INFO] [stderr]    Compiling digest v0.10.7
[INFO] [stderr]    Compiling num-traits v0.2.19
[INFO] [stderr]    Compiling memchr v2.8.2
[INFO] [stderr]    Compiling serde_json v1.0.150
[INFO] [stderr]    Compiling time-macros v0.2.29
[INFO] [stderr]    Compiling tokio v1.52.3
[INFO] [stderr]    Compiling deranged v0.5.8
[INFO] [stderr]    Compiling hmac v0.12.1
[INFO] [stderr]    Compiling sha2 v0.10.9
[INFO] [stderr]    Compiling tinystr v0.8.3
[INFO] [stderr]    Compiling icu_locale_core v2.2.0
[INFO] [stderr]    Compiling smallvec v1.15.2
[INFO] [stderr]    Compiling zerotrie v0.2.4
[INFO] [stderr]    Compiling icu_collections v2.2.0
[INFO] [stderr]    Compiling parking_lot_core v0.9.12
[INFO] [stderr]    Compiling futures-util v0.3.32
[INFO] [stderr]    Compiling indexmap v2.14.0
[INFO] [stderr]    Compiling parking_lot v0.12.5
[INFO] [stderr]    Compiling time v0.3.49
[INFO] [stderr]    Compiling icu_provider v2.2.0
[INFO] [stderr]    Compiling icu_properties v2.2.0
[INFO] [stderr]    Compiling icu_normalizer v2.2.0
[INFO] [stderr]    Compiling pem-rfc7468 v0.7.0
[INFO] [stderr]    Compiling hashbrown v0.15.5
[INFO] [stderr]    Compiling idna_adapter v1.2.2
[INFO] [stderr]    Compiling idna v1.1.0
[INFO] [stderr]    Compiling cipher v0.4.4
[INFO] [stderr]    Compiling der v0.7.10
[INFO] [stderr]    Compiling concurrent-queue v2.5.0
[INFO] [stderr]    Compiling url v2.5.8
[INFO] [stderr]    Compiling tracing v0.1.44
[INFO] [stderr]    Compiling event-listener v5.4.1
[INFO] [stderr]    Compiling uuid v1.23.3
[INFO] [stderr]    Compiling cc v1.2.64
[INFO] [stderr]    Compiling tokio-stream v0.1.18
[INFO] [stderr]    Compiling hashlink v0.10.0
[INFO] [stderr]    Compiling spki v0.7.3
[INFO] [stderr]    Compiling futures-intrusive v0.5.0
[INFO] [stderr]    Compiling num-integer v0.1.46
[INFO] [stderr]    Compiling either v1.16.0
[INFO] [stderr]    Compiling hkdf v0.12.4
[INFO] [stderr]    Compiling crossbeam-queue v0.3.12
[INFO] [stderr]    Compiling num-bigint-dig v0.8.6
[INFO] [stderr]    Compiling libsqlite3-sys v0.30.1
[INFO] [stderr]    Compiling num-iter v0.1.45
[INFO] [stderr]    Compiling pkcs8 v0.10.2
[INFO] [stderr]    Compiling atoi v2.0.0
[INFO] [stderr]    Compiling sqlx-core v0.8.6
[INFO] [stderr]    Compiling unicode-properties v0.1.4
[INFO] [stderr]    Compiling dashmap v6.2.1
[INFO] [stderr]    Compiling stringprep v0.1.5
[INFO] [stderr]    Compiling pkcs1 v0.7.5
[INFO] [stderr]    Compiling chacha20 v0.9.1
[INFO] [stderr]    Compiling salsa20 v0.10.2
[INFO] [stderr]    Compiling pbkdf2 v0.12.2
[INFO] [stderr]    Compiling signature v2.2.0
[INFO] [stderr]    Compiling md-5 v0.10.6
[INFO] [stderr]    Compiling bitflags v2.13.0
[INFO] [stderr]    Compiling whoami v1.6.1
[INFO] [stderr]    Compiling byteorder v1.5.0
[INFO] [stderr]    Compiling dotenvy v0.15.7
[INFO] [stderr]    Compiling governor v0.10.4
[INFO] [stderr]    Compiling serde_urlencoded v0.7.1
[INFO] [stderr]    Compiling rsa v0.9.10
[INFO] [stderr]    Compiling chacha20poly1305 v0.10.1
[INFO] [stderr]    Compiling scrypt v0.11.0
[INFO] [stderr]    Compiling futures-executor v0.3.32
[INFO] [stderr]    Compiling flume v0.11.1
[INFO] [stderr]    Compiling sha1 v0.10.6
[INFO] [stderr]    Compiling sqlx-postgres v0.8.6
[INFO] [stderr]    Compiling rustauth-core v0.3.0
[INFO] [stderr]    Compiling sqlx-mysql v0.8.6
[INFO] [stderr]    Compiling rustauth v0.3.0 (/opt/rustwide/workdir)
[INFO] [stderr]    Compiling sqlx-sqlite v0.8.6
[INFO] [stderr]    Compiling sqlx v0.8.6
[INFO] [stderr]    Compiling rustauth-sqlx v0.3.0
[INFO] [stderr]     Finished `release` profile [optimized] target(s) in 6m 09s
[INFO] running `Command { std: "docker" "inspect" "0a672a2ba6f25e4bf51c84a78736c97674a64e712eee9ddeb07d50a73e2edc2c", kill_on_drop: false }`
[INFO] running `Command { std: "docker" "exec" "-e" "SOURCE_DIR=/opt/rustwide/workdir" "-e" "CARGO_HOME=/opt/rustwide/cargo-home" "-e" "RUSTUP_HOME=/opt/rustwide/rustup-home" "-e" "CARGO_TARGET_DIR=/opt/rustwide/target" "-e" "CARGO_INCREMENTAL=0" "-e" "RUST_BACKTRACE=full" "-e" "RUSTFLAGS=--cap-lints=warn" "-e" "RUSTDOCFLAGS=--cap-lints=warn" "-w" "/opt/rustwide/workdir" "--user" "0:0" "0a672a2ba6f25e4bf51c84a78736c97674a64e712eee9ddeb07d50a73e2edc2c" "/opt/rustwide/cargo-home/bin/cargo" "+1.100.0-beta.1" "test" "--frozen" "--release", kill_on_drop: false }`
[INFO] [stderr] warning: `package.homepage` is redundant with `package.repository`
[INFO] [stderr]    --> Cargo.toml:155:12
[INFO] [stderr]     |
[INFO] [stderr] 155 | homepage = "https://github.com/salasebas/rustauth"
[INFO] [stderr]     |            ^^^^^^^^^^^^^^^^^^^^^^^^^^^^^^^^^^^^^^^
[INFO] [stderr] ...
[INFO] [stderr] 160 | repository = "https://github.com/salasebas/rustauth"
[INFO] [stderr]     |              ---------------------------------------
[INFO] [stderr]     |
[INFO] [stderr]     = note: `cargo::redundant_homepage` is set to `warn` by default
[INFO] [stderr] help: consider removing `package.homepage`
[INFO] [stderr] warning: `rustauth` (manifest) generated 1 warning
[INFO] [stderr]     Finished `release` profile [optimized] target(s) in 0.42s
[INFO] [stderr]      Running unittests src/lib.rs (/opt/rustwide/target/release/build/rustauth/8732a856b219f178/out/rustauth-8732a856b219f178)
[INFO] [stdout] 
[INFO] [stderr]      Running tests/adapter_database_hooks.rs (/opt/rustwide/target/release/build/rustauth/c98c677b577b0a97/out/adapter_database_hooks-c98c677b577b0a97)
[INFO] [stdout] running 0 tests
[INFO] [stdout] 
[INFO] [stdout] test result: ok. 0 passed; 0 failed; 0 ignored; 0 measured; 0 filtered out; finished in 0.00s
[INFO] [stdout] 
[INFO] [stdout] 
[INFO] [stdout] running 2 tests
[INFO] [stdout] test rustauth_builder_runs_database_hooks_once_per_operation ... ok
[INFO] [stderr]      Running tests/builder_plugins.rs (/opt/rustwide/target/release/build/rustauth/05c31a95864838a0/out/builder_plugins-05c31a95864838a0)
[INFO] [stdout] test rustauth_builder_runs_database_hooks_once_with_joins_enabled ... ok
[INFO] [stdout] 
[INFO] [stdout] test result: ok. 2 passed; 0 failed; 0 ignored; 0 measured; 0 filtered out; finished in 0.00s
[INFO] [stdout] 
[INFO] [stdout] 
[INFO] [stdout] running 1 test
[INFO] [stdout] test builder_plugins_extends_existing_plugin_list ... ok
[INFO] [stderr]      Running tests/docs.rs (/opt/rustwide/target/release/build/rustauth/ea2fb9432e4ef299/out/docs-ea2fb9432e4ef299)
[INFO] [stdout] 
[INFO] [stdout] test result: ok. 1 passed; 0 failed; 0 ignored; 0 measured; 0 filtered out; finished in 0.00s
[INFO] [stdout] 
[INFO] [stdout] 
[INFO] [stdout] running 1 test
[INFO] [stdout] test readme_sql_adapter_example_uses_umbrella_sqlx_reexport ... ok
[INFO] [stdout] 
[INFO] [stdout] test result: ok. 1 passed; 0 failed; 0 ignored; 0 measured; 0 filtered out; finished in 0.00s
[INFO] [stdout] 
[INFO] [stderr]      Running tests/feature_flags.rs (/opt/rustwide/target/release/build/rustauth/3b77d84a59cafa60/out/feature_flags-3b77d84a59cafa60)
[INFO] [stdout] 
[INFO] [stdout] running 7 tests
[INFO] [stdout] test core_dependency_does_not_force_default_feature_alias ... ok
[INFO] [stdout] test async_initializers_available_without_telemetry_feature ... ok
[INFO] [stdout] test telemetry_feature_declares_oauth_on_telemetry_crate ... ok
[INFO] [stdout] test rustauth_forwards_oauth_features ... ok
[INFO] [stdout] test oidc_feature_does_not_enable_saml_or_xml_dependencies ... ok
[INFO] [stderr] error: test failed, to rerun pass `--test feature_flags`
[INFO] [stdout] test default_rustauth_build_does_not_enable_telemetry_crate ... FAILED
[INFO] [stdout] test sqlx_postgres_feature_does_not_enable_sqlite_driver ... FAILED
[INFO] [stdout] 
[INFO] [stdout] failures:
[INFO] [stdout] 
[INFO] [stdout] ---- default_rustauth_build_does_not_enable_telemetry_crate stdout ----
[INFO] [stdout] 
[INFO] [stdout] thread 'default_rustauth_build_does_not_enable_telemetry_crate' (1947) panicked at tests/feature_flags.rs:49:5:
[INFO] [stdout] telemetry must remain an optional dependency
[INFO] [stdout] stack backtrace:
[INFO] [stdout]    0:     0x59d57856c861 - <<std[617be2ca0a6fd877]::sys::backtrace::BacktraceLock>::print::DisplayBacktrace as core[a373ad73a504971]::fmt::Display>::fmt
[INFO] [stdout]    1:     0x59d5785807ca - core[a373ad73a504971]::fmt::write
[INFO] [stdout]    2:     0x59d578570a7c - <alloc[2e1b2a31b91974c5]::vec::Vec<u8> as core[a373ad73a504971]::io::write::Write>::write_fmt
[INFO] [stdout]    3:     0x59d5785487d6 - std[617be2ca0a6fd877]::panicking::default_hook::{closure#0}
[INFO] [stdout]    4:     0x59d578564b99 - std[617be2ca0a6fd877]::panicking::default_hook
[INFO] [stdout]    5:     0x59d578500b60 - test[aada8e7e76ba119b]::test_main_inner::{closure#0}
[INFO] [stdout]    6:     0x59d578564d52 - std[617be2ca0a6fd877]::panicking::panic_with_hook
[INFO] [stdout]    7:     0x59d5785488b4 - std[617be2ca0a6fd877]::panicking::panic_handler::{closure#0}
[INFO] [stdout]    8:     0x59d578541409 - std[617be2ca0a6fd877]::sys::backtrace::__rust_end_short_backtrace::<std[617be2ca0a6fd877]::panicking::panic_handler::{closure#0}, !>
[INFO] [stdout]    9:     0x59d57854948d - __rustc[ea4f61d10b84890b]::rust_begin_unwind
[INFO] [stdout]   10:     0x59d578580efc - core[a373ad73a504971]::panicking::panic_fmt
[INFO] [stdout]   11:     0x59d5784f3f27 - <feature_flags[d846a76fb42ef656]::default_rustauth_build_does_not_enable_telemetry_crate::{closure#0} as core[a373ad73a504971]::ops::function::FnOnce<()>>::call_once
[INFO] [stdout]   12:     0x59d5784f3fab - test[aada8e7e76ba119b]::__rust_begin_short_backtrace::<core[a373ad73a504971]::result::Result<(), alloc[2e1b2a31b91974c5]::string::String>, fn() -> core[a373ad73a504971]::result::Result<(), alloc[2e1b2a31b91974c5]::string::String>>
[INFO] [stdout]   13:     0x59d578501185 - test[aada8e7e76ba119b]::run_test::{closure#0}
[INFO] [stdout]   14:     0x59d5784faa74 - std[617be2ca0a6fd877]::sys::backtrace::__rust_begin_short_backtrace::<test[aada8e7e76ba119b]::run_test::{closure#1}, ()>
[INFO] [stdout]   15:     0x59d578504212 - <std[617be2ca0a6fd877]::thread::lifecycle::spawn_unchecked<test[aada8e7e76ba119b]::run_test::{closure#1}, ()>::{closure#1} as core[a373ad73a504971]::ops::function::FnOnce<()>>::call_once::{shim:vtable#0}
[INFO] [stdout]   16:     0x59d57856bd5f - <std[617be2ca0a6fd877]::sys::thread::unix::Thread>::new::thread_start
[INFO] [stdout]   17:     0x7f1291f7edfa - <unknown>
[INFO] [stdout]   18:     0x7f12920123d4 - clone
[INFO] [stdout]   19:                0x0 - <unknown>
[INFO] [stdout] 
[INFO] [stdout] ---- sqlx_postgres_feature_does_not_enable_sqlite_driver stdout ----
[INFO] [stdout] 
[INFO] [stdout] thread 'sqlx_postgres_feature_does_not_enable_sqlite_driver' (1950) panicked at tests/feature_flags.rs:10:60:
[INFO] [stdout] failed to read manifest: Os { code: 2, kind: NotFound, message: "No such file or directory" }
[INFO] [stdout] stack backtrace:
[INFO] [stdout]    0:     0x59d57856c861 - <<std[617be2ca0a6fd877]::sys::backtrace::BacktraceLock>::print::DisplayBacktrace as core[a373ad73a504971]::fmt::Display>::fmt
[INFO] [stdout]    1:     0x59d5785807ca - core[a373ad73a504971]::fmt::write
[INFO] [stdout]    2:     0x59d578570a7c - <alloc[2e1b2a31b91974c5]::vec::Vec<u8> as core[a373ad73a504971]::io::write::Write>::write_fmt
[INFO] [stdout]    3:     0x59d5785487d6 - std[617be2ca0a6fd877]::panicking::default_hook::{closure#0}
[INFO] [stdout]    4:     0x59d578564b99 - std[617be2ca0a6fd877]::panicking::default_hook
[INFO] [stdout]    5:     0x59d578500b60 - test[aada8e7e76ba119b]::test_main_inner::{closure#0}
[INFO] [stdout]    6:     0x59d578564d52 - std[617be2ca0a6fd877]::panicking::panic_with_hook
[INFO] [stdout]    7:     0x59d578548882 - std[617be2ca0a6fd877]::panicking::panic_handler::{closure#0}
[INFO] [stdout]    8:     0x59d578541409 - std[617be2ca0a6fd877]::sys::backtrace::__rust_end_short_backtrace::<std[617be2ca0a6fd877]::panicking::panic_handler::{closure#0}, !>
[INFO] [stdout]    9:     0x59d57854948d - __rustc[ea4f61d10b84890b]::rust_begin_unwind
[INFO] [stdout]   10:     0x59d578580efc - core[a373ad73a504971]::panicking::panic_fmt
[INFO] [stdout]   11:     0x59d578580cd2 - core[a373ad73a504971]::result::unwrap_failed
[INFO] [stdout]   12:     0x59d5784f2d0e - feature_flags[d846a76fb42ef656]::read_manifest
[INFO] [stdout]   13:     0x59d5784f3896 - <feature_flags[d846a76fb42ef656]::sqlx_postgres_feature_does_not_enable_sqlite_driver::{closure#0} as core[a373ad73a504971]::ops::function::FnOnce<()>>::call_once
[INFO] [stdout]   14:     0x59d5784f3fab - test[aada8e7e76ba119b]::__rust_begin_short_backtrace::<core[a373ad73a504971]::result::Result<(), alloc[2e1b2a31b91974c5]::string::String>, fn() -> core[a373ad73a504971]::result::Result<(), alloc[2e1b2a31b91974c5]::string::String>>
[INFO] [stdout]   15:     0x59d578501185 - test[aada8e7e76ba119b]::run_test::{closure#0}
[INFO] [stdout]   16:     0x59d5784faa74 - std[617be2ca0a6fd877]::sys::backtrace::__rust_begin_short_backtrace::<test[aada8e7e76ba119b]::run_test::{closure#1}, ()>
[INFO] [stdout]   17:     0x59d578504212 - <std[617be2ca0a6fd877]::thread::lifecycle::spawn_unchecked<test[aada8e7e76ba119b]::run_test::{closure#1}, ()>::{closure#1} as core[a373ad73a504971]::ops::function::FnOnce<()>>::call_once::{shim:vtable#0}
[INFO] [stdout]   18:     0x59d57856bd5f - <std[617be2ca0a6fd877]::sys::thread::unix::Thread>::new::thread_start
[INFO] [stdout]   19:     0x7f1291f7edfa - <unknown>
[INFO] [stdout]   20:     0x7f12920123d4 - clone
[INFO] [stdout]   21:                0x0 - <unknown>
[INFO] [stdout] 
[INFO] [stdout] 
[INFO] [stdout] failures:
[INFO] [stdout]     default_rustauth_build_does_not_enable_telemetry_crate
[INFO] [stdout]     sqlx_postgres_feature_does_not_enable_sqlite_driver
[INFO] [stdout] 
[INFO] [stdout] test result: FAILED. 5 passed; 2 failed; 0 ignored; 0 measured; 0 filtered out; finished in 0.01s
[INFO] [stdout] 
[INFO] running `Command { std: "docker" "inspect" "0a672a2ba6f25e4bf51c84a78736c97674a64e712eee9ddeb07d50a73e2edc2c", kill_on_drop: false }`
[INFO] running `Command { std: "docker" "rm" "-f" "0a672a2ba6f25e4bf51c84a78736c97674a64e712eee9ddeb07d50a73e2edc2c", kill_on_drop: false }`
[INFO] [stdout] 0a672a2ba6f25e4bf51c84a78736c97674a64e712eee9ddeb07d50a73e2edc2c
