[INFO] fetching crate rustauth-i18n 0.3.2...
[INFO] testing rustauth-i18n-0.3.2 against 1.100.0-beta.1+cargoflags=--release for beta-release-1.100-2
[INFO] extracting crate rustauth-i18n 0.3.2 into /workspace/builds/worker-1-tc2/source
[INFO] started tweaking crates.io crate rustauth-i18n 0.3.2
[INFO] removed 0 missing tests
[INFO] finished tweaking crates.io crate rustauth-i18n 0.3.2
[INFO] tweaked toml for crates.io crate rustauth-i18n 0.3.2 written to /workspace/builds/worker-1-tc2/source/Cargo.toml
[INFO] validating manifest of crates.io crate rustauth-i18n 0.3.2 on toolchain 1.100.0-beta.1
[INFO] running `Command { std: CARGO_HOME="/workspace/cargo-home" RUSTUP_HOME="/workspace/rustup-home" "/workspace/cargo-home/bin/cargo" "+1.100.0-beta.1" "metadata" "--manifest-path" "Cargo.toml" "--no-deps", kill_on_drop: false }`
[INFO] crate crates.io crate rustauth-i18n 0.3.2 already has a lockfile, it will not be regenerated
[INFO] running `Command { std: CARGO_HOME="/workspace/cargo-home" RUSTUP_HOME="/workspace/rustup-home" "/workspace/cargo-home/bin/cargo" "+1.100.0-beta.1" "fetch" "--manifest-path" "Cargo.toml", kill_on_drop: false }`
[INFO] [stderr] warning: `package.homepage` is redundant with `package.repository`
[INFO] [stderr]   --> Cargo.toml:62:12
[INFO] [stderr]    |
[INFO] [stderr] 62 | homepage = "https://github.com/salasebas/rustauth"
[INFO] [stderr]    |            ^^^^^^^^^^^^^^^^^^^^^^^^^^^^^^^^^^^^^^^
[INFO] [stderr] ...
[INFO] [stderr] 67 | repository = "https://github.com/salasebas/rustauth"
[INFO] [stderr]    |              ---------------------------------------
[INFO] [stderr]    |
[INFO] [stderr]    = note: `cargo::redundant_homepage` is set to `warn` by default
[INFO] [stderr] help: consider removing `package.homepage`
[INFO] [stderr] warning: `rustauth-i18n` (manifest) generated 1 warning
[INFO] running `Command { std: "docker" "create" "-v" "/var/lib/crater-agent-workspace/builds/worker-1-tc2/source:/opt/rustwide/workdir:ro,Z" "-v" "/var/lib/crater-agent-workspace/builds/worker-1-tc2/target:/opt/rustwide/target:rw,Z" "-v" "/var/lib/crater-agent-workspace/cargo-home:/opt/rustwide/cargo-home:ro,Z" "-v" "/var/lib/crater-agent-workspace/rustup-home:/opt/rustwide/rustup-home:ro,Z" "-m" "1610612736" "--network" "none" "ghcr.io/rust-lang/crates-build-env/linux@sha256:77db811e55d90add9212f6832c23229e3de5f1c1f9905e8cb07319ea15df73ac" "sleep" "infinity", kill_on_drop: false }`
[INFO] [stdout] 4d1a47cc0d3f13559b02dbabb765c5cf122edadbaadd4a949c19da81ea5ae223
[INFO] running `Command { std: "docker" "start" "4d1a47cc0d3f13559b02dbabb765c5cf122edadbaadd4a949c19da81ea5ae223", kill_on_drop: false }`
[INFO] running `Command { std: "docker" "inspect" "4d1a47cc0d3f13559b02dbabb765c5cf122edadbaadd4a949c19da81ea5ae223", kill_on_drop: false }`
[INFO] running `Command { std: "docker" "exec" "-e" "SOURCE_DIR=/opt/rustwide/workdir" "-e" "CARGO_HOME=/opt/rustwide/cargo-home" "-e" "RUSTUP_HOME=/opt/rustwide/rustup-home" "-e" "CARGO_TARGET_DIR=/opt/rustwide/target" "-w" "/opt/rustwide/workdir" "--user" "0:0" "4d1a47cc0d3f13559b02dbabb765c5cf122edadbaadd4a949c19da81ea5ae223" "/opt/rustwide/cargo-home/bin/cargo" "+1.100.0-beta.1" "metadata" "--no-deps" "--format-version=1", kill_on_drop: false }`
[INFO] running `Command { std: "docker" "inspect" "4d1a47cc0d3f13559b02dbabb765c5cf122edadbaadd4a949c19da81ea5ae223", kill_on_drop: false }`
[INFO] running `Command { std: "docker" "exec" "-e" "SOURCE_DIR=/opt/rustwide/workdir" "-e" "CARGO_HOME=/opt/rustwide/cargo-home" "-e" "RUSTUP_HOME=/opt/rustwide/rustup-home" "-e" "CARGO_TARGET_DIR=/opt/rustwide/target" "-e" "CARGO_INCREMENTAL=0" "-e" "RUST_BACKTRACE=full" "-e" "RUSTFLAGS=--cap-lints=warn" "-e" "RUSTDOCFLAGS=--cap-lints=warn" "-w" "/opt/rustwide/workdir" "--user" "0:0" "4d1a47cc0d3f13559b02dbabb765c5cf122edadbaadd4a949c19da81ea5ae223" "/opt/rustwide/cargo-home/bin/cargo" "+1.100.0-beta.1" "build" "--frozen" "--message-format=json" "--release", kill_on_drop: false }`
[INFO] [stderr] warning: `package.homepage` is redundant with `package.repository`
[INFO] [stderr]   --> Cargo.toml:62:12
[INFO] [stderr]    |
[INFO] [stderr] 62 | homepage = "https://github.com/salasebas/rustauth"
[INFO] [stderr]    |            ^^^^^^^^^^^^^^^^^^^^^^^^^^^^^^^^^^^^^^^
[INFO] [stderr] ...
[INFO] [stderr] 67 | repository = "https://github.com/salasebas/rustauth"
[INFO] [stderr]    |              ---------------------------------------
[INFO] [stderr]    |
[INFO] [stderr]    = note: `cargo::redundant_homepage` is set to `warn` by default
[INFO] [stderr] help: consider removing `package.homepage`
[INFO] [stderr] warning: `rustauth-i18n` (manifest) generated 1 warning
[INFO] [stderr]    Compiling syn v2.0.117
[INFO] [stderr]    Compiling zerocopy v0.8.52
[INFO] [stderr]    Compiling zeroize v1.9.0
[INFO] [stderr]    Compiling crypto-common v0.1.7
[INFO] [stderr]    Compiling parking_lot_core v0.9.12
[INFO] [stderr]    Compiling base64ct v1.8.3
[INFO] [stderr]    Compiling futures-core v0.3.32
[INFO] [stderr]    Compiling tinyvec v1.11.0
[INFO] [stderr]    Compiling digest v0.10.7
[INFO] [stderr]    Compiling universal-hash v0.5.1
[INFO] [stderr]    Compiling cipher v0.4.4
[INFO] [stderr]    Compiling poly1305 v0.8.0
[INFO] [stderr]    Compiling hmac v0.12.1
[INFO] [stderr]    Compiling sha2 v0.10.9
[INFO] [stderr]    Compiling password-hash v0.5.0
[INFO] [stderr]    Compiling salsa20 v0.10.2
[INFO] [stderr]    Compiling pbkdf2 v0.12.2
[INFO] [stderr]    Compiling chacha20 v0.9.1
[INFO] [stderr]    Compiling parking_lot v0.12.5
[INFO] [stderr]    Compiling dashmap v6.2.1
[INFO] [stderr]    Compiling futures-util v0.3.32
[INFO] [stderr]    Compiling aead v0.5.2
[INFO] [stderr]    Compiling deranged v0.5.8
[INFO] [stderr]    Compiling memchr v2.8.2
[INFO] [stderr]    Compiling indexmap v2.14.0
[INFO] [stderr]    Compiling http v1.4.2
[INFO] [stderr]    Compiling serde_json v1.0.150
[INFO] [stderr]    Compiling time v0.3.49
[INFO] [stderr]    Compiling chacha20poly1305 v0.10.1
[INFO] [stderr]    Compiling scrypt v0.11.0
[INFO] [stderr]    Compiling unicode-normalization v0.1.25
[INFO] [stderr]    Compiling hkdf v0.12.4
[INFO] [stderr]    Compiling governor v0.10.4
[INFO] [stderr]    Compiling synstructure v0.13.2
[INFO] [stderr]    Compiling zerofrom-derive v0.1.7
[INFO] [stderr]    Compiling yoke-derive v0.8.2
[INFO] [stderr]    Compiling zerovec-derive v0.11.3
[INFO] [stderr]    Compiling displaydoc v0.2.6
[INFO] [stderr]    Compiling serde_derive v1.0.228
[INFO] [stderr]    Compiling tokio-macros v2.7.0
[INFO] [stderr]    Compiling ppv-lite86 v0.2.21
[INFO] [stderr]    Compiling thiserror-impl v2.0.18
[INFO] [stderr]    Compiling tokio v1.52.3
[INFO] [stderr]    Compiling rand_chacha v0.3.1
[INFO] [stderr]    Compiling rand v0.8.6
[INFO] [stderr]    Compiling zerofrom v0.1.8
[INFO] [stderr]    Compiling yoke v0.8.3
[INFO] [stderr]    Compiling zerovec v0.11.6
[INFO] [stderr]    Compiling zerotrie v0.2.4
[INFO] [stderr]    Compiling thiserror v2.0.18
[INFO] [stderr]    Compiling tinystr v0.8.3
[INFO] [stderr]    Compiling potential_utf v0.1.5
[INFO] [stderr]    Compiling icu_collections v2.2.0
[INFO] [stderr]    Compiling icu_locale_core v2.2.0
[INFO] [stderr]    Compiling serde v1.0.228
[INFO] [stderr]    Compiling icu_provider v2.2.0
[INFO] [stderr]    Compiling icu_properties v2.2.0
[INFO] [stderr]    Compiling icu_normalizer v2.2.0
[INFO] [stderr]    Compiling idna_adapter v1.2.2
[INFO] [stderr]    Compiling idna v1.1.0
[INFO] [stderr]    Compiling url v2.5.8
[INFO] [stderr]    Compiling rustauth-core v0.3.2
[INFO] [stderr]    Compiling rustauth-i18n v0.3.2 (/opt/rustwide/workdir)
[INFO] [stderr]     Finished `release` profile [optimized] target(s) in 1m 56s
[INFO] running `Command { std: "docker" "inspect" "4d1a47cc0d3f13559b02dbabb765c5cf122edadbaadd4a949c19da81ea5ae223", kill_on_drop: false }`
[INFO] running `Command { std: "docker" "exec" "-e" "SOURCE_DIR=/opt/rustwide/workdir" "-e" "CARGO_HOME=/opt/rustwide/cargo-home" "-e" "RUSTUP_HOME=/opt/rustwide/rustup-home" "-e" "CARGO_TARGET_DIR=/opt/rustwide/target" "-e" "CARGO_INCREMENTAL=0" "-e" "RUST_BACKTRACE=full" "-e" "RUSTFLAGS=--cap-lints=warn" "-e" "RUSTDOCFLAGS=--cap-lints=warn" "-w" "/opt/rustwide/workdir" "--user" "0:0" "4d1a47cc0d3f13559b02dbabb765c5cf122edadbaadd4a949c19da81ea5ae223" "/opt/rustwide/cargo-home/bin/cargo" "+1.100.0-beta.1" "test" "--frozen" "--no-run" "--message-format=json" "--release", kill_on_drop: false }`
[INFO] [stderr] warning: `package.homepage` is redundant with `package.repository`
[INFO] [stderr]   --> Cargo.toml:62:12
[INFO] [stderr]    |
[INFO] [stderr] 62 | homepage = "https://github.com/salasebas/rustauth"
[INFO] [stderr]    |            ^^^^^^^^^^^^^^^^^^^^^^^^^^^^^^^^^^^^^^^
[INFO] [stderr] ...
[INFO] [stderr] 67 | repository = "https://github.com/salasebas/rustauth"
[INFO] [stderr]    |              ---------------------------------------
[INFO] [stderr]    |
[INFO] [stderr]    = note: `cargo::redundant_homepage` is set to `warn` by default
[INFO] [stderr] help: consider removing `package.homepage`
[INFO] [stderr] warning: `rustauth-i18n` (manifest) generated 1 warning
[INFO] [stderr]    Compiling rustauth-core v0.3.2
[INFO] [stderr]    Compiling rustauth-i18n v0.3.2 (/opt/rustwide/workdir)
[INFO] [stderr]     Finished `release` profile [optimized] target(s) in 1m 17s
[INFO] running `Command { std: "docker" "inspect" "4d1a47cc0d3f13559b02dbabb765c5cf122edadbaadd4a949c19da81ea5ae223", kill_on_drop: false }`
[INFO] running `Command { std: "docker" "exec" "-e" "SOURCE_DIR=/opt/rustwide/workdir" "-e" "CARGO_HOME=/opt/rustwide/cargo-home" "-e" "RUSTUP_HOME=/opt/rustwide/rustup-home" "-e" "CARGO_TARGET_DIR=/opt/rustwide/target" "-e" "CARGO_INCREMENTAL=0" "-e" "RUST_BACKTRACE=full" "-e" "RUSTFLAGS=--cap-lints=warn" "-e" "RUSTDOCFLAGS=--cap-lints=warn" "-w" "/opt/rustwide/workdir" "--user" "0:0" "4d1a47cc0d3f13559b02dbabb765c5cf122edadbaadd4a949c19da81ea5ae223" "/opt/rustwide/cargo-home/bin/cargo" "+1.100.0-beta.1" "test" "--frozen" "--release", kill_on_drop: false }`
[INFO] [stderr] warning: `package.homepage` is redundant with `package.repository`
[INFO] [stderr]   --> Cargo.toml:62:12
[INFO] [stderr]    |
[INFO] [stderr] 62 | homepage = "https://github.com/salasebas/rustauth"
[INFO] [stderr]    |            ^^^^^^^^^^^^^^^^^^^^^^^^^^^^^^^^^^^^^^^
[INFO] [stderr] ...
[INFO] [stderr] 67 | repository = "https://github.com/salasebas/rustauth"
[INFO] [stderr]    |              ---------------------------------------
[INFO] [stderr]    |
[INFO] [stderr]    = note: `cargo::redundant_homepage` is set to `warn` by default
[INFO] [stderr] help: consider removing `package.homepage`
[INFO] [stderr] warning: `rustauth-i18n` (manifest) generated 1 warning
[INFO] [stderr]     Finished `release` profile [optimized] target(s) in 0.13s
[INFO] [stderr]      Running unittests src/lib.rs (/opt/rustwide/target/release/build/rustauth-i18n/99a13f58b07f4318/out/rustauth_i18n-99a13f58b07f4318)
[INFO] [stdout] 
[INFO] [stdout] running 16 tests
[INFO] [stdout] test accept_language::tests::quality_ordering ... ok
[INFO] [stdout] test cookie::tests::missing_returns_none ... ok
[INFO] [stdout] test accept_language::tests::defaults_quality_to_one ... ok
[INFO] [stdout] test accept_language::tests::base_locale_from_region ... ok
[INFO] [stdout] test accept_language::tests::empty_header ... ok
[INFO] [stdout] test cookie::tests::preserves_values_containing_equals ... ok
[INFO] [stdout] test accept_language::tests::handles_uppercase_and_spaces ... ok
[INFO] [stdout] test accept_language::tests::invalid_quality_defaults_to_one ... ok
[INFO] [stdout] test accept_language::tests::preserves_quality_tie_order ... ok
[INFO] [stdout] test cookie::tests::reads_named_cookie ... ok
[INFO] [stdout] test locale::tests::duplicate_locale_after_normalization_is_rejected ... ok
[INFO] [stdout] test response::tests::translate_response_preserves_existing_original_message ... ok
[INFO] [stdout] test response::tests::translate_response_requires_json_content_type ... ok
[INFO] [stdout] test locale::tests::match_locale_is_case_insensitive ... ok
[INFO] [stdout] test locale::tests::match_locale_prefers_exact_region_before_base ... ok
[INFO] [stdout] test locale::tests::match_locale_falls_back_to_base_locale ... ok
[INFO] [stdout] 
[INFO] [stdout] test result: ok. 16 passed; 0 failed; 0 ignored; 0 measured; 0 filtered out; finished in 0.01s
[INFO] [stdout] 
[INFO] [stdout] 
[INFO] [stdout] running 50 tests
[INFO] [stdout] test accept_language_matches_locale_case_insensitively ... ok
[INFO] [stdout] test accept_language_prefers_exact_region_before_base_locale ... ok
[INFO] [stdout] test accept_language_quality_prefers_first_available ... ok
[INFO] [stdout] test accept_language_region_maps_to_base_locale ... ok
[INFO] [stdout] test async_callback_constant_locale_without_headers ... ok
[INFO] [stdout] test callback_constant_locale_without_headers ... ok
[INFO] [stdout] test async_callback_custom_header_locale ... ok
[INFO] [stdout] test callback_custom_header_locale ... ok
[INFO] [stdout] test callback_falls_through_when_it_returns_none ... ok
[INFO] [stdout] test cookie_strategy_falls_through_when_cookie_is_missing ... ok
[INFO] [stdout] test cookie_strategy_falls_through_when_cookie_missing_or_unsupported ... ok
[INFO] [stdout] test cookie_values_containing_equals_are_supported ... ok
[INFO] [stdout] test cookie_beats_header_when_ordered_first ... ok
[INFO] [stdout] test default_locale_first_inserted_when_no_en ... ok
[INFO] [stdout] test empty_locale_cookie_is_rejected_when_cookie_detection_is_enabled ... ok
[INFO] [stdout] test empty_translations_rejected ... ok
[INFO] [stdout] test empty_user_locale_field_is_rejected_when_session_detection_is_enabled ... ok
[INFO] [stdout] test callback_falls_through_when_none_or_unsupported ... ok
[INFO] [stdout] test existing_original_message_is_preserved ... FAILED
[INFO] [stdout] test arbitrary_json_with_code_and_message_is_not_translated ... FAILED
[INFO] [stdout] test falls_back_to_default_when_locale_not_in_catalog ... ok
[INFO] [stdout] test options_builder_methods_configure_public_options ... ok
[INFO] [stdout] test detection_strategy_deserialization_rejects_unknown_values ... ok
[INFO] [stdout] test duplicate_locales_after_normalization_are_rejected ... ok
[INFO] [stdout] test options_debug_hides_callback_internals ... ok
[INFO] [stdout] test options_default_user_locale_field_is_locale ... ok
[INFO] [stdout] test plugin_exposes_resolved_serializable_options_metadata ... ok
[INFO] [stdout] test implicit_default_en_when_present ... ok
[INFO] [stdout] test session_detection_reads_default_locale_field ... FAILED
[INFO] [stdout] test explicit_default_locale_de ... ok
[INFO] [stdout] test session_detection_reads_user_locale_field_from_request_state ... FAILED
[INFO] [stdout] test session_detection_falls_through_when_no_session_user_is_in_request_state ... ok
[INFO] [stdout] test session_resolver_falls_through_when_it_returns_none ... ok
[INFO] [stdout] test non_string_error_code_leaves_error_unchanged ... FAILED
[INFO] [stdout] test session_detection_reads_locale_from_session_cookie_hydration ... FAILED
[INFO] [stdout] test text_plain_response_is_not_translated ... FAILED
[INFO] [stdout] test translated_response_removes_stale_content_length ... ok
[INFO] [stdout] test session_resolver_locale_is_used_when_session_detection_is_enabled ... ok
[INFO] [stderr]      Running tests/i18n.rs (/opt/rustwide/target/release/build/rustauth-i18n/6ec0a72d80fe6eed/out/i18n-6ec0a72d80fe6eed)
[INFO] [stdout] test translated_response_preserves_original_headers ... FAILED
[INFO] [stdout] test session_resolver_falls_through_when_absent_or_unsupported ... ok
[INFO] [stdout] test translates_not_found_on_early_router_exit ... ok
[INFO] [stdout] test translates_error_from_on_request_plugin_short_circuit ... ok
[INFO] [stdout] test translation_dictionary_accepts_typed_core_error_codes ... ok
[INFO] [stdout] test unknown_default_locale_rejected ... ok
[INFO] [stdout] test translates_for_accept_language_de ... ok
[INFO] [stdout] test translates_rate_limit_on_early_router_exit ... FAILED
[INFO] [stdout] test translates_invalid_sign_in_for_accept_language_fr ... ok
[INFO] [stdout] test translates_invalid_origin_on_security_short_circuit ... ok
[INFO] [stdout] test missing_translation_leaves_error_unchanged ... FAILED
[INFO] [stdout] test successful_sign_in_body_not_modified ... ok
[INFO] [stdout] 
[INFO] [stdout] failures:
[INFO] [stdout] 
[INFO] [stdout] ---- existing_original_message_is_preserved stdout ----
[INFO] [stdout] 
[INFO] [stdout] thread 'existing_original_message_is_preserved' (1186) panicked at tests/i18n.rs:1788:5:
[INFO] [stdout] assertion `left == right` failed
[INFO] [stdout]   left: String("Too many requests. Please try again later.")
[INFO] [stdout]  right: "Message traduit"
[INFO] [stdout] stack backtrace:
[INFO] [stdout]    0:     0x5597edb03b31 - <<std[617be2ca0a6fd877]::sys::backtrace::BacktraceLock>::print::DisplayBacktrace as core[a373ad73a504971]::fmt::Display>::fmt
[INFO] [stdout]    1:     0x5597edb1a25a - core[a373ad73a504971]::fmt::write
[INFO] [stdout]    2:     0x5597edb07d4c - <alloc[2e1b2a31b91974c5]::vec::Vec<u8> as core[a373ad73a504971]::io::write::Write>::write_fmt
[INFO] [stdout]    3:     0x5597edadfc26 - std[617be2ca0a6fd877]::panicking::default_hook::{closure#0}
[INFO] [stdout]    4:     0x5597edafc0e9 - std[617be2ca0a6fd877]::panicking::default_hook
[INFO] [stdout]    5:     0x5597ed8e6330 - test[aada8e7e76ba119b]::test_main_inner::{closure#0}
[INFO] [stdout]    6:     0x5597edafc2a2 - std[617be2ca0a6fd877]::panicking::panic_with_hook
[INFO] [stdout]    7:     0x5597edadfcd2 - std[617be2ca0a6fd877]::panicking::panic_handler::{closure#0}
[INFO] [stdout]    8:     0x5597edad89e9 - std[617be2ca0a6fd877]::sys::backtrace::__rust_end_short_backtrace::<std[617be2ca0a6fd877]::panicking::panic_handler::{closure#0}, !>
[INFO] [stdout]    9:     0x5597edae08dd - __rustc[ea4f61d10b84890b]::rust_begin_unwind
[INFO] [stdout]   10:     0x5597edb1a9bc - core[a373ad73a504971]::panicking::panic_fmt
[INFO] [stdout]   11:     0x5597edb1a8d3 - core[a373ad73a504971]::panicking::assert_failed_inner
[INFO] [stdout]   12:     0x5597ed8d1b24 - core[a373ad73a504971]::panicking::assert_failed::<serde_json[db6ebb2b223e20cc]::value::Value, &str>
[INFO] [stdout]   13:     0x5597ed831191 - i18n[aeefb5088a0c567c]::existing_original_message_is_preserved::{closure#0}
[INFO] [stdout]   14:     0x5597ed8d415d - <tokio[5e721cfa0ea6c687]::runtime::scheduler::current_thread::Context>::enter::<core[a373ad73a504971]::task::poll::Poll<core[a373ad73a504971]::result::Result<(), alloc[2e1b2a31b91974c5]::boxed::Box<dyn core[a373ad73a504971]::error::Error>>>, <tokio[5e721cfa0ea6c687]::runtime::scheduler::current_thread::CoreGuard>::block_on<core[a373ad73a504971]::pin::Pin<&mut core[a373ad73a504971]::pin::Pin<&mut dyn core[a373ad73a504971]::future::future::Future<Output = core[a373ad73a504971]::result::Result<(), alloc[2e1b2a31b91974c5]::boxed::Box<dyn core[a373ad73a504971]::error::Error>>>>>>::{closure#0}::{closure#0}>
[INFO] [stdout]   15:     0x5597ed8bbede - <tokio[5e721cfa0ea6c687]::runtime::context::scoped::Scoped<tokio[5e721cfa0ea6c687]::runtime::scheduler::Context>>::set::<<tokio[5e721cfa0ea6c687]::runtime::scheduler::current_thread::CoreGuard>::enter<<tokio[5e721cfa0ea6c687]::runtime::scheduler::current_thread::CoreGuard>::block_on<core[a373ad73a504971]::pin::Pin<&mut core[a373ad73a504971]::pin::Pin<&mut dyn core[a373ad73a504971]::future::future::Future<Output = core[a373ad73a504971]::result::Result<(), alloc[2e1b2a31b91974c5]::boxed::Box<dyn core[a373ad73a504971]::error::Error>>>>>>::{closure#0}, core[a373ad73a504971]::option::Option<core[a373ad73a504971]::result::Result<(), alloc[2e1b2a31b91974c5]::boxed::Box<dyn core[a373ad73a504971]::error::Error>>>>::{closure#0}, (alloc[2e1b2a31b91974c5]::boxed::Box<tokio[5e721cfa0ea6c687]::runtime::scheduler::current_thread::Core>, core[a373ad73a504971]::option::Option<core[a373ad73a504971]::result::Result<(), alloc[2e1b2a31b91974c5]::boxed::Box<dyn core[a373ad73a504971]::error::Error>>>)>
[INFO] [stdout]   16:     0x5597ed8d3d9c - <tokio[5e721cfa0ea6c687]::runtime::scheduler::current_thread::CurrentThread>::block_on::<core[a373ad73a504971]::pin::Pin<&mut dyn core[a373ad73a504971]::future::future::Future<Output = core[a373ad73a504971]::result::Result<(), alloc[2e1b2a31b91974c5]::boxed::Box<dyn core[a373ad73a504971]::error::Error>>>>>
[INFO] [stdout]   17:     0x5597ed8af732 - <tokio[5e721cfa0ea6c687]::runtime::runtime::Runtime>::block_on::<core[a373ad73a504971]::pin::Pin<&mut dyn core[a373ad73a504971]::future::future::Future<Output = core[a373ad73a504971]::result::Result<(), alloc[2e1b2a31b91974c5]::boxed::Box<dyn core[a373ad73a504971]::error::Error>>>>>
[INFO] [stdout]   18:     0x5597ed864ccf - <i18n[aeefb5088a0c567c]::existing_original_message_is_preserved::{closure#0} as core[a373ad73a504971]::ops::function::FnOnce<()>>::call_once
[INFO] [stdout]   19:     0x5597ed8d977b - test[aada8e7e76ba119b]::__rust_begin_short_backtrace::<core[a373ad73a504971]::result::Result<(), alloc[2e1b2a31b91974c5]::string::String>, fn() -> core[a373ad73a504971]::result::Result<(), alloc[2e1b2a31b91974c5]::string::String>>
[INFO] [stdout]   20:     0x5597ed8e6955 - test[aada8e7e76ba119b]::run_test::{closure#0}
[INFO] [stdout]   21:     0x5597ed8e0244 - std[617be2ca0a6fd877]::sys::backtrace::__rust_begin_short_backtrace::<test[aada8e7e76ba119b]::run_test::{closure#1}, ()>
[INFO] [stdout]   22:     0x5597ed8e99e2 - <std[617be2ca0a6fd877]::thread::lifecycle::spawn_unchecked<test[aada8e7e76ba119b]::run_test::{closure#1}, ()>::{closure#1} as core[a373ad73a504971]::ops::function::FnOnce<()>>::call_once::{shim:vtable#0}
[INFO] [stdout]   23:     0x5597edb0338f - <std[617be2ca0a6fd877]::sys::thread::unix::Thread>::new::thread_start
[INFO] [stdout]   24:     0x75d422bd5dfa - <unknown>
[INFO] [stdout]   25:     0x75d422c693d4 - clone
[INFO] [stdout]   26:                0x0 - <unknown>
[INFO] [stdout] 
[INFO] [stdout] ---- arbitrary_json_with_code_and_message_is_not_translated stdout ----
[INFO] [stdout] 
[INFO] [stdout] thread 'arbitrary_json_with_code_and_message_is_not_translated' (1169) panicked at tests/i18n.rs:1759:5:
[INFO] [stdout] assertion `left == right` failed
[INFO] [stdout]   left: String("Too many requests. Please try again later.")
[INFO] [stdout]  right: "Original message"
[INFO] [stdout] stack backtrace:
[INFO] [stdout]    0:     0x5597edb03b31 - <<std[617be2ca0a6fd877]::sys::backtrace::BacktraceLock>::print::DisplayBacktrace as core[a373ad73a504971]::fmt::Display>::fmt
[INFO] [stdout]    1:     0x5597edb1a25a - core[a373ad73a504971]::fmt::write
[INFO] [stdout]    2:     0x5597edb07d4c - <alloc[2e1b2a31b91974c5]::vec::Vec<u8> as core[a373ad73a504971]::io::write::Write>::write_fmt
[INFO] [stdout]    3:     0x5597edadfc26 - std[617be2ca0a6fd877]::panicking::default_hook::{closure#0}
[INFO] [stdout]    4:     0x5597edafc0e9 - std[617be2ca0a6fd877]::panicking::default_hook
[INFO] [stdout]    5:     0x5597ed8e6330 - test[aada8e7e76ba119b]::test_main_inner::{closure#0}
[INFO] [stdout]    6:     0x5597edafc2a2 - std[617be2ca0a6fd877]::panicking::panic_with_hook
[INFO] [stdout]    7:     0x5597edadfcd2 - std[617be2ca0a6fd877]::panicking::panic_handler::{closure#0}
[INFO] [stdout]    8:     0x5597edad89e9 - std[617be2ca0a6fd877]::sys::backtrace::__rust_end_short_backtrace::<std[617be2ca0a6fd877]::panicking::panic_handler::{closure#0}, !>
[INFO] [stdout]    9:     0x5597edae08dd - __rustc[ea4f61d10b84890b]::rust_begin_unwind
[INFO] [stdout]   10:     0x5597edb1a9bc - core[a373ad73a504971]::panicking::panic_fmt
[INFO] [stdout]   11:     0x5597edb1a8d3 - core[a373ad73a504971]::panicking::assert_failed_inner
[INFO] [stdout]   12:     0x5597ed8d1b24 - core[a373ad73a504971]::panicking::assert_failed::<serde_json[db6ebb2b223e20cc]::value::Value, &str>
[INFO] [stdout]   13:     0x5597ed8518d1 - i18n[aeefb5088a0c567c]::arbitrary_json_with_code_and_message_is_not_translated::{closure#0}
[INFO] [stdout]   14:     0x5597ed8d415d - <tokio[5e721cfa0ea6c687]::runtime::scheduler::current_thread::Context>::enter::<core[a373ad73a504971]::task::poll::Poll<core[a373ad73a504971]::result::Result<(), alloc[2e1b2a31b91974c5]::boxed::Box<dyn core[a373ad73a504971]::error::Error>>>, <tokio[5e721cfa0ea6c687]::runtime::scheduler::current_thread::CoreGuard>::block_on<core[a373ad73a504971]::pin::Pin<&mut core[a373ad73a504971]::pin::Pin<&mut dyn core[a373ad73a504971]::future::future::Future<Output = core[a373ad73a504971]::result::Result<(), alloc[2e1b2a31b91974c5]::boxed::Box<dyn core[a373ad73a504971]::error::Error>>>>>>::{closure#0}::{closure#0}>
[INFO] [stdout]   15:     0x5597ed8bbede - <tokio[5e721cfa0ea6c687]::runtime::context::scoped::Scoped<tokio[5e721cfa0ea6c687]::runtime::scheduler::Context>>::set::<<tokio[5e721cfa0ea6c687]::runtime::scheduler::current_thread::CoreGuard>::enter<<tokio[5e721cfa0ea6c687]::runtime::scheduler::current_thread::CoreGuard>::block_on<core[a373ad73a504971]::pin::Pin<&mut core[a373ad73a504971]::pin::Pin<&mut dyn core[a373ad73a504971]::future::future::Future<Output = core[a373ad73a504971]::result::Result<(), alloc[2e1b2a31b91974c5]::boxed::Box<dyn core[a373ad73a504971]::error::Error>>>>>>::{closure#0}, core[a373ad73a504971]::option::Option<core[a373ad73a504971]::result::Result<(), alloc[2e1b2a31b91974c5]::boxed::Box<dyn core[a373ad73a504971]::error::Error>>>>::{closure#0}, (alloc[2e1b2a31b91974c5]::boxed::Box<tokio[5e721cfa0ea6c687]::runtime::scheduler::current_thread::Core>, core[a373ad73a504971]::option::Option<core[a373ad73a504971]::result::Result<(), alloc[2e1b2a31b91974c5]::boxed::Box<dyn core[a373ad73a504971]::error::Error>>>)>
[INFO] [stdout]   16:     0x5597ed8d3d9c - <tokio[5e721cfa0ea6c687]::runtime::scheduler::current_thread::CurrentThread>::block_on::<core[a373ad73a504971]::pin::Pin<&mut dyn core[a373ad73a504971]::future::future::Future<Output = core[a373ad73a504971]::result::Result<(), alloc[2e1b2a31b91974c5]::boxed::Box<dyn core[a373ad73a504971]::error::Error>>>>>
[INFO] [stdout]   17:     0x5597ed8af732 - <tokio[5e721cfa0ea6c687]::runtime::runtime::Runtime>::block_on::<core[a373ad73a504971]::pin::Pin<&mut dyn core[a373ad73a504971]::future::future::Future<Output = core[a373ad73a504971]::result::Result<(), alloc[2e1b2a31b91974c5]::boxed::Box<dyn core[a373ad73a504971]::error::Error>>>>>
[INFO] [stdout]   18:     0x5597ed86962f - <i18n[aeefb5088a0c567c]::arbitrary_json_with_code_and_message_is_not_translated::{closure#0} as core[a373ad73a504971]::ops::function::FnOnce<()>>::call_once
[INFO] [stdout]   19:     0x5597ed8d977b - test[aada8e7e76ba119b]::__rust_begin_short_backtrace::<core[a373ad73a504971]::result::Result<(), alloc[2e1b2a31b91974c5]::string::String>, fn() -> core[a373ad73a504971]::result::Result<(), alloc[2e1b2a31b91974c5]::string::String>>
[INFO] [stdout]   20:     0x5597ed8e6955 - test[aada8e7e76ba119b]::run_test::{closure#0}
[INFO] [stdout]   21:     0x5597ed8e0244 - std[617be2ca0a6fd877]::sys::backtrace::__rust_begin_short_backtrace::<test[aada8e7e76ba119b]::run_test::{closure#1}, ()>
[INFO] [stdout]   22:     0x5597ed8e99e2 - <std[617be2ca0a6fd877]::thread::lifecycle::spawn_unchecked<test[aada8e7e76ba119b]::run_test::{closure#1}, ()>::{closure#1} as core[a373ad73a504971]::ops::function::FnOnce<()>>::call_once::{shim:vtable#0}
[INFO] [stdout]   23:     0x5597edb0338f - <std[617be2ca0a6fd877]::sys::thread::unix::Thread>::new::thread_start
[INFO] [stdout]   24:     0x75d422bd5dfa - <unknown>
[INFO] [stdout]   25:     0x75d422c693d4 - clone
[INFO] [stdout]   26:                0x0 - <unknown>
[INFO] [stdout] 
[INFO] [stdout] ---- session_detection_reads_default_locale_field stdout ----
[INFO] [stdout] 
[INFO] [stdout] thread 'session_detection_reads_default_locale_field' (1197) panicked at tests/i18n.rs:794:5:
[INFO] [stdout] assertion `left == right` failed
[INFO] [stdout]   left: String("Too many requests. Please try again later.")
[INFO] [stdout]  right: "Email ou mot de passe invalide"
[INFO] [stdout] stack backtrace:
[INFO] [stdout]    0:     0x5597edb03b31 - <<std[617be2ca0a6fd877]::sys::backtrace::BacktraceLock>::print::DisplayBacktrace as core[a373ad73a504971]::fmt::Display>::fmt
[INFO] [stdout]    1:     0x5597edb1a25a - core[a373ad73a504971]::fmt::write
[INFO] [stdout]    2:     0x5597edb07d4c - <alloc[2e1b2a31b91974c5]::vec::Vec<u8> as core[a373ad73a504971]::io::write::Write>::write_fmt
[INFO] [stdout]    3:     0x5597edadfc26 - std[617be2ca0a6fd877]::panicking::default_hook::{closure#0}
[INFO] [stdout]    4:     0x5597edafc0e9 - std[617be2ca0a6fd877]::panicking::default_hook
[INFO] [stdout]    5:     0x5597ed8e6330 - test[aada8e7e76ba119b]::test_main_inner::{closure#0}
[INFO] [stdout]    6:     0x5597edafc2a2 - std[617be2ca0a6fd877]::panicking::panic_with_hook
[INFO] [stdout]    7:     0x5597edadfcd2 - std[617be2ca0a6fd877]::panicking::panic_handler::{closure#0}
[INFO] [stdout]    8:     0x5597edad89e9 - std[617be2ca0a6fd877]::sys::backtrace::__rust_end_short_backtrace::<std[617be2ca0a6fd877]::panicking::panic_handler::{closure#0}, !>
[INFO] [stdout]    9:     0x5597edae08dd - __rustc[ea4f61d10b84890b]::rust_begin_unwind
[INFO] [stdout]   10:     0x5597edb1a9bc - core[a373ad73a504971]::panicking::panic_fmt
[INFO] [stdout]   11:     0x5597edb1a8d3 - core[a373ad73a504971]::panicking::assert_failed_inner
[INFO] [stdout]   12:     0x5597ed8d1b24 - core[a373ad73a504971]::panicking::assert_failed::<serde_json[db6ebb2b223e20cc]::value::Value, &str>
[INFO] [stdout]   13:     0x5597ed83e00a - i18n[aeefb5088a0c567c]::session_detection_reads_default_locale_field::{closure#0}
[INFO] [stdout]   14:     0x5597ed8d415d - <tokio[5e721cfa0ea6c687]::runtime::scheduler::current_thread::Context>::enter::<core[a373ad73a504971]::task::poll::Poll<core[a373ad73a504971]::result::Result<(), alloc[2e1b2a31b91974c5]::boxed::Box<dyn core[a373ad73a504971]::error::Error>>>, <tokio[5e721cfa0ea6c687]::runtime::scheduler::current_thread::CoreGuard>::block_on<core[a373ad73a504971]::pin::Pin<&mut core[a373ad73a504971]::pin::Pin<&mut dyn core[a373ad73a504971]::future::future::Future<Output = core[a373ad73a504971]::result::Result<(), alloc[2e1b2a31b91974c5]::boxed::Box<dyn core[a373ad73a504971]::error::Error>>>>>>::{closure#0}::{closure#0}>
[INFO] [stdout]   15:     0x5597ed8bbede - <tokio[5e721cfa0ea6c687]::runtime::context::scoped::Scoped<tokio[5e721cfa0ea6c687]::runtime::scheduler::Context>>::set::<<tokio[5e721cfa0ea6c687]::runtime::scheduler::current_thread::CoreGuard>::enter<<tokio[5e721cfa0ea6c687]::runtime::scheduler::current_thread::CoreGuard>::block_on<core[a373ad73a504971]::pin::Pin<&mut core[a373ad73a504971]::pin::Pin<&mut dyn core[a373ad73a504971]::future::future::Future<Output = core[a373ad73a504971]::result::Result<(), alloc[2e1b2a31b91974c5]::boxed::Box<dyn core[a373ad73a504971]::error::Error>>>>>>::{closure#0}, core[a373ad73a504971]::option::Option<core[a373ad73a504971]::result::Result<(), alloc[2e1b2a31b91974c5]::boxed::Box<dyn core[a373ad73a504971]::error::Error>>>>::{closure#0}, (alloc[2e1b2a31b91974c5]::boxed::Box<tokio[5e721cfa0ea6c687]::runtime::scheduler::current_thread::Core>, core[a373ad73a504971]::option::Option<core[a373ad73a504971]::result::Result<(), alloc[2e1b2a31b91974c5]::boxed::Box<dyn core[a373ad73a504971]::error::Error>>>)>
[INFO] [stdout]   16:     0x5597ed8d3d9c - <tokio[5e721cfa0ea6c687]::runtime::scheduler::current_thread::CurrentThread>::block_on::<core[a373ad73a504971]::pin::Pin<&mut dyn core[a373ad73a504971]::future::future::Future<Output = core[a373ad73a504971]::result::Result<(), alloc[2e1b2a31b91974c5]::boxed::Box<dyn core[a373ad73a504971]::error::Error>>>>>
[INFO] [stdout]   17:     0x5597ed8af732 - <tokio[5e721cfa0ea6c687]::runtime::runtime::Runtime>::block_on::<core[a373ad73a504971]::pin::Pin<&mut dyn core[a373ad73a504971]::future::future::Future<Output = core[a373ad73a504971]::result::Result<(), alloc[2e1b2a31b91974c5]::boxed::Box<dyn core[a373ad73a504971]::error::Error>>>>>
[INFO] [stdout]   18:     0x5597ed8665ef - <i18n[aeefb5088a0c567c]::session_detection_reads_default_locale_field::{closure#0} as core[a373ad73a504971]::ops::function::FnOnce<()>>::call_once
[INFO] [stdout]   19:     0x5597ed8d977b - test[aada8e7e76ba119b]::__rust_begin_short_backtrace::<core[a373ad73a504971]::result::Result<(), alloc[2e1b2a31b91974c5]::string::String>, fn() -> core[a373ad73a504971]::result::Result<(), alloc[2e1b2a31b91974c5]::string::String>>
[INFO] [stdout]   20:     0x5597ed8e6955 - test[aada8e7e76ba119b]::run_test::{closure#0}
[INFO] [stdout]   21:     0x5597ed8e0244 - std[617be2ca0a6fd877]::sys::backtrace::__rust_begin_short_backtrace::<test[aada8e7e76ba119b]::run_test::{closure#1}, ()>
[INFO] [stdout]   22:     0x5597ed8e99e2 - <std[617be2ca0a6fd877]::thread::lifecycle::spawn_unchecked<test[aada8e7e76ba119b]::run_test::{closure#1}, ()>::{closure#1} as core[a373ad73a504971]::ops::function::FnOnce<()>>::call_once::{shim:vtable#0}
[INFO] [stdout]   23:     0x5597edb0338f - <std[617be2ca0a6fd877]::sys::thread::unix::Thread>::new::thread_start
[INFO] [stdout]   24:     0x75d422bd5dfa - <unknown>
[INFO] [stdout]   25:     0x75d422c693d4 - clone
[INFO] [stdout]   26:                0x0 - <unknown>
[INFO] [stdout] 
[INFO] [stdout] ---- session_detection_reads_user_locale_field_from_request_state stdout ----
[INFO] [stdout] 
[INFO] [stdout] thread 'session_detection_reads_user_locale_field_from_request_state' (1199) panicked at tests/i18n.rs:750:5:
[INFO] [stdout] assertion `left == right` failed
[INFO] [stdout]   left: String("Too many requests. Please try again later.")
[INFO] [stdout]  right: "Message depuis la session"
[INFO] [stdout] stack backtrace:
[INFO] [stdout]    0:     0x5597edb03b31 - <<std[617be2ca0a6fd877]::sys::backtrace::BacktraceLock>::print::DisplayBacktrace as core[a373ad73a504971]::fmt::Display>::fmt
[INFO] [stdout]    1:     0x5597edb1a25a - core[a373ad73a504971]::fmt::write
[INFO] [stdout]    2:     0x5597edb07d4c - <alloc[2e1b2a31b91974c5]::vec::Vec<u8> as core[a373ad73a504971]::io::write::Write>::write_fmt
[INFO] [stdout]    3:     0x5597edadfc26 - std[617be2ca0a6fd877]::panicking::default_hook::{closure#0}
[INFO] [stdout]    4:     0x5597edafc0e9 - std[617be2ca0a6fd877]::panicking::default_hook
[INFO] [stdout]    5:     0x5597ed8e6330 - test[aada8e7e76ba119b]::test_main_inner::{closure#0}
[INFO] [stdout]    6:     0x5597edafc2a2 - std[617be2ca0a6fd877]::panicking::panic_with_hook
[INFO] [stdout]    7:     0x5597edadfcd2 - std[617be2ca0a6fd877]::panicking::panic_handler::{closure#0}
[INFO] [stdout]    8:     0x5597edad89e9 - std[617be2ca0a6fd877]::sys::backtrace::__rust_end_short_backtrace::<std[617be2ca0a6fd877]::panicking::panic_handler::{closure#0}, !>
[INFO] [stdout]    9:     0x5597edae08dd - __rustc[ea4f61d10b84890b]::rust_begin_unwind
[INFO] [stdout]   10:     0x5597edb1a9bc - core[a373ad73a504971]::panicking::panic_fmt
[INFO] [stdout]   11:     0x5597edb1a8d3 - core[a373ad73a504971]::panicking::assert_failed_inner
[INFO] [stdout]   12:     0x5597ed8d1b24 - core[a373ad73a504971]::panicking::assert_failed::<serde_json[db6ebb2b223e20cc]::value::Value, &str>
[INFO] [stdout]   13:     0x5597ed859b01 - i18n[aeefb5088a0c567c]::session_detection_reads_user_locale_field_from_request_state::{closure#0}
[INFO] [stdout]   14:     0x5597ed8d415d - <tokio[5e721cfa0ea6c687]::runtime::scheduler::current_thread::Context>::enter::<core[a373ad73a504971]::task::poll::Poll<core[a373ad73a504971]::result::Result<(), alloc[2e1b2a31b91974c5]::boxed::Box<dyn core[a373ad73a504971]::error::Error>>>, <tokio[5e721cfa0ea6c687]::runtime::scheduler::current_thread::CoreGuard>::block_on<core[a373ad73a504971]::pin::Pin<&mut core[a373ad73a504971]::pin::Pin<&mut dyn core[a373ad73a504971]::future::future::Future<Output = core[a373ad73a504971]::result::Result<(), alloc[2e1b2a31b91974c5]::boxed::Box<dyn core[a373ad73a504971]::error::Error>>>>>>::{closure#0}::{closure#0}>
[INFO] [stdout]   15:     0x5597ed8bbede - <tokio[5e721cfa0ea6c687]::runtime::context::scoped::Scoped<tokio[5e721cfa0ea6c687]::runtime::scheduler::Context>>::set::<<tokio[5e721cfa0ea6c687]::runtime::scheduler::current_thread::CoreGuard>::enter<<tokio[5e721cfa0ea6c687]::runtime::scheduler::current_thread::CoreGuard>::block_on<core[a373ad73a504971]::pin::Pin<&mut core[a373ad73a504971]::pin::Pin<&mut dyn core[a373ad73a504971]::future::future::Future<Output = core[a373ad73a504971]::result::Result<(), alloc[2e1b2a31b91974c5]::boxed::Box<dyn core[a373ad73a504971]::error::Error>>>>>>::{closure#0}, core[a373ad73a504971]::option::Option<core[a373ad73a504971]::result::Result<(), alloc[2e1b2a31b91974c5]::boxed::Box<dyn core[a373ad73a504971]::error::Error>>>>::{closure#0}, (alloc[2e1b2a31b91974c5]::boxed::Box<tokio[5e721cfa0ea6c687]::runtime::scheduler::current_thread::Core>, core[a373ad73a504971]::option::Option<core[a373ad73a504971]::result::Result<(), alloc[2e1b2a31b91974c5]::boxed::Box<dyn core[a373ad73a504971]::error::Error>>>)>
[INFO] [stdout]   16:     0x5597ed8d3d9c - <tokio[5e721cfa0ea6c687]::runtime::scheduler::current_thread::CurrentThread>::block_on::<core[a373ad73a504971]::pin::Pin<&mut dyn core[a373ad73a504971]::future::future::Future<Output = core[a373ad73a504971]::result::Result<(), alloc[2e1b2a31b91974c5]::boxed::Box<dyn core[a373ad73a504971]::error::Error>>>>>
[INFO] [stdout]   17:     0x5597ed8af732 - <tokio[5e721cfa0ea6c687]::runtime::runtime::Runtime>::block_on::<core[a373ad73a504971]::pin::Pin<&mut dyn core[a373ad73a504971]::future::future::Future<Output = core[a373ad73a504971]::result::Result<(), alloc[2e1b2a31b91974c5]::boxed::Box<dyn core[a373ad73a504971]::error::Error>>>>>
[INFO] [stdout]   18:     0x5597ed869e4f - <i18n[aeefb5088a0c567c]::session_detection_reads_user_locale_field_from_request_state::{closure#0} as core[a373ad73a504971]::ops::function::FnOnce<()>>::call_once
[INFO] [stdout]   19:     0x5597ed8d977b - test[aada8e7e76ba119b]::__rust_begin_short_backtrace::<core[a373ad73a504971]::result::Result<(), alloc[2e1b2a31b91974c5]::string::String>, fn() -> core[a373ad73a504971]::result::Result<(), alloc[2e1b2a31b91974c5]::string::String>>
[INFO] [stdout]   20:     0x5597ed8e6955 - test[aada8e7e76ba119b]::run_test::{closure#0}
[INFO] [stdout]   21:     0x5597ed8e0244 - std[617be2ca0a6fd877]::sys::backtrace::__rust_begin_short_backtrace::<test[aada8e7e76ba119b]::run_test::{closure#1}, ()>
[INFO] [stdout]   22:     0x5597ed8e99e2 - <std[617be2ca0a6fd877]::thread::lifecycle::spawn_unchecked<test[aada8e7e76ba119b]::run_test::{closure#1}, ()>::{closure#1} as core[a373ad73a504971]::ops::function::FnOnce<()>>::call_once::{shim:vtable#0}
[INFO] [stdout]   23:     0x5597edb0338f - <std[617be2ca0a6fd877]::sys::thread::unix::Thread>::new::thread_start
[INFO] [stdout]   24:     0x75d422bd5dfa - <unknown>
[INFO] [stdout]   25:     0x75d422c693d4 - clone
[INFO] [stdout]   26:                0x0 - <unknown>
[INFO] [stdout] 
[INFO] [stdout] ---- non_string_error_code_leaves_error_unchanged stdout ----
[INFO] [stdout] 
[INFO] [stdout] thread 'non_string_error_code_leaves_error_unchanged' (1191) panicked at tests/i18n.rs:1624:5:
[INFO] [stdout] assertion `left == right` failed
[INFO] [stdout]   left: String("TOO_MANY_REQUESTS")
[INFO] [stdout]  right: 123
[INFO] [stdout] stack backtrace:
[INFO] [stdout]    0:     0x5597edb03b31 - <<std[617be2ca0a6fd877]::sys::backtrace::BacktraceLock>::print::DisplayBacktrace as core[a373ad73a504971]::fmt::Display>::fmt
[INFO] [stdout]    1:     0x5597edb1a25a - core[a373ad73a504971]::fmt::write
[INFO] [stdout]    2:     0x5597edb07d4c - <alloc[2e1b2a31b91974c5]::vec::Vec<u8> as core[a373ad73a504971]::io::write::Write>::write_fmt
[INFO] [stdout]    3:     0x5597edadfc26 - std[617be2ca0a6fd877]::panicking::default_hook::{closure#0}
[INFO] [stdout]    4:     0x5597edafc0e9 - std[617be2ca0a6fd877]::panicking::default_hook
[INFO] [stdout]    5:     0x5597ed8e6330 - test[aada8e7e76ba119b]::test_main_inner::{closure#0}
[INFO] [stdout]    6:     0x5597edafc2a2 - std[617be2ca0a6fd877]::panicking::panic_with_hook
[INFO] [stdout]    7:     0x5597edadfcd2 - std[617be2ca0a6fd877]::panicking::panic_handler::{closure#0}
[INFO] [stdout]    8:     0x5597edad89e9 - std[617be2ca0a6fd877]::sys::backtrace::__rust_end_short_backtrace::<std[617be2ca0a6fd877]::panicking::panic_handler::{closure#0}, !>
[INFO] [stdout]    9:     0x5597edae08dd - __rustc[ea4f61d10b84890b]::rust_begin_unwind
[INFO] [stdout]   10:     0x5597edb1a9bc - core[a373ad73a504971]::panicking::panic_fmt
[INFO] [stdout]   11:     0x5597edb1a8d3 - core[a373ad73a504971]::panicking::assert_failed_inner
[INFO] [stdout]   12:     0x5597ed8d1b5b - core[a373ad73a504971]::panicking::assert_failed::<serde_json[db6ebb2b223e20cc]::value::Value, i32>
[INFO] [stdout]   13:     0x5597ed83c6a4 - i18n[aeefb5088a0c567c]::non_string_error_code_leaves_error_unchanged::{closure#0}
[INFO] [stdout]   14:     0x5597ed8d415d - <tokio[5e721cfa0ea6c687]::runtime::scheduler::current_thread::Context>::enter::<core[a373ad73a504971]::task::poll::Poll<core[a373ad73a504971]::result::Result<(), alloc[2e1b2a31b91974c5]::boxed::Box<dyn core[a373ad73a504971]::error::Error>>>, <tokio[5e721cfa0ea6c687]::runtime::scheduler::current_thread::CoreGuard>::block_on<core[a373ad73a504971]::pin::Pin<&mut core[a373ad73a504971]::pin::Pin<&mut dyn core[a373ad73a504971]::future::future::Future<Output = core[a373ad73a504971]::result::Result<(), alloc[2e1b2a31b91974c5]::boxed::Box<dyn core[a373ad73a504971]::error::Error>>>>>>::{closure#0}::{closure#0}>
[INFO] [stdout]   15:     0x5597ed8bbede - <tokio[5e721cfa0ea6c687]::runtime::context::scoped::Scoped<tokio[5e721cfa0ea6c687]::runtime::scheduler::Context>>::set::<<tokio[5e721cfa0ea6c687]::runtime::scheduler::current_thread::CoreGuard>::enter<<tokio[5e721cfa0ea6c687]::runtime::scheduler::current_thread::CoreGuard>::block_on<core[a373ad73a504971]::pin::Pin<&mut core[a373ad73a504971]::pin::Pin<&mut dyn core[a373ad73a504971]::future::future::Future<Output = core[a373ad73a504971]::result::Result<(), alloc[2e1b2a31b91974c5]::boxed::Box<dyn core[a373ad73a504971]::error::Error>>>>>>::{closure#0}, core[a373ad73a504971]::option::Option<core[a373ad73a504971]::result::Result<(), alloc[2e1b2a31b91974c5]::boxed::Box<dyn core[a373ad73a504971]::error::Error>>>>::{closure#0}, (alloc[2e1b2a31b91974c5]::boxed::Box<tokio[5e721cfa0ea6c687]::runtime::scheduler::current_thread::Core>, core[a373ad73a504971]::option::Option<core[a373ad73a504971]::result::Result<(), alloc[2e1b2a31b91974c5]::boxed::Box<dyn core[a373ad73a504971]::error::Error>>>)>
[INFO] [stdout]   16:     0x5597ed8d3d9c - <tokio[5e721cfa0ea6c687]::runtime::scheduler::current_thread::CurrentThread>::block_on::<core[a373ad73a504971]::pin::Pin<&mut dyn core[a373ad73a504971]::future::future::Future<Output = core[a373ad73a504971]::result::Result<(), alloc[2e1b2a31b91974c5]::boxed::Box<dyn core[a373ad73a504971]::error::Error>>>>>
[INFO] [stdout]   17:     0x5597ed8af732 - <tokio[5e721cfa0ea6c687]::runtime::runtime::Runtime>::block_on::<core[a373ad73a504971]::pin::Pin<&mut dyn core[a373ad73a504971]::future::future::Future<Output = core[a373ad73a504971]::result::Result<(), alloc[2e1b2a31b91974c5]::boxed::Box<dyn core[a373ad73a504971]::error::Error>>>>>
[INFO] [stdout]   18:     0x5597ed8663df - <i18n[aeefb5088a0c567c]::non_string_error_code_leaves_error_unchanged::{closure#0} as core[a373ad73a504971]::ops::function::FnOnce<()>>::call_once
[INFO] [stdout]   19:     0x5597ed8d977b - test[aada8e7e76ba119b]::__rust_begin_short_backtrace::<core[a373ad73a504971]::result::Result<(), alloc[2e1b2a31b91974c5]::string::String>, fn() -> core[a373ad73a504971]::result::Result<(), alloc[2e1b2a31b91974c5]::string::String>>
[INFO] [stdout]   20:     0x5597ed8e6955 - test[aada8e7e76ba119b]::run_test::{closure#0}
[INFO] [stdout]   21:     0x5597ed8e0244 - std[617be2ca0a6fd877]::sys::backtrace::__rust_begin_short_backtrace::<test[aada8e7e76ba119b]::run_test::{closure#1}, ()>
[INFO] [stdout]   22:     0x5597ed8e99e2 - <std[617be2ca0a6fd877]::thread::lifecycle::spawn_unchecked<test[aada8e7e76ba119b]::run_test::{closure#1}, ()>::{closure#1} as core[a373ad73a504971]::ops::function::FnOnce<()>>::call_once::{shim:vtable#0}
[INFO] [stdout]   23:     0x5597edb0338f - <std[617be2ca0a6fd877]::sys::thread::unix::Thread>::new::thread_start
[INFO] [stdout]   24:     0x75d422bd5dfa - <unknown>
[INFO] [stdout]   25:     0x75d422c693d4 - clone
[INFO] [stdout]   26:                0x0 - <unknown>
[INFO] [stdout] 
[INFO] [stdout] ---- session_detection_reads_locale_from_session_cookie_hydration stdout ----
[INFO] [stdout] 
[INFO] [stdout] thread 'session_detection_reads_locale_from_session_cookie_hydration' (1198) panicked at tests/i18n.rs:1868:5:
[INFO] [stdout] assertion `left == right` failed
[INFO] [stdout]   left: String("Too many requests. Please try again later.")
[INFO] [stdout]  right: "Email ou mot de passe invalide"
[INFO] [stdout] stack backtrace:
[INFO] [stdout]    0:     0x5597edb03b31 - <<std[617be2ca0a6fd877]::sys::backtrace::BacktraceLock>::print::DisplayBacktrace as core[a373ad73a504971]::fmt::Display>::fmt
[INFO] [stdout]    1:     0x5597edb1a25a - core[a373ad73a504971]::fmt::write
[INFO] [stdout]    2:     0x5597edb07d4c - <alloc[2e1b2a31b91974c5]::vec::Vec<u8> as core[a373ad73a504971]::io::write::Write>::write_fmt
[INFO] [stdout]    3:     0x5597edadfc26 - std[617be2ca0a6fd877]::panicking::default_hook::{closure#0}
[INFO] [stdout]    4:     0x5597edafc0e9 - std[617be2ca0a6fd877]::panicking::default_hook
[INFO] [stdout]    5:     0x5597ed8e6330 - test[aada8e7e76ba119b]::test_main_inner::{closure#0}
[INFO] [stdout]    6:     0x5597edafc2a2 - std[617be2ca0a6fd877]::panicking::panic_with_hook
[INFO] [stdout]    7:     0x5597edadfcd2 - std[617be2ca0a6fd877]::panicking::panic_handler::{closure#0}
[INFO] [stdout]    8:     0x5597edad89e9 - std[617be2ca0a6fd877]::sys::backtrace::__rust_end_short_backtrace::<std[617be2ca0a6fd877]::panicking::panic_handler::{closure#0}, !>
[INFO] [stdout]    9:     0x5597edae08dd - __rustc[ea4f61d10b84890b]::rust_begin_unwind
[INFO] [stdout]   10:     0x5597edb1a9bc - core[a373ad73a504971]::panicking::panic_fmt
[INFO] [stdout]   11:     0x5597edb1a8d3 - core[a373ad73a504971]::panicking::assert_failed_inner
[INFO] [stdout]   12:     0x5597ed8d1b24 - core[a373ad73a504971]::panicking::assert_failed::<serde_json[db6ebb2b223e20cc]::value::Value, &str>
[INFO] [stdout]   13:     0x5597ed857ad4 - i18n[aeefb5088a0c567c]::session_detection_reads_locale_from_session_cookie_hydration::{closure#0}
[INFO] [stdout]   14:     0x5597ed8d415d - <tokio[5e721cfa0ea6c687]::runtime::scheduler::current_thread::Context>::enter::<core[a373ad73a504971]::task::poll::Poll<core[a373ad73a504971]::result::Result<(), alloc[2e1b2a31b91974c5]::boxed::Box<dyn core[a373ad73a504971]::error::Error>>>, <tokio[5e721cfa0ea6c687]::runtime::scheduler::current_thread::CoreGuard>::block_on<core[a373ad73a504971]::pin::Pin<&mut core[a373ad73a504971]::pin::Pin<&mut dyn core[a373ad73a504971]::future::future::Future<Output = core[a373ad73a504971]::result::Result<(), alloc[2e1b2a31b91974c5]::boxed::Box<dyn core[a373ad73a504971]::error::Error>>>>>>::{closure#0}::{closure#0}>
[INFO] [stdout]   15:     0x5597ed8bbede - <tokio[5e721cfa0ea6c687]::runtime::context::scoped::Scoped<tokio[5e721cfa0ea6c687]::runtime::scheduler::Context>>::set::<<tokio[5e721cfa0ea6c687]::runtime::scheduler::current_thread::CoreGuard>::enter<<tokio[5e721cfa0ea6c687]::runtime::scheduler::current_thread::CoreGuard>::block_on<core[a373ad73a504971]::pin::Pin<&mut core[a373ad73a504971]::pin::Pin<&mut dyn core[a373ad73a504971]::future::future::Future<Output = core[a373ad73a504971]::result::Result<(), alloc[2e1b2a31b91974c5]::boxed::Box<dyn core[a373ad73a504971]::error::Error>>>>>>::{closure#0}, core[a373ad73a504971]::option::Option<core[a373ad73a504971]::result::Result<(), alloc[2e1b2a31b91974c5]::boxed::Box<dyn core[a373ad73a504971]::error::Error>>>>::{closure#0}, (alloc[2e1b2a31b91974c5]::boxed::Box<tokio[5e721cfa0ea6c687]::runtime::scheduler::current_thread::Core>, core[a373ad73a504971]::option::Option<core[a373ad73a504971]::result::Result<(), alloc[2e1b2a31b91974c5]::boxed::Box<dyn core[a373ad73a504971]::error::Error>>>)>
[INFO] [stdout]   16:     0x5597ed8d3d9c - <tokio[5e721cfa0ea6c687]::runtime::scheduler::current_thread::CurrentThread>::block_on::<core[a373ad73a504971]::pin::Pin<&mut dyn core[a373ad73a504971]::future::future::Future<Output = core[a373ad73a504971]::result::Result<(), alloc[2e1b2a31b91974c5]::boxed::Box<dyn core[a373ad73a504971]::error::Error>>>>>
[INFO] [stdout]   17:     0x5597ed8af732 - <tokio[5e721cfa0ea6c687]::runtime::runtime::Runtime>::block_on::<core[a373ad73a504971]::pin::Pin<&mut dyn core[a373ad73a504971]::future::future::Future<Output = core[a373ad73a504971]::result::Result<(), alloc[2e1b2a31b91974c5]::boxed::Box<dyn core[a373ad73a504971]::error::Error>>>>>
[INFO] [stdout]   18:     0x5597ed869c6f - <i18n[aeefb5088a0c567c]::session_detection_reads_locale_from_session_cookie_hydration::{closure#0} as core[a373ad73a504971]::ops::function::FnOnce<()>>::call_once
[INFO] [stdout]   19:     0x5597ed8d977b - test[aada8e7e76ba119b]::__rust_begin_short_backtrace::<core[a373ad73a504971]::result::Result<(), alloc[2e1b2a31b91974c5]::string::String>, fn() -> core[a373ad73a504971]::result::Result<(), alloc[2e1b2a31b91974c5]::string::String>>
[INFO] [stdout]   20:     0x5597ed8e6955 - test[aada8e7e76ba119b]::run_test::{closure#0}
[INFO] [stdout]   21:     0x5597ed8e0244 - std[617be2ca0a6fd877]::sys::backtrace::__rust_begin_short_backtrace::<test[aada8e7e76ba119b]::run_test::{closure#1}, ()>
[INFO] [stdout]   22:     0x5597ed8e99e2 - <std[617be2ca0a6fd877]::thread::lifecycle::spawn_unchecked<test[aada8e7e76ba119b]::run_test::{closure#1}, ()>::{closure#1} as core[a373ad73a504971]::ops::function::FnOnce<()>>::call_once::{shim:vtable#0}
[INFO] [stdout]   23:     0x5597edb0338f - <std[617be2ca0a6fd877]::sys::thread::unix::Thread>::new::thread_start
[INFO] [stdout]   24:     0x75d422bd5dfa - <unknown>
[INFO] [stdout]   25:     0x75d422c693d4 - clone
[INFO] [stdout]   26:                0x0 - <unknown>
[INFO] [stdout] 
[INFO] [stdout] ---- text_plain_response_is_not_translated stdout ----
[INFO] [stdout] 
[INFO] [stdout] thread 'text_plain_response_is_not_translated' (1204) panicked at tests/i18n.rs:1730:5:
[INFO] [stdout] assertion `left == right` failed
[INFO] [stdout]   left: String("Too many requests. Please try again later.")
[INFO] [stdout]  right: "Original message"
[INFO] [stdout] stack backtrace:
[INFO] [stdout]    0:     0x5597edb03b31 - <<std[617be2ca0a6fd877]::sys::backtrace::BacktraceLock>::print::DisplayBacktrace as core[a373ad73a504971]::fmt::Display>::fmt
[INFO] [stdout]    1:     0x5597edb1a25a - core[a373ad73a504971]::fmt::write
[INFO] [stdout]    2:     0x5597edb07d4c - <alloc[2e1b2a31b91974c5]::vec::Vec<u8> as core[a373ad73a504971]::io::write::Write>::write_fmt
[INFO] [stdout]    3:     0x5597edadfc26 - std[617be2ca0a6fd877]::panicking::default_hook::{closure#0}
[INFO] [stdout]    4:     0x5597edafc0e9 - std[617be2ca0a6fd877]::panicking::default_hook
[INFO] [stdout]    5:     0x5597ed8e6330 - test[aada8e7e76ba119b]::test_main_inner::{closure#0}
[INFO] [stdout]    6:     0x5597edafc2a2 - std[617be2ca0a6fd877]::panicking::panic_with_hook
[INFO] [stdout]    7:     0x5597edadfcd2 - std[617be2ca0a6fd877]::panicking::panic_handler::{closure#0}
[INFO] [stdout]    8:     0x5597edad89e9 - std[617be2ca0a6fd877]::sys::backtrace::__rust_end_short_backtrace::<std[617be2ca0a6fd877]::panicking::panic_handler::{closure#0}, !>
[INFO] [stdout]    9:     0x5597edae08dd - __rustc[ea4f61d10b84890b]::rust_begin_unwind
[INFO] [stdout]   10:     0x5597edb1a9bc - core[a373ad73a504971]::panicking::panic_fmt
[INFO] [stdout]   11:     0x5597edb1a8d3 - core[a373ad73a504971]::panicking::assert_failed_inner
[INFO] [stdout]   12:     0x5597ed8d1b24 - core[a373ad73a504971]::panicking::assert_failed::<serde_json[db6ebb2b223e20cc]::value::Value, &str>
[INFO] [stdout]   13:     0x5597ed82e751 - i18n[aeefb5088a0c567c]::text_plain_response_is_not_translated::{closure#0}
[INFO] [stdout]   14:     0x5597ed8d415d - <tokio[5e721cfa0ea6c687]::runtime::scheduler::current_thread::Context>::enter::<core[a373ad73a504971]::task::poll::Poll<core[a373ad73a504971]::result::Result<(), alloc[2e1b2a31b91974c5]::boxed::Box<dyn core[a373ad73a504971]::error::Error>>>, <tokio[5e721cfa0ea6c687]::runtime::scheduler::current_thread::CoreGuard>::block_on<core[a373ad73a504971]::pin::Pin<&mut core[a373ad73a504971]::pin::Pin<&mut dyn core[a373ad73a504971]::future::future::Future<Output = core[a373ad73a504971]::result::Result<(), alloc[2e1b2a31b91974c5]::boxed::Box<dyn core[a373ad73a504971]::error::Error>>>>>>::{closure#0}::{closure#0}>
[INFO] [stdout]   15:     0x5597ed8bbede - <tokio[5e721cfa0ea6c687]::runtime::context::scoped::Scoped<tokio[5e721cfa0ea6c687]::runtime::scheduler::Context>>::set::<<tokio[5e721cfa0ea6c687]::runtime::scheduler::current_thread::CoreGuard>::enter<<tokio[5e721cfa0ea6c687]::runtime::scheduler::current_thread::CoreGuard>::block_on<core[a373ad73a504971]::pin::Pin<&mut core[a373ad73a504971]::pin::Pin<&mut dyn core[a373ad73a504971]::future::future::Future<Output = core[a373ad73a504971]::result::Result<(), alloc[2e1b2a31b91974c5]::boxed::Box<dyn core[a373ad73a504971]::error::Error>>>>>>::{closure#0}, core[a373ad73a504971]::option::Option<core[a373ad73a504971]::result::Result<(), alloc[2e1b2a31b91974c5]::boxed::Box<dyn core[a373ad73a504971]::error::Error>>>>::{closure#0}, (alloc[2e1b2a31b91974c5]::boxed::Box<tokio[5e721cfa0ea6c687]::runtime::scheduler::current_thread::Core>, core[a373ad73a504971]::option::Option<core[a373ad73a504971]::result::Result<(), alloc[2e1b2a31b91974c5]::boxed::Box<dyn core[a373ad73a504971]::error::Error>>>)>
[INFO] [stdout]   16:     0x5597ed8d3d9c - <tokio[5e721cfa0ea6c687]::runtime::scheduler::current_thread::CurrentThread>::block_on::<core[a373ad73a504971]::pin::Pin<&mut dyn core[a373ad73a504971]::future::future::Future<Output = core[a373ad73a504971]::result::Result<(), alloc[2e1b2a31b91974c5]::boxed::Box<dyn core[a373ad73a504971]::error::Error>>>>>
[INFO] [stdout]   17:     0x5597ed8af732 - <tokio[5e721cfa0ea6c687]::runtime::runtime::Runtime>::block_on::<core[a373ad73a504971]::pin::Pin<&mut dyn core[a373ad73a504971]::future::future::Future<Output = core[a373ad73a504971]::result::Result<(), alloc[2e1b2a31b91974c5]::boxed::Box<dyn core[a373ad73a504971]::error::Error>>>>>
[INFO] [stdout]   18:     0x5597ed8648df - <i18n[aeefb5088a0c567c]::text_plain_response_is_not_translated::{closure#0} as core[a373ad73a504971]::ops::function::FnOnce<()>>::call_once
[INFO] [stdout]   19:     0x5597ed8d977b - test[aada8e7e76ba119b]::__rust_begin_short_backtrace::<core[a373ad73a504971]::result::Result<(), alloc[2e1b2a31b91974c5]::string::String>, fn() -> core[a373ad73a504971]::result::Result<(), alloc[2e1b2a31b91974c5]::string::String>>
[INFO] [stdout]   20:     0x5597ed8e6955 - test[aada8e7e76ba119b]::run_test::{closure#0}
[INFO] [stdout]   21:     0x5597ed8e0244 - std[617be2ca0a6fd877]::sys::backtrace::__rust_begin_short_backtrace::<test[aada8e7e76ba119b]::run_test::{closure#1}, ()>
[INFO] [stdout]   22:     0x5597ed8e99e2 - <std[617be2ca0a6fd877]::thread::lifecycle::spawn_unchecked<test[aada8e7e76ba119b]::run_test::{closure#1}, ()>::{closure#1} as core[a373ad73a504971]::ops::function::FnOnce<()>>::call_once::{shim:vtable#0}
[INFO] [stdout]   23:     0x5597edb0338f - <std[617be2ca0a6fd877]::sys::thread::unix::Thread>::new::thread_start
[INFO] [stdout]   24:     0x75d422bd5dfa - <unknown>
[INFO] [stdout]   25:     0x75d422c693d4 - clone
[INFO] [stdout]   26:                0x0 - <unknown>
[INFO] [stdout] 
[INFO] [stdout] ---- translated_response_preserves_original_headers stdout ----
[INFO] [stdout] 
[INFO] [stdout] thread 'translated_response_preserves_original_headers' (1205) panicked at tests/i18n.rs:1653:5:
[INFO] [stdout] assertion `left == right` failed
[INFO] [stdout]   left: String("Too many requests. Please try again later.")
[INFO] [stdout]  right: "Message traduit"
[INFO] [stdout] stack backtrace:
[INFO] [stdout]    0:     0x5597edb03b31 - <<std[617be2ca0a6fd877]::sys::backtrace::BacktraceLock>::print::DisplayBacktrace as core[a373ad73a504971]::fmt::Display>::fmt
[INFO] [stdout]    1:     0x5597edb1a25a - core[a373ad73a504971]::fmt::write
[INFO] [stdout]    2:     0x5597edb07d4c - <alloc[2e1b2a31b91974c5]::vec::Vec<u8> as core[a373ad73a504971]::io::write::Write>::write_fmt
[INFO] [stdout]    3:     0x5597edadfc26 - std[617be2ca0a6fd877]::panicking::default_hook::{closure#0}
[INFO] [stdout]    4:     0x5597edafc0e9 - std[617be2ca0a6fd877]::panicking::default_hook
[INFO] [stdout]    5:     0x5597ed8e6330 - test[aada8e7e76ba119b]::test_main_inner::{closure#0}
[INFO] [stdout]    6:     0x5597edafc2a2 - std[617be2ca0a6fd877]::panicking::panic_with_hook
[INFO] [stdout]    7:     0x5597edadfcd2 - std[617be2ca0a6fd877]::panicking::panic_handler::{closure#0}
[INFO] [stdout]    8:     0x5597edad89e9 - std[617be2ca0a6fd877]::sys::backtrace::__rust_end_short_backtrace::<std[617be2ca0a6fd877]::panicking::panic_handler::{closure#0}, !>
[INFO] [stdout]    9:     0x5597edae08dd - __rustc[ea4f61d10b84890b]::rust_begin_unwind
[INFO] [stdout]   10:     0x5597edb1a9bc - core[a373ad73a504971]::panicking::panic_fmt
[INFO] [stdout]   11:     0x5597edb1a8d3 - core[a373ad73a504971]::panicking::assert_failed_inner
[INFO] [stdout]   12:     0x5597ed8d1b24 - core[a373ad73a504971]::panicking::assert_failed::<serde_json[db6ebb2b223e20cc]::value::Value, &str>
[INFO] [stdout]   13:     0x5597ed8422dd - i18n[aeefb5088a0c567c]::translated_response_preserves_original_headers::{closure#0}
[INFO] [stdout]   14:     0x5597ed8d415d - <tokio[5e721cfa0ea6c687]::runtime::scheduler::current_thread::Context>::enter::<core[a373ad73a504971]::task::poll::Poll<core[a373ad73a504971]::result::Result<(), alloc[2e1b2a31b91974c5]::boxed::Box<dyn core[a373ad73a504971]::error::Error>>>, <tokio[5e721cfa0ea6c687]::runtime::scheduler::current_thread::CoreGuard>::block_on<core[a373ad73a504971]::pin::Pin<&mut core[a373ad73a504971]::pin::Pin<&mut dyn core[a373ad73a504971]::future::future::Future<Output = core[a373ad73a504971]::result::Result<(), alloc[2e1b2a31b91974c5]::boxed::Box<dyn core[a373ad73a504971]::error::Error>>>>>>::{closure#0}::{closure#0}>
[INFO] [stdout]   15:     0x5597ed8bbede - <tokio[5e721cfa0ea6c687]::runtime::context::scoped::Scoped<tokio[5e721cfa0ea6c687]::runtime::scheduler::Context>>::set::<<tokio[5e721cfa0ea6c687]::runtime::scheduler::current_thread::CoreGuard>::enter<<tokio[5e721cfa0ea6c687]::runtime::scheduler::current_thread::CoreGuard>::block_on<core[a373ad73a504971]::pin::Pin<&mut core[a373ad73a504971]::pin::Pin<&mut dyn core[a373ad73a504971]::future::future::Future<Output = core[a373ad73a504971]::result::Result<(), alloc[2e1b2a31b91974c5]::boxed::Box<dyn core[a373ad73a504971]::error::Error>>>>>>::{closure#0}, core[a373ad73a504971]::option::Option<core[a373ad73a504971]::result::Result<(), alloc[2e1b2a31b91974c5]::boxed::Box<dyn core[a373ad73a504971]::error::Error>>>>::{closure#0}, (alloc[2e1b2a31b91974c5]::boxed::Box<tokio[5e721cfa0ea6c687]::runtime::scheduler::current_thread::Core>, core[a373ad73a504971]::option::Option<core[a373ad73a504971]::result::Result<(), alloc[2e1b2a31b91974c5]::boxed::Box<dyn core[a373ad73a504971]::error::Error>>>)>
[INFO] [stdout]   16:     0x5597ed8d3d9c - <tokio[5e721cfa0ea6c687]::runtime::scheduler::current_thread::CurrentThread>::block_on::<core[a373ad73a504971]::pin::Pin<&mut dyn core[a373ad73a504971]::future::future::Future<Output = core[a373ad73a504971]::result::Result<(), alloc[2e1b2a31b91974c5]::boxed::Box<dyn core[a373ad73a504971]::error::Error>>>>>
[INFO] [stdout]   17:     0x5597ed8af732 - <tokio[5e721cfa0ea6c687]::runtime::runtime::Runtime>::block_on::<core[a373ad73a504971]::pin::Pin<&mut dyn core[a373ad73a504971]::future::future::Future<Output = core[a373ad73a504971]::result::Result<(), alloc[2e1b2a31b91974c5]::boxed::Box<dyn core[a373ad73a504971]::error::Error>>>>>
[INFO] [stdout]   18:     0x5597ed866bbf - <i18n[aeefb5088a0c567c]::translated_response_preserves_original_headers::{closure#0} as core[a373ad73a504971]::ops::function::FnOnce<()>>::call_once
[INFO] [stdout]   19:     0x5597ed8d977b - test[aada8e7e76ba119b]::__rust_begin_short_backtrace::<core[a373ad73a504971]::result::Result<(), alloc[2e1b2a31b91974c5]::string::String>, fn() -> core[a373ad73a504971]::result::Result<(), alloc[2e1b2a31b91974c5]::string::String>>
[INFO] [stdout]   20:     0x5597ed8e6955 - test[aada8e7e76ba119b]::run_test::{closure#0}
[INFO] [stdout]   21:     0x5597ed8e0244 - std[617be2ca0a6fd877]::sys::backtrace::__rust_begin_short_backtrace::<test[aada8e7e76ba119b]::run_test::{closure#1}, ()>
[INFO] [stdout]   22:     0x5597ed8e99e2 - <std[617be2ca0a6fd877]::thread::lifecycle::spawn_unchecked<test[aada8e7e76ba119b]::run_test::{closure#1}, ()>::{closure#1} as core[a373ad73a504971]::ops::function::FnOnce<()>>::call_once::{shim:vtable#0}
[INFO] [stdout]   23:     0x5597edb0338f - <std[617be2ca0a6fd877]::sys::thread::unix::Thread>::new::thread_start
[INFO] [stdout]   24:     0x75d422bd5dfa - <unknown>
[INFO] [stdout]   25:     0x75d422c693d4 - clone
[INFO] [stdout]   26:                0x0 - <unknown>
[INFO] [stdout] 
[INFO] [stdout] ---- translates_rate_limit_on_early_router_exit stdout ----
[INFO] [stdout] 
[INFO] [stdout] thread 'translates_rate_limit_on_early_router_exit' (1212) panicked at tests/i18n.rs:875:5:
[INFO] [stdout] assertion `left == right` failed
[INFO] [stdout]   left: 429
[INFO] [stdout]  right: 200
[INFO] [stdout] stack backtrace:
[INFO] [stdout]    0:     0x5597edb03b31 - <<std[617be2ca0a6fd877]::sys::backtrace::BacktraceLock>::print::DisplayBacktrace as core[a373ad73a504971]::fmt::Display>::fmt
[INFO] [stdout]    1:     0x5597edb1a25a - core[a373ad73a504971]::fmt::write
[INFO] [stdout]    2:     0x5597edb07d4c - <alloc[2e1b2a31b91974c5]::vec::Vec<u8> as core[a373ad73a504971]::io::write::Write>::write_fmt
[INFO] [stdout]    3:     0x5597edadfc26 - std[617be2ca0a6fd877]::panicking::default_hook::{closure#0}
[INFO] [stdout]    4:     0x5597edafc0e9 - std[617be2ca0a6fd877]::panicking::default_hook
[INFO] [stdout]    5:     0x5597ed8e6330 - test[aada8e7e76ba119b]::test_main_inner::{closure#0}
[INFO] [stdout]    6:     0x5597edafc2a2 - std[617be2ca0a6fd877]::panicking::panic_with_hook
[INFO] [stdout]    7:     0x5597edadfcd2 - std[617be2ca0a6fd877]::panicking::panic_handler::{closure#0}
[INFO] [stdout]    8:     0x5597edad89e9 - std[617be2ca0a6fd877]::sys::backtrace::__rust_end_short_backtrace::<std[617be2ca0a6fd877]::panicking::panic_handler::{closure#0}, !>
[INFO] [stdout]    9:     0x5597edae08dd - __rustc[ea4f61d10b84890b]::rust_begin_unwind
[INFO] [stdout]   10:     0x5597edb1a9bc - core[a373ad73a504971]::panicking::panic_fmt
[INFO] [stdout]   11:     0x5597edb1a8d3 - core[a373ad73a504971]::panicking::assert_failed_inner
[INFO] [stdout]   12:     0x5597ed8d1aba - core[a373ad73a504971]::panicking::assert_failed::<http[6d39b41872c29d69]::status::StatusCode, http[6d39b41872c29d69]::status::StatusCode>
[INFO] [stdout]   13:     0x5597ed83a1c0 - i18n[aeefb5088a0c567c]::translates_rate_limit_on_early_router_exit::{closure#0}
[INFO] [stdout]   14:     0x5597ed8d415d - <tokio[5e721cfa0ea6c687]::runtime::scheduler::current_thread::Context>::enter::<core[a373ad73a504971]::task::poll::Poll<core[a373ad73a504971]::result::Result<(), alloc[2e1b2a31b91974c5]::boxed::Box<dyn core[a373ad73a504971]::error::Error>>>, <tokio[5e721cfa0ea6c687]::runtime::scheduler::current_thread::CoreGuard>::block_on<core[a373ad73a504971]::pin::Pin<&mut core[a373ad73a504971]::pin::Pin<&mut dyn core[a373ad73a504971]::future::future::Future<Output = core[a373ad73a504971]::result::Result<(), alloc[2e1b2a31b91974c5]::boxed::Box<dyn core[a373ad73a504971]::error::Error>>>>>>::{closure#0}::{closure#0}>
[INFO] [stdout]   15:     0x5597ed8bbede - <tokio[5e721cfa0ea6c687]::runtime::context::scoped::Scoped<tokio[5e721cfa0ea6c687]::runtime::scheduler::Context>>::set::<<tokio[5e721cfa0ea6c687]::runtime::scheduler::current_thread::CoreGuard>::enter<<tokio[5e721cfa0ea6c687]::runtime::scheduler::current_thread::CoreGuard>::block_on<core[a373ad73a504971]::pin::Pin<&mut core[a373ad73a504971]::pin::Pin<&mut dyn core[a373ad73a504971]::future::future::Future<Output = core[a373ad73a504971]::result::Result<(), alloc[2e1b2a31b91974c5]::boxed::Box<dyn core[a373ad73a504971]::error::Error>>>>>>::{closure#0}, core[a373ad73a504971]::option::Option<core[a373ad73a504971]::result::Result<(), alloc[2e1b2a31b91974c5]::boxed::Box<dyn core[a373ad73a504971]::error::Error>>>>::{closure#0}, (alloc[2e1b2a31b91974c5]::boxed::Box<tokio[5e721cfa0ea6c687]::runtime::scheduler::current_thread::Core>, core[a373ad73a504971]::option::Option<core[a373ad73a504971]::result::Result<(), alloc[2e1b2a31b91974c5]::boxed::Box<dyn core[a373ad73a504971]::error::Error>>>)>
[INFO] [stdout]   16:     0x5597ed8d3d9c - <tokio[5e721cfa0ea6c687]::runtime::scheduler::current_thread::CurrentThread>::block_on::<core[a373ad73a504971]::pin::Pin<&mut dyn core[a373ad73a504971]::future::future::Future<Output = core[a373ad73a504971]::result::Result<(), alloc[2e1b2a31b91974c5]::boxed::Box<dyn core[a373ad73a504971]::error::Error>>>>>
[INFO] [stdout]   17:     0x5597ed8af732 - <tokio[5e721cfa0ea6c687]::runtime::runtime::Runtime>::block_on::<core[a373ad73a504971]::pin::Pin<&mut dyn core[a373ad73a504971]::future::future::Future<Output = core[a373ad73a504971]::result::Result<(), alloc[2e1b2a31b91974c5]::boxed::Box<dyn core[a373ad73a504971]::error::Error>>>>>
[INFO] [stdout]   18:     0x5597ed865e9f - <i18n[aeefb5088a0c567c]::translates_rate_limit_on_early_router_exit::{closure#0} as core[a373ad73a504971]::ops::function::FnOnce<()>>::call_once
[INFO] [stdout]   19:     0x5597ed8d977b - test[aada8e7e76ba119b]::__rust_begin_short_backtrace::<core[a373ad73a504971]::result::Result<(), alloc[2e1b2a31b91974c5]::string::String>, fn() -> core[a373ad73a504971]::result::Result<(), alloc[2e1b2a31b91974c5]::string::String>>
[INFO] [stdout]   20:     0x5597ed8e6955 - test[aada8e7e76ba119b]::run_test::{closure#0}
[INFO] [stdout]   21:     0x5597ed8e0244 - std[617be2ca0a6fd877]::sys::backtrace::__rust_begin_short_backtrace::<test[aada8e7e76ba119b]::run_test::{closure#1}, ()>
[INFO] [stdout]   22:     0x5597ed8e99e2 - <std[617be2ca0a6fd877]::thread::lifecycle::spawn_unchecked<test[aada8e7e76ba119b]::run_test::{closure#1}, ()>::{closure#1} as core[a373ad73a504971]::ops::function::FnOnce<()>>::call_once::{shim:vtable#0}
[INFO] [stdout]   23:     0x5597edb0338f - <std[617be2ca0a6fd877]::sys::thread::unix::Thread>::new::thread_start
[INFO] [stdout]   24:     0x75d422bd5dfa - <unknown>
[INFO] [stdout]   25:     0x75d422c693d4 - clone
[INFO] [stdout]   26:                0x0 - <unknown>
[INFO] [stdout] 
[INFO] [stdout] ---- missing_translation_leaves_error_unchanged stdout ----
[INFO] [stdout] 
[INFO] [stdout] thread 'missing_translation_leaves_error_unchanged' (1190) panicked at tests/i18n.rs:1596:5:
[INFO] [stdout] assertion `left == right` failed
[INFO] [stdout]   left: String("Too many requests. Please try again later.")
[INFO] [stdout]  right: "Original message"
[INFO] [stdout] stack backtrace:
[INFO] [stdout]    0:     0x5597edb03b31 - <<std[617be2ca0a6fd877]::sys::backtrace::BacktraceLock>::print::DisplayBacktrace as core[a373ad73a504971]::fmt::Display>::fmt
[INFO] [stderr] error: test failed, to rerun pass `--test i18n`
[INFO] [stdout]    1:     0x5597edb1a25a - core[a373ad73a504971]::fmt::write
[INFO] [stdout]    2:     0x5597edb07d4c - <alloc[2e1b2a31b91974c5]::vec::Vec<u8> as core[a373ad73a504971]::io::write::Write>::write_fmt
[INFO] [stdout]    3:     0x5597edadfc26 - std[617be2ca0a6fd877]::panicking::default_hook::{closure#0}
[INFO] [stdout]    4:     0x5597edafc0e9 - std[617be2ca0a6fd877]::panicking::default_hook
[INFO] [stdout]    5:     0x5597ed8e6330 - test[aada8e7e76ba119b]::test_main_inner::{closure#0}
[INFO] [stdout]    6:     0x5597edafc2a2 - std[617be2ca0a6fd877]::panicking::panic_with_hook
[INFO] [stdout]    7:     0x5597edadfcd2 - std[617be2ca0a6fd877]::panicking::panic_handler::{closure#0}
[INFO] [stdout]    8:     0x5597edad89e9 - std[617be2ca0a6fd877]::sys::backtrace::__rust_end_short_backtrace::<std[617be2ca0a6fd877]::panicking::panic_handler::{closure#0}, !>
[INFO] [stdout]    9:     0x5597edae08dd - __rustc[ea4f61d10b84890b]::rust_begin_unwind
[INFO] [stdout]   10:     0x5597edb1a9bc - core[a373ad73a504971]::panicking::panic_fmt
[INFO] [stdout]   11:     0x5597edb1a8d3 - core[a373ad73a504971]::panicking::assert_failed_inner
[INFO] [stdout]   12:     0x5597ed8d1b24 - core[a373ad73a504971]::panicking::assert_failed::<serde_json[db6ebb2b223e20cc]::value::Value, &str>
[INFO] [stdout]   13:     0x5597ed838500 - i18n[aeefb5088a0c567c]::missing_translation_leaves_error_unchanged::{closure#0}
[INFO] [stdout]   14:     0x5597ed8d415d - <tokio[5e721cfa0ea6c687]::runtime::scheduler::current_thread::Context>::enter::<core[a373ad73a504971]::task::poll::Poll<core[a373ad73a504971]::result::Result<(), alloc[2e1b2a31b91974c5]::boxed::Box<dyn core[a373ad73a504971]::error::Error>>>, <tokio[5e721cfa0ea6c687]::runtime::scheduler::current_thread::CoreGuard>::block_on<core[a373ad73a504971]::pin::Pin<&mut core[a373ad73a504971]::pin::Pin<&mut dyn core[a373ad73a504971]::future::future::Future<Output = core[a373ad73a504971]::result::Result<(), alloc[2e1b2a31b91974c5]::boxed::Box<dyn core[a373ad73a504971]::error::Error>>>>>>::{closure#0}::{closure#0}>
[INFO] [stdout]   15:     0x5597ed8bbede - <tokio[5e721cfa0ea6c687]::runtime::context::scoped::Scoped<tokio[5e721cfa0ea6c687]::runtime::scheduler::Context>>::set::<<tokio[5e721cfa0ea6c687]::runtime::scheduler::current_thread::CoreGuard>::enter<<tokio[5e721cfa0ea6c687]::runtime::scheduler::current_thread::CoreGuard>::block_on<core[a373ad73a504971]::pin::Pin<&mut core[a373ad73a504971]::pin::Pin<&mut dyn core[a373ad73a504971]::future::future::Future<Output = core[a373ad73a504971]::result::Result<(), alloc[2e1b2a31b91974c5]::boxed::Box<dyn core[a373ad73a504971]::error::Error>>>>>>::{closure#0}, core[a373ad73a504971]::option::Option<core[a373ad73a504971]::result::Result<(), alloc[2e1b2a31b91974c5]::boxed::Box<dyn core[a373ad73a504971]::error::Error>>>>::{closure#0}, (alloc[2e1b2a31b91974c5]::boxed::Box<tokio[5e721cfa0ea6c687]::runtime::scheduler::current_thread::Core>, core[a373ad73a504971]::option::Option<core[a373ad73a504971]::result::Result<(), alloc[2e1b2a31b91974c5]::boxed::Box<dyn core[a373ad73a504971]::error::Error>>>)>
[INFO] [stdout]   16:     0x5597ed8d3d9c - <tokio[5e721cfa0ea6c687]::runtime::scheduler::current_thread::CurrentThread>::block_on::<core[a373ad73a504971]::pin::Pin<&mut dyn core[a373ad73a504971]::future::future::Future<Output = core[a373ad73a504971]::result::Result<(), alloc[2e1b2a31b91974c5]::boxed::Box<dyn core[a373ad73a504971]::error::Error>>>>>
[INFO] [stdout]   17:     0x5597ed8af732 - <tokio[5e721cfa0ea6c687]::runtime::runtime::Runtime>::block_on::<core[a373ad73a504971]::pin::Pin<&mut dyn core[a373ad73a504971]::future::future::Future<Output = core[a373ad73a504971]::result::Result<(), alloc[2e1b2a31b91974c5]::boxed::Box<dyn core[a373ad73a504971]::error::Error>>>>>
[INFO] [stdout]   18:     0x5597ed865c8f - <i18n[aeefb5088a0c567c]::missing_translation_leaves_error_unchanged::{closure#0} as core[a373ad73a504971]::ops::function::FnOnce<()>>::call_once
[INFO] [stdout]   19:     0x5597ed8d977b - test[aada8e7e76ba119b]::__rust_begin_short_backtrace::<core[a373ad73a504971]::result::Result<(), alloc[2e1b2a31b91974c5]::string::String>, fn() -> core[a373ad73a504971]::result::Result<(), alloc[2e1b2a31b91974c5]::string::String>>
[INFO] [stdout]   20:     0x5597ed8e6955 - test[aada8e7e76ba119b]::run_test::{closure#0}
[INFO] [stdout]   21:     0x5597ed8e0244 - std[617be2ca0a6fd877]::sys::backtrace::__rust_begin_short_backtrace::<test[aada8e7e76ba119b]::run_test::{closure#1}, ()>
[INFO] [stdout]   22:     0x5597ed8e99e2 - <std[617be2ca0a6fd877]::thread::lifecycle::spawn_unchecked<test[aada8e7e76ba119b]::run_test::{closure#1}, ()>::{closure#1} as core[a373ad73a504971]::ops::function::FnOnce<()>>::call_once::{shim:vtable#0}
[INFO] [stdout]   23:     0x5597edb0338f - <std[617be2ca0a6fd877]::sys::thread::unix::Thread>::new::thread_start
[INFO] [stdout]   24:     0x75d422bd5dfa - <unknown>
[INFO] [stdout]   25:     0x75d422c693d4 - clone
[INFO] [stdout]   26:                0x0 - <unknown>
[INFO] [stdout] 
[INFO] [stdout] 
[INFO] [stdout] failures:
[INFO] [stdout]     arbitrary_json_with_code_and_message_is_not_translated
[INFO] [stdout]     existing_original_message_is_preserved
[INFO] [stdout]     missing_translation_leaves_error_unchanged
[INFO] [stdout]     non_string_error_code_leaves_error_unchanged
[INFO] [stdout]     session_detection_reads_default_locale_field
[INFO] [stdout]     session_detection_reads_locale_from_session_cookie_hydration
[INFO] [stdout]     session_detection_reads_user_locale_field_from_request_state
[INFO] [stdout]     text_plain_response_is_not_translated
[INFO] [stdout]     translated_response_preserves_original_headers
[INFO] [stdout]     translates_rate_limit_on_early_router_exit
[INFO] [stdout] 
[INFO] [stdout] test result: FAILED. 40 passed; 10 failed; 0 ignored; 0 measured; 0 filtered out; finished in 0.01s
[INFO] [stdout] 
[INFO] running `Command { std: "docker" "inspect" "4d1a47cc0d3f13559b02dbabb765c5cf122edadbaadd4a949c19da81ea5ae223", kill_on_drop: false }`
[INFO] running `Command { std: "docker" "rm" "-f" "4d1a47cc0d3f13559b02dbabb765c5cf122edadbaadd4a949c19da81ea5ae223", kill_on_drop: false }`
[INFO] [stdout] 4d1a47cc0d3f13559b02dbabb765c5cf122edadbaadd4a949c19da81ea5ae223
