[INFO] fetching crate rustauth-axum 0.3.0...
[INFO] testing rustauth-axum-0.3.0 against 1.100.0-beta.1+cargoflags=--release for beta-release-1.100-2
[INFO] extracting crate rustauth-axum 0.3.0 into /workspace/builds/worker-5-tc2/source
[INFO] started tweaking crates.io crate rustauth-axum 0.3.0
[INFO] removed 0 missing tests
[INFO] finished tweaking crates.io crate rustauth-axum 0.3.0
[INFO] tweaked toml for crates.io crate rustauth-axum 0.3.0 written to /workspace/builds/worker-5-tc2/source/Cargo.toml
[INFO] validating manifest of crates.io crate rustauth-axum 0.3.0 on toolchain 1.100.0-beta.1
[INFO] running `Command { std: CARGO_HOME="/workspace/cargo-home" RUSTUP_HOME="/workspace/rustup-home" "/workspace/cargo-home/bin/cargo" "+1.100.0-beta.1" "metadata" "--manifest-path" "Cargo.toml" "--no-deps", kill_on_drop: false }`
[INFO] crate crates.io crate rustauth-axum 0.3.0 already has a lockfile, it will not be regenerated
[INFO] running `Command { std: CARGO_HOME="/workspace/cargo-home" RUSTUP_HOME="/workspace/rustup-home" "/workspace/cargo-home/bin/cargo" "+1.100.0-beta.1" "fetch" "--manifest-path" "Cargo.toml", kill_on_drop: false }`
[INFO] [stderr] warning: `package.homepage` is redundant with `package.repository`
[INFO] [stderr]   --> Cargo.toml:70:12
[INFO] [stderr]    |
[INFO] [stderr] 70 | homepage = "https://github.com/salasebas/rustauth"
[INFO] [stderr]    |            ^^^^^^^^^^^^^^^^^^^^^^^^^^^^^^^^^^^^^^^
[INFO] [stderr] ...
[INFO] [stderr] 75 | repository = "https://github.com/salasebas/rustauth"
[INFO] [stderr]    |              ---------------------------------------
[INFO] [stderr]    |
[INFO] [stderr]    = note: `cargo::redundant_homepage` is set to `warn` by default
[INFO] [stderr] help: consider removing `package.homepage`
[INFO] [stderr] warning: `rustauth-axum` (manifest) generated 1 warning
[INFO] running `Command { std: "docker" "create" "-v" "/var/lib/crater-agent-workspace/builds/worker-5-tc2/source:/opt/rustwide/workdir:ro,Z" "-v" "/var/lib/crater-agent-workspace/builds/worker-5-tc2/target:/opt/rustwide/target:rw,Z" "-v" "/var/lib/crater-agent-workspace/cargo-home:/opt/rustwide/cargo-home:ro,Z" "-v" "/var/lib/crater-agent-workspace/rustup-home:/opt/rustwide/rustup-home:ro,Z" "-m" "1610612736" "--network" "none" "ghcr.io/rust-lang/crates-build-env/linux@sha256:77db811e55d90add9212f6832c23229e3de5f1c1f9905e8cb07319ea15df73ac" "sleep" "infinity", kill_on_drop: false }`
[INFO] [stdout] 2dbc4bcf0ad06a2fc30b71044ea3766996b58be7e7b7cb4a20bddec8327863e5
[INFO] running `Command { std: "docker" "start" "2dbc4bcf0ad06a2fc30b71044ea3766996b58be7e7b7cb4a20bddec8327863e5", kill_on_drop: false }`
[INFO] running `Command { std: "docker" "inspect" "2dbc4bcf0ad06a2fc30b71044ea3766996b58be7e7b7cb4a20bddec8327863e5", kill_on_drop: false }`
[INFO] running `Command { std: "docker" "exec" "-e" "SOURCE_DIR=/opt/rustwide/workdir" "-e" "CARGO_HOME=/opt/rustwide/cargo-home" "-e" "RUSTUP_HOME=/opt/rustwide/rustup-home" "-e" "CARGO_TARGET_DIR=/opt/rustwide/target" "-w" "/opt/rustwide/workdir" "--user" "0:0" "2dbc4bcf0ad06a2fc30b71044ea3766996b58be7e7b7cb4a20bddec8327863e5" "/opt/rustwide/cargo-home/bin/cargo" "+1.100.0-beta.1" "metadata" "--no-deps" "--format-version=1", kill_on_drop: false }`
[INFO] running `Command { std: "docker" "inspect" "2dbc4bcf0ad06a2fc30b71044ea3766996b58be7e7b7cb4a20bddec8327863e5", kill_on_drop: false }`
[INFO] running `Command { std: "docker" "exec" "-e" "SOURCE_DIR=/opt/rustwide/workdir" "-e" "CARGO_HOME=/opt/rustwide/cargo-home" "-e" "RUSTUP_HOME=/opt/rustwide/rustup-home" "-e" "CARGO_TARGET_DIR=/opt/rustwide/target" "-e" "CARGO_INCREMENTAL=0" "-e" "RUST_BACKTRACE=full" "-e" "RUSTFLAGS=--cap-lints=warn" "-e" "RUSTDOCFLAGS=--cap-lints=warn" "-w" "/opt/rustwide/workdir" "--user" "0:0" "2dbc4bcf0ad06a2fc30b71044ea3766996b58be7e7b7cb4a20bddec8327863e5" "/opt/rustwide/cargo-home/bin/cargo" "+1.100.0-beta.1" "build" "--frozen" "--message-format=json" "--release", kill_on_drop: false }`
[INFO] [stderr] warning: `package.homepage` is redundant with `package.repository`
[INFO] [stderr]   --> Cargo.toml:70:12
[INFO] [stderr]    |
[INFO] [stderr] 70 | homepage = "https://github.com/salasebas/rustauth"
[INFO] [stderr]    |            ^^^^^^^^^^^^^^^^^^^^^^^^^^^^^^^^^^^^^^^
[INFO] [stderr] ...
[INFO] [stderr] 75 | repository = "https://github.com/salasebas/rustauth"
[INFO] [stderr]    |              ---------------------------------------
[INFO] [stderr]    |
[INFO] [stderr]    = note: `cargo::redundant_homepage` is set to `warn` by default
[INFO] [stderr] help: consider removing `package.homepage`
[INFO] [stderr] warning: `rustauth-axum` (manifest) generated 1 warning
[INFO] [stderr]    Compiling typenum v1.20.1
[INFO] [stderr]    Compiling smallvec v1.15.2
[INFO] [stderr]    Compiling subtle v2.6.1
[INFO] [stderr]    Compiling getrandom v0.2.17
[INFO] [stderr]    Compiling zerovec-derive v0.11.3
[INFO] [stderr]    Compiling displaydoc v0.2.6
[INFO] [stderr]    Compiling zerofrom-derive v0.1.7
[INFO] [stderr]    Compiling yoke-derive v0.8.2
[INFO] [stderr]    Compiling http v1.4.2
[INFO] [stderr]    Compiling rand_core v0.6.4
[INFO] [stderr]    Compiling tokio-macros v2.7.0
[INFO] [stderr]    Compiling futures-util v0.3.32
[INFO] [stderr]    Compiling parking_lot_core v0.9.12
[INFO] [stderr]    Compiling tokio v1.52.3
[INFO] [stderr]    Compiling generic-array v0.14.7
[INFO] [stderr]    Compiling portable-atomic v1.13.1
[INFO] [stderr]    Compiling serde_json v1.0.150
[INFO] [stderr]    Compiling serde v1.0.228
[INFO] [stderr]    Compiling ppv-lite86 v0.2.21
[INFO] [stderr]    Compiling http-body v1.0.1
[INFO] [stderr]    Compiling zerofrom v0.1.8
[INFO] [stderr]    Compiling yoke v0.8.3
[INFO] [stderr]    Compiling memchr v2.8.2
[INFO] [stderr]    Compiling opaque-debug v0.3.1
[INFO] [stderr]    Compiling zerovec v0.11.6
[INFO] [stderr]    Compiling zerotrie v0.2.4
[INFO] [stderr]    Compiling crypto-common v0.1.7
[INFO] [stderr]    Compiling block-buffer v0.10.4
[INFO] [stderr]    Compiling digest v0.10.7
[INFO] [stderr]    Compiling inout v0.1.4
[INFO] [stderr]    Compiling universal-hash v0.5.1
[INFO] [stderr]    Compiling cipher v0.4.4
[INFO] [stderr]    Compiling base64ct v1.8.3
[INFO] [stderr]    Compiling hmac v0.12.1
[INFO] [stderr]    Compiling pbkdf2 v0.12.2
[INFO] [stderr]    Compiling tinystr v0.8.3
[INFO] [stderr]    Compiling potential_utf v0.1.5
[INFO] [stderr]    Compiling salsa20 v0.10.2
[INFO] [stderr]    Compiling icu_locale_core v2.2.0
[INFO] [stderr]    Compiling icu_collections v2.2.0
[INFO] [stderr]    Compiling chacha20 v0.9.1
[INFO] [stderr]    Compiling sha2 v0.10.9
[INFO] [stderr]    Compiling password-hash v0.5.0
[INFO] [stderr]    Compiling poly1305 v0.8.0
[INFO] [stderr]    Compiling aead v0.5.2
[INFO] [stderr]    Compiling tracing v0.1.44
[INFO] [stderr]    Compiling rand_chacha v0.3.1
[INFO] [stderr]    Compiling icu_provider v2.2.0
[INFO] [stderr]    Compiling dashmap v6.2.1
[INFO] [stderr]    Compiling icu_normalizer v2.2.0
[INFO] [stderr]    Compiling icu_properties v2.2.0
[INFO] [stderr]    Compiling parking_lot v0.12.5
[INFO] [stderr]    Compiling spinning_top v0.3.0
[INFO] [stderr]    Compiling futures-channel v0.3.32
[INFO] [stderr]    Compiling deranged v0.5.8
[INFO] [stderr]    Compiling futures-timer v3.0.4
[INFO] [stderr]    Compiling hyper v1.10.1
[INFO] [stderr]    Compiling governor v0.10.4
[INFO] [stderr]    Compiling indexmap v2.14.0
[INFO] [stderr]    Compiling idna_adapter v1.2.2
[INFO] [stderr]    Compiling idna v1.1.0
[INFO] [stderr]    Compiling rand v0.8.6
[INFO] [stderr]    Compiling url v2.5.8
[INFO] [stderr]    Compiling time v0.3.49
[INFO] [stderr]    Compiling chacha20poly1305 v0.10.1
[INFO] [stderr]    Compiling scrypt v0.11.0
[INFO] [stderr]    Compiling hkdf v0.12.4
[INFO] [stderr]    Compiling http-body-util v0.1.3
[INFO] [stderr]    Compiling serde_urlencoded v0.7.1
[INFO] [stderr]    Compiling hyper-util v0.1.20
[INFO] [stderr]    Compiling axum-core v0.5.6
[INFO] [stderr]    Compiling tower v0.5.3
[INFO] [stderr]    Compiling serde_path_to_error v0.1.20
[INFO] [stderr]    Compiling axum v0.8.9
[INFO] [stderr]    Compiling rustauth-core v0.3.0
[INFO] [stderr]    Compiling rustauth v0.3.0
[INFO] [stderr]    Compiling rustauth-axum v0.3.0 (/opt/rustwide/workdir)
[INFO] [stderr]     Finished `release` profile [optimized] target(s) in 2m 20s
[INFO] running `Command { std: "docker" "inspect" "2dbc4bcf0ad06a2fc30b71044ea3766996b58be7e7b7cb4a20bddec8327863e5", kill_on_drop: false }`
[INFO] running `Command { std: "docker" "exec" "-e" "SOURCE_DIR=/opt/rustwide/workdir" "-e" "CARGO_HOME=/opt/rustwide/cargo-home" "-e" "RUSTUP_HOME=/opt/rustwide/rustup-home" "-e" "CARGO_TARGET_DIR=/opt/rustwide/target" "-e" "CARGO_INCREMENTAL=0" "-e" "RUST_BACKTRACE=full" "-e" "RUSTFLAGS=--cap-lints=warn" "-e" "RUSTDOCFLAGS=--cap-lints=warn" "-w" "/opt/rustwide/workdir" "--user" "0:0" "2dbc4bcf0ad06a2fc30b71044ea3766996b58be7e7b7cb4a20bddec8327863e5" "/opt/rustwide/cargo-home/bin/cargo" "+1.100.0-beta.1" "test" "--frozen" "--no-run" "--message-format=json" "--release", kill_on_drop: false }`
[INFO] [stderr] warning: `package.homepage` is redundant with `package.repository`
[INFO] [stderr]   --> Cargo.toml:70:12
[INFO] [stderr]    |
[INFO] [stderr] 70 | homepage = "https://github.com/salasebas/rustauth"
[INFO] [stderr]    |            ^^^^^^^^^^^^^^^^^^^^^^^^^^^^^^^^^^^^^^^
[INFO] [stderr] ...
[INFO] [stderr] 75 | repository = "https://github.com/salasebas/rustauth"
[INFO] [stderr]    |              ---------------------------------------
[INFO] [stderr]    |
[INFO] [stderr]    = note: `cargo::redundant_homepage` is set to `warn` by default
[INFO] [stderr] help: consider removing `package.homepage`
[INFO] [stderr] warning: `rustauth-axum` (manifest) generated 1 warning
[INFO] [stderr]    Compiling cc v1.2.64
[INFO] [stderr]    Compiling tokio v1.52.3
[INFO] [stderr]    Compiling rustls-pki-types v1.14.1
[INFO] [stderr]    Compiling serde_json v1.0.150
[INFO] [stderr]    Compiling aho-corasick v1.1.4
[INFO] [stderr]    Compiling cipher v0.4.4
[INFO] [stderr]    Compiling openssl-macros v0.1.1
[INFO] [stderr]    Compiling flate2 v1.1.9
[INFO] [stderr]    Compiling axum-core v0.5.6
[INFO] [stderr]    Compiling salsa20 v0.10.2
[INFO] [stderr]    Compiling chacha20 v0.9.1
[INFO] [stderr]    Compiling chacha20poly1305 v0.10.1
[INFO] [stderr]    Compiling scrypt v0.11.0
[INFO] [stderr]    Compiling webpki-roots v1.0.7
[INFO] [stderr]    Compiling ring v0.17.14
[INFO] [stderr]    Compiling openssl-sys v0.9.117
[INFO] [stderr]    Compiling openssl v0.10.81
[INFO] [stderr]    Compiling regex-automata v0.4.14
[INFO] [stderr]    Compiling regex v1.12.4
[INFO] [stderr]    Compiling hyper v1.10.1
[INFO] [stderr]    Compiling tower v0.5.3
[INFO] [stderr]    Compiling tower-http v0.6.11
[INFO] [stderr]    Compiling hyper-util v0.1.20
[INFO] [stderr]    Compiling josekit v0.10.3
[INFO] [stderr]    Compiling axum v0.8.9
[INFO] [stderr]    Compiling rustls v0.23.40
[INFO] [stderr]    Compiling rustls-webpki v0.103.13
[INFO] [stderr]    Compiling tokio-rustls v0.26.4
[INFO] [stderr]    Compiling hyper-rustls v0.27.9
[INFO] [stderr]    Compiling reqwest v0.12.28
[INFO] [stderr]    Compiling rustauth-oauth v0.3.0
[INFO] [stderr]    Compiling rustauth-social-providers v0.3.0
[INFO] [stderr]    Compiling rustauth-core v0.3.0
[INFO] [stderr]    Compiling rustauth v0.3.0
[INFO] [stderr]    Compiling rustauth-axum v0.3.0 (/opt/rustwide/workdir)
[INFO] [stderr]     Finished `release` profile [optimized] target(s) in 7m 08s
[INFO] running `Command { std: "docker" "inspect" "2dbc4bcf0ad06a2fc30b71044ea3766996b58be7e7b7cb4a20bddec8327863e5", kill_on_drop: false }`
[INFO] running `Command { std: "docker" "exec" "-e" "SOURCE_DIR=/opt/rustwide/workdir" "-e" "CARGO_HOME=/opt/rustwide/cargo-home" "-e" "RUSTUP_HOME=/opt/rustwide/rustup-home" "-e" "CARGO_TARGET_DIR=/opt/rustwide/target" "-e" "CARGO_INCREMENTAL=0" "-e" "RUST_BACKTRACE=full" "-e" "RUSTFLAGS=--cap-lints=warn" "-e" "RUSTDOCFLAGS=--cap-lints=warn" "-w" "/opt/rustwide/workdir" "--user" "0:0" "2dbc4bcf0ad06a2fc30b71044ea3766996b58be7e7b7cb4a20bddec8327863e5" "/opt/rustwide/cargo-home/bin/cargo" "+1.100.0-beta.1" "test" "--frozen" "--release", kill_on_drop: false }`
[INFO] [stderr] warning: `package.homepage` is redundant with `package.repository`
[INFO] [stderr]   --> Cargo.toml:70:12
[INFO] [stderr]    |
[INFO] [stderr] 70 | homepage = "https://github.com/salasebas/rustauth"
[INFO] [stderr]    |            ^^^^^^^^^^^^^^^^^^^^^^^^^^^^^^^^^^^^^^^
[INFO] [stderr] ...
[INFO] [stderr] 75 | repository = "https://github.com/salasebas/rustauth"
[INFO] [stderr]    |              ---------------------------------------
[INFO] [stderr]    |
[INFO] [stderr]    = note: `cargo::redundant_homepage` is set to `warn` by default
[INFO] [stderr] help: consider removing `package.homepage`
[INFO] [stderr] warning: `rustauth-axum` (manifest) generated 1 warning
[INFO] [stderr]     Finished `release` profile [optimized] target(s) in 0.34s
[INFO] [stderr]      Running unittests src/lib.rs (/opt/rustwide/target/release/build/rustauth-axum/d5676f4fc75d6d03/out/rustauth_axum-d5676f4fc75d6d03)
[INFO] [stdout] 
[INFO] [stdout] running 12 tests
[INFO] [stdout] test router::tests::infer_base_url_uses_forwarded_headers_when_trusted_and_valid ... ok
[INFO] [stdout] test router::tests::infer_base_url_rejects_malicious_forwarded_headers_and_falls_back_to_host ... ok
[INFO] [stdout] test router::tests::mount_routes_rejects_mismatched_base_url_path ... ok
[INFO] [stdout] test router::tests::infer_base_url_uses_http_for_loopback_host_header ... ok
[INFO] [stdout] test router::tests::mount_routes_keeps_shared_auth_available ... ok
[INFO] [stdout] test router::tests::normalize_base_path_rejects_axum_pattern_syntax_and_non_absolute_paths ... ok
[INFO] [stdout] test router::tests::axum_state_clones_only_the_shared_auth_pointer ... ok
[INFO] [stdout] test router::tests::validate_base_url_rejects_mismatched_pathname ... ok
[INFO] [stdout] test router::tests::normalize_base_path_trims_trailing_slashes_except_root ... ok
[INFO] [stdout] test router::tests::validate_base_url_rejects_invalid_absolute_url ... ok
[INFO] [stdout] test router::tests::infer_base_url_uses_absolute_request_uri_origin ... ok
[INFO] [stdout] test router::tests::validate_base_url_accepts_matching_pathname ... ok
[INFO] [stdout] 
[INFO] [stdout] test result: ok. 12 passed; 0 failed; 0 ignored; 0 measured; 0 filtered out; finished in 0.01s
[INFO] [stdout] 
[INFO] [stderr]      Running tests/accounts.rs (/opt/rustwide/target/release/build/rustauth-axum/574aa4b19893e7d6/out/accounts-574aa4b19893e7d6)
[INFO] [stdout] 
[INFO] [stdout] running 1 test
[INFO] [stdout] test account_list_unlink_and_token_routes_work_over_axum ... ok
[INFO] [stdout] 
[INFO] [stdout] test result: ok. 1 passed; 0 failed; 0 ignored; 0 measured; 0 filtered out; finished in 0.01s
[INFO] [stdout] 
[INFO] [stderr]      Running tests/adapter_regression.rs (/opt/rustwide/target/release/build/rustauth-axum/5b82d37d36921a2c/out/adapter_regression-5b82d37d36921a2c)
[INFO] [stdout] 
[INFO] [stdout] running 10 tests
[INFO] [stdout] test base_url_inference_skips_when_oauth_override_is_present ... ok
[INFO] [stdout] test disabled_paths_are_enforced_through_axum_router ... ok
[INFO] [stdout] test on_request_plugin_can_short_circuit_before_core_handler ... ok
[INFO] [stdout] test inbound_request_extensions_reach_core_handler ... FAILED
[INFO] [stdout] test pre_set_request_client_ip_is_not_overwritten_by_connect_info ... ok
[INFO] [stdout] test handle_preserves_response_contract ... FAILED
[INFO] [stdout] test routes_accepts_stripped_paths_on_unmounted_router ... ok
[INFO] [stdout] test on_request_plugin_runs_before_core_handler ... ok
[INFO] [stdout] test social_sign_in_infers_from_absolute_request_uri ... ok
[INFO] [stdout] test tcp_listener_connect_info_enables_rate_limit_without_manual_injection ... ok
[INFO] [stdout] 
[INFO] [stdout] failures:
[INFO] [stdout] 
[INFO] [stdout] ---- inbound_request_extensions_reach_core_handler stdout ----
[INFO] [stdout] 
[INFO] [stdout] thread 'inbound_request_extensions_reach_core_handler' (2924) panicked at tests/adapter_regression.rs:136:5:
[INFO] [stdout] assertion `left == right` failed
[INFO] [stdout]   left: 429
[INFO] [stdout]  right: 200
[INFO] [stdout] stack backtrace:
[INFO] [stdout]    0:     0x64596033ae61 - <<std[617be2ca0a6fd877]::sys::backtrace::BacktraceLock>::print::DisplayBacktrace as core[a373ad73a504971]::fmt::Display>::fmt
[INFO] [stdout]    1:     0x645960352f5a - core[a373ad73a504971]::fmt::write
[INFO] [stdout]    2:     0x64596033fc2c - <alloc[2e1b2a31b91974c5]::vec::Vec<u8> as core[a373ad73a504971]::io::write::Write>::write_fmt
[INFO] [stdout]    3:     0x645960315de6 - std[617be2ca0a6fd877]::panicking::default_hook::{closure#0}
[INFO] [stdout]    4:     0x645960332dd9 - std[617be2ca0a6fd877]::panicking::default_hook
[INFO] [stdout]    5:     0x64595ff002f0 - test[aada8e7e76ba119b]::test_main_inner::{closure#0}
[INFO] [stdout]    6:     0x645960333102 - std[617be2ca0a6fd877]::panicking::panic_with_hook
[INFO] [stdout]    7:     0x645960315e92 - std[617be2ca0a6fd877]::panicking::panic_handler::{closure#0}
[INFO] [stdout]    8:     0x64596030e539 - std[617be2ca0a6fd877]::sys::backtrace::__rust_end_short_backtrace::<std[617be2ca0a6fd877]::panicking::panic_handler::{closure#0}, !>
[INFO] [stdout]    9:     0x645960316d9d - __rustc[ea4f61d10b84890b]::rust_begin_unwind
[INFO] [stdout]   10:     0x64596035373c - core[a373ad73a504971]::panicking::panic_fmt
[INFO] [stdout]   11:     0x645960353653 - core[a373ad73a504971]::panicking::assert_failed_inner
[INFO] [stdout]   12:     0x64595fef0c35 - core[a373ad73a504971]::panicking::assert_failed::<http[6d39b41872c29d69]::status::StatusCode, http[6d39b41872c29d69]::status::StatusCode>
[INFO] [stdout]   13:     0x64595fe59371 - adapter_regression[255cf299129b7cdc]::inbound_request_extensions_reach_core_handler::{closure#0}
[INFO] [stdout]   14:     0x64595fead06d - <tokio[741d18ba54631ca6]::runtime::scheduler::current_thread::Context>::enter::<core[a373ad73a504971]::task::poll::Poll<core[a373ad73a504971]::result::Result<(), alloc[2e1b2a31b91974c5]::boxed::Box<dyn core[a373ad73a504971]::error::Error>>>, <tokio[741d18ba54631ca6]::runtime::scheduler::current_thread::CoreGuard>::block_on<core[a373ad73a504971]::pin::Pin<&mut core[a373ad73a504971]::pin::Pin<&mut dyn core[a373ad73a504971]::future::future::Future<Output = core[a373ad73a504971]::result::Result<(), alloc[2e1b2a31b91974c5]::boxed::Box<dyn core[a373ad73a504971]::error::Error>>>>>>::{closure#0}::{closure#0}>
[INFO] [stdout]   15:     0x64595feb1aee - <tokio[741d18ba54631ca6]::runtime::context::scoped::Scoped<tokio[741d18ba54631ca6]::runtime::scheduler::Context>>::set::<<tokio[741d18ba54631ca6]::runtime::scheduler::current_thread::CoreGuard>::enter<<tokio[741d18ba54631ca6]::runtime::scheduler::current_thread::CoreGuard>::block_on<core[a373ad73a504971]::pin::Pin<&mut core[a373ad73a504971]::pin::Pin<&mut dyn core[a373ad73a504971]::future::future::Future<Output = core[a373ad73a504971]::result::Result<(), alloc[2e1b2a31b91974c5]::boxed::Box<dyn core[a373ad73a504971]::error::Error>>>>>>::{closure#0}, core[a373ad73a504971]::option::Option<core[a373ad73a504971]::result::Result<(), alloc[2e1b2a31b91974c5]::boxed::Box<dyn core[a373ad73a504971]::error::Error>>>>::{closure#0}, (alloc[2e1b2a31b91974c5]::boxed::Box<tokio[741d18ba54631ca6]::runtime::scheduler::current_thread::Core>, core[a373ad73a504971]::option::Option<core[a373ad73a504971]::result::Result<(), alloc[2e1b2a31b91974c5]::boxed::Box<dyn core[a373ad73a504971]::error::Error>>>)>
[INFO] [stdout]   16:     0x64595feac9bf - <tokio[741d18ba54631ca6]::runtime::runtime::Runtime>::block_on::<core[a373ad73a504971]::pin::Pin<&mut dyn core[a373ad73a504971]::future::future::Future<Output = core[a373ad73a504971]::result::Result<(), alloc[2e1b2a31b91974c5]::boxed::Box<dyn core[a373ad73a504971]::error::Error>>>>>
[INFO] [stdout]   17:     0x64595fe6741e - <adapter_regression[255cf299129b7cdc]::inbound_request_extensions_reach_core_handler::{closure#0} as core[a373ad73a504971]::ops::function::FnOnce<()>>::call_once
[INFO] [stdout]   18:     0x64595fef373b - test[aada8e7e76ba119b]::__rust_begin_short_backtrace::<core[a373ad73a504971]::result::Result<(), alloc[2e1b2a31b91974c5]::string::String>, fn() -> core[a373ad73a504971]::result::Result<(), alloc[2e1b2a31b91974c5]::string::String>>
[INFO] [stdout]   19:     0x64595ff00915 - test[aada8e7e76ba119b]::run_test::{closure#0}
[INFO] [stdout]   20:     0x64595fefa204 - std[617be2ca0a6fd877]::sys::backtrace::__rust_begin_short_backtrace::<test[aada8e7e76ba119b]::run_test::{closure#1}, ()>
[INFO] [stdout]   21:     0x64595ff039a2 - <std[617be2ca0a6fd877]::thread::lifecycle::spawn_unchecked<test[aada8e7e76ba119b]::run_test::{closure#1}, ()>::{closure#1} as core[a373ad73a504971]::ops::function::FnOnce<()>>::call_once::{shim:vtable#0}
[INFO] [stdout]   22:     0x64596033a30f - <std[617be2ca0a6fd877]::sys::thread::unix::Thread>::new::thread_start
[INFO] [stdout]   23:     0x789e5c519dfa - <unknown>
[INFO] [stdout]   24:     0x789e5c5ad3d4 - clone
[INFO] [stdout]   25:                0x0 - <unknown>
[INFO] [stdout] 
[INFO] [stdout] ---- handle_preserves_response_contract stdout ----
[INFO] [stdout] 
[INFO] [stdout] thread 'handle_preserves_response_contract' (2923) panicked at tests/adapter_regression.rs:156:5:
[INFO] [stdout] assertion `left == right` failed
[INFO] [stdout]   left: 429
[INFO] [stdout]  right: 201
[INFO] [stdout] stack backtrace:
[INFO] [stdout]    0:     0x64596033ae61 - <<std[617be2ca0a6fd877]::sys::backtrace::BacktraceLock>::print::DisplayBacktrace as core[a373ad73a504971]::fmt::Display>::fmt
[INFO] [stdout]    1:     0x645960352f5a - core[a373ad73a504971]::fmt::write
[INFO] [stdout]    2:     0x64596033fc2c - <alloc[2e1b2a31b91974c5]::vec::Vec<u8> as core[a373ad73a504971]::io::write::Write>::write_fmt
[INFO] [stdout]    3:     0x645960315de6 - std[617be2ca0a6fd877]::panicking::default_hook::{closure#0}
[INFO] [stdout]    4:     0x645960332dd9 - std[617be2ca0a6fd877]::panicking::default_hook
[INFO] [stdout]    5:     0x64595ff002f0 - test[aada8e7e76ba119b]::test_main_inner::{closure#0}
[INFO] [stdout]    6:     0x645960333102 - std[617be2ca0a6fd877]::panicking::panic_with_hook
[INFO] [stdout]    7:     0x645960315e92 - std[617be2ca0a6fd877]::panicking::panic_handler::{closure#0}
[INFO] [stdout]    8:     0x64596030e539 - std[617be2ca0a6fd877]::sys::backtrace::__rust_end_short_backtrace::<std[617be2ca0a6fd877]::panicking::panic_handler::{closure#0}, !>
[INFO] [stdout]    9:     0x645960316d9d - __rustc[ea4f61d10b84890b]::rust_begin_unwind
[INFO] [stdout]   10:     0x64596035373c - core[a373ad73a504971]::panicking::panic_fmt
[INFO] [stdout]   11:     0x645960353653 - core[a373ad73a504971]::panicking::assert_failed_inner
[INFO] [stdout]   12:     0x64595fef0c35 - core[a373ad73a504971]::panicking::assert_failed::<http[6d39b41872c29d69]::status::StatusCode, http[6d39b41872c29d69]::status::StatusCode>
[INFO] [stdout]   13:     0x64595fe57da6 - adapter_regression[255cf299129b7cdc]::handle_preserves_response_contract::{closure#0}
[INFO] [stdout]   14:     0x64595fead06d - <tokio[741d18ba54631ca6]::runtime::scheduler::current_thread::Context>::enter::<core[a373ad73a504971]::task::poll::Poll<core[a373ad73a504971]::result::Result<(), alloc[2e1b2a31b91974c5]::boxed::Box<dyn core[a373ad73a504971]::error::Error>>>, <tokio[741d18ba54631ca6]::runtime::scheduler::current_thread::CoreGuard>::block_on<core[a373ad73a504971]::pin::Pin<&mut core[a373ad73a504971]::pin::Pin<&mut dyn core[a373ad73a504971]::future::future::Future<Output = core[a373ad73a504971]::result::Result<(), alloc[2e1b2a31b91974c5]::boxed::Box<dyn core[a373ad73a504971]::error::Error>>>>>>::{closure#0}::{closure#0}>
[INFO] [stdout]   15:     0x64595feb1aee - <tokio[741d18ba54631ca6]::runtime::context::scoped::Scoped<tokio[741d18ba54631ca6]::runtime::scheduler::Context>>::set::<<tokio[741d18ba54631ca6]::runtime::scheduler::current_thread::CoreGuard>::enter<<tokio[741d18ba54631ca6]::runtime::scheduler::current_thread::CoreGuard>::block_on<core[a373ad73a504971]::pin::Pin<&mut core[a373ad73a504971]::pin::Pin<&mut dyn core[a373ad73a504971]::future::future::Future<Output = core[a373ad73a504971]::result::Result<(), alloc[2e1b2a31b91974c5]::boxed::Box<dyn core[a373ad73a504971]::error::Error>>>>>>::{closure#0}, core[a373ad73a504971]::option::Option<core[a373ad73a504971]::result::Result<(), alloc[2e1b2a31b91974c5]::boxed::Box<dyn core[a373ad73a504971]::error::Error>>>>::{closure#0}, (alloc[2e1b2a31b91974c5]::boxed::Box<tokio[741d18ba54631ca6]::runtime::scheduler::current_thread::Core>, core[a373ad73a504971]::option::Option<core[a373ad73a504971]::result::Result<(), alloc[2e1b2a31b91974c5]::boxed::Box<dyn core[a373ad73a504971]::error::Error>>>)>
[INFO] [stdout]   16:     0x64595feac9bf - <tokio[741d18ba54631ca6]::runtime::runtime::Runtime>::block_on::<core[a373ad73a504971]::pin::Pin<&mut dyn core[a373ad73a504971]::future::future::Future<Output = core[a373ad73a504971]::result::Result<(), alloc[2e1b2a31b91974c5]::boxed::Box<dyn core[a373ad73a504971]::error::Error>>>>>
[INFO] [stdout]   17:     0x64595fe670ee - <adapter_regression[255cf299129b7cdc]::handle_preserves_response_contract::{closure#0} as core[a373ad73a504971]::ops::function::FnOnce<()>>::call_once
[INFO] [stdout]   18:     0x64595fef373b - test[aada8e7e76ba119b]::__rust_begin_short_backtrace::<core[a373ad73a504971]::result::Result<(), alloc[2e1b2a31b91974c5]::string::String>, fn() -> core[a373ad73a504971]::result::Result<(), alloc[2e1b2a31b91974c5]::string::String>>
[INFO] [stdout]   19:     0x64595ff00915 - test[aada8e7e76ba119b]::run_test::{closure#0}
[INFO] [stdout]   20:     0x64595fefa204 - std[617be2ca0a6fd877]::sys::backtrace::__rust_begin_short_backtrace::<test[aada8e7e76ba119b]::run_test::{closure#1}, ()>
[INFO] [stdout]   21:     0x64595ff039a2 - <std[617be2ca0a6fd877]::thread::lifecycle::spawn_unchecked<test[aada8e7e76ba119b]::run_test::{closure#1}, ()>::{closure#1} as core[a373ad73a504971]::ops::function::FnOnce<()>>::call_once::{shim:vtable#0}
[INFO] [stdout]   22:     0x64596033a30f - <std[617be2ca0a6fd877]::sys::thread::unix::Thread>::new::thread_start
[INFO] [stdout]   23:     0x789e5c519dfa - <unknown>
[INFO] [stdout]   24:     0x789e5c5ad3d4 - clone
[INFO] [stdout]   25:                0x0 - <unknown>
[INFO] [stdout] 
[INFO] [stdout] 
[INFO] [stdout] failures:
[INFO] [stdout]     handle_preserves_response_contract
[INFO] [stdout]     inbound_request_extensions_reach_core_handler
[INFO] [stdout] 
[INFO] [stdout] test result: FAILED. 8 passed; 2 failed; 0 ignored; 0 measured; 0 filtered out; finished in 0.06s
[INFO] [stdout] 
[INFO] [stderr] error: test failed, to rerun pass `--test adapter_regression`
[INFO] running `Command { std: "docker" "inspect" "2dbc4bcf0ad06a2fc30b71044ea3766996b58be7e7b7cb4a20bddec8327863e5", kill_on_drop: false }`
[INFO] running `Command { std: "docker" "rm" "-f" "2dbc4bcf0ad06a2fc30b71044ea3766996b58be7e7b7cb4a20bddec8327863e5", kill_on_drop: false }`
[INFO] [stdout] 2dbc4bcf0ad06a2fc30b71044ea3766996b58be7e7b7cb4a20bddec8327863e5
