[INFO] fetching crate rustacuda_core 0.1.2...
[INFO] testing rustacuda_core-0.1.2 against 1.99.0-beta.8+cargoflags=--release for beta-release-1.100-2
[INFO] extracting crate rustacuda_core 0.1.2 into /workspace/builds/worker-5-tc1/source
[INFO] started tweaking crates.io crate rustacuda_core 0.1.2
[INFO] finished tweaking crates.io crate rustacuda_core 0.1.2
[INFO] tweaked toml for crates.io crate rustacuda_core 0.1.2 written to /workspace/builds/worker-5-tc1/source/Cargo.toml
[INFO] validating manifest of crates.io crate rustacuda_core 0.1.2 on toolchain 1.99.0-beta.8
[INFO] running `Command { std: CARGO_HOME="/workspace/cargo-home" RUSTUP_HOME="/workspace/rustup-home" "/workspace/cargo-home/bin/cargo" "+1.99.0-beta.8" "metadata" "--manifest-path" "Cargo.toml" "--no-deps", kill_on_drop: false }`
[INFO] running `Command { std: CARGO_HOME="/workspace/cargo-home" RUSTUP_HOME="/workspace/rustup-home" "/workspace/cargo-home/bin/cargo" "+1.99.0-beta.8" "generate-lockfile" "--manifest-path" "Cargo.toml", kill_on_drop: false }`
[INFO] [stderr]     Updating crates.io index
[INFO] [stderr]      Locking 11 packages to highest compatible versions
[INFO] running `Command { std: CARGO_HOME="/workspace/cargo-home" RUSTUP_HOME="/workspace/rustup-home" "/workspace/cargo-home/bin/cargo" "+1.99.0-beta.8" "fetch" "--manifest-path" "Cargo.toml", kill_on_drop: false }`
[INFO] [stderr]  Downloading crates ...
[INFO] [stderr]   Downloaded rustacuda_core v0.1.2
[INFO] [stderr]   Downloaded cuda-driver-sys v0.3.0
[INFO] [stderr]   Downloaded cuda-config v0.1.0
[INFO] [stderr]   Downloaded rustacuda_derive v0.1.2
[INFO] [stderr]   Downloaded rustacuda v0.1.3
[INFO] running `Command { std: "docker" "create" "-v" "/var/lib/crater-agent-workspace/builds/worker-5-tc1/source:/opt/rustwide/workdir:ro,Z" "-v" "/var/lib/crater-agent-workspace/builds/worker-5-tc1/target:/opt/rustwide/target:rw,Z" "-v" "/var/lib/crater-agent-workspace/cargo-home:/opt/rustwide/cargo-home:ro,Z" "-v" "/var/lib/crater-agent-workspace/rustup-home:/opt/rustwide/rustup-home:ro,Z" "-m" "1610612736" "--network" "none" "ghcr.io/rust-lang/crates-build-env/linux@sha256:77db811e55d90add9212f6832c23229e3de5f1c1f9905e8cb07319ea15df73ac" "sleep" "infinity", kill_on_drop: false }`
[INFO] [stdout] 81c6f16a653e8e2401ba75982d564f84384c6419401b9d65b7076aeb8d2544f3
[INFO] running `Command { std: "docker" "start" "81c6f16a653e8e2401ba75982d564f84384c6419401b9d65b7076aeb8d2544f3", kill_on_drop: false }`
[INFO] running `Command { std: "docker" "inspect" "81c6f16a653e8e2401ba75982d564f84384c6419401b9d65b7076aeb8d2544f3", kill_on_drop: false }`
[INFO] running `Command { std: "docker" "exec" "-e" "SOURCE_DIR=/opt/rustwide/workdir" "-e" "CARGO_HOME=/opt/rustwide/cargo-home" "-e" "RUSTUP_HOME=/opt/rustwide/rustup-home" "-e" "CARGO_TARGET_DIR=/opt/rustwide/target" "-w" "/opt/rustwide/workdir" "--user" "0:0" "81c6f16a653e8e2401ba75982d564f84384c6419401b9d65b7076aeb8d2544f3" "/opt/rustwide/cargo-home/bin/cargo" "+1.99.0-beta.8" "metadata" "--no-deps" "--format-version=1", kill_on_drop: false }`
[INFO] running `Command { std: "docker" "inspect" "81c6f16a653e8e2401ba75982d564f84384c6419401b9d65b7076aeb8d2544f3", kill_on_drop: false }`
[INFO] running `Command { std: "docker" "exec" "-e" "SOURCE_DIR=/opt/rustwide/workdir" "-e" "CARGO_HOME=/opt/rustwide/cargo-home" "-e" "RUSTUP_HOME=/opt/rustwide/rustup-home" "-e" "CARGO_TARGET_DIR=/opt/rustwide/target" "-e" "CARGO_INCREMENTAL=0" "-e" "RUST_BACKTRACE=full" "-e" "RUSTFLAGS=--cap-lints=warn" "-e" "RUSTDOCFLAGS=--cap-lints=warn" "-w" "/opt/rustwide/workdir" "--user" "0:0" "81c6f16a653e8e2401ba75982d564f84384c6419401b9d65b7076aeb8d2544f3" "/opt/rustwide/cargo-home/bin/cargo" "+1.99.0-beta.8" "build" "--frozen" "--message-format=json" "--release", kill_on_drop: false }`
[INFO] [stderr]    Compiling rustacuda_core v0.1.2 (/opt/rustwide/workdir)
[INFO] [stdout] warning: ambiguous wide pointer comparison, the comparison includes metadata which may not be expected
[INFO] [stdout]   --> src/memory/pointer.rs:31:17
[INFO] [stdout]    |
[INFO] [stdout] 31 |                 PartialEq::eq(&self.0, &other.0)
[INFO] [stdout]    |                 ^^^^^^^^^^^^^^^^^^^^^^^^^^^^^^^^
[INFO] [stdout] ...
[INFO] [stdout] 57 | derive_traits!(DevicePointer<T> UnifiedPointer<T>);
[INFO] [stdout]    | -------------------------------------------------- in this macro invocation
[INFO] [stdout]    |
[INFO] [stdout]    = note: `#[warn(ambiguous_wide_pointer_comparisons)]` on by default
[INFO] [stdout]    = note: this warning originates in the macro `derive_traits` (in Nightly builds, run with -Z macro-backtrace for more info)
[INFO] [stdout] help: use `std::ptr::addr_eq` or untyped pointers to only compare their addresses
[INFO] [stdout]    |
[INFO] [stdout] 31 -                 PartialEq::eq(&self.0, &other.0)
[INFO] [stdout] 31 +                 std::ptr::addr_eq(self.0, other.0)
[INFO] [stdout]    |
[INFO] [stdout] help: use explicit `std::ptr::eq` method to compare metadata and addresses
[INFO] [stdout]    |
[INFO] [stdout] 31 -                 PartialEq::eq(&self.0, &other.0)
[INFO] [stdout] 31 +                 std::ptr::eq(self.0, other.0)
[INFO] [stdout]    |
[INFO] [stdout] 
[INFO] [stdout] 
[INFO] [stdout] warning: ambiguous wide pointer comparison, the comparison includes metadata which may not be expected
[INFO] [stdout]   --> src/memory/pointer.rs:39:17
[INFO] [stdout]    |
[INFO] [stdout] 39 |                 PartialOrd::partial_cmp(&self.0, &other.0)
[INFO] [stdout]    |                 ^^^^^^^^^^^^^^^^^^^^^^^^^^^^^^^^^^^^^^^^^^
[INFO] [stdout] ...
[INFO] [stdout] 57 | derive_traits!(DevicePointer<T> UnifiedPointer<T>);
[INFO] [stdout]    | -------------------------------------------------- in this macro invocation
[INFO] [stdout]    |
[INFO] [stdout]    = note: this warning originates in the macro `derive_traits` (in Nightly builds, run with -Z macro-backtrace for more info)
[INFO] [stdout] help: use untyped pointers to only compare their addresses
[INFO] [stdout]    |
[INFO] [stdout] 39 |                 PartialOrd::partial_cmp(&self.0.cast::<()>(), &other.0.cast::<()>())
[INFO] [stdout]    |                                                +++++++++++++          +++++++++++++
[INFO] [stdout] help: or expect the lint to compare the pointers metadata and addresses
[INFO] [stdout]    |
[INFO] [stdout] 39 |                 { #[expect(ambiguous_wide_pointer_comparisons, reason = "...")] PartialOrd::partial_cmp(&self.0, &other.0) }
[INFO] [stdout]    |                 +++++++++++++++++++++++++++++++++++++++++++++++++++++++++++++++                                            +
[INFO] [stdout] 
[INFO] [stdout] 
[INFO] [stdout] warning: ambiguous wide pointer comparison, the comparison includes metadata which may not be expected
[INFO] [stdout]   --> src/memory/pointer.rs:45:17
[INFO] [stdout]    |
[INFO] [stdout] 45 |                 Ord::cmp(&self.0, &other.0)
[INFO] [stdout]    |                 ^^^^^^^^^^^^^^^^^^^^^^^^^^^
[INFO] [stdout] ...
[INFO] [stdout] 57 | derive_traits!(DevicePointer<T> UnifiedPointer<T>);
[INFO] [stdout]    | -------------------------------------------------- in this macro invocation
[INFO] [stdout]    |
[INFO] [stdout]    = note: this warning originates in the macro `derive_traits` (in Nightly builds, run with -Z macro-backtrace for more info)
[INFO] [stdout] help: use untyped pointers to only compare their addresses
[INFO] [stdout]    |
[INFO] [stdout] 45 |                 Ord::cmp(&self.0.cast::<()>(), &other.0.cast::<()>())
[INFO] [stdout]    |                                 +++++++++++++          +++++++++++++
[INFO] [stdout] help: or expect the lint to compare the pointers metadata and addresses
[INFO] [stdout]    |
[INFO] [stdout] 45 |                 { #[expect(ambiguous_wide_pointer_comparisons, reason = "...")] Ord::cmp(&self.0, &other.0) }
[INFO] [stdout]    |                 +++++++++++++++++++++++++++++++++++++++++++++++++++++++++++++++                             +
[INFO] [stdout] 
[INFO] [stdout] 
[INFO] [stderr]     Finished `release` profile [optimized] target(s) in 0.10s
[INFO] running `Command { std: "docker" "inspect" "81c6f16a653e8e2401ba75982d564f84384c6419401b9d65b7076aeb8d2544f3", kill_on_drop: false }`
[INFO] running `Command { std: "docker" "exec" "-e" "SOURCE_DIR=/opt/rustwide/workdir" "-e" "CARGO_HOME=/opt/rustwide/cargo-home" "-e" "RUSTUP_HOME=/opt/rustwide/rustup-home" "-e" "CARGO_TARGET_DIR=/opt/rustwide/target" "-e" "CARGO_INCREMENTAL=0" "-e" "RUST_BACKTRACE=full" "-e" "RUSTFLAGS=--cap-lints=warn" "-e" "RUSTDOCFLAGS=--cap-lints=warn" "-w" "/opt/rustwide/workdir" "--user" "0:0" "81c6f16a653e8e2401ba75982d564f84384c6419401b9d65b7076aeb8d2544f3" "/opt/rustwide/cargo-home/bin/cargo" "+1.99.0-beta.8" "test" "--frozen" "--no-run" "--message-format=json" "--release", kill_on_drop: false }`
[INFO] [stderr]    Compiling cuda-config v0.1.0
[INFO] [stderr]    Compiling syn v1.0.109
[INFO] [stdout] warning: ambiguous wide pointer comparison, the comparison includes metadata which may not be expected
[INFO] [stdout]   --> src/memory/pointer.rs:31:17
[INFO] [stdout]    |
[INFO] [stdout] 31 |                 PartialEq::eq(&self.0, &other.0)
[INFO] [stdout]    |                 ^^^^^^^^^^^^^^^^^^^^^^^^^^^^^^^^
[INFO] [stdout] ...
[INFO] [stdout] 57 | derive_traits!(DevicePointer<T> UnifiedPointer<T>);
[INFO] [stdout]    | -------------------------------------------------- in this macro invocation
[INFO] [stdout]    |
[INFO] [stdout]    = note: `#[warn(ambiguous_wide_pointer_comparisons)]` on by default
[INFO] [stdout]    = note: this warning originates in the macro `derive_traits` (in Nightly builds, run with -Z macro-backtrace for more info)
[INFO] [stdout] help: use `std::ptr::addr_eq` or untyped pointers to only compare their addresses
[INFO] [stdout]    |
[INFO] [stdout] 31 -                 PartialEq::eq(&self.0, &other.0)
[INFO] [stdout] 31 +                 std::ptr::addr_eq(self.0, other.0)
[INFO] [stdout]    |
[INFO] [stdout] help: use explicit `std::ptr::eq` method to compare metadata and addresses
[INFO] [stdout]    |
[INFO] [stdout] 31 -                 PartialEq::eq(&self.0, &other.0)
[INFO] [stdout] 31 +                 std::ptr::eq(self.0, other.0)
[INFO] [stdout]    |
[INFO] [stdout] 
[INFO] [stdout] 
[INFO] [stderr]    Compiling rustacuda_core v0.1.2
[INFO] [stdout] warning: ambiguous wide pointer comparison, the comparison includes metadata which may not be expected
[INFO] [stdout]   --> src/memory/pointer.rs:39:17
[INFO] [stdout]    |
[INFO] [stdout] 39 |                 PartialOrd::partial_cmp(&self.0, &other.0)
[INFO] [stdout]    |                 ^^^^^^^^^^^^^^^^^^^^^^^^^^^^^^^^^^^^^^^^^^
[INFO] [stdout] ...
[INFO] [stdout] 57 | derive_traits!(DevicePointer<T> UnifiedPointer<T>);
[INFO] [stdout]    | -------------------------------------------------- in this macro invocation
[INFO] [stdout]    |
[INFO] [stdout]    = note: this warning originates in the macro `derive_traits` (in Nightly builds, run with -Z macro-backtrace for more info)
[INFO] [stdout] help: use untyped pointers to only compare their addresses
[INFO] [stdout]    |
[INFO] [stdout] 39 |                 PartialOrd::partial_cmp(&self.0.cast::<()>(), &other.0.cast::<()>())
[INFO] [stdout]    |                                                +++++++++++++          +++++++++++++
[INFO] [stdout] help: or expect the lint to compare the pointers metadata and addresses
[INFO] [stdout]    |
[INFO] [stdout] 39 |                 { #[expect(ambiguous_wide_pointer_comparisons, reason = "...")] PartialOrd::partial_cmp(&self.0, &other.0) }
[INFO] [stdout]    |                 +++++++++++++++++++++++++++++++++++++++++++++++++++++++++++++++                                            +
[INFO] [stdout] 
[INFO] [stdout] 
[INFO] [stdout] warning: ambiguous wide pointer comparison, the comparison includes metadata which may not be expected
[INFO] [stdout]   --> src/memory/pointer.rs:45:17
[INFO] [stdout]    |
[INFO] [stdout] 45 |                 Ord::cmp(&self.0, &other.0)
[INFO] [stdout]    |                 ^^^^^^^^^^^^^^^^^^^^^^^^^^^
[INFO] [stdout] ...
[INFO] [stdout] 57 | derive_traits!(DevicePointer<T> UnifiedPointer<T>);
[INFO] [stdout]    | -------------------------------------------------- in this macro invocation
[INFO] [stdout]    |
[INFO] [stdout]    = note: this warning originates in the macro `derive_traits` (in Nightly builds, run with -Z macro-backtrace for more info)
[INFO] [stdout] help: use untyped pointers to only compare their addresses
[INFO] [stdout]    |
[INFO] [stdout] 45 |                 Ord::cmp(&self.0.cast::<()>(), &other.0.cast::<()>())
[INFO] [stdout]    |                                 +++++++++++++          +++++++++++++
[INFO] [stdout] help: or expect the lint to compare the pointers metadata and addresses
[INFO] [stdout]    |
[INFO] [stdout] 45 |                 { #[expect(ambiguous_wide_pointer_comparisons, reason = "...")] Ord::cmp(&self.0, &other.0) }
[INFO] [stdout]    |                 +++++++++++++++++++++++++++++++++++++++++++++++++++++++++++++++                             +
[INFO] [stdout] 
[INFO] [stdout] 
[INFO] [stderr]    Compiling cuda-driver-sys v0.3.0
[INFO] [stderr]    Compiling rustacuda_derive v0.1.2
[INFO] [stderr]    Compiling rustacuda v0.1.3
[INFO] [stderr]    Compiling rustacuda_core v0.1.2 (/opt/rustwide/workdir)
[INFO] [stdout] warning: ambiguous wide pointer comparison, the comparison includes metadata which may not be expected
[INFO] [stdout]   --> src/memory/pointer.rs:31:17
[INFO] [stdout]    |
[INFO] [stdout] 31 |                 PartialEq::eq(&self.0, &other.0)
[INFO] [stdout]    |                 ^^^^^^^^^^^^^^^^^^^^^^^^^^^^^^^^
[INFO] [stdout] ...
[INFO] [stdout] 57 | derive_traits!(DevicePointer<T> UnifiedPointer<T>);
[INFO] [stdout]    | -------------------------------------------------- in this macro invocation
[INFO] [stdout]    |
[INFO] [stdout]    = note: `#[warn(ambiguous_wide_pointer_comparisons)]` on by default
[INFO] [stdout]    = note: this warning originates in the macro `derive_traits` (in Nightly builds, run with -Z macro-backtrace for more info)
[INFO] [stdout] help: use `std::ptr::addr_eq` or untyped pointers to only compare their addresses
[INFO] [stdout]    |
[INFO] [stdout] 31 -                 PartialEq::eq(&self.0, &other.0)
[INFO] [stdout] 31 +                 std::ptr::addr_eq(self.0, other.0)
[INFO] [stdout]    |
[INFO] [stdout] help: use explicit `std::ptr::eq` method to compare metadata and addresses
[INFO] [stdout]    |
[INFO] [stdout] 31 -                 PartialEq::eq(&self.0, &other.0)
[INFO] [stdout] 31 +                 std::ptr::eq(self.0, other.0)
[INFO] [stdout]    |
[INFO] [stdout] 
[INFO] [stdout] 
[INFO] [stdout] warning: ambiguous wide pointer comparison, the comparison includes metadata which may not be expected
[INFO] [stdout]   --> src/memory/pointer.rs:39:17
[INFO] [stdout]    |
[INFO] [stdout] 39 |                 PartialOrd::partial_cmp(&self.0, &other.0)
[INFO] [stdout]    |                 ^^^^^^^^^^^^^^^^^^^^^^^^^^^^^^^^^^^^^^^^^^
[INFO] [stdout] ...
[INFO] [stdout] 57 | derive_traits!(DevicePointer<T> UnifiedPointer<T>);
[INFO] [stdout]    | -------------------------------------------------- in this macro invocation
[INFO] [stdout]    |
[INFO] [stdout]    = note: this warning originates in the macro `derive_traits` (in Nightly builds, run with -Z macro-backtrace for more info)
[INFO] [stdout] help: use untyped pointers to only compare their addresses
[INFO] [stdout]    |
[INFO] [stdout] 39 |                 PartialOrd::partial_cmp(&self.0.cast::<()>(), &other.0.cast::<()>())
[INFO] [stdout]    |                                                +++++++++++++          +++++++++++++
[INFO] [stdout] help: or expect the lint to compare the pointers metadata and addresses
[INFO] [stdout]    |
[INFO] [stdout] 39 |                 { #[expect(ambiguous_wide_pointer_comparisons, reason = "...")] PartialOrd::partial_cmp(&self.0, &other.0) }
[INFO] [stdout]    |                 +++++++++++++++++++++++++++++++++++++++++++++++++++++++++++++++                                            +
[INFO] [stdout] 
[INFO] [stdout] 
[INFO] [stdout] warning: ambiguous wide pointer comparison, the comparison includes metadata which may not be expected
[INFO] [stdout]   --> src/memory/pointer.rs:45:17
[INFO] [stdout]    |
[INFO] [stdout] 45 |                 Ord::cmp(&self.0, &other.0)
[INFO] [stdout]    |                 ^^^^^^^^^^^^^^^^^^^^^^^^^^^
[INFO] [stdout] ...
[INFO] [stdout] 57 | derive_traits!(DevicePointer<T> UnifiedPointer<T>);
[INFO] [stdout]    | -------------------------------------------------- in this macro invocation
[INFO] [stdout]    |
[INFO] [stdout]    = note: this warning originates in the macro `derive_traits` (in Nightly builds, run with -Z macro-backtrace for more info)
[INFO] [stdout] help: use untyped pointers to only compare their addresses
[INFO] [stdout]    |
[INFO] [stdout] 45 |                 Ord::cmp(&self.0.cast::<()>(), &other.0.cast::<()>())
[INFO] [stdout]    |                                 +++++++++++++          +++++++++++++
[INFO] [stdout] help: or expect the lint to compare the pointers metadata and addresses
[INFO] [stdout]    |
[INFO] [stdout] 45 |                 { #[expect(ambiguous_wide_pointer_comparisons, reason = "...")] Ord::cmp(&self.0, &other.0) }
[INFO] [stdout]    |                 +++++++++++++++++++++++++++++++++++++++++++++++++++++++++++++++                             +
[INFO] [stdout] 
[INFO] [stdout] 
[INFO] [stderr]     Finished `release` profile [optimized] target(s) in 4.53s
[INFO] running `Command { std: "docker" "inspect" "81c6f16a653e8e2401ba75982d564f84384c6419401b9d65b7076aeb8d2544f3", kill_on_drop: false }`
[INFO] running `Command { std: "docker" "exec" "-e" "SOURCE_DIR=/opt/rustwide/workdir" "-e" "CARGO_HOME=/opt/rustwide/cargo-home" "-e" "RUSTUP_HOME=/opt/rustwide/rustup-home" "-e" "CARGO_TARGET_DIR=/opt/rustwide/target" "-e" "CARGO_INCREMENTAL=0" "-e" "RUST_BACKTRACE=full" "-e" "RUSTFLAGS=--cap-lints=warn" "-e" "RUSTDOCFLAGS=--cap-lints=warn" "-w" "/opt/rustwide/workdir" "--user" "0:0" "81c6f16a653e8e2401ba75982d564f84384c6419401b9d65b7076aeb8d2544f3" "/opt/rustwide/cargo-home/bin/cargo" "+1.99.0-beta.8" "test" "--frozen" "--release", kill_on_drop: false }`
[INFO] [stderr] warning: ambiguous wide pointer comparison, the comparison includes metadata which may not be expected
[INFO] [stderr]   --> src/memory/pointer.rs:31:17
[INFO] [stderr]    |
[INFO] [stderr] 31 |                 PartialEq::eq(&self.0, &other.0)
[INFO] [stderr]    |                 ^^^^^^^^^^^^^^^^^^^^^^^^^^^^^^^^
[INFO] [stderr] ...
[INFO] [stderr] 57 | derive_traits!(DevicePointer<T> UnifiedPointer<T>);
[INFO] [stderr]    | -------------------------------------------------- in this macro invocation
[INFO] [stderr]    |
[INFO] [stderr]    = note: `#[warn(ambiguous_wide_pointer_comparisons)]` on by default
[INFO] [stderr]    = note: this warning originates in the macro `derive_traits` (in Nightly builds, run with -Z macro-backtrace for more info)
[INFO] [stderr] help: use `std::ptr::addr_eq` or untyped pointers to only compare their addresses
[INFO] [stderr]    |
[INFO] [stderr] 31 -                 PartialEq::eq(&self.0, &other.0)
[INFO] [stderr] 31 +                 std::ptr::addr_eq(self.0, other.0)
[INFO] [stderr]    |
[INFO] [stderr] help: use explicit `std::ptr::eq` method to compare metadata and addresses
[INFO] [stderr]    |
[INFO] [stderr] 31 -                 PartialEq::eq(&self.0, &other.0)
[INFO] [stderr] 31 +                 std::ptr::eq(self.0, other.0)
[INFO] [stderr]    |
[INFO] [stderr] 
[INFO] [stderr] warning: ambiguous wide pointer comparison, the comparison includes metadata which may not be expected
[INFO] [stderr]   --> src/memory/pointer.rs:39:17
[INFO] [stderr]    |
[INFO] [stderr] 39 |                 PartialOrd::partial_cmp(&self.0, &other.0)
[INFO] [stderr]    |                 ^^^^^^^^^^^^^^^^^^^^^^^^^^^^^^^^^^^^^^^^^^
[INFO] [stderr] ...
[INFO] [stderr] 57 | derive_traits!(DevicePointer<T> UnifiedPointer<T>);
[INFO] [stderr]    | -------------------------------------------------- in this macro invocation
[INFO] [stderr]    |
[INFO] [stderr]    = note: this warning originates in the macro `derive_traits` (in Nightly builds, run with -Z macro-backtrace for more info)
[INFO] [stderr] help: use untyped pointers to only compare their addresses
[INFO] [stderr]    |
[INFO] [stderr] 39 |                 PartialOrd::partial_cmp(&self.0.cast::<()>(), &other.0.cast::<()>())
[INFO] [stderr]    |                                                +++++++++++++          +++++++++++++
[INFO] [stderr] help: or expect the lint to compare the pointers metadata and addresses
[INFO] [stderr]    |
[INFO] [stderr] 39 |                 { #[expect(ambiguous_wide_pointer_comparisons, reason = "...")] PartialOrd::partial_cmp(&self.0, &other.0) }
[INFO] [stderr]    |                 +++++++++++++++++++++++++++++++++++++++++++++++++++++++++++++++                                            +
[INFO] [stderr] 
[INFO] [stderr] warning: ambiguous wide pointer comparison, the comparison includes metadata which may not be expected
[INFO] [stderr]   --> src/memory/pointer.rs:45:17
[INFO] [stderr]    |
[INFO] [stderr] 45 |                 Ord::cmp(&self.0, &other.0)
[INFO] [stderr]    |                 ^^^^^^^^^^^^^^^^^^^^^^^^^^^
[INFO] [stderr] ...
[INFO] [stderr] 57 | derive_traits!(DevicePointer<T> UnifiedPointer<T>);
[INFO] [stderr]    | -------------------------------------------------- in this macro invocation
[INFO] [stderr]    |
[INFO] [stderr]    = note: this warning originates in the macro `derive_traits` (in Nightly builds, run with -Z macro-backtrace for more info)
[INFO] [stderr] help: use untyped pointers to only compare their addresses
[INFO] [stderr]    |
[INFO] [stderr] 45 |                 Ord::cmp(&self.0.cast::<()>(), &other.0.cast::<()>())
[INFO] [stderr]    |                                 +++++++++++++          +++++++++++++
[INFO] [stderr] help: or expect the lint to compare the pointers metadata and addresses
[INFO] [stderr]    |
[INFO] [stderr] 45 |                 { #[expect(ambiguous_wide_pointer_comparisons, reason = "...")] Ord::cmp(&self.0, &other.0) }
[INFO] [stderr]    |                 +++++++++++++++++++++++++++++++++++++++++++++++++++++++++++++++                             +
[INFO] [stderr] 
[INFO] [stderr] warning: `rustacuda_core` (lib) generated 3 warnings
[INFO] [stderr] warning: `rustacuda_core` (lib test) generated 3 warnings (3 duplicates)
[INFO] [stderr]     Finished `release` profile [optimized] target(s) in 0.06s
[INFO] [stderr]      Running unittests src/lib.rs (/opt/rustwide/target/release/deps/rustacuda_core-f8069db6113dd759)
[INFO] [stdout] 
[INFO] [stdout] running 0 tests
[INFO] [stdout] 
[INFO] [stdout] test result: ok. 0 passed; 0 failed; 0 ignored; 0 measured; 0 filtered out; finished in 0.00s
[INFO] [stdout] 
[INFO] [stderr]    Doc-tests rustacuda_core
[INFO] [stdout] 
[INFO] [stdout] running 25 tests
[INFO] [stdout] test src/memory/mod.rs - memory::DeviceCopy (line 17) ... FAILED
[INFO] [stdout] test src/memory/pointer.rs - memory::pointer::DevicePointer<T>::add (line 269) ... FAILED
[INFO] [stdout] test src/memory/pointer.rs - memory::pointer::DevicePointer<T>::as_raw_mut (line 122) ... FAILED
[INFO] [stdout] test src/memory/pointer.rs - memory::pointer::DevicePointer<T>::null (line 155) ... FAILED
[INFO] [stdout] test src/memory/mod.rs - memory::DeviceCopy (line 31) - compile fail ... ok
[INFO] [stdout] test src/memory/pointer.rs - memory::pointer::DevicePointer<T>::is_null (line 138) ... FAILED
[INFO] [stdout] test src/memory/mod.rs - memory::DeviceCopy (line 41) ... FAILED
[INFO] [stdout] test src/memory/pointer.rs - memory::pointer::DevicePointer<T>::sub (line 311) ... FAILED
[INFO] [stdout] test src/memory/pointer.rs - memory::pointer::DevicePointer<T>::as_raw (line 104) ... FAILED
[INFO] [stdout] test src/memory/pointer.rs - memory::pointer::DevicePointer<T>::wrap (line 86) ... FAILED
[INFO] [stdout] test src/memory/pointer.rs - memory::pointer::DevicePointer<T>::wrapping_sub (line 375) ... FAILED
[INFO] [stdout] test src/memory/pointer.rs - memory::pointer::DevicePointer<T>::wrapping_add (line 343) ... FAILED
[INFO] [stdout] test src/memory/pointer.rs - memory::pointer::DevicePointer<T>::wrapping_offset (line 229) ... FAILED
[INFO] [stdout] test src/memory/pointer.rs - memory::pointer::UnifiedPointer<T>::add (line 601) ... FAILED
[INFO] [stdout] test src/memory/pointer.rs - memory::pointer::UnifiedPointer<T>::null (line 487) ... FAILED
[INFO] [stdout] test src/memory/pointer.rs - memory::pointer::DevicePointer<T>::offset (line 192) ... FAILED
[INFO] [stdout] test src/memory/pointer.rs - memory::pointer::UnifiedPointer<T>::as_raw_mut (line 452) ... FAILED
[INFO] [stdout] test src/memory/pointer.rs - memory::pointer::UnifiedPointer<T>::wrapping_offset (line 561) ... FAILED
[INFO] [stdout] test src/memory/pointer.rs - memory::pointer::UnifiedPointer<T>::wrap (line 418) ... FAILED
[INFO] [stdout] test src/memory/pointer.rs - memory::pointer::UnifiedPointer<T>::offset (line 524) ... FAILED
[INFO] [stdout] test src/memory/pointer.rs - memory::pointer::UnifiedPointer<T>::as_raw (line 435) ... FAILED
[INFO] [stdout] test src/memory/pointer.rs - memory::pointer::UnifiedPointer<T>::is_null (line 470) ... FAILED
[INFO] [stdout] test src/memory/pointer.rs - memory::pointer::UnifiedPointer<T>::wrapping_add (line 675) ... FAILED
[INFO] [stdout] test src/memory/pointer.rs - memory::pointer::UnifiedPointer<T>::sub (line 643) ... FAILED
[INFO] [stdout] test src/memory/pointer.rs - memory::pointer::UnifiedPointer<T>::wrapping_sub (line 707) ... FAILED
[INFO] [stdout] 
[INFO] [stdout] failures:
[INFO] [stdout] 
[INFO] [stdout] ---- src/memory/mod.rs - memory::DeviceCopy (line 17) stdout ----
[INFO] [stdout] error: linking with `cc` failed: exit status: 1
[INFO] [stdout]   |
[INFO] [stdout]   = note:  "cc" "-m64" "/tmp/rustdoctest5Bl83K/rustcwv8YvJ/symbols.o" "<2 object files omitted>" "-Wl,--as-needed" "-Wl,-Bstatic" "/opt/rustwide/target/release/deps/{librustacuda_core-be966b099bbdab20,librustacuda-5b04f4736b6d9aea,libcuda_driver_sys-b10af0c2e62dcc88,librustacuda_core-4ae9ce4cbfeea96c,libbitflags-68973b8086863992}.rlib" "<sysroot>/lib/rustlib/x86_64-unknown-linux-gnu/lib/{libstd-*,libpanic_unwind-*,libobject-*,libmemchr-*,libaddr2line-*,libgimli-*,libcfg_if-*,librustc_demangle-*,libstd_detect-*,libhashbrown-*,librustc_std_workspace_alloc-*,libminiz_oxide-*,libadler2-*,libunwind-*,liblibc-*,librustc_std_workspace_core-*,liballoc-*,libcore-*,libcompiler_builtins-*}.rlib" "-Wl,-Bdynamic" "-lcuda" "-lgcc_s" "-lutil" "-lrt" "-lpthread" "-lm" "-ldl" "-lc" "-L" "/tmp/rustdoctest5Bl83K/rustcwv8YvJ/raw-dylibs" "-B<sysroot>/lib/rustlib/x86_64-unknown-linux-gnu/bin/gcc-ld" "-fuse-ld=lld" "-Wl,--eh-frame-hdr" "-Wl,-z,noexecstack" "-L" "<sysroot>/lib/rustlib/x86_64-unknown-linux-gnu/lib" "-o" "/tmp/rustdoctest5Bl83K/rust_out" "-Wl,--gc-sections" "-pie" "-Wl,-z,relro,-z,now" "-nodefaultlibs"
[INFO] [stdout]   = note: some arguments are omitted. use `--verbose` to show all linker arguments
[INFO] [stdout]   = note: rust-lld: error: unable to find library -lcuda
[INFO] [stdout]           collect2: error: ld returned 1 exit status
[INFO] [stdout]           
[INFO] [stdout] 
[INFO] [stdout] error: aborting due to 1 previous error
[INFO] [stdout] 
[INFO] [stdout] Couldn't compile the test.
[INFO] [stdout] ---- src/memory/pointer.rs - memory::pointer::DevicePointer<T>::add (line 269) stdout ----
[INFO] [stdout] error: linking with `cc` failed: exit status: 1
[INFO] [stdout]   |
[INFO] [stdout]   = note:  "cc" "-m64" "/tmp/rustdoctestOsvJRS/rustc5SpO7K/symbols.o" "<2 object files omitted>" "-Wl,--as-needed" "-Wl,-Bstatic" "/opt/rustwide/target/release/deps/{librustacuda-5b04f4736b6d9aea,libcuda_driver_sys-b10af0c2e62dcc88,librustacuda_core-4ae9ce4cbfeea96c,libbitflags-68973b8086863992}.rlib" "<sysroot>/lib/rustlib/x86_64-unknown-linux-gnu/lib/{libstd-*,libpanic_unwind-*,libobject-*,libmemchr-*,libaddr2line-*,libgimli-*,libcfg_if-*,librustc_demangle-*,libstd_detect-*,libhashbrown-*,librustc_std_workspace_alloc-*,libminiz_oxide-*,libadler2-*,libunwind-*,liblibc-*,librustc_std_workspace_core-*,liballoc-*,libcore-*,libcompiler_builtins-*}.rlib" "-Wl,-Bdynamic" "-lcuda" "-lgcc_s" "-lutil" "-lrt" "-lpthread" "-lm" "-ldl" "-lc" "-L" "/tmp/rustdoctestOsvJRS/rustc5SpO7K/raw-dylibs" "-B<sysroot>/lib/rustlib/x86_64-unknown-linux-gnu/bin/gcc-ld" "-fuse-ld=lld" "-Wl,--eh-frame-hdr" "-Wl,-z,noexecstack" "-L" "<sysroot>/lib/rustlib/x86_64-unknown-linux-gnu/lib" "-o" "/tmp/rustdoctestOsvJRS/rust_out" "-Wl,--gc-sections" "-pie" "-Wl,-z,relro,-z,now" "-nodefaultlibs"
[INFO] [stdout]   = note: some arguments are omitted. use `--verbose` to show all linker arguments
[INFO] [stdout]   = note: rust-lld: error: unable to find library -lcuda
[INFO] [stdout]           collect2: error: ld returned 1 exit status
[INFO] [stdout]           
[INFO] [stdout] 
[INFO] [stdout] error: aborting due to 1 previous error
[INFO] [stdout] 
[INFO] [stdout] Couldn't compile the test.
[INFO] [stdout] ---- src/memory/pointer.rs - memory::pointer::DevicePointer<T>::as_raw_mut (line 122) stdout ----
[INFO] [stdout] error: linking with `cc` failed: exit status: 1
[INFO] [stdout]   |
[INFO] [stdout]   = note:  "cc" "-m64" "/tmp/rustdoctestck4gTz/rustcKn7rFR/symbols.o" "<2 object files omitted>" "-Wl,--as-needed" "-Wl,-Bstatic" "/opt/rustwide/target/release/deps/{librustacuda-5b04f4736b6d9aea,libcuda_driver_sys-b10af0c2e62dcc88,librustacuda_core-4ae9ce4cbfeea96c,libbitflags-68973b8086863992}.rlib" "<sysroot>/lib/rustlib/x86_64-unknown-linux-gnu/lib/{libstd-*,libpanic_unwind-*,libobject-*,libmemchr-*,libaddr2line-*,libgimli-*,libcfg_if-*,librustc_demangle-*,libstd_detect-*,libhashbrown-*,librustc_std_workspace_alloc-*,libminiz_oxide-*,libadler2-*,libunwind-*,liblibc-*,librustc_std_workspace_core-*,liballoc-*,libcore-*,libcompiler_builtins-*}.rlib" "-Wl,-Bdynamic" "-lcuda" "-lgcc_s" "-lutil" "-lrt" "-lpthread" "-lm" "-ldl" "-lc" "-L" "/tmp/rustdoctestck4gTz/rustcKn7rFR/raw-dylibs" "-B<sysroot>/lib/rustlib/x86_64-unknown-linux-gnu/bin/gcc-ld" "-fuse-ld=lld" "-Wl,--eh-frame-hdr" "-Wl,-z,noexecstack" "-L" "<sysroot>/lib/rustlib/x86_64-unknown-linux-gnu/lib" "-o" "/tmp/rustdoctestck4gTz/rust_out" "-Wl,--gc-sections" "-pie" "-Wl,-z,relro,-z,now" "-nodefaultlibs"
[INFO] [stdout]   = note: some arguments are omitted. use `--verbose` to show all linker arguments
[INFO] [stdout]   = note: rust-lld: error: unable to find library -lcuda
[INFO] [stdout]           collect2: error: ld returned 1 exit status
[INFO] [stdout]           
[INFO] [stdout] 
[INFO] [stdout] error: aborting due to 1 previous error
[INFO] [stdout] 
[INFO] [stdout] Couldn't compile the test.
[INFO] [stdout] ---- src/memory/pointer.rs - memory::pointer::DevicePointer<T>::null (line 155) stdout ----
[INFO] [stdout] error: linking with `cc` failed: exit status: 1
[INFO] [stdout]   |
[INFO] [stdout]   = note:  "cc" "-m64" "/tmp/rustdoctestlhF6sq/rustczDNyOi/symbols.o" "<2 object files omitted>" "-Wl,--as-needed" "-Wl,-Bstatic" "/opt/rustwide/target/release/deps/{librustacuda-5b04f4736b6d9aea,libcuda_driver_sys-b10af0c2e62dcc88,librustacuda_core-4ae9ce4cbfeea96c,libbitflags-68973b8086863992}.rlib" "<sysroot>/lib/rustlib/x86_64-unknown-linux-gnu/lib/{libstd-*,libpanic_unwind-*,libobject-*,libmemchr-*,libaddr2line-*,libgimli-*,libcfg_if-*,librustc_demangle-*,libstd_detect-*,libhashbrown-*,librustc_std_workspace_alloc-*,libminiz_oxide-*,libadler2-*,libunwind-*,liblibc-*,librustc_std_workspace_core-*,liballoc-*,libcore-*,libcompiler_builtins-*}.rlib" "-Wl,-Bdynamic" "-lcuda" "-lgcc_s" "-lutil" "-lrt" "-lpthread" "-lm" "-ldl" "-lc" "-L" "/tmp/rustdoctestlhF6sq/rustczDNyOi/raw-dylibs" "-B<sysroot>/lib/rustlib/x86_64-unknown-linux-gnu/bin/gcc-ld" "-fuse-ld=lld" "-Wl,--eh-frame-hdr" "-Wl,-z,noexecstack" "-L" "<sysroot>/lib/rustlib/x86_64-unknown-linux-gnu/lib" "-o" "/tmp/rustdoctestlhF6sq/rust_out" "-Wl,--gc-sections" "-pie" "-Wl,-z,relro,-z,now" "-nodefaultlibs"
[INFO] [stdout]   = note: some arguments are omitted. use `--verbose` to show all linker arguments
[INFO] [stdout]   = note: rust-lld: error: unable to find library -lcuda
[INFO] [stdout]           collect2: error: ld returned 1 exit status
[INFO] [stdout]           
[INFO] [stdout] 
[INFO] [stdout] error: aborting due to 1 previous error
[INFO] [stdout] 
[INFO] [stdout] Couldn't compile the test.
[INFO] [stdout] ---- src/memory/pointer.rs - memory::pointer::DevicePointer<T>::is_null (line 138) stdout ----
[INFO] [stdout] error: linking with `cc` failed: exit status: 1
[INFO] [stdout]   |
[INFO] [stdout]   = note:  "cc" "-m64" "/tmp/rustdoctestVcewSq/rustcCwPcUV/symbols.o" "<2 object files omitted>" "-Wl,--as-needed" "-Wl,-Bstatic" "/opt/rustwide/target/release/deps/{librustacuda-5b04f4736b6d9aea,libcuda_driver_sys-b10af0c2e62dcc88,librustacuda_core-4ae9ce4cbfeea96c,libbitflags-68973b8086863992}.rlib" "<sysroot>/lib/rustlib/x86_64-unknown-linux-gnu/lib/{libstd-*,libpanic_unwind-*,libobject-*,libmemchr-*,libaddr2line-*,libgimli-*,libcfg_if-*,librustc_demangle-*,libstd_detect-*,libhashbrown-*,librustc_std_workspace_alloc-*,libminiz_oxide-*,libadler2-*,libunwind-*,liblibc-*,librustc_std_workspace_core-*,liballoc-*,libcore-*,libcompiler_builtins-*}.rlib" "-Wl,-Bdynamic" "-lcuda" "-lgcc_s" "-lutil" "-lrt" "-lpthread" "-lm" "-ldl" "-lc" "-L" "/tmp/rustdoctestVcewSq/rustcCwPcUV/raw-dylibs" "-B<sysroot>/lib/rustlib/x86_64-unknown-linux-gnu/bin/gcc-ld" "-fuse-ld=lld" "-Wl,--eh-frame-hdr" "-Wl,-z,noexecstack" "-L" "<sysroot>/lib/rustlib/x86_64-unknown-linux-gnu/lib" "-o" "/tmp/rustdoctestVcewSq/rust_out" "-Wl,--gc-sections" "-pie" "-Wl,-z,relro,-z,now" "-nodefaultlibs"
[INFO] [stdout]   = note: some arguments are omitted. use `--verbose` to show all linker arguments
[INFO] [stdout]   = note: rust-lld: error: unable to find library -lcuda
[INFO] [stdout]           collect2: error: ld returned 1 exit status
[INFO] [stdout]           
[INFO] [stdout] 
[INFO] [stdout] error: aborting due to 1 previous error
[INFO] [stdout] 
[INFO] [stdout] Couldn't compile the test.
[INFO] [stdout] ---- src/memory/mod.rs - memory::DeviceCopy (line 41) stdout ----
[INFO] [stdout] error: linking with `cc` failed: exit status: 1
[INFO] [stdout]   |
[INFO] [stdout]   = note:  "cc" "-m64" "/tmp/rustdoctestQwV363/rustcBMhj65/symbols.o" "<2 object files omitted>" "-Wl,--as-needed" "-Wl,-Bstatic" "/opt/rustwide/target/release/deps/{librustacuda-5b04f4736b6d9aea,libcuda_driver_sys-b10af0c2e62dcc88,librustacuda_core-4ae9ce4cbfeea96c,libbitflags-68973b8086863992}.rlib" "<sysroot>/lib/rustlib/x86_64-unknown-linux-gnu/lib/{libstd-*,libpanic_unwind-*,libobject-*,libmemchr-*,libaddr2line-*,libgimli-*,libcfg_if-*,librustc_demangle-*,libstd_detect-*,libhashbrown-*,librustc_std_workspace_alloc-*,libminiz_oxide-*,libadler2-*,libunwind-*,liblibc-*,librustc_std_workspace_core-*,liballoc-*,libcore-*,libcompiler_builtins-*}.rlib" "-Wl,-Bdynamic" "-lcuda" "-lgcc_s" "-lutil" "-lrt" "-lpthread" "-lm" "-ldl" "-lc" "-L" "/tmp/rustdoctestQwV363/rustcBMhj65/raw-dylibs" "-B<sysroot>/lib/rustlib/x86_64-unknown-linux-gnu/bin/gcc-ld" "-fuse-ld=lld" "-Wl,--eh-frame-hdr" "-Wl,-z,noexecstack" "-L" "<sysroot>/lib/rustlib/x86_64-unknown-linux-gnu/lib" "-o" "/tmp/rustdoctestQwV363/rust_out" "-Wl,--gc-sections" "-pie" "-Wl,-z,relro,-z,now" "-nodefaultlibs"
[INFO] [stdout]   = note: some arguments are omitted. use `--verbose` to show all linker arguments
[INFO] [stdout]   = note: rust-lld: error: unable to find library -lcuda
[INFO] [stdout]           collect2: error: ld returned 1 exit status
[INFO] [stdout]           
[INFO] [stdout] 
[INFO] [stdout] error: aborting due to 1 previous error
[INFO] [stdout] 
[INFO] [stdout] Couldn't compile the test.
[INFO] [stdout] ---- src/memory/pointer.rs - memory::pointer::DevicePointer<T>::sub (line 311) stdout ----
[INFO] [stdout] error: linking with `cc` failed: exit status: 1
[INFO] [stdout]   |
[INFO] [stdout]   = note:  "cc" "-m64" "/tmp/rustdoctestDEKAQb/rustcik675D/symbols.o" "<2 object files omitted>" "-Wl,--as-needed" "-Wl,-Bstatic" "/opt/rustwide/target/release/deps/{librustacuda-5b04f4736b6d9aea,libcuda_driver_sys-b10af0c2e62dcc88,librustacuda_core-4ae9ce4cbfeea96c,libbitflags-68973b8086863992}.rlib" "<sysroot>/lib/rustlib/x86_64-unknown-linux-gnu/lib/{libstd-*,libpanic_unwind-*,libobject-*,libmemchr-*,libaddr2line-*,libgimli-*,libcfg_if-*,librustc_demangle-*,libstd_detect-*,libhashbrown-*,librustc_std_workspace_alloc-*,libminiz_oxide-*,libadler2-*,libunwind-*,liblibc-*,librustc_std_workspace_core-*,liballoc-*,libcore-*,libcompiler_builtins-*}.rlib" "-Wl,-Bdynamic" "-lcuda" "-lgcc_s" "-lutil" "-lrt" "-lpthread" "-lm" "-ldl" "-lc" "-L" "/tmp/rustdoctestDEKAQb/rustcik675D/raw-dylibs" "-B<sysroot>/lib/rustlib/x86_64-unknown-linux-gnu/bin/gcc-ld" "-fuse-ld=lld" "-Wl,--eh-frame-hdr" "-Wl,-z,noexecstack" "-L" "<sysroot>/lib/rustlib/x86_64-unknown-linux-gnu/lib" "-o" "/tmp/rustdoctestDEKAQb/rust_out" "-Wl,--gc-sections" "-pie" "-Wl,-z,relro,-z,now" "-nodefaultlibs"
[INFO] [stdout]   = note: some arguments are omitted. use `--verbose` to show all linker arguments
[INFO] [stdout]   = note: rust-lld: error: unable to find library -lcuda
[INFO] [stdout]           collect2: error: ld returned 1 exit status
[INFO] [stdout]           
[INFO] [stdout] 
[INFO] [stdout] error: aborting due to 1 previous error
[INFO] [stdout] 
[INFO] [stdout] Couldn't compile the test.
[INFO] [stdout] ---- src/memory/pointer.rs - memory::pointer::DevicePointer<T>::as_raw (line 104) stdout ----
[INFO] [stdout] error: linking with `cc` failed: exit status: 1
[INFO] [stdout]   |
[INFO] [stdout]   = note:  "cc" "-m64" "/tmp/rustdoctest3S8Qrn/rustcjSCm3W/symbols.o" "<2 object files omitted>" "-Wl,--as-needed" "-Wl,-Bstatic" "/opt/rustwide/target/release/deps/{librustacuda-5b04f4736b6d9aea,libcuda_driver_sys-b10af0c2e62dcc88,librustacuda_core-4ae9ce4cbfeea96c,libbitflags-68973b8086863992}.rlib" "<sysroot>/lib/rustlib/x86_64-unknown-linux-gnu/lib/{libstd-*,libpanic_unwind-*,libobject-*,libmemchr-*,libaddr2line-*,libgimli-*,libcfg_if-*,librustc_demangle-*,libstd_detect-*,libhashbrown-*,librustc_std_workspace_alloc-*,libminiz_oxide-*,libadler2-*,libunwind-*,liblibc-*,librustc_std_workspace_core-*,liballoc-*,libcore-*,libcompiler_builtins-*}.rlib" "-Wl,-Bdynamic" "-lcuda" "-lgcc_s" "-lutil" "-lrt" "-lpthread" "-lm" "-ldl" "-lc" "-L" "/tmp/rustdoctest3S8Qrn/rustcjSCm3W/raw-dylibs" "-B<sysroot>/lib/rustlib/x86_64-unknown-linux-gnu/bin/gcc-ld" "-fuse-ld=lld" "-Wl,--eh-frame-hdr" "-Wl,-z,noexecstack" "-L" "<sysroot>/lib/rustlib/x86_64-unknown-linux-gnu/lib" "-o" "/tmp/rustdoctest3S8Qrn/rust_out" "-Wl,--gc-sections" "-pie" "-Wl,-z,relro,-z,now" "-nodefaultlibs"
[INFO] [stdout]   = note: some arguments are omitted. use `--verbose` to show all linker arguments
[INFO] [stdout]   = note: rust-lld: error: unable to find library -lcuda
[INFO] [stdout]           collect2: error: ld returned 1 exit status
[INFO] [stdout]           
[INFO] [stdout] 
[INFO] [stdout] error: aborting due to 1 previous error
[INFO] [stdout] 
[INFO] [stdout] Couldn't compile the test.
[INFO] [stdout] ---- src/memory/pointer.rs - memory::pointer::DevicePointer<T>::wrap (line 86) stdout ----
[INFO] [stdout] error: linking with `cc` failed: exit status: 1
[INFO] [stdout]   |
[INFO] [stdout]   = note:  "cc" "-m64" "/tmp/rustdoctestdpHCdT/rustcb608c6/symbols.o" "<2 object files omitted>" "-Wl,--as-needed" "-Wl,-Bstatic" "/opt/rustwide/target/release/deps/{librustacuda-5b04f4736b6d9aea,libcuda_driver_sys-b10af0c2e62dcc88,librustacuda_core-4ae9ce4cbfeea96c,libbitflags-68973b8086863992}.rlib" "<sysroot>/lib/rustlib/x86_64-unknown-linux-gnu/lib/{libstd-*,libpanic_unwind-*,libobject-*,libmemchr-*,libaddr2line-*,libgimli-*,libcfg_if-*,librustc_demangle-*,libstd_detect-*,libhashbrown-*,librustc_std_workspace_alloc-*,libminiz_oxide-*,libadler2-*,libunwind-*,liblibc-*,librustc_std_workspace_core-*,liballoc-*,libcore-*,libcompiler_builtins-*}.rlib" "-Wl,-Bdynamic" "-lcuda" "-lgcc_s" "-lutil" "-lrt" "-lpthread" "-lm" "-ldl" "-lc" "-L" "/tmp/rustdoctestdpHCdT/rustcb608c6/raw-dylibs" "-B<sysroot>/lib/rustlib/x86_64-unknown-linux-gnu/bin/gcc-ld" "-fuse-ld=lld" "-Wl,--eh-frame-hdr" "-Wl,-z,noexecstack" "-L" "<sysroot>/lib/rustlib/x86_64-unknown-linux-gnu/lib" "-o" "/tmp/rustdoctestdpHCdT/rust_out" "-Wl,--gc-sections" "-pie" "-Wl,-z,relro,-z,now" "-nodefaultlibs"
[INFO] [stdout]   = note: some arguments are omitted. use `--verbose` to show all linker arguments
[INFO] [stdout]   = note: rust-lld: error: unable to find library -lcuda
[INFO] [stdout]           collect2: error: ld returned 1 exit status
[INFO] [stdout]           
[INFO] [stdout] 
[INFO] [stdout] error: aborting due to 1 previous error
[INFO] [stdout] 
[INFO] [stdout] Couldn't compile the test.
[INFO] [stdout] ---- src/memory/pointer.rs - memory::pointer::DevicePointer<T>::wrapping_sub (line 375) stdout ----
[INFO] [stdout] error: linking with `cc` failed: exit status: 1
[INFO] [stdout]   |
[INFO] [stdout]   = note:  "cc" "-m64" "/tmp/rustdoctestevzJPK/rustcpiiAC4/symbols.o" "<2 object files omitted>" "-Wl,--as-needed" "-Wl,-Bstatic" "/opt/rustwide/target/release/deps/{librustacuda-5b04f4736b6d9aea,libcuda_driver_sys-b10af0c2e62dcc88,librustacuda_core-4ae9ce4cbfeea96c,libbitflags-68973b8086863992}.rlib" "<sysroot>/lib/rustlib/x86_64-unknown-linux-gnu/lib/{libstd-*,libpanic_unwind-*,libobject-*,libmemchr-*,libaddr2line-*,libgimli-*,libcfg_if-*,librustc_demangle-*,libstd_detect-*,libhashbrown-*,librustc_std_workspace_alloc-*,libminiz_oxide-*,libadler2-*,libunwind-*,liblibc-*,librustc_std_workspace_core-*,liballoc-*,libcore-*,libcompiler_builtins-*}.rlib" "-Wl,-Bdynamic" "-lcuda" "-lgcc_s" "-lutil" "-lrt" "-lpthread" "-lm" "-ldl" "-lc" "-L" "/tmp/rustdoctestevzJPK/rustcpiiAC4/raw-dylibs" "-B<sysroot>/lib/rustlib/x86_64-unknown-linux-gnu/bin/gcc-ld" "-fuse-ld=lld" "-Wl,--eh-frame-hdr" "-Wl,-z,noexecstack" "-L" "<sysroot>/lib/rustlib/x86_64-unknown-linux-gnu/lib" "-o" "/tmp/rustdoctestevzJPK/rust_out" "-Wl,--gc-sections" "-pie" "-Wl,-z,relro,-z,now" "-nodefaultlibs"
[INFO] [stdout]   = note: some arguments are omitted. use `--verbose` to show all linker arguments
[INFO] [stdout]   = note: rust-lld: error: unable to find library -lcuda
[INFO] [stdout]           collect2: error: ld returned 1 exit status
[INFO] [stdout]           
[INFO] [stdout] 
[INFO] [stdout] error: aborting due to 1 previous error
[INFO] [stdout] 
[INFO] [stdout] Couldn't compile the test.
[INFO] [stdout] ---- src/memory/pointer.rs - memory::pointer::DevicePointer<T>::wrapping_add (line 343) stdout ----
[INFO] [stdout] error: linking with `cc` failed: exit status: 1
[INFO] [stdout]   |
[INFO] [stdout]   = note:  "cc" "-m64" "/tmp/rustdoctest0mwjeh/rustc692Ppk/symbols.o" "<2 object files omitted>" "-Wl,--as-needed" "-Wl,-Bstatic" "/opt/rustwide/target/release/deps/{librustacuda-5b04f4736b6d9aea,libcuda_driver_sys-b10af0c2e62dcc88,librustacuda_core-4ae9ce4cbfeea96c,libbitflags-68973b8086863992}.rlib" "<sysroot>/lib/rustlib/x86_64-unknown-linux-gnu/lib/{libstd-*,libpanic_unwind-*,libobject-*,libmemchr-*,libaddr2line-*,libgimli-*,libcfg_if-*,librustc_demangle-*,libstd_detect-*,libhashbrown-*,librustc_std_workspace_alloc-*,libminiz_oxide-*,libadler2-*,libunwind-*,liblibc-*,librustc_std_workspace_core-*,liballoc-*,libcore-*,libcompiler_builtins-*}.rlib" "-Wl,-Bdynamic" "-lcuda" "-lgcc_s" "-lutil" "-lrt" "-lpthread" "-lm" "-ldl" "-lc" "-L" "/tmp/rustdoctest0mwjeh/rustc692Ppk/raw-dylibs" "-B<sysroot>/lib/rustlib/x86_64-unknown-linux-gnu/bin/gcc-ld" "-fuse-ld=lld" "-Wl,--eh-frame-hdr" "-Wl,-z,noexecstack" "-L" "<sysroot>/lib/rustlib/x86_64-unknown-linux-gnu/lib" "-o" "/tmp/rustdoctest0mwjeh/rust_out" "-Wl,--gc-sections" "-pie" "-Wl,-z,relro,-z,now" "-nodefaultlibs"
[INFO] [stdout]   = note: some arguments are omitted. use `--verbose` to show all linker arguments
[INFO] [stdout]   = note: rust-lld: error: unable to find library -lcuda
[INFO] [stdout]           collect2: error: ld returned 1 exit status
[INFO] [stdout]           
[INFO] [stdout] 
[INFO] [stdout] error: aborting due to 1 previous error
[INFO] [stdout] 
[INFO] [stdout] Couldn't compile the test.
[INFO] [stdout] ---- src/memory/pointer.rs - memory::pointer::DevicePointer<T>::wrapping_offset (line 229) stdout ----
[INFO] [stdout] error: linking with `cc` failed: exit status: 1
[INFO] [stdout]   |
[INFO] [stdout]   = note:  "cc" "-m64" "/tmp/rustdoctestrDeoNP/rustcEtcF76/symbols.o" "<2 object files omitted>" "-Wl,--as-needed" "-Wl,-Bstatic" "/opt/rustwide/target/release/deps/{librustacuda-5b04f4736b6d9aea,libcuda_driver_sys-b10af0c2e62dcc88,librustacuda_core-4ae9ce4cbfeea96c,libbitflags-68973b8086863992}.rlib" "<sysroot>/lib/rustlib/x86_64-unknown-linux-gnu/lib/{libstd-*,libpanic_unwind-*,libobject-*,libmemchr-*,libaddr2line-*,libgimli-*,libcfg_if-*,librustc_demangle-*,libstd_detect-*,libhashbrown-*,librustc_std_workspace_alloc-*,libminiz_oxide-*,libadler2-*,libunwind-*,liblibc-*,librustc_std_workspace_core-*,liballoc-*,libcore-*,libcompiler_builtins-*}.rlib" "-Wl,-Bdynamic" "-lcuda" "-lgcc_s" "-lutil" "-lrt" "-lpthread" "-lm" "-ldl" "-lc" "-L" "/tmp/rustdoctestrDeoNP/rustcEtcF76/raw-dylibs" "-B<sysroot>/lib/rustlib/x86_64-unknown-linux-gnu/bin/gcc-ld" "-fuse-ld=lld" "-Wl,--eh-frame-hdr" "-Wl,-z,noexecstack" "-L" "<sysroot>/lib/rustlib/x86_64-unknown-linux-gnu/lib" "-o" "/tmp/rustdoctestrDeoNP/rust_out" "-Wl,--gc-sections" "-pie" "-Wl,-z,relro,-z,now" "-nodefaultlibs"
[INFO] [stdout]   = note: some arguments are omitted. use `--verbose` to show all linker arguments
[INFO] [stdout]   = note: rust-lld: error: unable to find library -lcuda
[INFO] [stdout]           collect2: error: ld returned 1 exit status
[INFO] [stdout]           
[INFO] [stdout] 
[INFO] [stdout] error: aborting due to 1 previous error
[INFO] [stdout] 
[INFO] [stdout] Couldn't compile the test.
[INFO] [stdout] ---- src/memory/pointer.rs - memory::pointer::UnifiedPointer<T>::add (line 601) stdout ----
[INFO] [stdout] error: linking with `cc` failed: exit status: 1
[INFO] [stdout]   |
[INFO] [stdout]   = note:  "cc" "-m64" "/tmp/rustdoctest3qxjnQ/rustcFIliLf/symbols.o" "<2 object files omitted>" "-Wl,--as-needed" "-Wl,-Bstatic" "/opt/rustwide/target/release/deps/{librustacuda-5b04f4736b6d9aea,libcuda_driver_sys-b10af0c2e62dcc88,librustacuda_core-4ae9ce4cbfeea96c,libbitflags-68973b8086863992}.rlib" "<sysroot>/lib/rustlib/x86_64-unknown-linux-gnu/lib/{libstd-*,libpanic_unwind-*,libobject-*,libmemchr-*,libaddr2line-*,libgimli-*,libcfg_if-*,librustc_demangle-*,libstd_detect-*,libhashbrown-*,librustc_std_workspace_alloc-*,libminiz_oxide-*,libadler2-*,libunwind-*,liblibc-*,librustc_std_workspace_core-*,liballoc-*,libcore-*,libcompiler_builtins-*}.rlib" "-Wl,-Bdynamic" "-lcuda" "-lgcc_s" "-lutil" "-lrt" "-lpthread" "-lm" "-ldl" "-lc" "-L" "/tmp/rustdoctest3qxjnQ/rustcFIliLf/raw-dylibs" "-B<sysroot>/lib/rustlib/x86_64-unknown-linux-gnu/bin/gcc-ld" "-fuse-ld=lld" "-Wl,--eh-frame-hdr" "-Wl,-z,noexecstack" "-L" "<sysroot>/lib/rustlib/x86_64-unknown-linux-gnu/lib" "-o" "/tmp/rustdoctest3qxjnQ/rust_out" "-Wl,--gc-sections" "-pie" "-Wl,-z,relro,-z,now" "-nodefaultlibs"
[INFO] [stdout]   = note: some arguments are omitted. use `--verbose` to show all linker arguments
[INFO] [stdout]   = note: rust-lld: error: unable to find library -lcuda
[INFO] [stdout]           collect2: error: ld returned 1 exit status
[INFO] [stdout]           
[INFO] [stdout] 
[INFO] [stdout] error: aborting due to 1 previous error
[INFO] [stdout] 
[INFO] [stdout] Couldn't compile the test.
[INFO] [stdout] ---- src/memory/pointer.rs - memory::pointer::UnifiedPointer<T>::null (line 487) stdout ----
[INFO] [stdout] error: linking with `cc` failed: exit status: 1
[INFO] [stdout]   |
[INFO] [stdout]   = note:  "cc" "-m64" "/tmp/rustdoctest5N2G3s/rustcmRQE8p/symbols.o" "<2 object files omitted>" "-Wl,--as-needed" "-Wl,-Bstatic" "/opt/rustwide/target/release/deps/{librustacuda-5b04f4736b6d9aea,libcuda_driver_sys-b10af0c2e62dcc88,librustacuda_core-4ae9ce4cbfeea96c,libbitflags-68973b8086863992}.rlib" "<sysroot>/lib/rustlib/x86_64-unknown-linux-gnu/lib/{libstd-*,libpanic_unwind-*,libobject-*,libmemchr-*,libaddr2line-*,libgimli-*,libcfg_if-*,librustc_demangle-*,libstd_detect-*,libhashbrown-*,librustc_std_workspace_alloc-*,libminiz_oxide-*,libadler2-*,libunwind-*,liblibc-*,librustc_std_workspace_core-*,liballoc-*,libcore-*,libcompiler_builtins-*}.rlib" "-Wl,-Bdynamic" "-lcuda" "-lgcc_s" "-lutil" "-lrt" "-lpthread" "-lm" "-ldl" "-lc" "-L" "/tmp/rustdoctest5N2G3s/rustcmRQE8p/raw-dylibs" "-B<sysroot>/lib/rustlib/x86_64-unknown-linux-gnu/bin/gcc-ld" "-fuse-ld=lld" "-Wl,--eh-frame-hdr" "-Wl,-z,noexecstack" "-L" "<sysroot>/lib/rustlib/x86_64-unknown-linux-gnu/lib" "-o" "/tmp/rustdoctest5N2G3s/rust_out" "-Wl,--gc-sections" "-pie" "-Wl,-z,relro,-z,now" "-nodefaultlibs"
[INFO] [stdout]   = note: some arguments are omitted. use `--verbose` to show all linker arguments
[INFO] [stdout]   = note: rust-lld: error: unable to find library -lcuda
[INFO] [stdout]           collect2: error: ld returned 1 exit status
[INFO] [stdout]           
[INFO] [stdout] 
[INFO] [stdout] error: aborting due to 1 previous error
[INFO] [stdout] 
[INFO] [stdout] Couldn't compile the test.
[INFO] [stdout] ---- src/memory/pointer.rs - memory::pointer::DevicePointer<T>::offset (line 192) stdout ----
[INFO] [stdout] error: linking with `cc` failed: exit status: 1
[INFO] [stdout]   |
[INFO] [stdout]   = note:  "cc" "-m64" "/tmp/rustdoctestEosLNc/rustc0kBaIp/symbols.o" "<2 object files omitted>" "-Wl,--as-needed" "-Wl,-Bstatic" "/opt/rustwide/target/release/deps/{librustacuda-5b04f4736b6d9aea,libcuda_driver_sys-b10af0c2e62dcc88,librustacuda_core-4ae9ce4cbfeea96c,libbitflags-68973b8086863992}.rlib" "<sysroot>/lib/rustlib/x86_64-unknown-linux-gnu/lib/{libstd-*,libpanic_unwind-*,libobject-*,libmemchr-*,libaddr2line-*,libgimli-*,libcfg_if-*,librustc_demangle-*,libstd_detect-*,libhashbrown-*,librustc_std_workspace_alloc-*,libminiz_oxide-*,libadler2-*,libunwind-*,liblibc-*,librustc_std_workspace_core-*,liballoc-*,libcore-*,libcompiler_builtins-*}.rlib" "-Wl,-Bdynamic" "-lcuda" "-lgcc_s" "-lutil" "-lrt" "-lpthread" "-lm" "-ldl" "-lc" "-L" "/tmp/rustdoctestEosLNc/rustc0kBaIp/raw-dylibs" "-B<sysroot>/lib/rustlib/x86_64-unknown-linux-gnu/bin/gcc-ld" "-fuse-ld=lld" "-Wl,--eh-frame-hdr" "-Wl,-z,noexecstack" "-L" "<sysroot>/lib/rustlib/x86_64-unknown-linux-gnu/lib" "-o" "/tmp/rustdoctestEosLNc/rust_out" "-Wl,--gc-sections" "-pie" "-Wl,-z,relro,-z,now" "-nodefaultlibs"
[INFO] [stdout]   = note: some arguments are omitted. use `--verbose` to show all linker arguments
[INFO] [stdout]   = note: rust-lld: error: unable to find library -lcuda
[INFO] [stdout]           collect2: error: ld returned 1 exit status
[INFO] [stdout]           
[INFO] [stdout] 
[INFO] [stdout] error: aborting due to 1 previous error
[INFO] [stdout] 
[INFO] [stdout] Couldn't compile the test.
[INFO] [stdout] ---- src/memory/pointer.rs - memory::pointer::UnifiedPointer<T>::as_raw_mut (line 452) stdout ----
[INFO] [stdout] error: linking with `cc` failed: exit status: 1
[INFO] [stdout]   |
[INFO] [stdout]   = note:  "cc" "-m64" "/tmp/rustdoctest0iBCF8/rustcEPYFyc/symbols.o" "<2 object files omitted>" "-Wl,--as-needed" "-Wl,-Bstatic" "/opt/rustwide/target/release/deps/{librustacuda-5b04f4736b6d9aea,libcuda_driver_sys-b10af0c2e62dcc88,librustacuda_core-4ae9ce4cbfeea96c,libbitflags-68973b8086863992}.rlib" "<sysroot>/lib/rustlib/x86_64-unknown-linux-gnu/lib/{libstd-*,libpanic_unwind-*,libobject-*,libmemchr-*,libaddr2line-*,libgimli-*,libcfg_if-*,librustc_demangle-*,libstd_detect-*,libhashbrown-*,librustc_std_workspace_alloc-*,libminiz_oxide-*,libadler2-*,libunwind-*,liblibc-*,librustc_std_workspace_core-*,liballoc-*,libcore-*,libcompiler_builtins-*}.rlib" "-Wl,-Bdynamic" "-lcuda" "-lgcc_s" "-lutil" "-lrt" "-lpthread" "-lm" "-ldl" "-lc" "-L" "/tmp/rustdoctest0iBCF8/rustcEPYFyc/raw-dylibs" "-B<sysroot>/lib/rustlib/x86_64-unknown-linux-gnu/bin/gcc-ld" "-fuse-ld=lld" "-Wl,--eh-frame-hdr" "-Wl,-z,noexecstack" "-L" "<sysroot>/lib/rustlib/x86_64-unknown-linux-gnu/lib" "-o" "/tmp/rustdoctest0iBCF8/rust_out" "-Wl,--gc-sections" "-pie" "-Wl,-z,relro,-z,now" "-nodefaultlibs"
[INFO] [stdout]   = note: some arguments are omitted. use `--verbose` to show all linker arguments
[INFO] [stdout]   = note: rust-lld: error: unable to find library -lcuda
[INFO] [stdout]           collect2: error: ld returned 1 exit status
[INFO] [stdout]           
[INFO] [stdout] 
[INFO] [stdout] error: aborting due to 1 previous error
[INFO] [stdout] 
[INFO] [stdout] Couldn't compile the test.
[INFO] [stdout] ---- src/memory/pointer.rs - memory::pointer::UnifiedPointer<T>::wrapping_offset (line 561) stdout ----
[INFO] [stdout] error: linking with `cc` failed: exit status: 1
[INFO] [stdout]   |
[INFO] [stdout]   = note:  "cc" "-m64" "/tmp/rustdoctestMOizIV/rustcI8pBi4/symbols.o" "<2 object files omitted>" "-Wl,--as-needed" "-Wl,-Bstatic" "/opt/rustwide/target/release/deps/{librustacuda-5b04f4736b6d9aea,libcuda_driver_sys-b10af0c2e62dcc88,librustacuda_core-4ae9ce4cbfeea96c,libbitflags-68973b8086863992}.rlib" "<sysroot>/lib/rustlib/x86_64-unknown-linux-gnu/lib/{libstd-*,libpanic_unwind-*,libobject-*,libmemchr-*,libaddr2line-*,libgimli-*,libcfg_if-*,librustc_demangle-*,libstd_detect-*,libhashbrown-*,librustc_std_workspace_alloc-*,libminiz_oxide-*,libadler2-*,libunwind-*,liblibc-*,librustc_std_workspace_core-*,liballoc-*,libcore-*,libcompiler_builtins-*}.rlib" "-Wl,-Bdynamic" "-lcuda" "-lgcc_s" "-lutil" "-lrt" "-lpthread" "-lm" "-ldl" "-lc" "-L" "/tmp/rustdoctestMOizIV/rustcI8pBi4/raw-dylibs" "-B<sysroot>/lib/rustlib/x86_64-unknown-linux-gnu/bin/gcc-ld" "-fuse-ld=lld" "-Wl,--eh-frame-hdr" "-Wl,-z,noexecstack" "-L" "<sysroot>/lib/rustlib/x86_64-unknown-linux-gnu/lib" "-o" "/tmp/rustdoctestMOizIV/rust_out" "-Wl,--gc-sections" "-pie" "-Wl,-z,relro,-z,now" "-nodefaultlibs"
[INFO] [stdout]   = note: some arguments are omitted. use `--verbose` to show all linker arguments
[INFO] [stdout]   = note: rust-lld: error: unable to find library -lcuda
[INFO] [stdout]           collect2: error: ld returned 1 exit status
[INFO] [stdout]           
[INFO] [stdout] 
[INFO] [stdout] error: aborting due to 1 previous error
[INFO] [stdout] 
[INFO] [stdout] Couldn't compile the test.
[INFO] [stdout] ---- src/memory/pointer.rs - memory::pointer::UnifiedPointer<T>::wrap (line 418) stdout ----
[INFO] [stdout] error: linking with `cc` failed: exit status: 1
[INFO] [stdout]   |
[INFO] [stdout]   = note:  "cc" "-m64" "/tmp/rustdoctestns9j2J/rustcKeAjTa/symbols.o" "<2 object files omitted>" "-Wl,--as-needed" "-Wl,-Bstatic" "/opt/rustwide/target/release/deps/{librustacuda-5b04f4736b6d9aea,libcuda_driver_sys-b10af0c2e62dcc88,librustacuda_core-4ae9ce4cbfeea96c,libbitflags-68973b8086863992}.rlib" "<sysroot>/lib/rustlib/x86_64-unknown-linux-gnu/lib/{libstd-*,libpanic_unwind-*,libobject-*,libmemchr-*,libaddr2line-*,libgimli-*,libcfg_if-*,librustc_demangle-*,libstd_detect-*,libhashbrown-*,librustc_std_workspace_alloc-*,libminiz_oxide-*,libadler2-*,libunwind-*,liblibc-*,librustc_std_workspace_core-*,liballoc-*,libcore-*,libcompiler_builtins-*}.rlib" "-Wl,-Bdynamic" "-lcuda" "-lgcc_s" "-lutil" "-lrt" "-lpthread" "-lm" "-ldl" "-lc" "-L" "/tmp/rustdoctestns9j2J/rustcKeAjTa/raw-dylibs" "-B<sysroot>/lib/rustlib/x86_64-unknown-linux-gnu/bin/gcc-ld" "-fuse-ld=lld" "-Wl,--eh-frame-hdr" "-Wl,-z,noexecstack" "-L" "<sysroot>/lib/rustlib/x86_64-unknown-linux-gnu/lib" "-o" "/tmp/rustdoctestns9j2J/rust_out" "-Wl,--gc-sections" "-pie" "-Wl,-z,relro,-z,now" "-nodefaultlibs"
[INFO] [stdout]   = note: some arguments are omitted. use `--verbose` to show all linker arguments
[INFO] [stdout]   = note: rust-lld: error: unable to find library -lcuda
[INFO] [stdout]           collect2: error: ld returned 1 exit status
[INFO] [stdout]           
[INFO] [stdout] 
[INFO] [stdout] error: aborting due to 1 previous error
[INFO] [stdout] 
[INFO] [stdout] Couldn't compile the test.
[INFO] [stdout] ---- src/memory/pointer.rs - memory::pointer::UnifiedPointer<T>::offset (line 524) stdout ----
[INFO] [stdout] error: linking with `cc` failed: exit status: 1
[INFO] [stdout]   |
[INFO] [stdout]   = note:  "cc" "-m64" "/tmp/rustdoctest3Bb9Cg/rustcnaPmlQ/symbols.o" "<2 object files omitted>" "-Wl,--as-needed" "-Wl,-Bstatic" "/opt/rustwide/target/release/deps/{librustacuda-5b04f4736b6d9aea,libcuda_driver_sys-b10af0c2e62dcc88,librustacuda_core-4ae9ce4cbfeea96c,libbitflags-68973b8086863992}.rlib" "<sysroot>/lib/rustlib/x86_64-unknown-linux-gnu/lib/{libstd-*,libpanic_unwind-*,libobject-*,libmemchr-*,libaddr2line-*,libgimli-*,libcfg_if-*,librustc_demangle-*,libstd_detect-*,libhashbrown-*,librustc_std_workspace_alloc-*,libminiz_oxide-*,libadler2-*,libunwind-*,liblibc-*,librustc_std_workspace_core-*,liballoc-*,libcore-*,libcompiler_builtins-*}.rlib" "-Wl,-Bdynamic" "-lcuda" "-lgcc_s" "-lutil" "-lrt" "-lpthread" "-lm" "-ldl" "-lc" "-L" "/tmp/rustdoctest3Bb9Cg/rustcnaPmlQ/raw-dylibs" "-B<sysroot>/lib/rustlib/x86_64-unknown-linux-gnu/bin/gcc-ld" "-fuse-ld=lld" "-Wl,--eh-frame-hdr" "-Wl,-z,noexecstack" "-L" "<sysroot>/lib/rustlib/x86_64-unknown-linux-gnu/lib" "-o" "/tmp/rustdoctest3Bb9Cg/rust_out" "-Wl,--gc-sections" "-pie" "-Wl,-z,relro,-z,now" "-nodefaultlibs"
[INFO] [stdout]   = note: some arguments are omitted. use `--verbose` to show all linker arguments
[INFO] [stdout]   = note: rust-lld: error: unable to find library -lcuda
[INFO] [stdout]           collect2: error: ld returned 1 exit status
[INFO] [stdout]           
[INFO] [stdout] 
[INFO] [stdout] error: aborting due to 1 previous error
[INFO] [stdout] 
[INFO] [stdout] Couldn't compile the test.
[INFO] [stdout] ---- src/memory/pointer.rs - memory::pointer::UnifiedPointer<T>::as_raw (line 435) stdout ----
[INFO] [stdout] error: linking with `cc` failed: exit status: 1
[INFO] [stdout]   |
[INFO] [stdout]   = note:  "cc" "-m64" "/tmp/rustdoctestvvBYsH/rustcOARgtF/symbols.o" "<2 object files omitted>" "-Wl,--as-needed" "-Wl,-Bstatic" "/opt/rustwide/target/release/deps/{librustacuda-5b04f4736b6d9aea,libcuda_driver_sys-b10af0c2e62dcc88,librustacuda_core-4ae9ce4cbfeea96c,libbitflags-68973b8086863992}.rlib" "<sysroot>/lib/rustlib/x86_64-unknown-linux-gnu/lib/{libstd-*,libpanic_unwind-*,libobject-*,libmemchr-*,libaddr2line-*,libgimli-*,libcfg_if-*,librustc_demangle-*,libstd_detect-*,libhashbrown-*,librustc_std_workspace_alloc-*,libminiz_oxide-*,libadler2-*,libunwind-*,liblibc-*,librustc_std_workspace_core-*,liballoc-*,libcore-*,libcompiler_builtins-*}.rlib" "-Wl,-Bdynamic" "-lcuda" "-lgcc_s" "-lutil" "-lrt" "-lpthread" "-lm" "-ldl" "-lc" "-L" "/tmp/rustdoctestvvBYsH/rustcOARgtF/raw-dylibs" "-B<sysroot>/lib/rustlib/x86_64-unknown-linux-gnu/bin/gcc-ld" "-fuse-ld=lld" "-Wl,--eh-frame-hdr" "-Wl,-z,noexecstack" "-L" "<sysroot>/lib/rustlib/x86_64-unknown-linux-gnu/lib" "-o" "/tmp/rustdoctestvvBYsH/rust_out" "-Wl,--gc-sections" "-pie" "-Wl,-z,relro,-z,now" "-nodefaultlibs"
[INFO] [stdout]   = note: some arguments are omitted. use `--verbose` to show all linker arguments
[INFO] [stdout]   = note: rust-lld: error: unable to find library -lcuda
[INFO] [stdout]           collect2: error: ld returned 1 exit status
[INFO] [stdout]           
[INFO] [stdout] 
[INFO] [stdout] error: aborting due to 1 previous error
[INFO] [stdout] 
[INFO] [stdout] Couldn't compile the test.
[INFO] [stdout] ---- src/memory/pointer.rs - memory::pointer::UnifiedPointer<T>::is_null (line 470) stdout ----
[INFO] [stdout] error: linking with `cc` failed: exit status: 1
[INFO] [stdout]   |
[INFO] [stdout]   = note:  "cc" "-m64" "/tmp/rustdoctestUGO3nn/rustcomScig/symbols.o" "<2 object files omitted>" "-Wl,--as-needed" "-Wl,-Bstatic" "/opt/rustwide/target/release/deps/{librustacuda-5b04f4736b6d9aea,libcuda_driver_sys-b10af0c2e62dcc88,librustacuda_core-4ae9ce4cbfeea96c,libbitflags-68973b8086863992}.rlib" "<sysroot>/lib/rustlib/x86_64-unknown-linux-gnu/lib/{libstd-*,libpanic_unwind-*,libobject-*,libmemchr-*,libaddr2line-*,libgimli-*,libcfg_if-*,librustc_demangle-*,libstd_detect-*,libhashbrown-*,librustc_std_workspace_alloc-*,libminiz_oxide-*,libadler2-*,libunwind-*,liblibc-*,librustc_std_workspace_core-*,liballoc-*,libcore-*,libcompiler_builtins-*}.rlib" "-Wl,-Bdynamic" "-lcuda" "-lgcc_s" "-lutil" "-lrt" "-lpthread" "-lm" "-ldl" "-lc" "-L" "/tmp/rustdoctestUGO3nn/rustcomScig/raw-dylibs" "-B<sysroot>/lib/rustlib/x86_64-unknown-linux-gnu/bin/gcc-ld" "-fuse-ld=lld" "-Wl,--eh-frame-hdr" "-Wl,-z,noexecstack" "-L" "<sysroot>/lib/rustlib/x86_64-unknown-linux-gnu/lib" "-o" "/tmp/rustdoctestUGO3nn/rust_out" "-Wl,--gc-sections" "-pie" "-Wl,-z,relro,-z,now" "-nodefaultlibs"
[INFO] [stdout]   = note: some arguments are omitted. use `--verbose` to show all linker arguments
[INFO] [stdout]   = note: rust-lld: error: unable to find library -lcuda
[INFO] [stdout]           collect2: error: ld returned 1 exit status
[INFO] [stdout]           
[INFO] [stdout] 
[INFO] [stdout] error: aborting due to 1 previous error
[INFO] [stdout] 
[INFO] [stdout] Couldn't compile the test.
[INFO] [stdout] ---- src/memory/pointer.rs - memory::pointer::UnifiedPointer<T>::wrapping_add (line 675) stdout ----
[INFO] [stdout] error: linking with `cc` failed: exit status: 1
[INFO] [stdout]   |
[INFO] [stdout]   = note:  "cc" "-m64" "/tmp/rustdoctestkxCrhv/rustcF9mSse/symbols.o" "<2 object files omitted>" "-Wl,--as-needed" "-Wl,-Bstatic" "/opt/rustwide/target/release/deps/{librustacuda-5b04f4736b6d9aea,libcuda_driver_sys-b10af0c2e62dcc88,librustacuda_core-4ae9ce4cbfeea96c,libbitflags-68973b8086863992}.rlib" "<sysroot>/lib/rustlib/x86_64-unknown-linux-gnu/lib/{libstd-*,libpanic_unwind-*,libobject-*,libmemchr-*,libaddr2line-*,libgimli-*,libcfg_if-*,librustc_demangle-*,libstd_detect-*,libhashbrown-*,librustc_std_workspace_alloc-*,libminiz_oxide-*,libadler2-*,libunwind-*,liblibc-*,librustc_std_workspace_core-*,liballoc-*,libcore-*,libcompiler_builtins-*}.rlib" "-Wl,-Bdynamic" "-lcuda" "-lgcc_s" "-lutil" "-lrt" "-lpthread" "-lm" "-ldl" "-lc" "-L" "/tmp/rustdoctestkxCrhv/rustcF9mSse/raw-dylibs" "-B<sysroot>/lib/rustlib/x86_64-unknown-linux-gnu/bin/gcc-ld" "-fuse-ld=lld" "-Wl,--eh-frame-hdr" "-Wl,-z,noexecstack" "-L" "<sysroot>/lib/rustlib/x86_64-unknown-linux-gnu/lib" "-o" "/tmp/rustdoctestkxCrhv/rust_out" "-Wl,--gc-sections" "-pie" "-Wl,-z,relro,-z,now" "-nodefaultlibs"
[INFO] [stdout]   = note: some arguments are omitted. use `--verbose` to show all linker arguments
[INFO] [stdout]   = note: rust-lld: error: unable to find library -lcuda
[INFO] [stdout]           collect2: error: ld returned 1 exit status
[INFO] [stdout]           
[INFO] [stdout] 
[INFO] [stdout] error: aborting due to 1 previous error
[INFO] [stdout] 
[INFO] [stdout] Couldn't compile the test.
[INFO] [stdout] ---- src/memory/pointer.rs - memory::pointer::UnifiedPointer<T>::sub (line 643) stdout ----
[INFO] [stdout] error: linking with `cc` failed: exit status: 1
[INFO] [stdout]   |
[INFO] [stdout]   = note:  "cc" "-m64" "/tmp/rustdoctest694Qt6/rustcnyNoCo/symbols.o" "<2 object files omitted>" "-Wl,--as-needed" "-Wl,-Bstatic" "/opt/rustwide/target/release/deps/{librustacuda-5b04f4736b6d9aea,libcuda_driver_sys-b10af0c2e62dcc88,librustacuda_core-4ae9ce4cbfeea96c,libbitflags-68973b8086863992}.rlib" "<sysroot>/lib/rustlib/x86_64-unknown-linux-gnu/lib/{libstd-*,libpanic_unwind-*,libobject-*,libmemchr-*,libaddr2line-*,libgimli-*,libcfg_if-*,librustc_demangle-*,libstd_detect-*,libhashbrown-*,librustc_std_workspace_alloc-*,libminiz_oxide-*,libadler2-*,libunwind-*,liblibc-*,librustc_std_workspace_core-*,liballoc-*,libcore-*,libcompiler_builtins-*}.rlib" "-Wl,-Bdynamic" "-lcuda" "-lgcc_s" "-lutil" "-lrt" "-lpthread" "-lm" "-ldl" "-lc" "-L" "/tmp/rustdoctest694Qt6/rustcnyNoCo/raw-dylibs" "-B<sysroot>/lib/rustlib/x86_64-unknown-linux-gnu/bin/gcc-ld" "-fuse-ld=lld" "-Wl,--eh-frame-hdr" "-Wl,-z,noexecstack" "-L" "<sysroot>/lib/rustlib/x86_64-unknown-linux-gnu/lib" "-o" "/tmp/rustdoctest694Qt6/rust_out" "-Wl,--gc-sections" "-pie" "-Wl,-z,relro,-z,now" "-nodefaultlibs"
[INFO] [stdout]   = note: some arguments are omitted. use `--verbose` to show all linker arguments
[INFO] [stdout]   = note: rust-lld: error: unable to find library -lcuda
[INFO] [stdout]           collect2: error: ld returned 1 exit status
[INFO] [stdout]           
[INFO] [stdout] 
[INFO] [stdout] error: aborting due to 1 previous error
[INFO] [stdout] 
[INFO] [stdout] Couldn't compile the test.
[INFO] [stdout] ---- src/memory/pointer.rs - memory::pointer::UnifiedPointer<T>::wrapping_sub (line 707) stdout ----
[INFO] [stdout] error: linking with `cc` failed: exit status: 1
[INFO] [stdout]   |
[INFO] [stdout]   = note:  "cc" "-m64" "/tmp/rustdoctestlhhINx/rustcqe2Wic/symbols.o" "<2 object files omitted>" "-Wl,--as-needed" "-Wl,-Bstatic" "/opt/rustwide/target/release/deps/{librustacuda-5b04f4736b6d9aea,libcuda_driver_sys-b10af0c2e62dcc88,librustacuda_core-4ae9ce4cbfeea96c,libbitflags-68973b8086863992}.rlib" "<sysroot>/lib/rustlib/x86_64-unknown-linux-gnu/lib/{libstd-*,libpanic_unwind-*,libobject-*,libmemchr-*,libaddr2line-*,libgimli-*,libcfg_if-*,librustc_demangle-*,libstd_detect-*,libhashbrown-*,librustc_std_workspace_alloc-*,libminiz_oxide-*,libadler2-*,libunwind-*,liblibc-*,librustc_std_workspace_core-*,liballoc-*,libcore-*,libcompiler_builtins-*}.rlib" "-Wl,-Bdynamic" "-lcuda" "-lgcc_s" "-lutil" "-lrt" "-lpthread" "-lm" "-ldl" "-lc" "-L" "/tmp/rustdoctestlhhINx/rustcqe2Wic/raw-dylibs" "-B<sysroot>/lib/rustlib/x86_64-unknown-linux-gnu/bin/gcc-ld" "-fuse-ld=lld" "-Wl,--eh-frame-hdr" "-Wl,-z,noexecstack" "-L" "<sysroot>/lib/rustlib/x86_64-unknown-linux-gnu/lib" "-o" "/tmp/rustdoctestlhhINx/rust_out" "-Wl,--gc-sections" "-pie" "-Wl,-z,relro,-z,now" "-nodefaultlibs"
[INFO] [stdout]   = note: some arguments are omitted. use `--verbose` to show all linker arguments
[INFO] [stdout]   = note: rust-lld: error: unable to find library -lcuda
[INFO] [stdout]           collect2: error: ld returned 1 exit status
[INFO] [stdout]           
[INFO] [stdout] 
[INFO] [stdout] error: aborting due to 1 previous error
[INFO] [stdout] 
[INFO] [stdout] Couldn't compile the test.
[INFO] [stdout] 
[INFO] [stdout] failures:
[INFO] [stdout]     src/memory/mod.rs - memory::DeviceCopy (line 17)
[INFO] [stdout]     src/memory/mod.rs - memory::DeviceCopy (line 41)
[INFO] [stdout]     src/memory/pointer.rs - memory::pointer::DevicePointer<T>::add (line 269)
[INFO] [stdout]     src/memory/pointer.rs - memory::pointer::DevicePointer<T>::as_raw (line 104)
[INFO] [stdout]     src/memory/pointer.rs - memory::pointer::DevicePointer<T>::as_raw_mut (line 122)
[INFO] [stdout]     src/memory/pointer.rs - memory::pointer::DevicePointer<T>::is_null (line 138)
[INFO] [stdout]     src/memory/pointer.rs - memory::pointer::DevicePointer<T>::null (line 155)
[INFO] [stdout]     src/memory/pointer.rs - memory::pointer::DevicePointer<T>::offset (line 192)
[INFO] [stdout]     src/memory/pointer.rs - memory::pointer::DevicePointer<T>::sub (line 311)
[INFO] [stdout]     src/memory/pointer.rs - memory::pointer::DevicePointer<T>::wrap (line 86)
[INFO] [stdout]     src/memory/pointer.rs - memory::pointer::DevicePointer<T>::wrapping_add (line 343)
[INFO] [stdout]     src/memory/pointer.rs - memory::pointer::DevicePointer<T>::wrapping_offset (line 229)
[INFO] [stdout]     src/memory/pointer.rs - memory::pointer::DevicePointer<T>::wrapping_sub (line 375)
[INFO] [stdout]     src/memory/pointer.rs - memory::pointer::UnifiedPointer<T>::add (line 601)
[INFO] [stdout]     src/memory/pointer.rs - memory::pointer::UnifiedPointer<T>::as_raw (line 435)
[INFO] [stdout]     src/memory/pointer.rs - memory::pointer::UnifiedPointer<T>::as_raw_mut (line 452)
[INFO] [stdout]     src/memory/pointer.rs - memory::pointer::UnifiedPointer<T>::is_null (line 470)
[INFO] [stdout]     src/memory/pointer.rs - memory::pointer::UnifiedPointer<T>::null (line 487)
[INFO] [stdout]     src/memory/pointer.rs - memory::pointer::UnifiedPointer<T>::offset (line 524)
[INFO] [stdout]     src/memory/pointer.rs - memory::pointer::UnifiedPointer<T>::sub (line 643)
[INFO] [stdout]     src/memory/pointer.rs - memory::pointer::UnifiedPointer<T>::wrap (line 418)
[INFO] [stdout]     src/memory/pointer.rs - memory::pointer::UnifiedPointer<T>::wrapping_add (line 675)
[INFO] [stdout]     src/memory/pointer.rs - memory::pointer::UnifiedPointer<T>::wrapping_offset (line 561)
[INFO] [stdout]     src/memory/pointer.rs - memory::pointer::UnifiedPointer<T>::wrapping_sub (line 707)
[INFO] [stdout] 
[INFO] [stdout] test result: FAILED. 1 passed; 24 failed; 0 ignored; 0 measured; 0 filtered out; finished in 1.70s
[INFO] [stdout] 
[INFO] [stderr] error: doctest failed, to rerun pass `--doc`
[INFO] running `Command { std: "docker" "inspect" "81c6f16a653e8e2401ba75982d564f84384c6419401b9d65b7076aeb8d2544f3", kill_on_drop: false }`
[INFO] running `Command { std: "docker" "rm" "-f" "81c6f16a653e8e2401ba75982d564f84384c6419401b9d65b7076aeb8d2544f3", kill_on_drop: false }`
[INFO] [stdout] 81c6f16a653e8e2401ba75982d564f84384c6419401b9d65b7076aeb8d2544f3
