[INFO] fetching crate rustack-launcher 0.1.0...
[INFO] testing rustack-launcher-0.1.0 against 1.99.0-beta.8+cargoflags=--release for beta-release-1.100-2
[INFO] extracting crate rustack-launcher 0.1.0 into /workspace/builds/worker-4-tc1/source
[INFO] started tweaking crates.io crate rustack-launcher 0.1.0
[INFO] finished tweaking crates.io crate rustack-launcher 0.1.0
[INFO] tweaked toml for crates.io crate rustack-launcher 0.1.0 written to /workspace/builds/worker-4-tc1/source/Cargo.toml
[INFO] validating manifest of crates.io crate rustack-launcher 0.1.0 on toolchain 1.99.0-beta.8
[INFO] running `Command { std: CARGO_HOME="/workspace/cargo-home" RUSTUP_HOME="/workspace/rustup-home" "/workspace/cargo-home/bin/cargo" "+1.99.0-beta.8" "metadata" "--manifest-path" "Cargo.toml" "--no-deps", kill_on_drop: false }`
[INFO] crate crates.io crate rustack-launcher 0.1.0 already has a lockfile, it will not be regenerated
[INFO] running `Command { std: CARGO_HOME="/workspace/cargo-home" RUSTUP_HOME="/workspace/rustup-home" "/workspace/cargo-home/bin/cargo" "+1.99.0-beta.8" "fetch" "--manifest-path" "Cargo.toml", kill_on_drop: false }`
[INFO] [stderr]     Updating crates.io index
[INFO] [stderr]  Downloading crates ...
[INFO] [stderr]   Downloaded envy v0.4.2
[INFO] [stderr]   Downloaded serde_spanned v0.6.5
[INFO] [stderr]   Downloaded toml v0.8.12
[INFO] [stderr]   Downloaded serde-envfile v0.1.0
[INFO] [stderr]   Downloaded serde_derive v1.0.201
[INFO] [stderr]   Downloaded proc-macro2 v1.0.82
[INFO] [stderr]   Downloaded serde v1.0.201
[INFO] [stderr]   Downloaded unicode-bidi v0.3.15
[INFO] [stderr]   Downloaded cc v1.0.97
[INFO] [stderr]   Downloaded toml_edit v0.22.12
[INFO] [stderr]   Downloaded winnow v0.6.8
[INFO] [stderr]   Downloaded unicode-normalization v0.1.23
[INFO] [stderr]   Downloaded git2 v0.18.3
[INFO] [stderr]   Downloaded syn v2.0.61
[INFO] [stderr]   Downloaded libssh2-sys v0.3.0
[INFO] [stderr]   Downloaded libc v0.2.154
[INFO] [stderr]   Downloaded libgit2-sys v0.16.2+1.7.2
[INFO] [stderr]   Downloaded libz-sys v1.1.16
[INFO] running `Command { std: "docker" "create" "-v" "/var/lib/crater-agent-workspace/builds/worker-4-tc1/source:/opt/rustwide/workdir:ro,Z" "-v" "/var/lib/crater-agent-workspace/builds/worker-4-tc1/target:/opt/rustwide/target:rw,Z" "-v" "/var/lib/crater-agent-workspace/cargo-home:/opt/rustwide/cargo-home:ro,Z" "-v" "/var/lib/crater-agent-workspace/rustup-home:/opt/rustwide/rustup-home:ro,Z" "-m" "1610612736" "--network" "none" "ghcr.io/rust-lang/crates-build-env/linux@sha256:77db811e55d90add9212f6832c23229e3de5f1c1f9905e8cb07319ea15df73ac" "sleep" "infinity", kill_on_drop: false }`
[INFO] [stdout] e467e7f54c9d38319c30ead28015313e53473a88216f3b78c6cf0af00eecd4f0
[INFO] running `Command { std: "docker" "start" "e467e7f54c9d38319c30ead28015313e53473a88216f3b78c6cf0af00eecd4f0", kill_on_drop: false }`
[INFO] running `Command { std: "docker" "inspect" "e467e7f54c9d38319c30ead28015313e53473a88216f3b78c6cf0af00eecd4f0", kill_on_drop: false }`
[INFO] running `Command { std: "docker" "exec" "-e" "SOURCE_DIR=/opt/rustwide/workdir" "-e" "CARGO_HOME=/opt/rustwide/cargo-home" "-e" "RUSTUP_HOME=/opt/rustwide/rustup-home" "-e" "CARGO_TARGET_DIR=/opt/rustwide/target" "-w" "/opt/rustwide/workdir" "--user" "0:0" "e467e7f54c9d38319c30ead28015313e53473a88216f3b78c6cf0af00eecd4f0" "/opt/rustwide/cargo-home/bin/cargo" "+1.99.0-beta.8" "metadata" "--no-deps" "--format-version=1", kill_on_drop: false }`
[INFO] running `Command { std: "docker" "inspect" "e467e7f54c9d38319c30ead28015313e53473a88216f3b78c6cf0af00eecd4f0", kill_on_drop: false }`
[INFO] running `Command { std: "docker" "exec" "-e" "SOURCE_DIR=/opt/rustwide/workdir" "-e" "CARGO_HOME=/opt/rustwide/cargo-home" "-e" "RUSTUP_HOME=/opt/rustwide/rustup-home" "-e" "CARGO_TARGET_DIR=/opt/rustwide/target" "-e" "CARGO_INCREMENTAL=0" "-e" "RUST_BACKTRACE=full" "-e" "RUSTFLAGS=--cap-lints=warn" "-e" "RUSTDOCFLAGS=--cap-lints=warn" "-w" "/opt/rustwide/workdir" "--user" "0:0" "e467e7f54c9d38319c30ead28015313e53473a88216f3b78c6cf0af00eecd4f0" "/opt/rustwide/cargo-home/bin/cargo" "+1.99.0-beta.8" "build" "--frozen" "--message-format=json" "--release", kill_on_drop: false }`
[INFO] [stderr]    Compiling libc v0.2.154
[INFO] [stderr]    Compiling proc-macro2 v1.0.82
[INFO] [stderr]    Compiling once_cell v1.19.0
[INFO] [stderr]    Compiling pkg-config v0.3.30
[INFO] [stderr]    Compiling serde v1.0.201
[INFO] [stderr]    Compiling ahash v0.8.11
[INFO] [stderr]    Compiling zerocopy v0.7.34
[INFO] [stderr]    Compiling equivalent v1.0.1
[INFO] [stderr]    Compiling unicode-normalization v0.1.23
[INFO] [stderr]    Compiling unicode-bidi v0.3.15
[INFO] [stderr]    Compiling percent-encoding v2.3.1
[INFO] [stderr]    Compiling winnow v0.6.8
[INFO] [stderr]    Compiling form_urlencoded v1.2.1
[INFO] [stderr]    Compiling dotenvy v0.15.7
[INFO] [stderr]    Compiling quote v1.0.36
[INFO] [stderr]    Compiling idna v0.5.0
[INFO] [stderr]    Compiling jobserver v0.1.31
[INFO] [stderr]    Compiling syn v2.0.61
[INFO] [stderr]    Compiling ryu v1.0.18
[INFO] [stderr]    Compiling cc v1.0.97
[INFO] [stderr]    Compiling url v2.5.0
[INFO] [stderr]    Compiling bitflags v2.5.0
[INFO] [stderr]    Compiling log v0.4.21
[INFO] [stderr]    Compiling openssl-sys v0.9.102
[INFO] [stderr]    Compiling libz-sys v1.1.16
[INFO] [stderr]    Compiling libssh2-sys v0.3.0
[INFO] [stderr]    Compiling libgit2-sys v0.16.2+1.7.2
[INFO] [stderr]    Compiling serde_derive v1.0.201
[INFO] [stderr]    Compiling hashbrown v0.14.5
[INFO] [stderr]    Compiling toml_datetime v0.6.5
[INFO] [stderr]    Compiling serde_spanned v0.6.5
[INFO] [stderr]    Compiling envy v0.4.2
[INFO] [stderr]    Compiling indexmap v2.2.6
[INFO] [stderr]    Compiling serde-envfile v0.1.0
[INFO] [stderr]    Compiling toml_edit v0.22.12
[INFO] [stderr]    Compiling serde_yaml v0.9.34+deprecated
[INFO] [stderr]    Compiling toml v0.8.12
[INFO] [stderr]    Compiling git2 v0.18.3
[INFO] [stderr]    Compiling rustack-launcher v0.1.0 (/opt/rustwide/workdir)
[INFO] [stderr]     Finished `release` profile [optimized] target(s) in 2m 30s
[INFO] running `Command { std: "docker" "inspect" "e467e7f54c9d38319c30ead28015313e53473a88216f3b78c6cf0af00eecd4f0", kill_on_drop: false }`
[INFO] running `Command { std: "docker" "exec" "-e" "SOURCE_DIR=/opt/rustwide/workdir" "-e" "CARGO_HOME=/opt/rustwide/cargo-home" "-e" "RUSTUP_HOME=/opt/rustwide/rustup-home" "-e" "CARGO_TARGET_DIR=/opt/rustwide/target" "-e" "CARGO_INCREMENTAL=0" "-e" "RUST_BACKTRACE=full" "-e" "RUSTFLAGS=--cap-lints=warn" "-e" "RUSTDOCFLAGS=--cap-lints=warn" "-w" "/opt/rustwide/workdir" "--user" "0:0" "e467e7f54c9d38319c30ead28015313e53473a88216f3b78c6cf0af00eecd4f0" "/opt/rustwide/cargo-home/bin/cargo" "+1.99.0-beta.8" "test" "--frozen" "--no-run" "--message-format=json" "--release", kill_on_drop: false }`
[INFO] [stderr]    Compiling rustack-launcher v0.1.0 (/opt/rustwide/workdir)
[INFO] [stderr]     Finished `release` profile [optimized] target(s) in 6.88s
[INFO] running `Command { std: "docker" "inspect" "e467e7f54c9d38319c30ead28015313e53473a88216f3b78c6cf0af00eecd4f0", kill_on_drop: false }`
[INFO] running `Command { std: "docker" "exec" "-e" "SOURCE_DIR=/opt/rustwide/workdir" "-e" "CARGO_HOME=/opt/rustwide/cargo-home" "-e" "RUSTUP_HOME=/opt/rustwide/rustup-home" "-e" "CARGO_TARGET_DIR=/opt/rustwide/target" "-e" "CARGO_INCREMENTAL=0" "-e" "RUST_BACKTRACE=full" "-e" "RUSTFLAGS=--cap-lints=warn" "-e" "RUSTDOCFLAGS=--cap-lints=warn" "-w" "/opt/rustwide/workdir" "--user" "0:0" "e467e7f54c9d38319c30ead28015313e53473a88216f3b78c6cf0af00eecd4f0" "/opt/rustwide/cargo-home/bin/cargo" "+1.99.0-beta.8" "test" "--frozen" "--release", kill_on_drop: false }`
[INFO] [stderr]     Finished `release` profile [optimized] target(s) in 0.09s
[INFO] [stderr]      Running unittests src/lib.rs (/opt/rustwide/target/release/deps/rustack_launcher-3794f4c83bb6ce9e)
[INFO] [stdout] 
[INFO] [stdout] running 5 tests
[INFO] [stdout] test generators::tests::config_tests::test_docker ... ignored
[INFO] [stdout] test generators::tests::execute_command_tests::test_execute_command ... ignored
[INFO] [stdout] test generators::tests::env_tests::test_env_file ... FAILED
[INFO] [stdout] test generators::tests::config_tests::test_podman ... FAILED
[INFO] [stdout] test generators::tests::repository_tests::test_repository_clone ... FAILED
[INFO] [stderr] error: test failed, to rerun pass `--lib`
[INFO] [stdout] 
[INFO] [stdout] failures:
[INFO] [stdout] 
[INFO] [stdout] ---- generators::tests::env_tests::test_env_file stdout ----
[INFO] [stdout] 
[INFO] [stdout] thread 'generators::tests::env_tests::test_env_file' (1637) panicked at src/generators/config.rs:44:53:
[INFO] [stdout] Unabel to create deploy directory: Os { code: 2, kind: NotFound, message: "No such file or directory" }
[INFO] [stdout] stack backtrace:
[INFO] [stdout]    0:     0x5b658bdf89e1 - <<std[70759c8f55707aa4]::sys::backtrace::BacktraceLock>::print::DisplayBacktrace as core[df12db4294e9bfd3]::fmt::Display>::fmt
[INFO] [stdout]    1:     0x5b658be0e37a - core[df12db4294e9bfd3]::fmt::write
[INFO] [stdout]    2:     0x5b658bdfd1dc - <alloc[2182bb758b4b3781]::vec::Vec<u8> as core[df12db4294e9bfd3]::io::write::Write>::write_fmt
[INFO] [stdout]    3:     0x5b658bdd3396 - std[70759c8f55707aa4]::panicking::default_hook::{closure#0}
[INFO] [stdout]    4:     0x5b658bdf0289 - std[70759c8f55707aa4]::panicking::default_hook
[INFO] [stdout]    5:     0x5b658bcbc140 - test[9d35eded1c95d3be]::test_main_inner::<test[9d35eded1c95d3be]::test_main_static::{closure#0}>::{closure#0}
[INFO] [stdout]    6:     0x5b658bdf05b2 - std[70759c8f55707aa4]::panicking::panic_with_hook
[INFO] [stdout]    7:     0x5b658bdd3442 - std[70759c8f55707aa4]::panicking::panic_handler::{closure#0}
[INFO] [stdout]    8:     0x5b658bdcbd59 - std[70759c8f55707aa4]::sys::backtrace::__rust_end_short_backtrace::<std[70759c8f55707aa4]::panicking::panic_handler::{closure#0}, !>
[INFO] [stdout]    9:     0x5b658bdd40dd - __rustc[8fa7c3cbc660c2b3]::rust_begin_unwind
[INFO] [stdout]   10:     0x5b658be0eadc - core[df12db4294e9bfd3]::panicking::panic_fmt
[INFO] [stdout]   11:     0x5b658be0e8b2 - core[df12db4294e9bfd3]::result::unwrap_failed
[INFO] [stdout]   12:     0x5b658bc74c78 - <rustack_launcher[4553603c6e412ece]::generators::config::Config>::load
[INFO] [stdout]   13:     0x5b658bc798a1 - rustack_launcher[4553603c6e412ece]::generators::tests::env_tests::test_env_file
[INFO] [stdout]   14:     0x5b658bc758d9 - <rustack_launcher[4553603c6e412ece]::generators::tests::env_tests::test_env_file::{closure#0} as core[df12db4294e9bfd3]::ops::function::FnOnce<()>>::call_once
[INFO] [stdout]   15:     0x5b658bcaf42b - test[9d35eded1c95d3be]::__rust_begin_short_backtrace::<core[df12db4294e9bfd3]::result::Result<(), alloc[2182bb758b4b3781]::string::String>, fn() -> core[df12db4294e9bfd3]::result::Result<(), alloc[2182bb758b4b3781]::string::String>>
[INFO] [stdout]   16:     0x5b658bcbca95 - test[9d35eded1c95d3be]::run_test::{closure#0}
[INFO] [stdout]   17:     0x5b658bcb6354 - std[70759c8f55707aa4]::sys::backtrace::__rust_begin_short_backtrace::<test[9d35eded1c95d3be]::run_test::{closure#1}, ()>
[INFO] [stdout]   18:     0x5b658bcbfbf2 - <std[70759c8f55707aa4]::thread::lifecycle::spawn_unchecked<test[9d35eded1c95d3be]::run_test::{closure#1}, ()>::{closure#1} as core[df12db4294e9bfd3]::ops::function::FnOnce<()>>::call_once::{shim:vtable#0}
[INFO] [stdout]   19:     0x5b658bdf7d49 - <std[70759c8f55707aa4]::sys::thread::unix::Thread>::new::thread_start
[INFO] [stdout]   20:     0x7e0fde359dfa - <unknown>
[INFO] [stdout]   21:     0x7e0fde3ed3d4 - clone
[INFO] [stdout]   22:                0x0 - <unknown>
[INFO] [stdout] 
[INFO] [stdout] ---- generators::tests::config_tests::test_podman stdout ----
[INFO] [stdout] 
[INFO] [stdout] thread 'generators::tests::config_tests::test_podman' (1636) panicked at src/generators/config.rs:44:53:
[INFO] [stdout] Unabel to create deploy directory: Os { code: 2, kind: NotFound, message: "No such file or directory" }
[INFO] [stdout] stack backtrace:
[INFO] [stdout]    0:     0x5b658bdf89e1 - <<std[70759c8f55707aa4]::sys::backtrace::BacktraceLock>::print::DisplayBacktrace as core[df12db4294e9bfd3]::fmt::Display>::fmt
[INFO] [stdout]    1:     0x5b658be0e37a - core[df12db4294e9bfd3]::fmt::write
[INFO] [stdout]    2:     0x5b658bdfd1dc - <alloc[2182bb758b4b3781]::vec::Vec<u8> as core[df12db4294e9bfd3]::io::write::Write>::write_fmt
[INFO] [stdout]    3:     0x5b658bdd3396 - std[70759c8f55707aa4]::panicking::default_hook::{closure#0}
[INFO] [stdout]    4:     0x5b658bdf0289 - std[70759c8f55707aa4]::panicking::default_hook
[INFO] [stdout]    5:     0x5b658bcbc140 - test[9d35eded1c95d3be]::test_main_inner::<test[9d35eded1c95d3be]::test_main_static::{closure#0}>::{closure#0}
[INFO] [stdout]    6:     0x5b658bdf05b2 - std[70759c8f55707aa4]::panicking::panic_with_hook
[INFO] [stdout]    7:     0x5b658bdd3442 - std[70759c8f55707aa4]::panicking::panic_handler::{closure#0}
[INFO] [stdout]    8:     0x5b658bdcbd59 - std[70759c8f55707aa4]::sys::backtrace::__rust_end_short_backtrace::<std[70759c8f55707aa4]::panicking::panic_handler::{closure#0}, !>
[INFO] [stdout]    9:     0x5b658bdd40dd - __rustc[8fa7c3cbc660c2b3]::rust_begin_unwind
[INFO] [stdout]   10:     0x5b658be0eadc - core[df12db4294e9bfd3]::panicking::panic_fmt
[INFO] [stdout]   11:     0x5b658be0e8b2 - core[df12db4294e9bfd3]::result::unwrap_failed
[INFO] [stdout]   12:     0x5b658bc74c78 - <rustack_launcher[4553603c6e412ece]::generators::config::Config>::load
[INFO] [stdout]   13:     0x5b658bc793d4 - rustack_launcher[4553603c6e412ece]::generators::tests::config_tests::test_podman
[INFO] [stdout]   14:     0x5b658bc757e9 - <rustack_launcher[4553603c6e412ece]::generators::tests::config_tests::test_podman::{closure#0} as core[df12db4294e9bfd3]::ops::function::FnOnce<()>>::call_once
[INFO] [stdout]   15:     0x5b658bcaf42b - test[9d35eded1c95d3be]::__rust_begin_short_backtrace::<core[df12db4294e9bfd3]::result::Result<(), alloc[2182bb758b4b3781]::string::String>, fn() -> core[df12db4294e9bfd3]::result::Result<(), alloc[2182bb758b4b3781]::string::String>>
[INFO] [stdout]   16:     0x5b658bcbca95 - test[9d35eded1c95d3be]::run_test::{closure#0}
[INFO] [stdout]   17:     0x5b658bcb6354 - std[70759c8f55707aa4]::sys::backtrace::__rust_begin_short_backtrace::<test[9d35eded1c95d3be]::run_test::{closure#1}, ()>
[INFO] [stdout]   18:     0x5b658bcbfbf2 - <std[70759c8f55707aa4]::thread::lifecycle::spawn_unchecked<test[9d35eded1c95d3be]::run_test::{closure#1}, ()>::{closure#1} as core[df12db4294e9bfd3]::ops::function::FnOnce<()>>::call_once::{shim:vtable#0}
[INFO] [stdout]   19:     0x5b658bdf7d49 - <std[70759c8f55707aa4]::sys::thread::unix::Thread>::new::thread_start
[INFO] [stdout]   20:     0x7e0fde359dfa - <unknown>
[INFO] [stdout]   21:     0x7e0fde3ed3d4 - clone
[INFO] [stdout]   22:                0x0 - <unknown>
[INFO] [stdout] 
[INFO] [stdout] ---- generators::tests::repository_tests::test_repository_clone stdout ----
[INFO] [stdout] 
[INFO] [stdout] thread 'generators::tests::repository_tests::test_repository_clone' (1638) panicked at src/generators/repository.rs:57:21:
[INFO] [stdout] Unable to clone test: Error { code: -1, klass: 2, message: "failed to make directory './services': Read-only file system" }
[INFO] [stdout] stack backtrace:
[INFO] [stdout]    0:     0x5b658bdf89e1 - <<std[70759c8f55707aa4]::sys::backtrace::BacktraceLock>::print::DisplayBacktrace as core[df12db4294e9bfd3]::fmt::Display>::fmt
[INFO] [stdout]    1:     0x5b658be0e37a - core[df12db4294e9bfd3]::fmt::write
[INFO] [stdout]    2:     0x5b658bdfd1dc - <alloc[2182bb758b4b3781]::vec::Vec<u8> as core[df12db4294e9bfd3]::io::write::Write>::write_fmt
[INFO] [stdout]    3:     0x5b658bdd3396 - std[70759c8f55707aa4]::panicking::default_hook::{closure#0}
[INFO] [stdout]    4:     0x5b658bdf0289 - std[70759c8f55707aa4]::panicking::default_hook
[INFO] [stdout]    5:     0x5b658bcbc140 - test[9d35eded1c95d3be]::test_main_inner::<test[9d35eded1c95d3be]::test_main_static::{closure#0}>::{closure#0}
[INFO] [stdout]    6:     0x5b658bdf05b2 - std[70759c8f55707aa4]::panicking::panic_with_hook
[INFO] [stdout]    7:     0x5b658bdd3442 - std[70759c8f55707aa4]::panicking::panic_handler::{closure#0}
[INFO] [stdout]    8:     0x5b658bdcbd59 - std[70759c8f55707aa4]::sys::backtrace::__rust_end_short_backtrace::<std[70759c8f55707aa4]::panicking::panic_handler::{closure#0}, !>
[INFO] [stdout]    9:     0x5b658bdd40dd - __rustc[8fa7c3cbc660c2b3]::rust_begin_unwind
[INFO] [stdout]   10:     0x5b658be0eadc - core[df12db4294e9bfd3]::panicking::panic_fmt
[INFO] [stdout]   11:     0x5b658bc73555 - <rustack_launcher[4553603c6e412ece]::generators::repository::Repository>::git_clone
[INFO] [stdout]   12:     0x5b658bc79696 - rustack_launcher[4553603c6e412ece]::generators::tests::repository_tests::test_repository_clone
[INFO] [stdout]   13:     0x5b658bc75809 - <rustack_launcher[4553603c6e412ece]::generators::tests::repository_tests::test_repository_clone::{closure#0} as core[df12db4294e9bfd3]::ops::function::FnOnce<()>>::call_once
[INFO] [stdout]   14:     0x5b658bcaf42b - test[9d35eded1c95d3be]::__rust_begin_short_backtrace::<core[df12db4294e9bfd3]::result::Result<(), alloc[2182bb758b4b3781]::string::String>, fn() -> core[df12db4294e9bfd3]::result::Result<(), alloc[2182bb758b4b3781]::string::String>>
[INFO] [stdout]   15:     0x5b658bcbca95 - test[9d35eded1c95d3be]::run_test::{closure#0}
[INFO] [stdout]   16:     0x5b658bcb6354 - std[70759c8f55707aa4]::sys::backtrace::__rust_begin_short_backtrace::<test[9d35eded1c95d3be]::run_test::{closure#1}, ()>
[INFO] [stdout]   17:     0x5b658bcbfbf2 - <std[70759c8f55707aa4]::thread::lifecycle::spawn_unchecked<test[9d35eded1c95d3be]::run_test::{closure#1}, ()>::{closure#1} as core[df12db4294e9bfd3]::ops::function::FnOnce<()>>::call_once::{shim:vtable#0}
[INFO] [stdout]   18:     0x5b658bdf7d49 - <std[70759c8f55707aa4]::sys::thread::unix::Thread>::new::thread_start
[INFO] [stdout]   19:     0x7e0fde359dfa - <unknown>
[INFO] [stdout]   20:     0x7e0fde3ed3d4 - clone
[INFO] [stdout]   21:                0x0 - <unknown>
[INFO] [stdout] 
[INFO] [stdout] 
[INFO] [stdout] failures:
[INFO] [stdout]     generators::tests::config_tests::test_podman
[INFO] [stdout]     generators::tests::env_tests::test_env_file
[INFO] [stdout]     generators::tests::repository_tests::test_repository_clone
[INFO] [stdout] 
[INFO] [stdout] test result: FAILED. 0 passed; 3 failed; 2 ignored; 0 measured; 0 filtered out; finished in 0.10s
[INFO] [stdout] 
[INFO] running `Command { std: "docker" "inspect" "e467e7f54c9d38319c30ead28015313e53473a88216f3b78c6cf0af00eecd4f0", kill_on_drop: false }`
[INFO] running `Command { std: "docker" "rm" "-f" "e467e7f54c9d38319c30ead28015313e53473a88216f3b78c6cf0af00eecd4f0", kill_on_drop: false }`
[INFO] [stdout] e467e7f54c9d38319c30ead28015313e53473a88216f3b78c6cf0af00eecd4f0
