[INFO] fetching crate rust_support 0.1.2...
[INFO] testing rust_support-0.1.2 against 1.99.0-beta.8+cargoflags=--release for beta-release-1.100-2
[INFO] extracting crate rust_support 0.1.2 into /workspace/builds/worker-3-tc1/source
[INFO] started tweaking crates.io crate rust_support 0.1.2
[INFO] finished tweaking crates.io crate rust_support 0.1.2
[INFO] tweaked toml for crates.io crate rust_support 0.1.2 written to /workspace/builds/worker-3-tc1/source/Cargo.toml
[INFO] validating manifest of crates.io crate rust_support 0.1.2 on toolchain 1.99.0-beta.8
[INFO] running `Command { std: CARGO_HOME="/workspace/cargo-home" RUSTUP_HOME="/workspace/rustup-home" "/workspace/cargo-home/bin/cargo" "+1.99.0-beta.8" "metadata" "--manifest-path" "Cargo.toml" "--no-deps", kill_on_drop: false }`
[INFO] crate crates.io crate rust_support 0.1.2 already has a lockfile, it will not be regenerated
[INFO] running `Command { std: CARGO_HOME="/workspace/cargo-home" RUSTUP_HOME="/workspace/rustup-home" "/workspace/cargo-home/bin/cargo" "+1.99.0-beta.8" "fetch" "--manifest-path" "Cargo.toml", kill_on_drop: false }`
[INFO] [stderr] warning: Cargo.toml: only one of `license` or `license-file` is necessary
[INFO] [stderr] `license` should be used if the package license can be expressed with a standard SPDX expression.
[INFO] [stderr] `license-file` should be used if the package uses a non-standard license.
[INFO] [stderr] See https://doc.rust-lang.org/cargo/reference/manifest.html#the-license-and-license-file-fields for more information.
[INFO] [stderr] warning: `rust_support` (manifest) generated 1 warning
[INFO] [stderr]  Downloading crates ...
[INFO] [stderr]   Downloaded bytes v1.10.0
[INFO] [stderr]   Downloaded tempfile v3.17.1
[INFO] running `Command { std: "docker" "create" "-v" "/var/lib/crater-agent-workspace/builds/worker-3-tc1/source:/opt/rustwide/workdir:ro,Z" "-v" "/var/lib/crater-agent-workspace/builds/worker-3-tc1/target:/opt/rustwide/target:rw,Z" "-v" "/var/lib/crater-agent-workspace/cargo-home:/opt/rustwide/cargo-home:ro,Z" "-v" "/var/lib/crater-agent-workspace/rustup-home:/opt/rustwide/rustup-home:ro,Z" "-m" "1610612736" "--network" "none" "ghcr.io/rust-lang/crates-build-env/linux@sha256:77db811e55d90add9212f6832c23229e3de5f1c1f9905e8cb07319ea15df73ac" "sleep" "infinity", kill_on_drop: false }`
[INFO] [stdout] 58c55900be585e5de90ae933b0b6974ded51ecdf307aca70c3329395963d0960
[INFO] running `Command { std: "docker" "start" "58c55900be585e5de90ae933b0b6974ded51ecdf307aca70c3329395963d0960", kill_on_drop: false }`
[INFO] running `Command { std: "docker" "inspect" "58c55900be585e5de90ae933b0b6974ded51ecdf307aca70c3329395963d0960", kill_on_drop: false }`
[INFO] running `Command { std: "docker" "exec" "-e" "SOURCE_DIR=/opt/rustwide/workdir" "-e" "CARGO_HOME=/opt/rustwide/cargo-home" "-e" "RUSTUP_HOME=/opt/rustwide/rustup-home" "-e" "CARGO_TARGET_DIR=/opt/rustwide/target" "-w" "/opt/rustwide/workdir" "--user" "0:0" "58c55900be585e5de90ae933b0b6974ded51ecdf307aca70c3329395963d0960" "/opt/rustwide/cargo-home/bin/cargo" "+1.99.0-beta.8" "metadata" "--no-deps" "--format-version=1", kill_on_drop: false }`
[INFO] running `Command { std: "docker" "inspect" "58c55900be585e5de90ae933b0b6974ded51ecdf307aca70c3329395963d0960", kill_on_drop: false }`
[INFO] running `Command { std: "docker" "exec" "-e" "SOURCE_DIR=/opt/rustwide/workdir" "-e" "CARGO_HOME=/opt/rustwide/cargo-home" "-e" "RUSTUP_HOME=/opt/rustwide/rustup-home" "-e" "CARGO_TARGET_DIR=/opt/rustwide/target" "-e" "CARGO_INCREMENTAL=0" "-e" "RUST_BACKTRACE=full" "-e" "RUSTFLAGS=--cap-lints=warn" "-e" "RUSTDOCFLAGS=--cap-lints=warn" "-w" "/opt/rustwide/workdir" "--user" "0:0" "58c55900be585e5de90ae933b0b6974ded51ecdf307aca70c3329395963d0960" "/opt/rustwide/cargo-home/bin/cargo" "+1.99.0-beta.8" "build" "--frozen" "--message-format=json" "--release", kill_on_drop: false }`
[INFO] [stderr] warning: Cargo.toml: only one of `license` or `license-file` is necessary
[INFO] [stderr] `license` should be used if the package license can be expressed with a standard SPDX expression.
[INFO] [stderr] `license-file` should be used if the package uses a non-standard license.
[INFO] [stderr] See https://doc.rust-lang.org/cargo/reference/manifest.html#the-license-and-license-file-fields for more information.
[INFO] [stderr] warning: `rust_support` (manifest) generated 1 warning
[INFO] [stderr]    Compiling libc v0.2.170
[INFO] [stderr]    Compiling smallvec v1.14.0
[INFO] [stderr]    Compiling anyhow v1.0.97
[INFO] [stderr]    Compiling thiserror v2.0.12
[INFO] [stderr]    Compiling bytes v1.10.0
[INFO] [stderr]    Compiling glob v0.3.2
[INFO] [stderr]    Compiling syn v2.0.99
[INFO] [stderr]    Compiling parking_lot_core v0.9.10
[INFO] [stderr]    Compiling signal-hook-registry v1.4.2
[INFO] [stderr]    Compiling socket2 v0.5.8
[INFO] [stderr]    Compiling mio v1.0.3
[INFO] [stderr]    Compiling parking_lot v0.12.3
[INFO] [stderr]    Compiling futures-macro v0.3.31
[INFO] [stderr]    Compiling tokio-macros v2.5.0
[INFO] [stderr]    Compiling thiserror-impl v2.0.12
[INFO] [stderr]    Compiling tokio v1.43.0
[INFO] [stderr]    Compiling futures-util v0.3.31
[INFO] [stderr]    Compiling futures-executor v0.3.31
[INFO] [stderr]    Compiling futures v0.3.31
[INFO] [stderr]    Compiling rust_support v0.1.2 (/opt/rustwide/workdir)
[INFO] [stderr]     Finished `release` profile [optimized] target(s) in 15.82s
[INFO] running `Command { std: "docker" "inspect" "58c55900be585e5de90ae933b0b6974ded51ecdf307aca70c3329395963d0960", kill_on_drop: false }`
[INFO] running `Command { std: "docker" "exec" "-e" "SOURCE_DIR=/opt/rustwide/workdir" "-e" "CARGO_HOME=/opt/rustwide/cargo-home" "-e" "RUSTUP_HOME=/opt/rustwide/rustup-home" "-e" "CARGO_TARGET_DIR=/opt/rustwide/target" "-e" "CARGO_INCREMENTAL=0" "-e" "RUST_BACKTRACE=full" "-e" "RUSTFLAGS=--cap-lints=warn" "-e" "RUSTDOCFLAGS=--cap-lints=warn" "-w" "/opt/rustwide/workdir" "--user" "0:0" "58c55900be585e5de90ae933b0b6974ded51ecdf307aca70c3329395963d0960" "/opt/rustwide/cargo-home/bin/cargo" "+1.99.0-beta.8" "test" "--frozen" "--no-run" "--message-format=json" "--release", kill_on_drop: false }`
[INFO] [stderr] warning: Cargo.toml: only one of `license` or `license-file` is necessary
[INFO] [stderr] `license` should be used if the package license can be expressed with a standard SPDX expression.
[INFO] [stderr] `license-file` should be used if the package uses a non-standard license.
[INFO] [stderr] See https://doc.rust-lang.org/cargo/reference/manifest.html#the-license-and-license-file-fields for more information.
[INFO] [stderr] warning: `rust_support` (manifest) generated 1 warning
[INFO] [stderr]    Compiling getrandom v0.3.1
[INFO] [stderr]    Compiling once_cell v1.20.3
[INFO] [stderr]    Compiling tempfile v3.17.1
[INFO] [stderr]    Compiling rust_support v0.1.2 (/opt/rustwide/workdir)
[INFO] [stderr]     Finished `release` profile [optimized] target(s) in 3.50s
[INFO] running `Command { std: "docker" "inspect" "58c55900be585e5de90ae933b0b6974ded51ecdf307aca70c3329395963d0960", kill_on_drop: false }`
[INFO] running `Command { std: "docker" "exec" "-e" "SOURCE_DIR=/opt/rustwide/workdir" "-e" "CARGO_HOME=/opt/rustwide/cargo-home" "-e" "RUSTUP_HOME=/opt/rustwide/rustup-home" "-e" "CARGO_TARGET_DIR=/opt/rustwide/target" "-e" "CARGO_INCREMENTAL=0" "-e" "RUST_BACKTRACE=full" "-e" "RUSTFLAGS=--cap-lints=warn" "-e" "RUSTDOCFLAGS=--cap-lints=warn" "-w" "/opt/rustwide/workdir" "--user" "0:0" "58c55900be585e5de90ae933b0b6974ded51ecdf307aca70c3329395963d0960" "/opt/rustwide/cargo-home/bin/cargo" "+1.99.0-beta.8" "test" "--frozen" "--release", kill_on_drop: false }`
[INFO] [stderr] warning: Cargo.toml: only one of `license` or `license-file` is necessary
[INFO] [stderr] `license` should be used if the package license can be expressed with a standard SPDX expression.
[INFO] [stderr] `license-file` should be used if the package uses a non-standard license.
[INFO] [stderr] See https://doc.rust-lang.org/cargo/reference/manifest.html#the-license-and-license-file-fields for more information.
[INFO] [stderr] warning: `rust_support` (manifest) generated 1 warning
[INFO] [stderr]     Finished `release` profile [optimized] target(s) in 0.08s
[INFO] [stderr]      Running unittests src/lib.rs (/opt/rustwide/target/release/deps/rust_support-b310c454d6d8ac99)
[INFO] [stdout] 
[INFO] [stdout] running 4 tests
[INFO] [stdout] test glob::tests::test_not_found_patterns ... FAILED
[INFO] [stdout] test anyhow::test_collect_results ... ok
[INFO] [stdout] test glob::tests::test_not_found_pattern ... FAILED
[INFO] [stderr] error: test failed, to rerun pass `--lib`
[INFO] [stdout] test glob::tests::test_expend_glob_input_patterns ... ok
[INFO] [stdout] 
[INFO] [stdout] failures:
[INFO] [stdout] 
[INFO] [stdout] ---- glob::tests::test_not_found_patterns stdout ----
[INFO] [stdout] 
[INFO] [stdout] thread 'glob::tests::test_not_found_patterns' (630) panicked at src/glob.rs:99:29:
[INFO] [stdout] called `Result::unwrap_err()` on an `Ok` value: [".cargo_vcs_info.json"]
[INFO] [stdout] stack backtrace:
[INFO] [stdout]    0:     0x5a2a1b278771 - <<std[70759c8f55707aa4]::sys::backtrace::BacktraceLock>::print::DisplayBacktrace as core[df12db4294e9bfd3]::fmt::Display>::fmt
[INFO] [stdout]    1:     0x5a2a1b28d5aa - core[df12db4294e9bfd3]::fmt::write
[INFO] [stdout]    2:     0x5a2a1b27d54c - <alloc[2182bb758b4b3781]::vec::Vec<u8> as core[df12db4294e9bfd3]::io::write::Write>::write_fmt
[INFO] [stdout]    3:     0x5a2a1b2529b6 - std[70759c8f55707aa4]::panicking::default_hook::{closure#0}
[INFO] [stdout]    4:     0x5a2a1b2702d9 - std[70759c8f55707aa4]::panicking::default_hook
[INFO] [stdout]    5:     0x5a2a1b1daef0 - test[9d35eded1c95d3be]::test_main_inner::<test[9d35eded1c95d3be]::test_main_static::{closure#0}>::{closure#0}
[INFO] [stdout]    6:     0x5a2a1b270492 - std[70759c8f55707aa4]::panicking::panic_with_hook
[INFO] [stdout]    7:     0x5a2a1b252a62 - std[70759c8f55707aa4]::panicking::panic_handler::{closure#0}
[INFO] [stdout]    8:     0x5a2a1b24b099 - std[70759c8f55707aa4]::sys::backtrace::__rust_end_short_backtrace::<std[70759c8f55707aa4]::panicking::panic_handler::{closure#0}, !>
[INFO] [stdout]    9:     0x5a2a1b25376d - __rustc[8fa7c3cbc660c2b3]::rust_begin_unwind
[INFO] [stdout]   10:     0x5a2a1b28dd0c - core[df12db4294e9bfd3]::panicking::panic_fmt
[INFO] [stdout]   11:     0x5a2a1b28dae2 - core[df12db4294e9bfd3]::result::unwrap_failed
[INFO] [stdout]   12:     0x5a2a1b1bc959 - rust_support[1ceefcaa053f608a]::glob::tests::test_not_found_patterns::{closure#0}
[INFO] [stdout]   13:     0x5a2a1b1bf568 - <tokio[2aba70033edfac00]::runtime::scheduler::current_thread::Context>::enter::<core[df12db4294e9bfd3]::task::poll::Poll<core[df12db4294e9bfd3]::result::Result<(), anyhow[9d842fa29431c336]::Error>>, <tokio[2aba70033edfac00]::runtime::scheduler::current_thread::CoreGuard>::block_on<core[df12db4294e9bfd3]::pin::Pin<&mut core[df12db4294e9bfd3]::pin::Pin<&mut dyn core[df12db4294e9bfd3]::future::future::Future<Output = core[df12db4294e9bfd3]::result::Result<(), anyhow[9d842fa29431c336]::Error>>>>>::{closure#0}::{closure#0}>
[INFO] [stdout]   14:     0x5a2a1b1c7bcf - <std[70759c8f55707aa4]::thread::local::LocalKey<tokio[2aba70033edfac00]::runtime::context::Context>>::with::<tokio[2aba70033edfac00]::runtime::context::set_scheduler<(alloc[2182bb758b4b3781]::boxed::Box<tokio[2aba70033edfac00]::runtime::scheduler::current_thread::Core>, core[df12db4294e9bfd3]::option::Option<core[df12db4294e9bfd3]::result::Result<(), anyhow[9d842fa29431c336]::Error>>), <tokio[2aba70033edfac00]::runtime::scheduler::current_thread::CoreGuard>::enter<<tokio[2aba70033edfac00]::runtime::scheduler::current_thread::CoreGuard>::block_on<core[df12db4294e9bfd3]::pin::Pin<&mut core[df12db4294e9bfd3]::pin::Pin<&mut dyn core[df12db4294e9bfd3]::future::future::Future<Output = core[df12db4294e9bfd3]::result::Result<(), anyhow[9d842fa29431c336]::Error>>>>>::{closure#0}, core[df12db4294e9bfd3]::option::Option<core[df12db4294e9bfd3]::result::Result<(), anyhow[9d842fa29431c336]::Error>>>::{closure#0}>::{closure#0}, (alloc[2182bb758b4b3781]::boxed::Box<tokio[2aba70033edfac00]::runtime::scheduler::current_thread::Core>, core[df12db4294e9bfd3]::option::Option<core[df12db4294e9bfd3]::result::Result<(), anyhow[9d842fa29431c336]::Error>>)>
[INFO] [stdout]   15:     0x5a2a1b1bf8de - <tokio[2aba70033edfac00]::runtime::scheduler::current_thread::CoreGuard>::block_on::<core[df12db4294e9bfd3]::pin::Pin<&mut core[df12db4294e9bfd3]::pin::Pin<&mut dyn core[df12db4294e9bfd3]::future::future::Future<Output = core[df12db4294e9bfd3]::result::Result<(), anyhow[9d842fa29431c336]::Error>>>>>
[INFO] [stdout]   16:     0x5a2a1b1c8b60 - tokio[2aba70033edfac00]::runtime::context::runtime::enter_runtime::<<tokio[2aba70033edfac00]::runtime::scheduler::current_thread::CurrentThread>::block_on<core[df12db4294e9bfd3]::pin::Pin<&mut dyn core[df12db4294e9bfd3]::future::future::Future<Output = core[df12db4294e9bfd3]::result::Result<(), anyhow[9d842fa29431c336]::Error>>>>::{closure#0}, core[df12db4294e9bfd3]::result::Result<(), anyhow[9d842fa29431c336]::Error>>
[INFO] [stdout]   17:     0x5a2a1b1baf05 - <tokio[2aba70033edfac00]::runtime::runtime::Runtime>::block_on::<core[df12db4294e9bfd3]::pin::Pin<&mut dyn core[df12db4294e9bfd3]::future::future::Future<Output = core[df12db4294e9bfd3]::result::Result<(), anyhow[9d842fa29431c336]::Error>>>>
[INFO] [stdout]   18:     0x5a2a1b1bdee5 - rust_support[1ceefcaa053f608a]::glob::tests::test_not_found_patterns
[INFO] [stdout]   19:     0x5a2a1b1c96bf - <rust_support[1ceefcaa053f608a]::glob::tests::test_not_found_patterns::{closure#0} as core[df12db4294e9bfd3]::ops::function::FnOnce<()>>::call_once
[INFO] [stdout]   20:     0x5a2a1b1ce1db - test[9d35eded1c95d3be]::__rust_begin_short_backtrace::<core[df12db4294e9bfd3]::result::Result<(), alloc[2182bb758b4b3781]::string::String>, fn() -> core[df12db4294e9bfd3]::result::Result<(), alloc[2182bb758b4b3781]::string::String>>
[INFO] [stdout]   21:     0x5a2a1b1db845 - test[9d35eded1c95d3be]::run_test::{closure#0}
[INFO] [stdout]   22:     0x5a2a1b1d5104 - std[70759c8f55707aa4]::sys::backtrace::__rust_begin_short_backtrace::<test[9d35eded1c95d3be]::run_test::{closure#1}, ()>
[INFO] [stdout]   23:     0x5a2a1b1de9a2 - <std[70759c8f55707aa4]::thread::lifecycle::spawn_unchecked<test[9d35eded1c95d3be]::run_test::{closure#1}, ()>::{closure#1} as core[df12db4294e9bfd3]::ops::function::FnOnce<()>>::call_once::{shim:vtable#0}
[INFO] [stdout]   24:     0x5a2a1b278049 - <std[70759c8f55707aa4]::sys::thread::unix::Thread>::new::thread_start
[INFO] [stdout]   25:     0x7b2bf94cddfa - <unknown>
[INFO] [stdout]   26:     0x7b2bf95613d4 - clone
[INFO] [stdout]   27:                0x0 - <unknown>
[INFO] [stdout] 
[INFO] [stdout] ---- glob::tests::test_not_found_pattern stdout ----
[INFO] [stdout] 
[INFO] [stdout] thread 'glob::tests::test_not_found_pattern' (629) panicked at src/glob.rs:110:29:
[INFO] [stdout] called `Result::unwrap_err()` on an `Ok` value: [".cargo_vcs_info.json"]
[INFO] [stdout] stack backtrace:
[INFO] [stdout]    0:     0x5a2a1b278771 - <<std[70759c8f55707aa4]::sys::backtrace::BacktraceLock>::print::DisplayBacktrace as core[df12db4294e9bfd3]::fmt::Display>::fmt
[INFO] [stdout]    1:     0x5a2a1b28d5aa - core[df12db4294e9bfd3]::fmt::write
[INFO] [stdout]    2:     0x5a2a1b27d54c - <alloc[2182bb758b4b3781]::vec::Vec<u8> as core[df12db4294e9bfd3]::io::write::Write>::write_fmt
[INFO] [stdout]    3:     0x5a2a1b2529b6 - std[70759c8f55707aa4]::panicking::default_hook::{closure#0}
[INFO] [stdout]    4:     0x5a2a1b2702d9 - std[70759c8f55707aa4]::panicking::default_hook
[INFO] [stdout]    5:     0x5a2a1b1daef0 - test[9d35eded1c95d3be]::test_main_inner::<test[9d35eded1c95d3be]::test_main_static::{closure#0}>::{closure#0}
[INFO] [stdout]    6:     0x5a2a1b270492 - std[70759c8f55707aa4]::panicking::panic_with_hook
[INFO] [stdout]    7:     0x5a2a1b252a62 - std[70759c8f55707aa4]::panicking::panic_handler::{closure#0}
[INFO] [stdout]    8:     0x5a2a1b24b099 - std[70759c8f55707aa4]::sys::backtrace::__rust_end_short_backtrace::<std[70759c8f55707aa4]::panicking::panic_handler::{closure#0}, !>
[INFO] [stdout]    9:     0x5a2a1b25376d - __rustc[8fa7c3cbc660c2b3]::rust_begin_unwind
[INFO] [stdout]   10:     0x5a2a1b28dd0c - core[df12db4294e9bfd3]::panicking::panic_fmt
[INFO] [stdout]   11:     0x5a2a1b28dae2 - core[df12db4294e9bfd3]::result::unwrap_failed
[INFO] [stdout]   12:     0x5a2a1b1bc54a - rust_support[1ceefcaa053f608a]::glob::tests::test_not_found_pattern::{closure#0}
[INFO] [stdout]   13:     0x5a2a1b1bf568 - <tokio[2aba70033edfac00]::runtime::scheduler::current_thread::Context>::enter::<core[df12db4294e9bfd3]::task::poll::Poll<core[df12db4294e9bfd3]::result::Result<(), anyhow[9d842fa29431c336]::Error>>, <tokio[2aba70033edfac00]::runtime::scheduler::current_thread::CoreGuard>::block_on<core[df12db4294e9bfd3]::pin::Pin<&mut core[df12db4294e9bfd3]::pin::Pin<&mut dyn core[df12db4294e9bfd3]::future::future::Future<Output = core[df12db4294e9bfd3]::result::Result<(), anyhow[9d842fa29431c336]::Error>>>>>::{closure#0}::{closure#0}>
[INFO] [stdout]   14:     0x5a2a1b1c7bcf - <std[70759c8f55707aa4]::thread::local::LocalKey<tokio[2aba70033edfac00]::runtime::context::Context>>::with::<tokio[2aba70033edfac00]::runtime::context::set_scheduler<(alloc[2182bb758b4b3781]::boxed::Box<tokio[2aba70033edfac00]::runtime::scheduler::current_thread::Core>, core[df12db4294e9bfd3]::option::Option<core[df12db4294e9bfd3]::result::Result<(), anyhow[9d842fa29431c336]::Error>>), <tokio[2aba70033edfac00]::runtime::scheduler::current_thread::CoreGuard>::enter<<tokio[2aba70033edfac00]::runtime::scheduler::current_thread::CoreGuard>::block_on<core[df12db4294e9bfd3]::pin::Pin<&mut core[df12db4294e9bfd3]::pin::Pin<&mut dyn core[df12db4294e9bfd3]::future::future::Future<Output = core[df12db4294e9bfd3]::result::Result<(), anyhow[9d842fa29431c336]::Error>>>>>::{closure#0}, core[df12db4294e9bfd3]::option::Option<core[df12db4294e9bfd3]::result::Result<(), anyhow[9d842fa29431c336]::Error>>>::{closure#0}>::{closure#0}, (alloc[2182bb758b4b3781]::boxed::Box<tokio[2aba70033edfac00]::runtime::scheduler::current_thread::Core>, core[df12db4294e9bfd3]::option::Option<core[df12db4294e9bfd3]::result::Result<(), anyhow[9d842fa29431c336]::Error>>)>
[INFO] [stdout]   15:     0x5a2a1b1bf8de - <tokio[2aba70033edfac00]::runtime::scheduler::current_thread::CoreGuard>::block_on::<core[df12db4294e9bfd3]::pin::Pin<&mut core[df12db4294e9bfd3]::pin::Pin<&mut dyn core[df12db4294e9bfd3]::future::future::Future<Output = core[df12db4294e9bfd3]::result::Result<(), anyhow[9d842fa29431c336]::Error>>>>>
[INFO] [stdout]   16:     0x5a2a1b1c8b60 - tokio[2aba70033edfac00]::runtime::context::runtime::enter_runtime::<<tokio[2aba70033edfac00]::runtime::scheduler::current_thread::CurrentThread>::block_on<core[df12db4294e9bfd3]::pin::Pin<&mut dyn core[df12db4294e9bfd3]::future::future::Future<Output = core[df12db4294e9bfd3]::result::Result<(), anyhow[9d842fa29431c336]::Error>>>>::{closure#0}, core[df12db4294e9bfd3]::result::Result<(), anyhow[9d842fa29431c336]::Error>>
[INFO] [stdout]   17:     0x5a2a1b1baf05 - <tokio[2aba70033edfac00]::runtime::runtime::Runtime>::block_on::<core[df12db4294e9bfd3]::pin::Pin<&mut dyn core[df12db4294e9bfd3]::future::future::Future<Output = core[df12db4294e9bfd3]::result::Result<(), anyhow[9d842fa29431c336]::Error>>>>
[INFO] [stdout]   18:     0x5a2a1b1bddb5 - rust_support[1ceefcaa053f608a]::glob::tests::test_not_found_pattern
[INFO] [stdout]   19:     0x5a2a1b1c960f - <rust_support[1ceefcaa053f608a]::glob::tests::test_not_found_pattern::{closure#0} as core[df12db4294e9bfd3]::ops::function::FnOnce<()>>::call_once
[INFO] [stdout]   20:     0x5a2a1b1ce1db - test[9d35eded1c95d3be]::__rust_begin_short_backtrace::<core[df12db4294e9bfd3]::result::Result<(), alloc[2182bb758b4b3781]::string::String>, fn() -> core[df12db4294e9bfd3]::result::Result<(), alloc[2182bb758b4b3781]::string::String>>
[INFO] [stdout]   21:     0x5a2a1b1db845 - test[9d35eded1c95d3be]::run_test::{closure#0}
[INFO] [stdout]   22:     0x5a2a1b1d5104 - std[70759c8f55707aa4]::sys::backtrace::__rust_begin_short_backtrace::<test[9d35eded1c95d3be]::run_test::{closure#1}, ()>
[INFO] [stdout]   23:     0x5a2a1b1de9a2 - <std[70759c8f55707aa4]::thread::lifecycle::spawn_unchecked<test[9d35eded1c95d3be]::run_test::{closure#1}, ()>::{closure#1} as core[df12db4294e9bfd3]::ops::function::FnOnce<()>>::call_once::{shim:vtable#0}
[INFO] [stdout]   24:     0x5a2a1b278049 - <std[70759c8f55707aa4]::sys::thread::unix::Thread>::new::thread_start
[INFO] [stdout]   25:     0x7b2bf94cddfa - <unknown>
[INFO] [stdout]   26:     0x7b2bf95613d4 - clone
[INFO] [stdout]   27:                0x0 - <unknown>
[INFO] [stdout] 
[INFO] [stdout] 
[INFO] [stdout] failures:
[INFO] [stdout]     glob::tests::test_not_found_pattern
[INFO] [stdout]     glob::tests::test_not_found_patterns
[INFO] [stdout] 
[INFO] [stdout] test result: FAILED. 2 passed; 2 failed; 0 ignored; 0 measured; 0 filtered out; finished in 0.14s
[INFO] [stdout] 
[INFO] running `Command { std: "docker" "inspect" "58c55900be585e5de90ae933b0b6974ded51ecdf307aca70c3329395963d0960", kill_on_drop: false }`
[INFO] running `Command { std: "docker" "rm" "-f" "58c55900be585e5de90ae933b0b6974ded51ecdf307aca70c3329395963d0960", kill_on_drop: false }`
[INFO] [stdout] 58c55900be585e5de90ae933b0b6974ded51ecdf307aca70c3329395963d0960
