[INFO] fetching crate rust_supabase_sdk 0.4.4...
[INFO] testing rust_supabase_sdk-0.4.4 against 1.100.0-beta.1+cargoflags=--release for beta-release-1.100-2
[INFO] extracting crate rust_supabase_sdk 0.4.4 into /workspace/builds/worker-5-tc2/source
[INFO] started tweaking crates.io crate rust_supabase_sdk 0.4.4
[INFO] removed 0 missing examples
[INFO] removed 0 missing tests
[INFO] finished tweaking crates.io crate rust_supabase_sdk 0.4.4
[INFO] tweaked toml for crates.io crate rust_supabase_sdk 0.4.4 written to /workspace/builds/worker-5-tc2/source/Cargo.toml
[INFO] validating manifest of crates.io crate rust_supabase_sdk 0.4.4 on toolchain 1.100.0-beta.1
[INFO] running `Command { std: CARGO_HOME="/workspace/cargo-home" RUSTUP_HOME="/workspace/rustup-home" "/workspace/cargo-home/bin/cargo" "+1.100.0-beta.1" "metadata" "--manifest-path" "Cargo.toml" "--no-deps", kill_on_drop: false }`
[INFO] crate crates.io crate rust_supabase_sdk 0.4.4 already has a lockfile, it will not be regenerated
[INFO] running `Command { std: CARGO_HOME="/workspace/cargo-home" RUSTUP_HOME="/workspace/rustup-home" "/workspace/cargo-home/bin/cargo" "+1.100.0-beta.1" "fetch" "--manifest-path" "Cargo.toml", kill_on_drop: false }`
[INFO] running `Command { std: "docker" "create" "-v" "/var/lib/crater-agent-workspace/builds/worker-5-tc2/source:/opt/rustwide/workdir:ro,Z" "-v" "/var/lib/crater-agent-workspace/builds/worker-5-tc2/target:/opt/rustwide/target:rw,Z" "-v" "/var/lib/crater-agent-workspace/cargo-home:/opt/rustwide/cargo-home:ro,Z" "-v" "/var/lib/crater-agent-workspace/rustup-home:/opt/rustwide/rustup-home:ro,Z" "-m" "1610612736" "--network" "none" "ghcr.io/rust-lang/crates-build-env/linux@sha256:77db811e55d90add9212f6832c23229e3de5f1c1f9905e8cb07319ea15df73ac" "sleep" "infinity", kill_on_drop: false }`
[INFO] [stdout] dc1997c6fab99ecaf0f2975ea7f3b042b35cfabff6a3f0af134bb686cdb5dfb1
[INFO] running `Command { std: "docker" "start" "dc1997c6fab99ecaf0f2975ea7f3b042b35cfabff6a3f0af134bb686cdb5dfb1", kill_on_drop: false }`
[INFO] running `Command { std: "docker" "inspect" "dc1997c6fab99ecaf0f2975ea7f3b042b35cfabff6a3f0af134bb686cdb5dfb1", kill_on_drop: false }`
[INFO] running `Command { std: "docker" "exec" "-e" "SOURCE_DIR=/opt/rustwide/workdir" "-e" "CARGO_HOME=/opt/rustwide/cargo-home" "-e" "RUSTUP_HOME=/opt/rustwide/rustup-home" "-e" "CARGO_TARGET_DIR=/opt/rustwide/target" "-w" "/opt/rustwide/workdir" "--user" "0:0" "dc1997c6fab99ecaf0f2975ea7f3b042b35cfabff6a3f0af134bb686cdb5dfb1" "/opt/rustwide/cargo-home/bin/cargo" "+1.100.0-beta.1" "metadata" "--no-deps" "--format-version=1", kill_on_drop: false }`
[INFO] running `Command { std: "docker" "inspect" "dc1997c6fab99ecaf0f2975ea7f3b042b35cfabff6a3f0af134bb686cdb5dfb1", kill_on_drop: false }`
[INFO] running `Command { std: "docker" "exec" "-e" "SOURCE_DIR=/opt/rustwide/workdir" "-e" "CARGO_HOME=/opt/rustwide/cargo-home" "-e" "RUSTUP_HOME=/opt/rustwide/rustup-home" "-e" "CARGO_TARGET_DIR=/opt/rustwide/target" "-e" "CARGO_INCREMENTAL=0" "-e" "RUST_BACKTRACE=full" "-e" "RUSTFLAGS=--cap-lints=warn" "-e" "RUSTDOCFLAGS=--cap-lints=warn" "-w" "/opt/rustwide/workdir" "--user" "0:0" "dc1997c6fab99ecaf0f2975ea7f3b042b35cfabff6a3f0af134bb686cdb5dfb1" "/opt/rustwide/cargo-home/bin/cargo" "+1.100.0-beta.1" "build" "--frozen" "--message-format=json" "--release", kill_on_drop: false }`
[INFO] [stderr]    Compiling aws-lc-rs v1.17.0
[INFO] [stderr]    Compiling cc v1.2.63
[INFO] [stderr]    Compiling tokio v1.52.3
[INFO] [stderr]    Compiling getrandom v0.4.2
[INFO] [stderr]    Compiling rustls-native-certs v0.8.4
[INFO] [stderr]    Compiling log v0.4.32
[INFO] [stderr]    Compiling bitflags v2.12.1
[INFO] [stderr]    Compiling yoke v0.8.3
[INFO] [stderr]    Compiling urlencoding v2.1.3
[INFO] [stderr]    Compiling chrono v0.4.45
[INFO] [stderr]    Compiling rand v0.10.1
[INFO] [stderr]    Compiling zerovec v0.11.6
[INFO] [stderr]    Compiling zerotrie v0.2.4
[INFO] [stderr]    Compiling uuid v1.23.2
[INFO] [stderr]    Compiling cmake v0.1.58
[INFO] [stderr]    Compiling tinystr v0.8.3
[INFO] [stderr]    Compiling potential_utf v0.1.5
[INFO] [stderr]    Compiling icu_collections v2.2.0
[INFO] [stderr]    Compiling icu_locale_core v2.2.0
[INFO] [stderr]    Compiling aws-lc-sys v0.41.0
[INFO] [stderr]    Compiling icu_provider v2.2.0
[INFO] [stderr]    Compiling icu_normalizer v2.2.0
[INFO] [stderr]    Compiling icu_properties v2.2.0
[INFO] [stderr]    Compiling idna_adapter v1.2.2
[INFO] [stderr]    Compiling idna v1.1.0
[INFO] [stderr]    Compiling hyper v1.10.1
[INFO] [stderr]    Compiling tower v0.5.3
[INFO] [stderr]    Compiling url v2.5.8
[INFO] [stderr]    Compiling tower-http v0.6.11
[INFO] [stderr]    Compiling hyper-util v0.1.20
[INFO] [stderr]    Compiling rustls v0.23.40
[INFO] [stderr]    Compiling rustls-webpki v0.103.13
[INFO] [stderr]    Compiling tokio-rustls v0.26.4
[INFO] [stderr]    Compiling rustls-platform-verifier v0.7.0
[INFO] [stderr]    Compiling hyper-rustls v0.27.9
[INFO] [stderr]    Compiling reqwest v0.13.4
[INFO] [stderr]    Compiling rust_supabase_sdk v0.4.4 (/opt/rustwide/workdir)
[INFO] [stderr]     Finished `release` profile [optimized] target(s) in 1m 15s
[INFO] running `Command { std: "docker" "inspect" "dc1997c6fab99ecaf0f2975ea7f3b042b35cfabff6a3f0af134bb686cdb5dfb1", kill_on_drop: false }`
[INFO] running `Command { std: "docker" "exec" "-e" "SOURCE_DIR=/opt/rustwide/workdir" "-e" "CARGO_HOME=/opt/rustwide/cargo-home" "-e" "RUSTUP_HOME=/opt/rustwide/rustup-home" "-e" "CARGO_TARGET_DIR=/opt/rustwide/target" "-e" "CARGO_INCREMENTAL=0" "-e" "RUST_BACKTRACE=full" "-e" "RUSTFLAGS=--cap-lints=warn" "-e" "RUSTDOCFLAGS=--cap-lints=warn" "-w" "/opt/rustwide/workdir" "--user" "0:0" "dc1997c6fab99ecaf0f2975ea7f3b042b35cfabff6a3f0af134bb686cdb5dfb1" "/opt/rustwide/cargo-home/bin/cargo" "+1.100.0-beta.1" "test" "--frozen" "--no-run" "--message-format=json" "--release", kill_on_drop: false }`
[INFO] [stderr]    Compiling tokio v1.52.3
[INFO] [stderr]    Compiling futures-util v0.3.32
[INFO] [stderr]    Compiling bitflags v2.12.1
[INFO] [stderr]    Compiling zerocopy v0.8.50
[INFO] [stderr]    Compiling num-traits v0.2.19
[INFO] [stderr]    Compiling regex-syntax v0.8.10
[INFO] [stderr]    Compiling aho-corasick v1.1.4
[INFO] [stderr]    Compiling target-triple v1.0.0
[INFO] [stderr]    Compiling num_cpus v1.17.0
[INFO] [stderr]    Compiling toml v1.1.2+spec-1.1.0
[INFO] [stderr]    Compiling assert-json-diff v2.0.2
[INFO] [stderr]    Compiling rustix v1.1.4
[INFO] [stderr]    Compiling chrono v0.4.45
[INFO] [stderr]    Compiling trybuild v1.0.116
[INFO] [stderr]    Compiling regex-automata v0.4.14
[INFO] [stderr]    Compiling tempfile v3.27.0
[INFO] [stderr]    Compiling rusty-fork v0.3.1
[INFO] [stderr]    Compiling futures-executor v0.3.32
[INFO] [stderr]    Compiling futures v0.3.32
[INFO] [stderr]    Compiling ppv-lite86 v0.2.21
[INFO] [stderr]    Compiling rand_chacha v0.9.0
[INFO] [stderr]    Compiling regex v1.12.3
[INFO] [stderr]    Compiling proptest v1.11.0
[INFO] [stderr]    Compiling tokio-util v0.7.18
[INFO] [stderr]    Compiling tower v0.5.3
[INFO] [stderr]    Compiling tokio-rustls v0.26.4
[INFO] [stderr]    Compiling deadpool v0.12.3
[INFO] [stderr]    Compiling tower-http v0.6.11
[INFO] [stderr]    Compiling h2 v0.4.14
[INFO] [stderr]    Compiling hyper v1.10.1
[INFO] [stderr]    Compiling hyper-util v0.1.20
[INFO] [stderr]    Compiling hyper-rustls v0.27.9
[INFO] [stderr]    Compiling wiremock v0.6.5
[INFO] [stderr]    Compiling reqwest v0.13.4
[INFO] [stderr]    Compiling rust_supabase_sdk v0.4.4 (/opt/rustwide/workdir)
[INFO] [stderr]     Finished `release` profile [optimized] target(s) in 1m 19s
[INFO] running `Command { std: "docker" "inspect" "dc1997c6fab99ecaf0f2975ea7f3b042b35cfabff6a3f0af134bb686cdb5dfb1", kill_on_drop: false }`
[INFO] running `Command { std: "docker" "exec" "-e" "SOURCE_DIR=/opt/rustwide/workdir" "-e" "CARGO_HOME=/opt/rustwide/cargo-home" "-e" "RUSTUP_HOME=/opt/rustwide/rustup-home" "-e" "CARGO_TARGET_DIR=/opt/rustwide/target" "-e" "CARGO_INCREMENTAL=0" "-e" "RUST_BACKTRACE=full" "-e" "RUSTFLAGS=--cap-lints=warn" "-e" "RUSTDOCFLAGS=--cap-lints=warn" "-w" "/opt/rustwide/workdir" "--user" "0:0" "dc1997c6fab99ecaf0f2975ea7f3b042b35cfabff6a3f0af134bb686cdb5dfb1" "/opt/rustwide/cargo-home/bin/cargo" "+1.100.0-beta.1" "test" "--frozen" "--release", kill_on_drop: false }`
[INFO] [stderr]     Finished `release` profile [optimized] target(s) in 0.36s
[INFO] [stderr]      Running unittests src/lib.rs (/opt/rustwide/target/release/build/rust_supabase_sdk/3c7861822059cec3/out/rust_supabase_sdk-3c7861822059cec3)
[INFO] [stdout] 
[INFO] [stdout] running 337 tests
[INFO] [stdout] test auth::admin::tests::parse_next_page_unparseable_page_returns_none ... ok
[INFO] [stdout] test auth::admin::tests::parse_next_page_empty_string_returns_none ... ok
[INFO] [stdout] test auth::oauth::tests::custom_query_params ... ok
[INFO] [stdout] test auth::session_store::tests::default_equals_new ... ok
[INFO] [stdout] test auth::oauth::tests::redirect_and_scopes ... ok
[INFO] [stdout] test auth::admin::tests::parse_next_page_extracts_page_param ... ok
[INFO] [stdout] test auth::session_store::tests::clear_removes_session ... ok
[INFO] [stdout] test auth::admin::tests::parse_next_page_missing_page_param_returns_none ... ok
[INFO] [stdout] test auth::admin::tests::list_users_page_struct_shape ... ok
[INFO] [stdout] test auth::oauth::tests::basic_provider_only ... ok
[INFO] [stdout] test auth::session_store::tests::clear_on_empty_is_a_noop ... ok
[INFO] [stdout] test auth::admin::tests::decode_user_failure_returns_decode_error ... ok
[INFO] [stdout] test auth::admin::tests::parse_next_page_with_multiple_rels_picks_next ... ok
[INFO] [stdout] test auth::admin::tests::parse_next_page_missing_next_rel_returns_none ... ok
[INFO] [stdout] test auth::session_store::tests::get_clones_session_independently ... ok
[INFO] [stdout] test auth::admin::tests::decode_user_success ... ok
[INFO] [stdout] test auth::session_store::tests::set_overwrites_previous_session ... ok
[INFO] [stdout] test auth::session_store::tests::set_then_get_returns_session ... ok
[INFO] [stdout] test auth::session_store::tests::starts_empty ... ok
[INFO] [stdout] test auth::types::tests::identity_deserializes ... ok
[INFO] [stdout] test auth::types::tests::oauth_options_accepts_provider_string ... ok
[INFO] [stdout] test auth::types::tests::oauth_provider_is_a_string ... ok
[INFO] [stdout] test auth::session_store::tests::store_is_send_sync ... ok
[INFO] [stdout] test auth::types::tests::oauth_provider_round_trips_via_json ... ok
[INFO] [stdout] test auth::session_store::tests::clear_recovers_from_poisoned_lock ... ok
[INFO] [stdout] test auth::types::tests::session_is_expired_when_past ... ok
[INFO] [stdout] test auth::types::tests::session_seconds_until_expiry_negative ... ok
[INFO] [stdout] test auth::types::tests::otp_type_as_str_all_variants ... ok
[INFO] [stdout] test auth::types::tests::session_not_expired_when_future ... ok
[INFO] [stdout] test auth::session_store::tests::get_recovers_from_poisoned_lock ... ok
[INFO] [stdout] test auth::types::tests::session_expires_within_boundary ... ok
[INFO] [stdout] test auth::session_store::tests::user_preserved_through_session_store ... ok
[INFO] [stdout] test auth::types::tests::fill_expires_at_when_missing ... ok
[INFO] [stdout] test auth::types::tests::sign_out_scope_as_str ... ok
[INFO] [stdout] test auth::session_store::tests::set_recovers_from_poisoned_lock ... ok
[INFO] [stdout] test auth::types::tests::sign_out_scope_serializes_lowercase ... ok
[INFO] [stdout] test auth::types::tests::sign_up_options_serializes_set_fields ... ok
[INFO] [stdout] test auth::types::tests::session_expiry_math ... ok
[INFO] [stdout] test auth::types::tests::session_fill_expires_at_idempotent_when_already_set ... ok
[INFO] [stdout] test auth::types::tests::sign_out_scope_deserializes ... ok
[INFO] [stdout] test auth::types::tests::update_user_attrs_metadata_renamed_to_data ... ok
[INFO] [stdout] test auth::types::tests::session_seconds_until_expiry_positive ... ok
[INFO] [stdout] test auth::types::tests::sign_up_options_skips_none_fields ... ok
[INFO] [stdout] test auth::types::tests::update_user_attrs_serializes_password ... ok
[INFO] [stdout] test auth::types::tests::update_user_attrs_skips_none ... ok
[INFO] [stdout] test auth::types::tests::user_deserializes_full_payload ... ok
[INFO] [stdout] test auth::types::tests::user_deserializes_with_optional_fields_missing ... ok
[INFO] [stdout] test auth::types::tests::user_is_anonymous_defaults_to_false ... ok
[INFO] [stdout] test auth::types::tests::user_is_anonymous_true_when_set ... ok
[INFO] [stdout] test auth::types::tests::verify_otp_params_email_variant ... ok
[INFO] [stdout] test auth::types::tests::verify_otp_params_phone_variant ... ok
[INFO] [stdout] test auth::types::tests::verify_otp_params_token_hash_variant ... ok
[INFO] [stdout] test error::tests::auth_error_display_with_status ... ok
[INFO] [stdout] test error::tests::auth_error_display_with_status_no_error_code ... ok
[INFO] [stdout] test error::tests::auth_error_display_without_status ... ok
[INFO] [stdout] test error::tests::decode_error_auth_fallback_plain_text ... ok
[INFO] [stdout] test error::tests::decode_error_auth_parses_gotrue_body ... ok
[INFO] [stdout] test error::tests::decode_error_postgrest_empty_body_uses_status_string ... ok
[INFO] [stdout] test error::tests::auth_error_from_message ... ok
[INFO] [stdout] test error::tests::decode_error_postgrest_parses_structured_body ... ok
[INFO] [stdout] test error::tests::decode_error_functions_uses_storage_path ... ok
[INFO] [stdout] test error::tests::postgrest_error_display_full ... ok
[INFO] [stdout] test error::tests::postgrest_error_display_minimal ... ok
[INFO] [stdout] test error::tests::postgrest_error_display_with_code_only ... ok
[INFO] [stdout] test error::tests::decode_error_postgrest_fallback_on_plain_text ... ok
[INFO] [stdout] test error::tests::from_serde_json_error ... ok
[INFO] [stdout] test error::tests::from_url_parse_error ... ok
[INFO] [stdout] test error::tests::storage_error_display_minimal ... ok
[INFO] [stdout] test error::tests::from_invalid_header_value ... ok
[INFO] [stdout] test error::tests::storage_error_display_with_error_field ... ok
[INFO] [stdout] test error::tests::storage_error_display_without_status_skips_prefix ... ok
[INFO] [stdout] test error::tests::supabase_error_auth_variant ... ok
[INFO] [stdout] test error::tests::supabase_error_decode_variant ... ok
[INFO] [stdout] test error::tests::decode_error_storage_parses_body ... ok
[INFO] [stdout] test error::tests::supabase_error_invalid_header_display ... ok
[INFO] [stdout] test error::tests::supabase_error_postgrest_variant ... ok
[INFO] [stdout] test error::tests::supabase_error_retry_exhausted ... ok
[INFO] [stdout] test error::tests::supabase_error_serialize_display ... ok
[INFO] [stdout] test error::tests::supabase_error_storage_display ... ok
[INFO] [stdout] test error::tests::supabase_error_not_found_variant ... ok
[INFO] [stdout] test error::tests::supabase_error_unexpected_variant ... ok
[INFO] [stdout] test error::tests::supabase_error_url_display ... ok
[INFO] [stdout] test functions::tests::form_body_renders_kv_pairs ... ok
[INFO] [stdout] test functions::tests::form_body_single_pair ... ok
[INFO] [stdout] test functions::tests::form_encode_alphanumeric_passthrough ... ok
[INFO] [stdout] test functions::tests::form_encode_empty_string ... ok
[INFO] [stdout] test functions::tests::form_body_special_chars_in_key_and_value ... ok
[INFO] [stdout] test functions::tests::form_body_empty_pairs ... ok
[INFO] [stdout] test functions::tests::form_encode_percent_encoded ... ok
[INFO] [stdout] test functions::tests::form_encode_spaces_and_specials ... ok
[INFO] [stdout] test functions::tests::invoke_body_clone_preserves_variant ... ok
[INFO] [stdout] test functions::tests::invoke_body_default_is_empty ... ok
[INFO] [stdout] test functions::tests::form_encode_unreserved_chars_passthrough ... ok
[INFO] [stdout] test functions::tests::invoke_body_bytes_round_trip ... ok
[INFO] [stdout] test functions::tests::form_encode_slash_encoded ... ok
[INFO] [stdout] test functions::tests::invoke_method_all_to_http ... ok
[INFO] [stdout] test functions::tests::invoke_method_clone_and_eq ... ok
[INFO] [stdout] test functions::tests::options_body_form_sets_variant ... ok
[INFO] [stdout] test functions::tests::options_body_json_serializes ... ok
[INFO] [stdout] test functions::tests::options_body_bytes_sets_variant ... ok
[INFO] [stdout] test functions::tests::options_body_json_with_nested_value ... ok
[INFO] [stdout] test functions::tests::form_encode_multiple_spaces ... ok
[INFO] [stdout] test functions::tests::invoke_body_form_holds_pairs ... ok
[INFO] [stdout] test functions::tests::invoke_method_default_is_post ... ok
[INFO] [stdout] test functions::tests::options_multiple_headers_accumulate ... ok
[INFO] [stdout] test functions::tests::region_custom_returns_inner_string ... ok
[INFO] [stdout] test functions::tests::options_region_and_method_round_trip ... ok
[INFO] [stdout] test functions::tests::options_chain ... ok
[INFO] [stdout] test functions::tests::region_all_named_variants ... ok
[INFO] [stdout] test functions::tests::region_strings ... ok
[INFO] [stdout] test functions::tests::options_default_has_empty_body_and_no_region ... ok
[INFO] [stdout] test postgrest::builder::tests::delete_with_filter_sends_query_params ... ok
[INFO] [stdout] test functions::tests::endpoint_path ... ok
[INFO] [stdout] test postgrest::builder::tests::delete_returns_minimal_by_default ... ok
[INFO] [stdout] test postgrest::builder::tests::count_appends_prefer_header ... ok
[INFO] [stdout] test postgrest::builder::tests::contains_filter ... ok
[INFO] [stdout] test postgrest::builder::tests::body_error_is_surfaced_lazily ... ok
[INFO] [stdout] test postgrest::builder::tests::ilike_filter_encodes_pattern ... ok
[INFO] [stdout] test postgrest::builder::tests::contained_by_filter ... ok
[INFO] [stdout] test postgrest::builder::tests::in_filter_with_empty_list ... ok
[INFO] [stdout] test functions::tests::endpoint_with_sub_path ... ok
[INFO] [stdout] test functions::tests::endpoint_empty_name ... ok
[INFO] [stdout] test postgrest::builder::tests::chained_filters_are_anded ... ok
[INFO] [stdout] test postgrest::builder::tests::gt_and_gte_filters ... ok
[INFO] [stdout] test error::tests::supabase_error_transport_display ... ok
[INFO] [stdout] test postgrest::builder::tests::insert_with_select_returns_representation ... ok
[INFO] [stdout] test postgrest::builder::tests::in_filter_renders_paren_list ... ok
[INFO] [stdout] test postgrest::builder::tests::in_filter_with_integers ... ok
[INFO] [stdout] test postgrest::builder::tests::insert_no_filters_yields_post_with_minimal_return ... ok
[INFO] [stdout] test postgrest::builder::tests::lt_and_lte_filters ... ok
[INFO] [stdout] test postgrest::builder::tests::match_applies_eq_for_each_key ... ok
[INFO] [stdout] test postgrest::builder::tests::order_default_is_asc ... ok
[INFO] [stdout] test postgrest::builder::tests::generic_filter_method ... ok
[INFO] [stdout] test postgrest::builder::tests::multiple_orders_collapsed_to_csv ... ok
[INFO] [stdout] test postgrest::builder::tests::order_foreign_table_setter ... ok
[INFO] [stdout] test postgrest::builder::tests::match_handles_null_values ... ok
[INFO] [stdout] test postgrest::builder::tests::execute_with_body_error_surfaces_unexpected ... ok
[INFO] [stdout] test postgrest::builder::tests::limit_and_offset ... ok
[INFO] [stdout] test postgrest::builder::tests::parse_content_range_total ... ok
[INFO] [stdout] test postgrest::builder::tests::or_with_complex_expression ... ok
[INFO] [stdout] test postgrest::builder::tests::like_filter_encodes_pattern ... ok
[INFO] [stdout] test postgrest::builder::tests::order_with_nulls_last ... ok
[INFO] [stdout] test postgrest::builder::tests::or_filter ... ok
[INFO] [stdout] test postgrest::builder::tests::is_filter_null ... ok
[INFO] [stdout] test postgrest::builder::tests::postgrest_builder_debug_does_not_panic ... ok
[INFO] [stdout] test postgrest::builder::tests::not_filter ... ok
[INFO] [stdout] test postgrest::builder::tests::order_ascending_and_descending ... ok
[INFO] [stdout] test postgrest::builder::tests::range_becomes_offset_plus_limit ... ok
[INFO] [stdout] test postgrest::builder::tests::parse_content_range_edge_cases ... ok
[INFO] [stdout] test postgrest::builder::tests::count_modes_produce_correct_prefer_header ... ok
[INFO] [stdout] test postgrest::builder::tests::serialize_body_failure_captures_error ... ok
[INFO] [stdout] test postgrest::builder::tests::offset_without_limit ... ok
[INFO] [stdout] test postgrest::builder::tests::order_with_foreign_table_emits_scoped_order_key ... ok
[INFO] [stdout] test postgrest::builder::tests::neq_filter ... ok
[INFO] [stdout] test postgrest::builder::tests::returns_changes_row_type_marker ... ok
[INFO] [stdout] test postgrest::builder::tests::select_returning_on_delete ... ok
[INFO] [stdout] test postgrest::builder::tests::order_with_nulls_first ... ok
[INFO] [stdout] test postgrest::column::tests::column_debug_does_not_panic ... ok
[INFO] [stdout] test postgrest::builder::tests::text_search_phrase ... ok
[INFO] [stdout] test postgrest::column::tests::column_is_copy_and_clone ... ok
[INFO] [stdout] test postgrest::column::tests::column_name_round_trips ... ok
[INFO] [stdout] test postgrest::column::tests::into_column_name_for_str ... ok
[INFO] [stdout] test postgrest::builder::tests::overlaps_filter ... ok
[INFO] [stdout] test postgrest::column::tests::column_partial_eq_compares_by_name_only ... ok
[INFO] [stdout] test postgrest::column::tests::into_column_name_for_string ... ok
[INFO] [stdout] test postgrest::column::tests::into_column_name_for_typed_column ... ok
[INFO] [stdout] test postgrest::column::tests::into_column_name_for_string_ref ... ok
[INFO] [stdout] test postgrest::builder::tests::upsert_ignore_duplicates_replaces_resolution ... ok
[INFO] [stdout] test postgrest::builder::tests::range_zero_to_zero_gives_limit_one ... ok
[INFO] [stdout] test postgrest::builder::tests::select_all_no_filters ... ok
[INFO] [stdout] test postgrest::builder::tests::text_search_websearch_with_config ... ok
[INFO] [stdout] test postgrest::builder::tests::text_search_plain_no_config ... ok
[INFO] [stdout] test postgrest::builder::tests::table_name_with_underscores_and_numbers ... ok
[INFO] [stdout] test postgrest::builder::tests::upsert_sets_resolution_header_and_supports_on_conflict ... ok
[INFO] [stdout] test postgrest::filters::tests::chaining_many_filters ... ok
[INFO] [stdout] test postgrest::builder::tests::not_with_various_ops ... ok
[INFO] [stdout] test postgrest::filters::tests::eq_string_value ... ok
[INFO] [stdout] test postgrest::builder::tests::update_with_filter ... ok
[INFO] [stdout] test postgrest::filters::tests::filter_escape_hatch_any_op ... ok
[INFO] [stdout] test postgrest::builder::tests::select_returns_type_changes_marker ... ok
[INFO] [stdout] test postgrest::filters::tests::eq_integer_value ... ok
[INFO] [stdout] test postgrest::filters::tests::contains_cs_op ... ok
[INFO] [stdout] test postgrest::builder::tests::upsert_on_conflict_url_encoded ... ok
[INFO] [stdout] test postgrest::filters::tests::contained_by_cd_op ... ok
[INFO] [stdout] test postgrest::builder::tests::select_with_columns_and_eq_filter ... ok
[INFO] [stdout] test postgrest::filters::tests::ilike_is_case_insensitive_op ... ok
[INFO] [stdout] test postgrest::filters::tests::in_strings ... ok
[INFO] [stdout] test postgrest::filters::tests::is_in_composes_with_or ... ok
[INFO] [stdout] test postgrest::filters::tests::is_in_composes_with_eq ... ok
[INFO] [stdout] test postgrest::filters::tests::eq_value_with_special_chars_is_encoded ... ok
[INFO] [stdout] test postgrest::filters::tests::is_not_in_three_element_input ... ok
[INFO] [stdout] test postgrest::filters::tests::is_not_in_empty_input_matches_all ... ok
[INFO] [stdout] test postgrest::filters::tests::eq_boolean_value ... ok
[INFO] [stdout] test postgrest::filters::tests::is_in_with_integers ... ok
[INFO] [stdout] test postgrest::filters::tests::is_in_values_with_special_chars_are_quoted_and_encoded ... ok
[INFO] [stdout] test postgrest::filters::tests::is_in_single_element_input ... ok
[INFO] [stdout] test postgrest::filters::tests::is_in_three_element_input_renders_paren_list ... ok
[INFO] [stdout] test postgrest::filters::tests::is_in_integration_url_round_trip ... ok
[INFO] [stdout] test postgrest::filters::tests::is_true_filter ... ok
[INFO] [stdout] test postgrest::filters::tests::is_in_empty_input_short_circuits_and_omits_filter ... ok
[INFO] [stdout] test postgrest::filters::tests::is_in_with_string_slice_input ... ok
[INFO] [stdout] test postgrest::filters::tests::not_with_in_op ... ok
[INFO] [stdout] test postgrest::filters::tests::overlaps_ov_op ... ok
[INFO] [stdout] test postgrest::filters::tests::is_in_empty_input_short_circuits_execute ... ok
[INFO] [stdout] test postgrest::filters::tests::match_renders_non_string_values_via_to_string ... ok
[INFO] [stdout] test postgrest::row::tests::row_metadata_is_reachable ... ok
[INFO] [stdout] test postgrest::filters::tests::or_wraps_in_parentheses ... ok
[INFO] [stdout] test postgrest::filters::tests::is_null_filter ... ok
[INFO] [stdout] test postgrest::filters::tests::neq_filter_produces_neq_op ... ok
[INFO] [stdout] test postgrest::filters::tests::like_encodes_percent_wildcards ... ok
[INFO] [stdout] test postgrest::filters::tests::match_with_multiple_keys ... ok
[INFO] [stdout] test postgrest::typed_builder::tests::contains_emits_cs_op ... ok
[INFO] [stdout] test postgrest::typed_builder::tests::gt_emits_op ... ok
[INFO] [stdout] test postgrest::typed_builder::tests::gte_emits_op ... ok
[INFO] [stdout] test postgrest::typed_builder::tests::ilike_pattern_emits_encoded_op ... ok
[INFO] [stdout] test postgrest::typed_builder::tests::contained_by_emits_cd_op ... ok
[INFO] [stdout] test postgrest::builder::tests::range_operators ... ok
[INFO] [stdout] test postgrest::typed_builder::tests::from_row_defaults_to_select_star ... ok
[INFO] [stdout] test postgrest::typed_builder::tests::count_attaches_prefer_header ... ok
[INFO] [stdout] test postgrest::filters::tests::is_in_with_owned_strings ... ok
[INFO] [stdout] test postgrest::filters::tests::match_ignores_non_object_value ... ok
[INFO] [stdout] test postgrest::typed_builder::tests::eq_uses_column_name ... ok
[INFO] [stdout] test postgrest::filters::tests::not_wraps_op_correctly ... ok
[INFO] [stdout] test postgrest::typed_builder::tests::in_renders_paren_list ... ok
[INFO] [stdout] test postgrest::typed_builder::tests::is_not_null_only_compiles_on_nullable_columns ... ok
[INFO] [stdout] test postgrest::typed_builder::tests::into_untyped_drops_to_postgrest_builder ... ok
[INFO] [stdout] test postgrest::typed_builder::tests::like_pattern_emits_encoded_op ... ok
[INFO] [stdout] test postgrest::tests::from_row_uses_row_table_constant ... ok
[INFO] [stdout] test postgrest::typed_builder::tests::not_ilike_pattern ... ok
[INFO] [stdout] test postgrest::typed_builder::tests::not_eq_aliases_neq ... ok
[INFO] [stdout] test postgrest::typed_builder::tests::lte_emits_op ... ok
[INFO] [stdout] test postgrest::typed_builder::tests::lt_emits_op ... ok
[INFO] [stdout] test postgrest::typed_builder::tests::neq_uses_column_name ... ok
[INFO] [stdout] test postgrest::typed_builder::tests::is_null_only_compiles_on_nullable_columns ... ok
[INFO] [stdout] test postgrest::typed_builder::tests::order_typed_column_ascending ... ok
[INFO] [stdout] test postgrest::typed_builder::tests::order_with_full_options ... ok
[INFO] [stdout] test postgrest::value::tests::encode_column_dot_notation_preserved ... ok
[INFO] [stdout] test postgrest::value::tests::encode_column_simple ... ok
[INFO] [stdout] test postgrest::typed_builder::tests::order_typed_column_descending ... ok
[INFO] [stdout] test postgrest::value::tests::encode_value_plain_ascii_passthrough ... ok
[INFO] [stdout] test postgrest::filters::tests::range_ops_use_correct_postgrest_ops ... ok
[INFO] [stdout] test postgrest::value::tests::encode_value_special_chars ... ok
[INFO] [stdout] test postgrest::value::tests::encode_value_unicode ... ok
[INFO] [stdout] test postgrest::value::tests::postgrest_value_for_bool ... ok
[INFO] [stdout] test postgrest::value::tests::postgrest_value_for_numeric ... ok
[INFO] [stdout] test postgrest::value::tests::postgrest_value_for_string_ref ... ok
[INFO] [stdout] test postgrest::value::tests::render_list_basic ... ok
[INFO] [stdout] test postgrest::value::tests::render_list_empty ... ok
[INFO] [stdout] test postgrest::value::tests::render_list_integers ... ok
[INFO] [stdout] test postgrest::value::tests::render_list_values_with_commas_are_quoted ... ok
[INFO] [stdout] test postgrest::value::tests::render_list_single ... ok
[INFO] [stdout] test postgrest::value::tests::encode_value_empty ... ok
[INFO] [stdout] test postgrest::value::tests::render_list_values_with_parens_are_quoted ... ok
[INFO] [stdout] test storage::bucket_api::tests::decode_json_returns_error_on_bad_type ... ok
[INFO] [stdout] test storage::bucket_api::tests::encode_path_encodes_spaces_in_each_segment ... ok
[INFO] [stdout] test storage::bucket_api::tests::encode_path_encodes_special_chars ... ok
[INFO] [stdout] test storage::bucket_api::tests::decode_json_succeeds_on_valid_value ... ok
[INFO] [stdout] test storage::bucket_api::tests::encode_path_preserves_slash_boundaries ... ok
[INFO] [stdout] test postgrest::typed_builder::tests::typed_is_not_in_renders_negated_op ... ok
[INFO] [stdout] test postgrest::value::tests::render_list_values_with_embedded_quotes_escaped ... ok
[INFO] [stdout] test storage::bucket_api::tests::list_options_body_omits_unset_fields ... ok
[INFO] [stdout] test storage::bucket_api::tests::encode_path_passthrough_plain_segments ... ok
[INFO] [stdout] test storage::bucket_api::tests::file_object_deserializes_real_payload ... ok
[INFO] [stdout] test postgrest::typed_builder::tests::typed_is_in_renders_paren_list ... ok
[INFO] [stdout] test postgrest::typed_builder::tests::not_in_renders_negated_op ... ok
[INFO] [stdout] test postgrest::typed_builder::tests::order_accepts_str_column_name ... ok
[INFO] [stdout] test storage::bucket_api::tests::object_path_includes_bucket_and_file ... ok
[INFO] [stdout] test postgrest::typed_builder::tests::not_like_pattern ... ok
[INFO] [stdout] test postgrest::typed_builder::tests::select_overrides_default_projection ... ok
[INFO] [stdout] test postgrest::typed_builder::tests::is_bool_emits_true_or_false ... ok
[INFO] [stdout] test postgrest::typed_builder::tests::text_search_emits_fts_op ... ok
[INFO] [stdout] test storage::bucket_api::tests::object_path_encodes_bucket_name ... ok
[INFO] [stdout] test storage::tests::decode_json_success_returns_value ... ok
[INFO] [stdout] test storage::tests::decode_json_failure_produces_decode_error ... ok
[INFO] [stdout] test storage::bucket_api::tests::public_url_transform_all_params_present ... ok
[INFO] [stdout] test storage::types::tests::create_bucket_options_serializes_all_fields ... ok
[INFO] [stdout] test postgrest::typed_builder::tests::range_becomes_offset_plus_limit ... ok
[INFO] [stdout] test storage::bucket_api::tests::public_url_bucket_with_special_chars ... ok
[INFO] [stdout] test storage::types::tests::create_bucket_options_skips_none_fields ... ok
[INFO] [stdout] test storage::types::tests::image_format_as_str ... ok
[INFO] [stdout] test storage::types::tests::image_resize_as_str ... ok
[INFO] [stdout] test storage::bucket_api::tests::object_path_encodes_segments ... ok
[INFO] [stdout] test storage::bucket_api::tests::public_url_empty_download_adds_bare_flag ... ok
[INFO] [stdout] test storage::bucket_api::tests::public_url_deeply_nested_path ... ok
[INFO] [stdout] test storage::types::tests::public_url_options_download_with_name ... ok
[INFO] [stdout] test storage::types::tests::list_options_into_body_all_fields ... ok
[INFO] [stdout] test storage::types::tests::list_options_into_body_empty_prefix ... ok
[INFO] [stdout] test storage::types::tests::public_url_options_empty_appends_nothing ... ok
[INFO] [stdout] test postgrest::typed_builder::tests::limit_and_offset ... ok
[INFO] [stdout] test storage::types::tests::list_options_into_body_minimal ... ok
[INFO] [stdout] test storage::types::tests::public_url_options_download_empty_string ... ok
[INFO] [stdout] test storage::types::tests::signed_url_entry_deserializes ... ok
[INFO] [stdout] test storage::types::tests::signed_url_entry_with_error ... ok
[INFO] [stdout] test storage::types::tests::sort_column_as_str ... ok
[INFO] [stdout] test storage::types::tests::public_url_options_transform_appended_in_order ... ok
[INFO] [stdout] test storage::types::tests::signed_upload_url_deserializes ... ok
[INFO] [stdout] test storage::types::tests::signed_upload_url_path_optional ... ok
[INFO] [stdout] test storage::types::tests::sort_order_as_str ... ok
[INFO] [stdout] test storage::types::tests::upload_response_all_optional_absent ... ok
[INFO] [stdout] test storage::types::tests::update_bucket_options_includes_set_fields ... ok
[INFO] [stdout] test postgrest::typed_builder::tests::typed_is_in_empty_input_omits_filter ... ok
[INFO] [stdout] test storage::bucket_api::tests::public_url_no_options ... ok
[INFO] [stdout] test storage::types::tests::upload_response_deserializes_aliased_key ... ok
[INFO] [stdout] test storage::types::tests::update_bucket_options_skips_none_fields ... ok
[INFO] [stdout] test tests::builder_debug_does_not_panic ... ok
[INFO] [stdout] test storage::types::tests::upload_response_deserializes_lowercase_key ... ok
[INFO] [stdout] test storage::types::tests::bucket_deserializes ... ok
[INFO] [stdout] test storage::types::tests::bucket_deserializes_optional_fields_absent ... ok
[INFO] [stdout] test storage::types::tests::public_url_options_partial_transform ... ok
[INFO] [stdout] test postgrest::filters::tests::gt_gte_lt_lte_ops ... ok
[INFO] [stdout] test tests::generate_id_is_unique ... ok
[INFO] [stdout] test tests::generate_id_returns_uuid_format ... ok
[INFO] [stdout] test tests::retry_config_default ... ok
[INFO] [stdout] test tests::retry_config_is_copy ... ok
[INFO] [stdout] test tests::retry_config_new ... ok
[INFO] [stdout] test universals::tests::http_method_as_reqwest_all_variants ... ok
[INFO] [stdout] test universals::tests::http_method_eq_and_copy ... ok
[INFO] [stdout] test universals::tests::request_options_auth ... ok
[INFO] [stdout] test universals::tests::request_options_default_has_no_service ... ok
[INFO] [stdout] test postgrest::typed_builder::tests::overlaps_emits_ov_op ... ok
[INFO] [stdout] test tests::builder_sets_fields ... ok
[INFO] [stdout] test universals::tests::request_options_postgrest ... ok
[INFO] [stdout] test universals::tests::service_eq ... ok
[INFO] [stdout] test universals::tests::request_options_storage ... ok
[INFO] [stdout] test tests::builder_retry_full ... ok
[INFO] [stdout] test tests::builder_multiple_headers_accumulated ... ok
[INFO] [stdout] test tests::builder_http_client_overrides_default ... ok
[INFO] [stdout] test storage::bucket_api::tests::public_url_with_download ... ok
[INFO] [stdout] test storage::bucket_api::tests::public_url_with_transform_routes_through_render ... ok
[INFO] [stdout] test tests::client_new_stores_fields ... ok
[INFO] [stdout] test tests::effective_bearer_falls_back_to_api_key ... ok
[INFO] [stdout] test tests::client_schema_returns_new_instance_with_schema ... ok
[INFO] [stdout] test tests::effective_bearer_prefers_access_token_over_api_key ... ok
[INFO] [stdout] test tests::client_with_access_token_replaces_token ... ok
[INFO] [stdout] test tests::effective_bearer_prefers_session_over_access_token ... ok
[INFO] [stdout] test tests::client_new_with_access_token ... ok
[INFO] [stdout] test storage::bucket_api::tests::public_url_transform_width_only ... ok
[INFO] [stdout] 
[INFO] [stdout] test result: ok. 337 passed; 0 failed; 0 ignored; 0 measured; 0 filtered out; finished in 0.62s
[INFO] [stdout] 
[INFO] [stderr]      Running tests/auth_tests.rs (/opt/rustwide/target/release/build/rust_supabase_sdk/8cd3acbb669a1403/out/auth_tests-8cd3acbb669a1403)
[INFO] [stdout] 
[INFO] [stdout] running 16 tests
[INFO] [stdout] test admin_create_get_update_delete_user_roundtrip ... FAILED
[INFO] [stdout] test get_user_without_session_yields_auth_error ... FAILED
[INFO] [stdout] test admin_list_users_pagination ... FAILED
[INFO] [stdout] test get_user_returns_authenticated_user ... FAILED
[INFO] [stdout] test sign_in_anonymously_returns_anon_session ... FAILED
[INFO] [stdout] test refresh_with_invalid_token_errors ... FAILED
[INFO] [stdout] test clear_session_drops_persisted_state ... FAILED
[INFO] [stdout] test set_session_then_get_user_uses_provided_token ... FAILED
[INFO] [stdout] test sign_in_with_password_returns_session ... FAILED
[INFO] [stdout] test refresh_session_returns_new_access_token ... FAILED
[INFO] [stdout] test sign_in_unknown_email_returns_auth_error ... FAILED
[INFO] [stdout] test sign_in_with_wrong_password_returns_auth_error ... FAILED
[INFO] [stdout] test sign_out_global_invalidates_token_server_side ... FAILED
[INFO] [stdout] test sign_out_clears_local_session ... FAILED
[INFO] [stdout] test admin_create_user_duplicate_email_errors ... FAILED
[INFO] [stdout] test update_user_changes_metadata ... FAILED
[INFO] [stdout] 
[INFO] [stdout] failures:
[INFO] [stdout] 
[INFO] [stdout] ---- admin_create_get_update_delete_user_roundtrip stdout ----
[INFO] [stdout] 
[INFO] [stdout] thread 'admin_create_get_update_delete_user_roundtrip' (3934) panicked at tests/auth_tests.rs:37:34:
[INFO] [stdout] SUPABASE_URL not set: NotPresent
[INFO] [stdout] stack backtrace:
[INFO] [stdout]    0:     0x5fe144ae2f21 - <<std[617be2ca0a6fd877]::sys::backtrace::BacktraceLock>::print::DisplayBacktrace as core[a373ad73a504971]::fmt::Display>::fmt
[INFO] [stdout]    1:     0x5fe144afa20a - core[a373ad73a504971]::fmt::write
[INFO] [stdout]    2:     0x5fe144ae7c8c - <alloc[2e1b2a31b91974c5]::vec::Vec<u8> as core[a373ad73a504971]::io::write::Write>::write_fmt
[INFO] [stdout]    3:     0x5fe144abd486 - std[617be2ca0a6fd877]::panicking::default_hook::{closure#0}
[INFO] [stdout]    4:     0x5fe144ada579 - std[617be2ca0a6fd877]::panicking::default_hook
[INFO] [stdout]    5:     0x5fe144660fb0 - test[aada8e7e76ba119b]::test_main_inner::{closure#0}
[INFO] [stdout]    6:     0x5fe144ada8a2 - std[617be2ca0a6fd877]::panicking::panic_with_hook
[INFO] [stdout]    7:     0x5fe144abd532 - std[617be2ca0a6fd877]::panicking::panic_handler::{closure#0}
[INFO] [stdout]    8:     0x5fe144ab5e89 - std[617be2ca0a6fd877]::sys::backtrace::__rust_end_short_backtrace::<std[617be2ca0a6fd877]::panicking::panic_handler::{closure#0}, !>
[INFO] [stdout]    9:     0x5fe144abe3cd - __rustc[ea4f61d10b84890b]::rust_begin_unwind
[INFO] [stdout]   10:     0x5fe144afa96c - core[a373ad73a504971]::panicking::panic_fmt
[INFO] [stdout]   11:     0x5fe144afa742 - core[a373ad73a504971]::result::unwrap_failed
[INFO] [stdout]   12:     0x5fe14463491e - auth_tests[ad7f3fd213c2f72c]::admin_client
[INFO] [stdout]   13:     0x5fe14462bdde - auth_tests[ad7f3fd213c2f72c]::admin_create_get_update_delete_user_roundtrip::{closure#0}
[INFO] [stdout]   14:     0x5fe144637593 - <tokio[4a9903ebfdc12958]::runtime::scheduler::current_thread::Context>::enter::<core[a373ad73a504971]::task::poll::Poll<()>, <tokio[4a9903ebfdc12958]::runtime::scheduler::current_thread::CoreGuard>::block_on<core[a373ad73a504971]::pin::Pin<&mut core[a373ad73a504971]::pin::Pin<&mut dyn core[a373ad73a504971]::future::future::Future<Output = ()>>>>::{closure#0}::{closure#0}>
[INFO] [stdout]   15:     0x5fe144641279 - <std[617be2ca0a6fd877]::thread::local::LocalKey<tokio[4a9903ebfdc12958]::runtime::context::Context>>::with::<tokio[4a9903ebfdc12958]::runtime::context::set_scheduler<(alloc[2e1b2a31b91974c5]::boxed::Box<tokio[4a9903ebfdc12958]::runtime::scheduler::current_thread::Core>, core[a373ad73a504971]::option::Option<()>), <tokio[4a9903ebfdc12958]::runtime::scheduler::current_thread::CoreGuard>::enter<<tokio[4a9903ebfdc12958]::runtime::scheduler::current_thread::CoreGuard>::block_on<core[a373ad73a504971]::pin::Pin<&mut core[a373ad73a504971]::pin::Pin<&mut dyn core[a373ad73a504971]::future::future::Future<Output = ()>>>>::{closure#0}, core[a373ad73a504971]::option::Option<()>>::{closure#0}>::{closure#0}, (alloc[2e1b2a31b91974c5]::boxed::Box<tokio[4a9903ebfdc12958]::runtime::scheduler::current_thread::Core>, core[a373ad73a504971]::option::Option<()>)>
[INFO] [stdout]   16:     0x5fe1446378c7 - <tokio[4a9903ebfdc12958]::runtime::scheduler::current_thread::CoreGuard>::block_on::<core[a373ad73a504971]::pin::Pin<&mut core[a373ad73a504971]::pin::Pin<&mut dyn core[a373ad73a504971]::future::future::Future<Output = ()>>>>
[INFO] [stdout]   17:     0x5fe14463eafd - tokio[4a9903ebfdc12958]::runtime::context::runtime::enter_runtime::<<tokio[4a9903ebfdc12958]::runtime::scheduler::current_thread::CurrentThread>::block_on<core[a373ad73a504971]::pin::Pin<&mut dyn core[a373ad73a504971]::future::future::Future<Output = ()>>>::{closure#0}, ()>
[INFO] [stdout]   18:     0x5fe14463d34f - <tokio[4a9903ebfdc12958]::runtime::runtime::Runtime>::block_on::<core[a373ad73a504971]::pin::Pin<&mut dyn core[a373ad73a504971]::future::future::Future<Output = ()>>>
[INFO] [stdout]   19:     0x5fe144636ffa - <auth_tests[ad7f3fd213c2f72c]::admin_create_get_update_delete_user_roundtrip::{closure#0} as core[a373ad73a504971]::ops::function::FnOnce<()>>::call_once
[INFO] [stdout]   20:     0x5fe1446543fb - test[aada8e7e76ba119b]::__rust_begin_short_backtrace::<core[a373ad73a504971]::result::Result<(), alloc[2e1b2a31b91974c5]::string::String>, fn() -> core[a373ad73a504971]::result::Result<(), alloc[2e1b2a31b91974c5]::string::String>>
[INFO] [stdout]   21:     0x5fe1446615d5 - test[aada8e7e76ba119b]::run_test::{closure#0}
[INFO] [stdout]   22:     0x5fe14465aec4 - std[617be2ca0a6fd877]::sys::backtrace::__rust_begin_short_backtrace::<test[aada8e7e76ba119b]::run_test::{closure#1}, ()>
[INFO] [stdout]   23:     0x5fe144664662 - <std[617be2ca0a6fd877]::thread::lifecycle::spawn_unchecked<test[aada8e7e76ba119b]::run_test::{closure#1}, ()>::{closure#1} as core[a373ad73a504971]::ops::function::FnOnce<()>>::call_once::{shim:vtable#0}
[INFO] [stdout]   24:     0x5fe144ae23cf - <std[617be2ca0a6fd877]::sys::thread::unix::Thread>::new::thread_start
[INFO] [stdout]   25:     0x7a0158547dfa - <unknown>
[INFO] [stdout]   26:     0x7a01585db3d4 - clone
[INFO] [stdout]   27:                0x0 - <unknown>
[INFO] [stdout] 
[INFO] [stdout] ---- get_user_without_session_yields_auth_error stdout ----
[INFO] [stdout] 
[INFO] [stdout] thread 'get_user_without_session_yields_auth_error' (3939) panicked at tests/auth_tests.rs:29:34:
[INFO] [stdout] SUPABASE_URL not set: NotPresent
[INFO] [stdout] stack backtrace:
[INFO] [stdout]    0:     0x5fe144ae2f21 - <<std[617be2ca0a6fd877]::sys::backtrace::BacktraceLock>::print::DisplayBacktrace as core[a373ad73a504971]::fmt::Display>::fmt
[INFO] [stdout]    1:     0x5fe144afa20a - core[a373ad73a504971]::fmt::write
[INFO] [stdout]    2:     0x5fe144ae7c8c - <alloc[2e1b2a31b91974c5]::vec::Vec<u8> as core[a373ad73a504971]::io::write::Write>::write_fmt
[INFO] [stdout]    3:     0x5fe144abd486 - std[617be2ca0a6fd877]::panicking::default_hook::{closure#0}
[INFO] [stdout]    4:     0x5fe144ada579 - std[617be2ca0a6fd877]::panicking::default_hook
[INFO] [stdout]    5:     0x5fe144660fb0 - test[aada8e7e76ba119b]::test_main_inner::{closure#0}
[INFO] [stdout]    6:     0x5fe144ada8a2 - std[617be2ca0a6fd877]::panicking::panic_with_hook
[INFO] [stdout]    7:     0x5fe144abd532 - std[617be2ca0a6fd877]::panicking::panic_handler::{closure#0}
[INFO] [stdout]    8:     0x5fe144ab5e89 - std[617be2ca0a6fd877]::sys::backtrace::__rust_end_short_backtrace::<std[617be2ca0a6fd877]::panicking::panic_handler::{closure#0}, !>
[INFO] [stdout]    9:     0x5fe144abe3cd - __rustc[ea4f61d10b84890b]::rust_begin_unwind
[INFO] [stdout]   10:     0x5fe144afa96c - core[a373ad73a504971]::panicking::panic_fmt
[INFO] [stdout]   11:     0x5fe144afa742 - core[a373ad73a504971]::result::unwrap_failed
[INFO] [stdout]   12:     0x5fe1446347ae - auth_tests[ad7f3fd213c2f72c]::anon_client
[INFO] [stdout]   13:     0x5fe14462b988 - auth_tests[ad7f3fd213c2f72c]::get_user_without_session_yields_auth_error::{closure#0}
[INFO] [stdout]   14:     0x5fe144637593 - <tokio[4a9903ebfdc12958]::runtime::scheduler::current_thread::Context>::enter::<core[a373ad73a504971]::task::poll::Poll<()>, <tokio[4a9903ebfdc12958]::runtime::scheduler::current_thread::CoreGuard>::block_on<core[a373ad73a504971]::pin::Pin<&mut core[a373ad73a504971]::pin::Pin<&mut dyn core[a373ad73a504971]::future::future::Future<Output = ()>>>>::{closure#0}::{closure#0}>
[INFO] [stdout]   15:     0x5fe144641279 - <std[617be2ca0a6fd877]::thread::local::LocalKey<tokio[4a9903ebfdc12958]::runtime::context::Context>>::with::<tokio[4a9903ebfdc12958]::runtime::context::set_scheduler<(alloc[2e1b2a31b91974c5]::boxed::Box<tokio[4a9903ebfdc12958]::runtime::scheduler::current_thread::Core>, core[a373ad73a504971]::option::Option<()>), <tokio[4a9903ebfdc12958]::runtime::scheduler::current_thread::CoreGuard>::enter<<tokio[4a9903ebfdc12958]::runtime::scheduler::current_thread::CoreGuard>::block_on<core[a373ad73a504971]::pin::Pin<&mut core[a373ad73a504971]::pin::Pin<&mut dyn core[a373ad73a504971]::future::future::Future<Output = ()>>>>::{closure#0}, core[a373ad73a504971]::option::Option<()>>::{closure#0}>::{closure#0}, (alloc[2e1b2a31b91974c5]::boxed::Box<tokio[4a9903ebfdc12958]::runtime::scheduler::current_thread::Core>, core[a373ad73a504971]::option::Option<()>)>
[INFO] [stdout]   16:     0x5fe1446378c7 - <tokio[4a9903ebfdc12958]::runtime::scheduler::current_thread::CoreGuard>::block_on::<core[a373ad73a504971]::pin::Pin<&mut core[a373ad73a504971]::pin::Pin<&mut dyn core[a373ad73a504971]::future::future::Future<Output = ()>>>>
[INFO] [stdout]   17:     0x5fe14463eafd - tokio[4a9903ebfdc12958]::runtime::context::runtime::enter_runtime::<<tokio[4a9903ebfdc12958]::runtime::scheduler::current_thread::CurrentThread>::block_on<core[a373ad73a504971]::pin::Pin<&mut dyn core[a373ad73a504971]::future::future::Future<Output = ()>>>::{closure#0}, ()>
[INFO] [stdout]   18:     0x5fe14463d34f - <tokio[4a9903ebfdc12958]::runtime::runtime::Runtime>::block_on::<core[a373ad73a504971]::pin::Pin<&mut dyn core[a373ad73a504971]::future::future::Future<Output = ()>>>
[INFO] [stdout]   19:     0x5fe144636e4e - <auth_tests[ad7f3fd213c2f72c]::get_user_without_session_yields_auth_error::{closure#0} as core[a373ad73a504971]::ops::function::FnOnce<()>>::call_once
[INFO] [stdout]   20:     0x5fe1446543fb - test[aada8e7e76ba119b]::__rust_begin_short_backtrace::<core[a373ad73a504971]::result::Result<(), alloc[2e1b2a31b91974c5]::string::String>, fn() -> core[a373ad73a504971]::result::Result<(), alloc[2e1b2a31b91974c5]::string::String>>
[INFO] [stdout]   21:     0x5fe1446615d5 - test[aada8e7e76ba119b]::run_test::{closure#0}
[INFO] [stdout]   22:     0x5fe14465aec4 - std[617be2ca0a6fd877]::sys::backtrace::__rust_begin_short_backtrace::<test[aada8e7e76ba119b]::run_test::{closure#1}, ()>
[INFO] [stdout]   23:     0x5fe144664662 - <std[617be2ca0a6fd877]::thread::lifecycle::spawn_unchecked<test[aada8e7e76ba119b]::run_test::{closure#1}, ()>::{closure#1} as core[a373ad73a504971]::ops::function::FnOnce<()>>::call_once::{shim:vtable#0}
[INFO] [stdout]   24:     0x5fe144ae23cf - <std[617be2ca0a6fd877]::sys::thread::unix::Thread>::new::thread_start
[INFO] [stdout]   25:     0x7a0158547dfa - <unknown>
[INFO] [stdout]   26:     0x7a01585db3d4 - clone
[INFO] [stdout]   27:                0x0 - <unknown>
[INFO] [stdout] 
[INFO] [stdout] ---- admin_list_users_pagination stdout ----
[INFO] [stdout] 
[INFO] [stdout] thread 'admin_list_users_pagination' (3936) panicked at tests/auth_tests.rs:37:34:
[INFO] [stdout] SUPABASE_URL not set: NotPresent
[INFO] [stdout] stack backtrace:
[INFO] [stdout]    0:     0x5fe144ae2f21 - <<std[617be2ca0a6fd877]::sys::backtrace::BacktraceLock>::print::DisplayBacktrace as core[a373ad73a504971]::fmt::Display>::fmt
[INFO] [stdout]    1:     0x5fe144afa20a - core[a373ad73a504971]::fmt::write
[INFO] [stdout]    2:     0x5fe144ae7c8c - <alloc[2e1b2a31b91974c5]::vec::Vec<u8> as core[a373ad73a504971]::io::write::Write>::write_fmt
[INFO] [stdout]    3:     0x5fe144abd486 - std[617be2ca0a6fd877]::panicking::default_hook::{closure#0}
[INFO] [stdout]    4:     0x5fe144ada579 - std[617be2ca0a6fd877]::panicking::default_hook
[INFO] [stdout]    5:     0x5fe144660fb0 - test[aada8e7e76ba119b]::test_main_inner::{closure#0}
[INFO] [stdout]    6:     0x5fe144ada8a2 - std[617be2ca0a6fd877]::panicking::panic_with_hook
[INFO] [stdout]    7:     0x5fe144abd532 - std[617be2ca0a6fd877]::panicking::panic_handler::{closure#0}
[INFO] [stdout]    8:     0x5fe144ab5e89 - std[617be2ca0a6fd877]::sys::backtrace::__rust_end_short_backtrace::<std[617be2ca0a6fd877]::panicking::panic_handler::{closure#0}, !>
[INFO] [stdout]    9:     0x5fe144abe3cd - __rustc[ea4f61d10b84890b]::rust_begin_unwind
[INFO] [stdout]   10:     0x5fe144afa96c - core[a373ad73a504971]::panicking::panic_fmt
[INFO] [stdout]   11:     0x5fe144afa742 - core[a373ad73a504971]::result::unwrap_failed
[INFO] [stdout]   12:     0x5fe14463491e - auth_tests[ad7f3fd213c2f72c]::admin_client
[INFO] [stdout]   13:     0x5fe144622c0a - auth_tests[ad7f3fd213c2f72c]::admin_list_users_pagination::{closure#0}
[INFO] [stdout]   14:     0x5fe144637593 - <tokio[4a9903ebfdc12958]::runtime::scheduler::current_thread::Context>::enter::<core[a373ad73a504971]::task::poll::Poll<()>, <tokio[4a9903ebfdc12958]::runtime::scheduler::current_thread::CoreGuard>::block_on<core[a373ad73a504971]::pin::Pin<&mut core[a373ad73a504971]::pin::Pin<&mut dyn core[a373ad73a504971]::future::future::Future<Output = ()>>>>::{closure#0}::{closure#0}>
[INFO] [stdout]   15:     0x5fe144641279 - <std[617be2ca0a6fd877]::thread::local::LocalKey<tokio[4a9903ebfdc12958]::runtime::context::Context>>::with::<tokio[4a9903ebfdc12958]::runtime::context::set_scheduler<(alloc[2e1b2a31b91974c5]::boxed::Box<tokio[4a9903ebfdc12958]::runtime::scheduler::current_thread::Core>, core[a373ad73a504971]::option::Option<()>), <tokio[4a9903ebfdc12958]::runtime::scheduler::current_thread::CoreGuard>::enter<<tokio[4a9903ebfdc12958]::runtime::scheduler::current_thread::CoreGuard>::block_on<core[a373ad73a504971]::pin::Pin<&mut core[a373ad73a504971]::pin::Pin<&mut dyn core[a373ad73a504971]::future::future::Future<Output = ()>>>>::{closure#0}, core[a373ad73a504971]::option::Option<()>>::{closure#0}>::{closure#0}, (alloc[2e1b2a31b91974c5]::boxed::Box<tokio[4a9903ebfdc12958]::runtime::scheduler::current_thread::Core>, core[a373ad73a504971]::option::Option<()>)>
[INFO] [stdout]   16:     0x5fe1446378c7 - <tokio[4a9903ebfdc12958]::runtime::scheduler::current_thread::CoreGuard>::block_on::<core[a373ad73a504971]::pin::Pin<&mut core[a373ad73a504971]::pin::Pin<&mut dyn core[a373ad73a504971]::future::future::Future<Output = ()>>>>
[INFO] [stdout]   17:     0x5fe14463eafd - tokio[4a9903ebfdc12958]::runtime::context::runtime::enter_runtime::<<tokio[4a9903ebfdc12958]::runtime::scheduler::current_thread::CurrentThread>::block_on<core[a373ad73a504971]::pin::Pin<&mut dyn core[a373ad73a504971]::future::future::Future<Output = ()>>>::{closure#0}, ()>
[INFO] [stdout]   18:     0x5fe14463d34f - <tokio[4a9903ebfdc12958]::runtime::runtime::Runtime>::block_on::<core[a373ad73a504971]::pin::Pin<&mut dyn core[a373ad73a504971]::future::future::Future<Output = ()>>>
[INFO] [stdout]   19:     0x5fe144635f2e - <auth_tests[ad7f3fd213c2f72c]::admin_list_users_pagination::{closure#0} as core[a373ad73a504971]::ops::function::FnOnce<()>>::call_once
[INFO] [stdout]   20:     0x5fe1446543fb - test[aada8e7e76ba119b]::__rust_begin_short_backtrace::<core[a373ad73a504971]::result::Result<(), alloc[2e1b2a31b91974c5]::string::String>, fn() -> core[a373ad73a504971]::result::Result<(), alloc[2e1b2a31b91974c5]::string::String>>
[INFO] [stdout]   21:     0x5fe1446615d5 - test[aada8e7e76ba119b]::run_test::{closure#0}
[INFO] [stdout]   22:     0x5fe14465aec4 - std[617be2ca0a6fd877]::sys::backtrace::__rust_begin_short_backtrace::<test[aada8e7e76ba119b]::run_test::{closure#1}, ()>
[INFO] [stdout]   23:     0x5fe144664662 - <std[617be2ca0a6fd877]::thread::lifecycle::spawn_unchecked<test[aada8e7e76ba119b]::run_test::{closure#1}, ()>::{closure#1} as core[a373ad73a504971]::ops::function::FnOnce<()>>::call_once::{shim:vtable#0}
[INFO] [stdout]   24:     0x5fe144ae23cf - <std[617be2ca0a6fd877]::sys::thread::unix::Thread>::new::thread_start
[INFO] [stdout]   25:     0x7a0158547dfa - <unknown>
[INFO] [stdout]   26:     0x7a01585db3d4 - clone
[INFO] [stdout]   27:                0x0 - <unknown>
[INFO] [stdout] 
[INFO] [stdout] ---- get_user_returns_authenticated_user stdout ----
[INFO] [stdout] 
[INFO] [stdout] thread 'get_user_returns_authenticated_user' (3938) panicked at tests/auth_tests.rs:37:34:
[INFO] [stdout] SUPABASE_URL not set: NotPresent
[INFO] [stdout] stack backtrace:
[INFO] [stdout]    0:     0x5fe144ae2f21 - <<std[617be2ca0a6fd877]::sys::backtrace::BacktraceLock>::print::DisplayBacktrace as core[a373ad73a504971]::fmt::Display>::fmt
[INFO] [stdout]    1:     0x5fe144afa20a - core[a373ad73a504971]::fmt::write
[INFO] [stdout]    2:     0x5fe144ae7c8c - <alloc[2e1b2a31b91974c5]::vec::Vec<u8> as core[a373ad73a504971]::io::write::Write>::write_fmt
[INFO] [stdout]    3:     0x5fe144abd486 - std[617be2ca0a6fd877]::panicking::default_hook::{closure#0}
[INFO] [stdout]    4:     0x5fe144ada579 - std[617be2ca0a6fd877]::panicking::default_hook
[INFO] [stdout]    5:     0x5fe144660fb0 - test[aada8e7e76ba119b]::test_main_inner::{closure#0}
[INFO] [stdout]    6:     0x5fe144ada8a2 - std[617be2ca0a6fd877]::panicking::panic_with_hook
[INFO] [stdout]    7:     0x5fe144abd532 - std[617be2ca0a6fd877]::panicking::panic_handler::{closure#0}
[INFO] [stdout]    8:     0x5fe144ab5e89 - std[617be2ca0a6fd877]::sys::backtrace::__rust_end_short_backtrace::<std[617be2ca0a6fd877]::panicking::panic_handler::{closure#0}, !>
[INFO] [stdout]    9:     0x5fe144abe3cd - __rustc[ea4f61d10b84890b]::rust_begin_unwind
[INFO] [stdout]   10:     0x5fe144afa96c - core[a373ad73a504971]::panicking::panic_fmt
[INFO] [stdout]   11:     0x5fe144afa742 - core[a373ad73a504971]::result::unwrap_failed
[INFO] [stdout]   12:     0x5fe14463491e - auth_tests[ad7f3fd213c2f72c]::admin_client
[INFO] [stdout]   13:     0x5fe144627b95 - auth_tests[ad7f3fd213c2f72c]::get_user_returns_authenticated_user::{closure#0}
[INFO] [stdout]   14:     0x5fe144637593 - <tokio[4a9903ebfdc12958]::runtime::scheduler::current_thread::Context>::enter::<core[a373ad73a504971]::task::poll::Poll<()>, <tokio[4a9903ebfdc12958]::runtime::scheduler::current_thread::CoreGuard>::block_on<core[a373ad73a504971]::pin::Pin<&mut core[a373ad73a504971]::pin::Pin<&mut dyn core[a373ad73a504971]::future::future::Future<Output = ()>>>>::{closure#0}::{closure#0}>
[INFO] [stdout]   15:     0x5fe144641279 - <std[617be2ca0a6fd877]::thread::local::LocalKey<tokio[4a9903ebfdc12958]::runtime::context::Context>>::with::<tokio[4a9903ebfdc12958]::runtime::context::set_scheduler<(alloc[2e1b2a31b91974c5]::boxed::Box<tokio[4a9903ebfdc12958]::runtime::scheduler::current_thread::Core>, core[a373ad73a504971]::option::Option<()>), <tokio[4a9903ebfdc12958]::runtime::scheduler::current_thread::CoreGuard>::enter<<tokio[4a9903ebfdc12958]::runtime::scheduler::current_thread::CoreGuard>::block_on<core[a373ad73a504971]::pin::Pin<&mut core[a373ad73a504971]::pin::Pin<&mut dyn core[a373ad73a504971]::future::future::Future<Output = ()>>>>::{closure#0}, core[a373ad73a504971]::option::Option<()>>::{closure#0}>::{closure#0}, (alloc[2e1b2a31b91974c5]::boxed::Box<tokio[4a9903ebfdc12958]::runtime::scheduler::current_thread::Core>, core[a373ad73a504971]::option::Option<()>)>
[INFO] [stdout]   16:     0x5fe1446378c7 - <tokio[4a9903ebfdc12958]::runtime::scheduler::current_thread::CoreGuard>::block_on::<core[a373ad73a504971]::pin::Pin<&mut core[a373ad73a504971]::pin::Pin<&mut dyn core[a373ad73a504971]::future::future::Future<Output = ()>>>>
[INFO] [stdout]   17:     0x5fe14463eafd - tokio[4a9903ebfdc12958]::runtime::context::runtime::enter_runtime::<<tokio[4a9903ebfdc12958]::runtime::scheduler::current_thread::CurrentThread>::block_on<core[a373ad73a504971]::pin::Pin<&mut dyn core[a373ad73a504971]::future::future::Future<Output = ()>>>::{closure#0}, ()>
[INFO] [stdout]   18:     0x5fe14463d34f - <tokio[4a9903ebfdc12958]::runtime::runtime::Runtime>::block_on::<core[a373ad73a504971]::pin::Pin<&mut dyn core[a373ad73a504971]::future::future::Future<Output = ()>>>
[INFO] [stdout]   19:     0x5fe14463660e - <auth_tests[ad7f3fd213c2f72c]::get_user_returns_authenticated_user::{closure#0} as core[a373ad73a504971]::ops::function::FnOnce<()>>::call_once
[INFO] [stdout]   20:     0x5fe1446543fb - test[aada8e7e76ba119b]::__rust_begin_short_backtrace::<core[a373ad73a504971]::result::Result<(), alloc[2e1b2a31b91974c5]::string::String>, fn() -> core[a373ad73a504971]::result::Result<(), alloc[2e1b2a31b91974c5]::string::String>>
[INFO] [stdout]   21:     0x5fe1446615d5 - test[aada8e7e76ba119b]::run_test::{closure#0}
[INFO] [stdout]   22:     0x5fe14465aec4 - std[617be2ca0a6fd877]::sys::backtrace::__rust_begin_short_backtrace::<test[aada8e7e76ba119b]::run_test::{closure#1}, ()>
[INFO] [stdout]   23:     0x5fe144664662 - <std[617be2ca0a6fd877]::thread::lifecycle::spawn_unchecked<test[aada8e7e76ba119b]::run_test::{closure#1}, ()>::{closure#1} as core[a373ad73a504971]::ops::function::FnOnce<()>>::call_once::{shim:vtable#0}
[INFO] [stdout]   24:     0x5fe144ae23cf - <std[617be2ca0a6fd877]::sys::thread::unix::Thread>::new::thread_start
[INFO] [stdout]   25:     0x7a0158547dfa - <unknown>
[INFO] [stdout]   26:     0x7a01585db3d4 - clone
[INFO] [stdout]   27:                0x0 - <unknown>
[INFO] [stdout] 
[INFO] [stdout] ---- sign_in_anonymously_returns_anon_session stdout ----
[INFO] [stdout] 
[INFO] [stdout] thread 'sign_in_anonymously_returns_anon_session' (3943) panicked at tests/auth_tests.rs:29:34:
[INFO] [stdout] SUPABASE_URL not set: NotPresent
[INFO] [stdout] stack backtrace:
[INFO] [stdout]    0:     0x5fe144ae2f21 - <<std[617be2ca0a6fd877]::sys::backtrace::BacktraceLock>::print::DisplayBacktrace as core[a373ad73a504971]::fmt::Display>::fmt
[INFO] [stdout]    1:     0x5fe144afa20a - core[a373ad73a504971]::fmt::write
[INFO] [stdout]    2:     0x5fe144ae7c8c - <alloc[2e1b2a31b91974c5]::vec::Vec<u8> as core[a373ad73a504971]::io::write::Write>::write_fmt
[INFO] [stdout]    3:     0x5fe144abd486 - std[617be2ca0a6fd877]::panicking::default_hook::{closure#0}
[INFO] [stdout]    4:     0x5fe144ada579 - std[617be2ca0a6fd877]::panicking::default_hook
[INFO] [stdout]    5:     0x5fe144660fb0 - test[aada8e7e76ba119b]::test_main_inner::{closure#0}
[INFO] [stdout]    6:     0x5fe144ada8a2 - std[617be2ca0a6fd877]::panicking::panic_with_hook
[INFO] [stdout]    7:     0x5fe144abd532 - std[617be2ca0a6fd877]::panicking::panic_handler::{closure#0}
[INFO] [stdout]    8:     0x5fe144ab5e89 - std[617be2ca0a6fd877]::sys::backtrace::__rust_end_short_backtrace::<std[617be2ca0a6fd877]::panicking::panic_handler::{closure#0}, !>
[INFO] [stdout]    9:     0x5fe144abe3cd - __rustc[ea4f61d10b84890b]::rust_begin_unwind
[INFO] [stdout]   10:     0x5fe144afa96c - core[a373ad73a504971]::panicking::panic_fmt
[INFO] [stdout]   11:     0x5fe144afa742 - core[a373ad73a504971]::result::unwrap_failed
[INFO] [stdout]   12:     0x5fe1446347ae - auth_tests[ad7f3fd213c2f72c]::anon_client
[INFO] [stdout]   13:     0x5fe14462a5c9 - auth_tests[ad7f3fd213c2f72c]::sign_in_anonymously_returns_anon_session::{closure#0}
[INFO] [stdout]   14:     0x5fe144637593 - <tokio[4a9903ebfdc12958]::runtime::scheduler::current_thread::Context>::enter::<core[a373ad73a504971]::task::poll::Poll<()>, <tokio[4a9903ebfdc12958]::runtime::scheduler::current_thread::CoreGuard>::block_on<core[a373ad73a504971]::pin::Pin<&mut core[a373ad73a504971]::pin::Pin<&mut dyn core[a373ad73a504971]::future::future::Future<Output = ()>>>>::{closure#0}::{closure#0}>
[INFO] [stdout]   15:     0x5fe144641279 - <std[617be2ca0a6fd877]::thread::local::LocalKey<tokio[4a9903ebfdc12958]::runtime::context::Context>>::with::<tokio[4a9903ebfdc12958]::runtime::context::set_scheduler<(alloc[2e1b2a31b91974c5]::boxed::Box<tokio[4a9903ebfdc12958]::runtime::scheduler::current_thread::Core>, core[a373ad73a504971]::option::Option<()>), <tokio[4a9903ebfdc12958]::runtime::scheduler::current_thread::CoreGuard>::enter<<tokio[4a9903ebfdc12958]::runtime::scheduler::current_thread::CoreGuard>::block_on<core[a373ad73a504971]::pin::Pin<&mut core[a373ad73a504971]::pin::Pin<&mut dyn core[a373ad73a504971]::future::future::Future<Output = ()>>>>::{closure#0}, core[a373ad73a504971]::option::Option<()>>::{closure#0}>::{closure#0}, (alloc[2e1b2a31b91974c5]::boxed::Box<tokio[4a9903ebfdc12958]::runtime::scheduler::current_thread::Core>, core[a373ad73a504971]::option::Option<()>)>
[INFO] [stdout]   16:     0x5fe1446378c7 - <tokio[4a9903ebfdc12958]::runtime::scheduler::current_thread::CoreGuard>::block_on::<core[a373ad73a504971]::pin::Pin<&mut core[a373ad73a504971]::pin::Pin<&mut dyn core[a373ad73a504971]::future::future::Future<Output = ()>>>>
[INFO] [stdout]   17:     0x5fe14463eafd - tokio[4a9903ebfdc12958]::runtime::context::runtime::enter_runtime::<<tokio[4a9903ebfdc12958]::runtime::scheduler::current_thread::CurrentThread>::block_on<core[a373ad73a504971]::pin::Pin<&mut dyn core[a373ad73a504971]::future::future::Future<Output = ()>>>::{closure#0}, ()>
[INFO] [stdout]   18:     0x5fe14463d34f - <tokio[4a9903ebfdc12958]::runtime::runtime::Runtime>::block_on::<core[a373ad73a504971]::pin::Pin<&mut dyn core[a373ad73a504971]::future::future::Future<Output = ()>>>
[INFO] [stdout]   19:     0x5fe144636b8e - <auth_tests[ad7f3fd213c2f72c]::sign_in_anonymously_returns_anon_session::{closure#0} as core[a373ad73a504971]::ops::function::FnOnce<()>>::call_once
[INFO] [stdout]   20:     0x5fe1446543fb - test[aada8e7e76ba119b]::__rust_begin_short_backtrace::<core[a373ad73a504971]::result::Result<(), alloc[2e1b2a31b91974c5]::string::String>, fn() -> core[a373ad73a504971]::result::Result<(), alloc[2e1b2a31b91974c5]::string::String>>
[INFO] [stdout]   21:     0x5fe1446615d5 - test[aada8e7e76ba119b]::run_test::{closure#0}
[INFO] [stdout]   22:     0x5fe14465aec4 - std[617be2ca0a6fd877]::sys::backtrace::__rust_begin_short_backtrace::<test[aada8e7e76ba119b]::run_test::{closure#1}, ()>
[INFO] [stdout]   23:     0x5fe144664662 - <std[617be2ca0a6fd877]::thread::lifecycle::spawn_unchecked<test[aada8e7e76ba119b]::run_test::{closure#1}, ()>::{closure#1} as core[a373ad73a504971]::ops::function::FnOnce<()>>::call_once::{shim:vtable#0}
[INFO] [stdout]   24:     0x5fe144ae23cf - <std[617be2ca0a6fd877]::sys::thread::unix::Thread>::new::thread_start
[INFO] [stdout]   25:     0x7a0158547dfa - <unknown>
[INFO] [stdout]   26:     0x7a01585db3d4 - clone
[INFO] [stdout]   27:                0x0 - <unknown>
[INFO] [stdout] 
[INFO] [stdout] ---- refresh_with_invalid_token_errors stdout ----
[INFO] [stdout] 
[INFO] [stdout] thread 'refresh_with_invalid_token_errors' (3941) panicked at tests/auth_tests.rs:29:34:
[INFO] [stdout] SUPABASE_URL not set: NotPresent
[INFO] [stdout] stack backtrace:
[INFO] [stderr] error: test failed, to rerun pass `--test auth_tests`
[INFO] [stdout]    0:     0x5fe144ae2f21 - <<std[617be2ca0a6fd877]::sys::backtrace::BacktraceLock>::print::DisplayBacktrace as core[a373ad73a504971]::fmt::Display>::fmt
[INFO] [stdout]    1:     0x5fe144afa20a - core[a373ad73a504971]::fmt::write
[INFO] [stdout]    2:     0x5fe144ae7c8c - <alloc[2e1b2a31b91974c5]::vec::Vec<u8> as core[a373ad73a504971]::io::write::Write>::write_fmt
[INFO] [stdout]    3:     0x5fe144abd486 - std[617be2ca0a6fd877]::panicking::default_hook::{closure#0}
[INFO] [stdout]    4:     0x5fe144ada579 - std[617be2ca0a6fd877]::panicking::default_hook
[INFO] [stdout]    5:     0x5fe144660fb0 - test[aada8e7e76ba119b]::test_main_inner::{closure#0}
[INFO] [stdout]    6:     0x5fe144ada8a2 - std[617be2ca0a6fd877]::panicking::panic_with_hook
[INFO] [stdout]    7:     0x5fe144abd532 - std[617be2ca0a6fd877]::panicking::panic_handler::{closure#0}
[INFO] [stdout]    8:     0x5fe144ab5e89 - std[617be2ca0a6fd877]::sys::backtrace::__rust_end_short_backtrace::<std[617be2ca0a6fd877]::panicking::panic_handler::{closure#0}, !>
[INFO] [stdout]    9:     0x5fe144abe3cd - __rustc[ea4f61d10b84890b]::rust_begin_unwind
[INFO] [stdout]   10:     0x5fe144afa96c - core[a373ad73a504971]::panicking::panic_fmt
[INFO] [stdout]   11:     0x5fe144afa742 - core[a373ad73a504971]::result::unwrap_failed
[INFO] [stdout]   12:     0x5fe1446347ae - auth_tests[ad7f3fd213c2f72c]::anon_client
[INFO] [stdout]   13:     0x5fe144626f08 - auth_tests[ad7f3fd213c2f72c]::refresh_with_invalid_token_errors::{closure#0}
[INFO] [stdout]   14:     0x5fe144637593 - <tokio[4a9903ebfdc12958]::runtime::scheduler::current_thread::Context>::enter::<core[a373ad73a504971]::task::poll::Poll<()>, <tokio[4a9903ebfdc12958]::runtime::scheduler::current_thread::CoreGuard>::block_on<core[a373ad73a504971]::pin::Pin<&mut core[a373ad73a504971]::pin::Pin<&mut dyn core[a373ad73a504971]::future::future::Future<Output = ()>>>>::{closure#0}::{closure#0}>
[INFO] [stdout]   15:     0x5fe144641279 - <std[617be2ca0a6fd877]::thread::local::LocalKey<tokio[4a9903ebfdc12958]::runtime::context::Context>>::with::<tokio[4a9903ebfdc12958]::runtime::context::set_scheduler<(alloc[2e1b2a31b91974c5]::boxed::Box<tokio[4a9903ebfdc12958]::runtime::scheduler::current_thread::Core>, core[a373ad73a504971]::option::Option<()>), <tokio[4a9903ebfdc12958]::runtime::scheduler::current_thread::CoreGuard>::enter<<tokio[4a9903ebfdc12958]::runtime::scheduler::current_thread::CoreGuard>::block_on<core[a373ad73a504971]::pin::Pin<&mut core[a373ad73a504971]::pin::Pin<&mut dyn core[a373ad73a504971]::future::future::Future<Output = ()>>>>::{closure#0}, core[a373ad73a504971]::option::Option<()>>::{closure#0}>::{closure#0}, (alloc[2e1b2a31b91974c5]::boxed::Box<tokio[4a9903ebfdc12958]::runtime::scheduler::current_thread::Core>, core[a373ad73a504971]::option::Option<()>)>
[INFO] [stdout]   16:     0x5fe1446378c7 - <tokio[4a9903ebfdc12958]::runtime::scheduler::current_thread::CoreGuard>::block_on::<core[a373ad73a504971]::pin::Pin<&mut core[a373ad73a504971]::pin::Pin<&mut dyn core[a373ad73a504971]::future::future::Future<Output = ()>>>>
[INFO] [stdout]   17:     0x5fe14463eafd - tokio[4a9903ebfdc12958]::runtime::context::runtime::enter_runtime::<<tokio[4a9903ebfdc12958]::runtime::scheduler::current_thread::CurrentThread>::block_on<core[a373ad73a504971]::pin::Pin<&mut dyn core[a373ad73a504971]::future::future::Future<Output = ()>>>::{closure#0}, ()>
[INFO] [stdout]   18:     0x5fe14463d34f - <tokio[4a9903ebfdc12958]::runtime::runtime::Runtime>::block_on::<core[a373ad73a504971]::pin::Pin<&mut dyn core[a373ad73a504971]::future::future::Future<Output = ()>>>
[INFO] [stdout]   19:     0x5fe14463634e - <auth_tests[ad7f3fd213c2f72c]::refresh_with_invalid_token_errors::{closure#0} as core[a373ad73a504971]::ops::function::FnOnce<()>>::call_once
[INFO] [stdout]   20:     0x5fe1446543fb - test[aada8e7e76ba119b]::__rust_begin_short_backtrace::<core[a373ad73a504971]::result::Result<(), alloc[2e1b2a31b91974c5]::string::String>, fn() -> core[a373ad73a504971]::result::Result<(), alloc[2e1b2a31b91974c5]::string::String>>
[INFO] [stdout]   21:     0x5fe1446615d5 - test[aada8e7e76ba119b]::run_test::{closure#0}
[INFO] [stdout]   22:     0x5fe14465aec4 - std[617be2ca0a6fd877]::sys::backtrace::__rust_begin_short_backtrace::<test[aada8e7e76ba119b]::run_test::{closure#1}, ()>
[INFO] [stdout]   23:     0x5fe144664662 - <std[617be2ca0a6fd877]::thread::lifecycle::spawn_unchecked<test[aada8e7e76ba119b]::run_test::{closure#1}, ()>::{closure#1} as core[a373ad73a504971]::ops::function::FnOnce<()>>::call_once::{shim:vtable#0}
[INFO] [stdout]   24:     0x5fe144ae23cf - <std[617be2ca0a6fd877]::sys::thread::unix::Thread>::new::thread_start
[INFO] [stdout]   25:     0x7a0158547dfa - <unknown>
[INFO] [stdout]   26:     0x7a01585db3d4 - clone
[INFO] [stdout]   27:                0x0 - <unknown>
[INFO] [stdout] 
[INFO] [stdout] ---- clear_session_drops_persisted_state stdout ----
[INFO] [stdout] 
[INFO] [stdout] thread 'clear_session_drops_persisted_state' (3937) panicked at tests/auth_tests.rs:37:34:
[INFO] [stdout] SUPABASE_URL not set: NotPresent
[INFO] [stdout] stack backtrace:
[INFO] [stdout]    0:     0x5fe144ae2f21 - <<std[617be2ca0a6fd877]::sys::backtrace::BacktraceLock>::print::DisplayBacktrace as core[a373ad73a504971]::fmt::Display>::fmt
[INFO] [stdout]    1:     0x5fe144afa20a - core[a373ad73a504971]::fmt::write
[INFO] [stdout]    2:     0x5fe144ae7c8c - <alloc[2e1b2a31b91974c5]::vec::Vec<u8> as core[a373ad73a504971]::io::write::Write>::write_fmt
[INFO] [stdout]    3:     0x5fe144abd486 - std[617be2ca0a6fd877]::panicking::default_hook::{closure#0}
[INFO] [stdout]    4:     0x5fe144ada579 - std[617be2ca0a6fd877]::panicking::default_hook
[INFO] [stdout]    5:     0x5fe144660fb0 - test[aada8e7e76ba119b]::test_main_inner::{closure#0}
[INFO] [stdout]    6:     0x5fe144ada8a2 - std[617be2ca0a6fd877]::panicking::panic_with_hook
[INFO] [stdout]    7:     0x5fe144abd532 - std[617be2ca0a6fd877]::panicking::panic_handler::{closure#0}
[INFO] [stdout]    8:     0x5fe144ab5e89 - std[617be2ca0a6fd877]::sys::backtrace::__rust_end_short_backtrace::<std[617be2ca0a6fd877]::panicking::panic_handler::{closure#0}, !>
[INFO] [stdout]    9:     0x5fe144abe3cd - __rustc[ea4f61d10b84890b]::rust_begin_unwind
[INFO] [stdout]   10:     0x5fe144afa96c - core[a373ad73a504971]::panicking::panic_fmt
[INFO] [stdout]   11:     0x5fe144afa742 - core[a373ad73a504971]::result::unwrap_failed
[INFO] [stdout]   12:     0x5fe14463491e - auth_tests[ad7f3fd213c2f72c]::admin_client
[INFO] [stdout]   13:     0x5fe144627375 - auth_tests[ad7f3fd213c2f72c]::clear_session_drops_persisted_state::{closure#0}
[INFO] [stdout]   14:     0x5fe144637593 - <tokio[4a9903ebfdc12958]::runtime::scheduler::current_thread::Context>::enter::<core[a373ad73a504971]::task::poll::Poll<()>, <tokio[4a9903ebfdc12958]::runtime::scheduler::current_thread::CoreGuard>::block_on<core[a373ad73a504971]::pin::Pin<&mut core[a373ad73a504971]::pin::Pin<&mut dyn core[a373ad73a504971]::future::future::Future<Output = ()>>>>::{closure#0}::{closure#0}>
[INFO] [stdout]   15:     0x5fe144641279 - <std[617be2ca0a6fd877]::thread::local::LocalKey<tokio[4a9903ebfdc12958]::runtime::context::Context>>::with::<tokio[4a9903ebfdc12958]::runtime::context::set_scheduler<(alloc[2e1b2a31b91974c5]::boxed::Box<tokio[4a9903ebfdc12958]::runtime::scheduler::current_thread::Core>, core[a373ad73a504971]::option::Option<()>), <tokio[4a9903ebfdc12958]::runtime::scheduler::current_thread::CoreGuard>::enter<<tokio[4a9903ebfdc12958]::runtime::scheduler::current_thread::CoreGuard>::block_on<core[a373ad73a504971]::pin::Pin<&mut core[a373ad73a504971]::pin::Pin<&mut dyn core[a373ad73a504971]::future::future::Future<Output = ()>>>>::{closure#0}, core[a373ad73a504971]::option::Option<()>>::{closure#0}>::{closure#0}, (alloc[2e1b2a31b91974c5]::boxed::Box<tokio[4a9903ebfdc12958]::runtime::scheduler::current_thread::Core>, core[a373ad73a504971]::option::Option<()>)>
[INFO] [stdout]   16:     0x5fe1446378c7 - <tokio[4a9903ebfdc12958]::runtime::scheduler::current_thread::CoreGuard>::block_on::<core[a373ad73a504971]::pin::Pin<&mut core[a373ad73a504971]::pin::Pin<&mut dyn core[a373ad73a504971]::future::future::Future<Output = ()>>>>
[INFO] [stdout]   17:     0x5fe14463eafd - tokio[4a9903ebfdc12958]::runtime::context::runtime::enter_runtime::<<tokio[4a9903ebfdc12958]::runtime::scheduler::current_thread::CurrentThread>::block_on<core[a373ad73a504971]::pin::Pin<&mut dyn core[a373ad73a504971]::future::future::Future<Output = ()>>>::{closure#0}, ()>
[INFO] [stdout]   18:     0x5fe14463d34f - <tokio[4a9903ebfdc12958]::runtime::runtime::Runtime>::block_on::<core[a373ad73a504971]::pin::Pin<&mut dyn core[a373ad73a504971]::future::future::Future<Output = ()>>>
[INFO] [stdout]   19:     0x5fe1446364ae - <auth_tests[ad7f3fd213c2f72c]::clear_session_drops_persisted_state::{closure#0} as core[a373ad73a504971]::ops::function::FnOnce<()>>::call_once
[INFO] [stdout]   20:     0x5fe1446543fb - test[aada8e7e76ba119b]::__rust_begin_short_backtrace::<core[a373ad73a504971]::result::Result<(), alloc[2e1b2a31b91974c5]::string::String>, fn() -> core[a373ad73a504971]::result::Result<(), alloc[2e1b2a31b91974c5]::string::String>>
[INFO] [stdout]   21:     0x5fe1446615d5 - test[aada8e7e76ba119b]::run_test::{closure#0}
[INFO] [stdout]   22:     0x5fe14465aec4 - std[617be2ca0a6fd877]::sys::backtrace::__rust_begin_short_backtrace::<test[aada8e7e76ba119b]::run_test::{closure#1}, ()>
[INFO] [stdout]   23:     0x5fe144664662 - <std[617be2ca0a6fd877]::thread::lifecycle::spawn_unchecked<test[aada8e7e76ba119b]::run_test::{closure#1}, ()>::{closure#1} as core[a373ad73a504971]::ops::function::FnOnce<()>>::call_once::{shim:vtable#0}
[INFO] [stdout]   24:     0x5fe144ae23cf - <std[617be2ca0a6fd877]::sys::thread::unix::Thread>::new::thread_start
[INFO] [stdout]   25:     0x7a0158547dfa - <unknown>
[INFO] [stdout]   26:     0x7a01585db3d4 - clone
[INFO] [stdout]   27:                0x0 - <unknown>
[INFO] [stdout] 
[INFO] [stdout] ---- set_session_then_get_user_uses_provided_token stdout ----
[INFO] [stdout] 
[INFO] [stdout] thread 'set_session_then_get_user_uses_provided_token' (3942) panicked at tests/auth_tests.rs:37:34:
[INFO] [stdout] SUPABASE_URL not set: NotPresent
[INFO] [stdout] stack backtrace:
[INFO] [stdout]    0:     0x5fe144ae2f21 - <<std[617be2ca0a6fd877]::sys::backtrace::BacktraceLock>::print::DisplayBacktrace as core[a373ad73a504971]::fmt::Display>::fmt
[INFO] [stdout]    1:     0x5fe144afa20a - core[a373ad73a504971]::fmt::write
[INFO] [stdout]    2:     0x5fe144ae7c8c - <alloc[2e1b2a31b91974c5]::vec::Vec<u8> as core[a373ad73a504971]::io::write::Write>::write_fmt
[INFO] [stdout]    3:     0x5fe144abd486 - std[617be2ca0a6fd877]::panicking::default_hook::{closure#0}
[INFO] [stdout]    4:     0x5fe144ada579 - std[617be2ca0a6fd877]::panicking::default_hook
[INFO] [stdout]    5:     0x5fe144660fb0 - test[aada8e7e76ba119b]::test_main_inner::{closure#0}
[INFO] [stdout]    6:     0x5fe144ada8a2 - std[617be2ca0a6fd877]::panicking::panic_with_hook
[INFO] [stdout]    7:     0x5fe144abd532 - std[617be2ca0a6fd877]::panicking::panic_handler::{closure#0}
[INFO] [stdout]    8:     0x5fe144ab5e89 - std[617be2ca0a6fd877]::sys::backtrace::__rust_end_short_backtrace::<std[617be2ca0a6fd877]::panicking::panic_handler::{closure#0}, !>
[INFO] [stdout]    9:     0x5fe144abe3cd - __rustc[ea4f61d10b84890b]::rust_begin_unwind
[INFO] [stdout]   10:     0x5fe144afa96c - core[a373ad73a504971]::panicking::panic_fmt
[INFO] [stdout]   11:     0x5fe144afa742 - core[a373ad73a504971]::result::unwrap_failed
[INFO] [stdout]   12:     0x5fe14463491e - auth_tests[ad7f3fd213c2f72c]::admin_client
[INFO] [stdout]   13:     0x5fe14462d8d5 - auth_tests[ad7f3fd213c2f72c]::set_session_then_get_user_uses_provided_token::{closure#0}
[INFO] [stdout]   14:     0x5fe144637593 - <tokio[4a9903ebfdc12958]::runtime::scheduler::current_thread::Context>::enter::<core[a373ad73a504971]::task::poll::Poll<()>, <tokio[4a9903ebfdc12958]::runtime::scheduler::current_thread::CoreGuard>::block_on<core[a373ad73a504971]::pin::Pin<&mut core[a373ad73a504971]::pin::Pin<&mut dyn core[a373ad73a504971]::future::future::Future<Output = ()>>>>::{closure#0}::{closure#0}>
[INFO] [stdout]   15:     0x5fe144641279 - <std[617be2ca0a6fd877]::thread::local::LocalKey<tokio[4a9903ebfdc12958]::runtime::context::Context>>::with::<tokio[4a9903ebfdc12958]::runtime::context::set_scheduler<(alloc[2e1b2a31b91974c5]::boxed::Box<tokio[4a9903ebfdc12958]::runtime::scheduler::current_thread::Core>, core[a373ad73a504971]::option::Option<()>), <tokio[4a9903ebfdc12958]::runtime::scheduler::current_thread::CoreGuard>::enter<<tokio[4a9903ebfdc12958]::runtime::scheduler::current_thread::CoreGuard>::block_on<core[a373ad73a504971]::pin::Pin<&mut core[a373ad73a504971]::pin::Pin<&mut dyn core[a373ad73a504971]::future::future::Future<Output = ()>>>>::{closure#0}, core[a373ad73a504971]::option::Option<()>>::{closure#0}>::{closure#0}, (alloc[2e1b2a31b91974c5]::boxed::Box<tokio[4a9903ebfdc12958]::runtime::scheduler::current_thread::Core>, core[a373ad73a504971]::option::Option<()>)>
[INFO] [stdout]   16:     0x5fe1446378c7 - <tokio[4a9903ebfdc12958]::runtime::scheduler::current_thread::CoreGuard>::block_on::<core[a373ad73a504971]::pin::Pin<&mut core[a373ad73a504971]::pin::Pin<&mut dyn core[a373ad73a504971]::future::future::Future<Output = ()>>>>
[INFO] [stdout]   17:     0x5fe14463eafd - tokio[4a9903ebfdc12958]::runtime::context::runtime::enter_runtime::<<tokio[4a9903ebfdc12958]::runtime::scheduler::current_thread::CurrentThread>::block_on<core[a373ad73a504971]::pin::Pin<&mut dyn core[a373ad73a504971]::future::future::Future<Output = ()>>>::{closure#0}, ()>
[INFO] [stdout]   18:     0x5fe14463d34f - <tokio[4a9903ebfdc12958]::runtime::runtime::Runtime>::block_on::<core[a373ad73a504971]::pin::Pin<&mut dyn core[a373ad73a504971]::future::future::Future<Output = ()>>>
[INFO] [stdout]   19:     0x5fe14463714e - <auth_tests[ad7f3fd213c2f72c]::set_session_then_get_user_uses_provided_token::{closure#0} as core[a373ad73a504971]::ops::function::FnOnce<()>>::call_once
[INFO] [stdout]   20:     0x5fe1446543fb - test[aada8e7e76ba119b]::__rust_begin_short_backtrace::<core[a373ad73a504971]::result::Result<(), alloc[2e1b2a31b91974c5]::string::String>, fn() -> core[a373ad73a504971]::result::Result<(), alloc[2e1b2a31b91974c5]::string::String>>
[INFO] [stdout]   21:     0x5fe1446615d5 - test[aada8e7e76ba119b]::run_test::{closure#0}
[INFO] [stdout]   22:     0x5fe14465aec4 - std[617be2ca0a6fd877]::sys::backtrace::__rust_begin_short_backtrace::<test[aada8e7e76ba119b]::run_test::{closure#1}, ()>
[INFO] [stdout]   23:     0x5fe144664662 - <std[617be2ca0a6fd877]::thread::lifecycle::spawn_unchecked<test[aada8e7e76ba119b]::run_test::{closure#1}, ()>::{closure#1} as core[a373ad73a504971]::ops::function::FnOnce<()>>::call_once::{shim:vtable#0}
[INFO] [stdout]   24:     0x5fe144ae23cf - <std[617be2ca0a6fd877]::sys::thread::unix::Thread>::new::thread_start
[INFO] [stdout]   25:     0x7a0158547dfa - <unknown>
[INFO] [stdout]   26:     0x7a01585db3d4 - clone
[INFO] [stdout]   27:                0x0 - <unknown>
[INFO] [stdout] 
[INFO] [stdout] ---- sign_in_with_password_returns_session stdout ----
[INFO] [stdout] 
[INFO] [stdout] thread 'sign_in_with_password_returns_session' (3945) panicked at tests/auth_tests.rs:37:34:
[INFO] [stdout] SUPABASE_URL not set: NotPresent
[INFO] [stdout] stack backtrace:
[INFO] [stdout]    0:     0x5fe144ae2f21 - <<std[617be2ca0a6fd877]::sys::backtrace::BacktraceLock>::print::DisplayBacktrace as core[a373ad73a504971]::fmt::Display>::fmt
[INFO] [stdout]    1:     0x5fe144afa20a - core[a373ad73a504971]::fmt::write
[INFO] [stdout]    2:     0x5fe144ae7c8c - <alloc[2e1b2a31b91974c5]::vec::Vec<u8> as core[a373ad73a504971]::io::write::Write>::write_fmt
[INFO] [stdout]    3:     0x5fe144abd486 - std[617be2ca0a6fd877]::panicking::default_hook::{closure#0}
[INFO] [stdout]    4:     0x5fe144ada579 - std[617be2ca0a6fd877]::panicking::default_hook
[INFO] [stdout]    5:     0x5fe144660fb0 - test[aada8e7e76ba119b]::test_main_inner::{closure#0}
[INFO] [stdout]    6:     0x5fe144ada8a2 - std[617be2ca0a6fd877]::panicking::panic_with_hook
[INFO] [stdout]    7:     0x5fe144abd532 - std[617be2ca0a6fd877]::panicking::panic_handler::{closure#0}
[INFO] [stdout]    8:     0x5fe144ab5e89 - std[617be2ca0a6fd877]::sys::backtrace::__rust_end_short_backtrace::<std[617be2ca0a6fd877]::panicking::panic_handler::{closure#0}, !>
[INFO] [stdout]    9:     0x5fe144abe3cd - __rustc[ea4f61d10b84890b]::rust_begin_unwind
[INFO] [stdout]   10:     0x5fe144afa96c - core[a373ad73a504971]::panicking::panic_fmt
[INFO] [stdout]   11:     0x5fe144afa742 - core[a373ad73a504971]::result::unwrap_failed
[INFO] [stdout]   12:     0x5fe14463491e - auth_tests[ad7f3fd213c2f72c]::admin_client
[INFO] [stdout]   13:     0x5fe14462855a - auth_tests[ad7f3fd213c2f72c]::sign_in_with_password_returns_session::{closure#0}
[INFO] [stdout]   14:     0x5fe144637593 - <tokio[4a9903ebfdc12958]::runtime::scheduler::current_thread::Context>::enter::<core[a373ad73a504971]::task::poll::Poll<()>, <tokio[4a9903ebfdc12958]::runtime::scheduler::current_thread::CoreGuard>::block_on<core[a373ad73a504971]::pin::Pin<&mut core[a373ad73a504971]::pin::Pin<&mut dyn core[a373ad73a504971]::future::future::Future<Output = ()>>>>::{closure#0}::{closure#0}>
[INFO] [stdout]   15:     0x5fe144641279 - <std[617be2ca0a6fd877]::thread::local::LocalKey<tokio[4a9903ebfdc12958]::runtime::context::Context>>::with::<tokio[4a9903ebfdc12958]::runtime::context::set_scheduler<(alloc[2e1b2a31b91974c5]::boxed::Box<tokio[4a9903ebfdc12958]::runtime::scheduler::current_thread::Core>, core[a373ad73a504971]::option::Option<()>), <tokio[4a9903ebfdc12958]::runtime::scheduler::current_thread::CoreGuard>::enter<<tokio[4a9903ebfdc12958]::runtime::scheduler::current_thread::CoreGuard>::block_on<core[a373ad73a504971]::pin::Pin<&mut core[a373ad73a504971]::pin::Pin<&mut dyn core[a373ad73a504971]::future::future::Future<Output = ()>>>>::{closure#0}, core[a373ad73a504971]::option::Option<()>>::{closure#0}>::{closure#0}, (alloc[2e1b2a31b91974c5]::boxed::Box<tokio[4a9903ebfdc12958]::runtime::scheduler::current_thread::Core>, core[a373ad73a504971]::option::Option<()>)>
[INFO] [stdout]   16:     0x5fe1446378c7 - <tokio[4a9903ebfdc12958]::runtime::scheduler::current_thread::CoreGuard>::block_on::<core[a373ad73a504971]::pin::Pin<&mut core[a373ad73a504971]::pin::Pin<&mut dyn core[a373ad73a504971]::future::future::Future<Output = ()>>>>
[INFO] [stdout]   17:     0x5fe14463eafd - tokio[4a9903ebfdc12958]::runtime::context::runtime::enter_runtime::<<tokio[4a9903ebfdc12958]::runtime::scheduler::current_thread::CurrentThread>::block_on<core[a373ad73a504971]::pin::Pin<&mut dyn core[a373ad73a504971]::future::future::Future<Output = ()>>>::{closure#0}, ()>
[INFO] [stdout]   18:     0x5fe14463d34f - <tokio[4a9903ebfdc12958]::runtime::runtime::Runtime>::block_on::<core[a373ad73a504971]::pin::Pin<&mut dyn core[a373ad73a504971]::future::future::Future<Output = ()>>>
[INFO] [stdout]   19:     0x5fe14463676e - <auth_tests[ad7f3fd213c2f72c]::sign_in_with_password_returns_session::{closure#0} as core[a373ad73a504971]::ops::function::FnOnce<()>>::call_once
[INFO] [stdout]   20:     0x5fe1446543fb - test[aada8e7e76ba119b]::__rust_begin_short_backtrace::<core[a373ad73a504971]::result::Result<(), alloc[2e1b2a31b91974c5]::string::String>, fn() -> core[a373ad73a504971]::result::Result<(), alloc[2e1b2a31b91974c5]::string::String>>
[INFO] [stdout]   21:     0x5fe1446615d5 - test[aada8e7e76ba119b]::run_test::{closure#0}
[INFO] [stdout]   22:     0x5fe14465aec4 - std[617be2ca0a6fd877]::sys::backtrace::__rust_begin_short_backtrace::<test[aada8e7e76ba119b]::run_test::{closure#1}, ()>
[INFO] [stdout]   23:     0x5fe144664662 - <std[617be2ca0a6fd877]::thread::lifecycle::spawn_unchecked<test[aada8e7e76ba119b]::run_test::{closure#1}, ()>::{closure#1} as core[a373ad73a504971]::ops::function::FnOnce<()>>::call_once::{shim:vtable#0}
[INFO] [stdout]   24:     0x5fe144ae23cf - <std[617be2ca0a6fd877]::sys::thread::unix::Thread>::new::thread_start
[INFO] [stdout]   25:     0x7a0158547dfa - <unknown>
[INFO] [stdout]   26:     0x7a01585db3d4 - clone
[INFO] [stdout]   27:                0x0 - <unknown>
[INFO] [stdout] 
[INFO] [stdout] ---- refresh_session_returns_new_access_token stdout ----
[INFO] [stdout] 
[INFO] [stdout] thread 'refresh_session_returns_new_access_token' (3940) panicked at tests/auth_tests.rs:37:34:
[INFO] [stdout] SUPABASE_URL not set: NotPresent
[INFO] [stdout] stack backtrace:
[INFO] [stdout]    0:     0x5fe144ae2f21 - <<std[617be2ca0a6fd877]::sys::backtrace::BacktraceLock>::print::DisplayBacktrace as core[a373ad73a504971]::fmt::Display>::fmt
[INFO] [stdout]    1:     0x5fe144afa20a - core[a373ad73a504971]::fmt::write
[INFO] [stdout]    2:     0x5fe144ae7c8c - <alloc[2e1b2a31b91974c5]::vec::Vec<u8> as core[a373ad73a504971]::io::write::Write>::write_fmt
[INFO] [stdout]    3:     0x5fe144abd486 - std[617be2ca0a6fd877]::panicking::default_hook::{closure#0}
[INFO] [stdout]    4:     0x5fe144ada579 - std[617be2ca0a6fd877]::panicking::default_hook
[INFO] [stdout]    5:     0x5fe144660fb0 - test[aada8e7e76ba119b]::test_main_inner::{closure#0}
[INFO] [stdout]    6:     0x5fe144ada8a2 - std[617be2ca0a6fd877]::panicking::panic_with_hook
[INFO] [stdout]    7:     0x5fe144abd532 - std[617be2ca0a6fd877]::panicking::panic_handler::{closure#0}
[INFO] [stdout]    8:     0x5fe144ab5e89 - std[617be2ca0a6fd877]::sys::backtrace::__rust_end_short_backtrace::<std[617be2ca0a6fd877]::panicking::panic_handler::{closure#0}, !>
[INFO] [stdout]    9:     0x5fe144abe3cd - __rustc[ea4f61d10b84890b]::rust_begin_unwind
[INFO] [stdout]   10:     0x5fe144afa96c - core[a373ad73a504971]::panicking::panic_fmt
[INFO] [stdout]   11:     0x5fe144afa742 - core[a373ad73a504971]::result::unwrap_failed
[INFO] [stdout]   12:     0x5fe14463491e - auth_tests[ad7f3fd213c2f72c]::admin_client
[INFO] [stdout]   13:     0x5fe144629795 - auth_tests[ad7f3fd213c2f72c]::refresh_session_returns_new_access_token::{closure#0}
[INFO] [stdout]   14:     0x5fe144637593 - <tokio[4a9903ebfdc12958]::runtime::scheduler::current_thread::Context>::enter::<core[a373ad73a504971]::task::poll::Poll<()>, <tokio[4a9903ebfdc12958]::runtime::scheduler::current_thread::CoreGuard>::block_on<core[a373ad73a504971]::pin::Pin<&mut core[a373ad73a504971]::pin::Pin<&mut dyn core[a373ad73a504971]::future::future::Future<Output = ()>>>>::{closure#0}::{closure#0}>
[INFO] [stdout]   15:     0x5fe144641279 - <std[617be2ca0a6fd877]::thread::local::LocalKey<tokio[4a9903ebfdc12958]::runtime::context::Context>>::with::<tokio[4a9903ebfdc12958]::runtime::context::set_scheduler<(alloc[2e1b2a31b91974c5]::boxed::Box<tokio[4a9903ebfdc12958]::runtime::scheduler::current_thread::Core>, core[a373ad73a504971]::option::Option<()>), <tokio[4a9903ebfdc12958]::runtime::scheduler::current_thread::CoreGuard>::enter<<tokio[4a9903ebfdc12958]::runtime::scheduler::current_thread::CoreGuard>::block_on<core[a373ad73a504971]::pin::Pin<&mut core[a373ad73a504971]::pin::Pin<&mut dyn core[a373ad73a504971]::future::future::Future<Output = ()>>>>::{closure#0}, core[a373ad73a504971]::option::Option<()>>::{closure#0}>::{closure#0}, (alloc[2e1b2a31b91974c5]::boxed::Box<tokio[4a9903ebfdc12958]::runtime::scheduler::current_thread::Core>, core[a373ad73a504971]::option::Option<()>)>
[INFO] [stdout]   16:     0x5fe1446378c7 - <tokio[4a9903ebfdc12958]::runtime::scheduler::current_thread::CoreGuard>::block_on::<core[a373ad73a504971]::pin::Pin<&mut core[a373ad73a504971]::pin::Pin<&mut dyn core[a373ad73a504971]::future::future::Future<Output = ()>>>>
[INFO] [stdout]   17:     0x5fe14463eafd - tokio[4a9903ebfdc12958]::runtime::context::runtime::enter_runtime::<<tokio[4a9903ebfdc12958]::runtime::scheduler::current_thread::CurrentThread>::block_on<core[a373ad73a504971]::pin::Pin<&mut dyn core[a373ad73a504971]::future::future::Future<Output = ()>>>::{closure#0}, ()>
[INFO] [stdout]   18:     0x5fe14463d34f - <tokio[4a9903ebfdc12958]::runtime::runtime::Runtime>::block_on::<core[a373ad73a504971]::pin::Pin<&mut dyn core[a373ad73a504971]::future::future::Future<Output = ()>>>
[INFO] [stdout]   19:     0x5fe144636a2e - <auth_tests[ad7f3fd213c2f72c]::refresh_session_returns_new_access_token::{closure#0} as core[a373ad73a504971]::ops::function::FnOnce<()>>::call_once
[INFO] [stdout]   20:     0x5fe1446543fb - test[aada8e7e76ba119b]::__rust_begin_short_backtrace::<core[a373ad73a504971]::result::Result<(), alloc[2e1b2a31b91974c5]::string::String>, fn() -> core[a373ad73a504971]::result::Result<(), alloc[2e1b2a31b91974c5]::string::String>>
[INFO] [stdout]   21:     0x5fe1446615d5 - test[aada8e7e76ba119b]::run_test::{closure#0}
[INFO] [stdout]   22:     0x5fe14465aec4 - std[617be2ca0a6fd877]::sys::backtrace::__rust_begin_short_backtrace::<test[aada8e7e76ba119b]::run_test::{closure#1}, ()>
[INFO] [stdout]   23:     0x5fe144664662 - <std[617be2ca0a6fd877]::thread::lifecycle::spawn_unchecked<test[aada8e7e76ba119b]::run_test::{closure#1}, ()>::{closure#1} as core[a373ad73a504971]::ops::function::FnOnce<()>>::call_once::{shim:vtable#0}
[INFO] [stdout]   24:     0x5fe144ae23cf - <std[617be2ca0a6fd877]::sys::thread::unix::Thread>::new::thread_start
[INFO] [stdout]   25:     0x7a0158547dfa - <unknown>
[INFO] [stdout]   26:     0x7a01585db3d4 - clone
[INFO] [stdout]   27:                0x0 - <unknown>
[INFO] [stdout] 
[INFO] [stdout] ---- sign_in_unknown_email_returns_auth_error stdout ----
[INFO] [stdout] 
[INFO] [stdout] thread 'sign_in_unknown_email_returns_auth_error' (3944) panicked at tests/auth_tests.rs:29:34:
[INFO] [stdout] SUPABASE_URL not set: NotPresent
[INFO] [stdout] stack backtrace:
[INFO] [stdout]    0:     0x5fe144ae2f21 - <<std[617be2ca0a6fd877]::sys::backtrace::BacktraceLock>::print::DisplayBacktrace as core[a373ad73a504971]::fmt::Display>::fmt
[INFO] [stdout]    1:     0x5fe144afa20a - core[a373ad73a504971]::fmt::write
[INFO] [stdout]    2:     0x5fe144ae7c8c - <alloc[2e1b2a31b91974c5]::vec::Vec<u8> as core[a373ad73a504971]::io::write::Write>::write_fmt
[INFO] [stdout]    3:     0x5fe144abd486 - std[617be2ca0a6fd877]::panicking::default_hook::{closure#0}
[INFO] [stdout]    4:     0x5fe144ada579 - std[617be2ca0a6fd877]::panicking::default_hook
[INFO] [stdout]    5:     0x5fe144660fb0 - test[aada8e7e76ba119b]::test_main_inner::{closure#0}
[INFO] [stdout]    6:     0x5fe144ada8a2 - std[617be2ca0a6fd877]::panicking::panic_with_hook
[INFO] [stdout]    7:     0x5fe144abd532 - std[617be2ca0a6fd877]::panicking::panic_handler::{closure#0}
[INFO] [stdout]    8:     0x5fe144ab5e89 - std[617be2ca0a6fd877]::sys::backtrace::__rust_end_short_backtrace::<std[617be2ca0a6fd877]::panicking::panic_handler::{closure#0}, !>
[INFO] [stdout]    9:     0x5fe144abe3cd - __rustc[ea4f61d10b84890b]::rust_begin_unwind
[INFO] [stdout]   10:     0x5fe144afa96c - core[a373ad73a504971]::panicking::panic_fmt
[INFO] [stdout]   11:     0x5fe144afa742 - core[a373ad73a504971]::result::unwrap_failed
[INFO] [stdout]   12:     0x5fe1446347ae - auth_tests[ad7f3fd213c2f72c]::anon_client
[INFO] [stdout]   13:     0x5fe14462b4c8 - auth_tests[ad7f3fd213c2f72c]::sign_in_unknown_email_returns_auth_error::{closure#0}
[INFO] [stdout]   14:     0x5fe144637593 - <tokio[4a9903ebfdc12958]::runtime::scheduler::current_thread::Context>::enter::<core[a373ad73a504971]::task::poll::Poll<()>, <tokio[4a9903ebfdc12958]::runtime::scheduler::current_thread::CoreGuard>::block_on<core[a373ad73a504971]::pin::Pin<&mut core[a373ad73a504971]::pin::Pin<&mut dyn core[a373ad73a504971]::future::future::Future<Output = ()>>>>::{closure#0}::{closure#0}>
[INFO] [stdout]   15:     0x5fe144641279 - <std[617be2ca0a6fd877]::thread::local::LocalKey<tokio[4a9903ebfdc12958]::runtime::context::Context>>::with::<tokio[4a9903ebfdc12958]::runtime::context::set_scheduler<(alloc[2e1b2a31b91974c5]::boxed::Box<tokio[4a9903ebfdc12958]::runtime::scheduler::current_thread::Core>, core[a373ad73a504971]::option::Option<()>), <tokio[4a9903ebfdc12958]::runtime::scheduler::current_thread::CoreGuard>::enter<<tokio[4a9903ebfdc12958]::runtime::scheduler::current_thread::CoreGuard>::block_on<core[a373ad73a504971]::pin::Pin<&mut core[a373ad73a504971]::pin::Pin<&mut dyn core[a373ad73a504971]::future::future::Future<Output = ()>>>>::{closure#0}, core[a373ad73a504971]::option::Option<()>>::{closure#0}>::{closure#0}, (alloc[2e1b2a31b91974c5]::boxed::Box<tokio[4a9903ebfdc12958]::runtime::scheduler::current_thread::Core>, core[a373ad73a504971]::option::Option<()>)>
[INFO] [stdout]   16:     0x5fe1446378c7 - <tokio[4a9903ebfdc12958]::runtime::scheduler::current_thread::CoreGuard>::block_on::<core[a373ad73a504971]::pin::Pin<&mut core[a373ad73a504971]::pin::Pin<&mut dyn core[a373ad73a504971]::future::future::Future<Output = ()>>>>
[INFO] [stdout]   17:     0x5fe14463eafd - tokio[4a9903ebfdc12958]::runtime::context::runtime::enter_runtime::<<tokio[4a9903ebfdc12958]::runtime::scheduler::current_thread::CurrentThread>::block_on<core[a373ad73a504971]::pin::Pin<&mut dyn core[a373ad73a504971]::future::future::Future<Output = ()>>>::{closure#0}, ()>
[INFO] [stdout]   18:     0x5fe14463d34f - <tokio[4a9903ebfdc12958]::runtime::runtime::Runtime>::block_on::<core[a373ad73a504971]::pin::Pin<&mut dyn core[a373ad73a504971]::future::future::Future<Output = ()>>>
[INFO] [stdout]   19:     0x5fe144636cee - <auth_tests[ad7f3fd213c2f72c]::sign_in_unknown_email_returns_auth_error::{closure#0} as core[a373ad73a504971]::ops::function::FnOnce<()>>::call_once
[INFO] [stdout]   20:     0x5fe1446543fb - test[aada8e7e76ba119b]::__rust_begin_short_backtrace::<core[a373ad73a504971]::result::Result<(), alloc[2e1b2a31b91974c5]::string::String>, fn() -> core[a373ad73a504971]::result::Result<(), alloc[2e1b2a31b91974c5]::string::String>>
[INFO] [stdout]   21:     0x5fe1446615d5 - test[aada8e7e76ba119b]::run_test::{closure#0}
[INFO] [stdout]   22:     0x5fe14465aec4 - std[617be2ca0a6fd877]::sys::backtrace::__rust_begin_short_backtrace::<test[aada8e7e76ba119b]::run_test::{closure#1}, ()>
[INFO] [stdout]   23:     0x5fe144664662 - <std[617be2ca0a6fd877]::thread::lifecycle::spawn_unchecked<test[aada8e7e76ba119b]::run_test::{closure#1}, ()>::{closure#1} as core[a373ad73a504971]::ops::function::FnOnce<()>>::call_once::{shim:vtable#0}
[INFO] [stdout]   24:     0x5fe144ae23cf - <std[617be2ca0a6fd877]::sys::thread::unix::Thread>::new::thread_start
[INFO] [stdout]   25:     0x7a0158547dfa - <unknown>
[INFO] [stdout]   26:     0x7a01585db3d4 - clone
[INFO] [stdout]   27:                0x0 - <unknown>
[INFO] [stdout] 
[INFO] [stdout] ---- sign_in_with_wrong_password_returns_auth_error stdout ----
[INFO] [stdout] 
[INFO] [stdout] thread 'sign_in_with_wrong_password_returns_auth_error' (3946) panicked at tests/auth_tests.rs:37:34:
[INFO] [stdout] SUPABASE_URL not set: NotPresent
[INFO] [stdout] stack backtrace:
[INFO] [stdout]    0:     0x5fe144ae2f21 - <<std[617be2ca0a6fd877]::sys::backtrace::BacktraceLock>::print::DisplayBacktrace as core[a373ad73a504971]::fmt::Display>::fmt
[INFO] [stdout]    1:     0x5fe144afa20a - core[a373ad73a504971]::fmt::write
[INFO] [stdout]    2:     0x5fe144ae7c8c - <alloc[2e1b2a31b91974c5]::vec::Vec<u8> as core[a373ad73a504971]::io::write::Write>::write_fmt
[INFO] [stdout]    3:     0x5fe144abd486 - std[617be2ca0a6fd877]::panicking::default_hook::{closure#0}
[INFO] [stdout]    4:     0x5fe144ada579 - std[617be2ca0a6fd877]::panicking::default_hook
[INFO] [stdout]    5:     0x5fe144660fb0 - test[aada8e7e76ba119b]::test_main_inner::{closure#0}
[INFO] [stdout]    6:     0x5fe144ada8a2 - std[617be2ca0a6fd877]::panicking::panic_with_hook
[INFO] [stdout]    7:     0x5fe144abd532 - std[617be2ca0a6fd877]::panicking::panic_handler::{closure#0}
[INFO] [stdout]    8:     0x5fe144ab5e89 - std[617be2ca0a6fd877]::sys::backtrace::__rust_end_short_backtrace::<std[617be2ca0a6fd877]::panicking::panic_handler::{closure#0}, !>
[INFO] [stdout]    9:     0x5fe144abe3cd - __rustc[ea4f61d10b84890b]::rust_begin_unwind
[INFO] [stdout]   10:     0x5fe144afa96c - core[a373ad73a504971]::panicking::panic_fmt
[INFO] [stdout]   11:     0x5fe144afa742 - core[a373ad73a504971]::result::unwrap_failed
[INFO] [stdout]   12:     0x5fe14463491e - auth_tests[ad7f3fd213c2f72c]::admin_client
[INFO] [stdout]   13:     0x5fe14462f142 - auth_tests[ad7f3fd213c2f72c]::sign_in_with_wrong_password_returns_auth_error::{closure#0}
[INFO] [stdout]   14:     0x5fe144637593 - <tokio[4a9903ebfdc12958]::runtime::scheduler::current_thread::Context>::enter::<core[a373ad73a504971]::task::poll::Poll<()>, <tokio[4a9903ebfdc12958]::runtime::scheduler::current_thread::CoreGuard>::block_on<core[a373ad73a504971]::pin::Pin<&mut core[a373ad73a504971]::pin::Pin<&mut dyn core[a373ad73a504971]::future::future::Future<Output = ()>>>>::{closure#0}::{closure#0}>
[INFO] [stdout]   15:     0x5fe144641279 - <std[617be2ca0a6fd877]::thread::local::LocalKey<tokio[4a9903ebfdc12958]::runtime::context::Context>>::with::<tokio[4a9903ebfdc12958]::runtime::context::set_scheduler<(alloc[2e1b2a31b91974c5]::boxed::Box<tokio[4a9903ebfdc12958]::runtime::scheduler::current_thread::Core>, core[a373ad73a504971]::option::Option<()>), <tokio[4a9903ebfdc12958]::runtime::scheduler::current_thread::CoreGuard>::enter<<tokio[4a9903ebfdc12958]::runtime::scheduler::current_thread::CoreGuard>::block_on<core[a373ad73a504971]::pin::Pin<&mut core[a373ad73a504971]::pin::Pin<&mut dyn core[a373ad73a504971]::future::future::Future<Output = ()>>>>::{closure#0}, core[a373ad73a504971]::option::Option<()>>::{closure#0}>::{closure#0}, (alloc[2e1b2a31b91974c5]::boxed::Box<tokio[4a9903ebfdc12958]::runtime::scheduler::current_thread::Core>, core[a373ad73a504971]::option::Option<()>)>
[INFO] [stdout]   16:     0x5fe1446378c7 - <tokio[4a9903ebfdc12958]::runtime::scheduler::current_thread::CoreGuard>::block_on::<core[a373ad73a504971]::pin::Pin<&mut core[a373ad73a504971]::pin::Pin<&mut dyn core[a373ad73a504971]::future::future::Future<Output = ()>>>>
[INFO] [stdout]   17:     0x5fe14463eafd - tokio[4a9903ebfdc12958]::runtime::context::runtime::enter_runtime::<<tokio[4a9903ebfdc12958]::runtime::scheduler::current_thread::CurrentThread>::block_on<core[a373ad73a504971]::pin::Pin<&mut dyn core[a373ad73a504971]::future::future::Future<Output = ()>>>::{closure#0}, ()>
[INFO] [stdout]   18:     0x5fe14463d34f - <tokio[4a9903ebfdc12958]::runtime::runtime::Runtime>::block_on::<core[a373ad73a504971]::pin::Pin<&mut dyn core[a373ad73a504971]::future::future::Future<Output = ()>>>
[INFO] [stdout]   19:     0x5fe14463740e - <auth_tests[ad7f3fd213c2f72c]::sign_in_with_wrong_password_returns_auth_error::{closure#0} as core[a373ad73a504971]::ops::function::FnOnce<()>>::call_once
[INFO] [stdout]   20:     0x5fe1446543fb - test[aada8e7e76ba119b]::__rust_begin_short_backtrace::<core[a373ad73a504971]::result::Result<(), alloc[2e1b2a31b91974c5]::string::String>, fn() -> core[a373ad73a504971]::result::Result<(), alloc[2e1b2a31b91974c5]::string::String>>
[INFO] [stdout]   21:     0x5fe1446615d5 - test[aada8e7e76ba119b]::run_test::{closure#0}
[INFO] [stdout]   22:     0x5fe14465aec4 - std[617be2ca0a6fd877]::sys::backtrace::__rust_begin_short_backtrace::<test[aada8e7e76ba119b]::run_test::{closure#1}, ()>
[INFO] [stdout]   23:     0x5fe144664662 - <std[617be2ca0a6fd877]::thread::lifecycle::spawn_unchecked<test[aada8e7e76ba119b]::run_test::{closure#1}, ()>::{closure#1} as core[a373ad73a504971]::ops::function::FnOnce<()>>::call_once::{shim:vtable#0}
[INFO] [stdout]   24:     0x5fe144ae23cf - <std[617be2ca0a6fd877]::sys::thread::unix::Thread>::new::thread_start
[INFO] [stdout]   25:     0x7a0158547dfa - <unknown>
[INFO] [stdout]   26:     0x7a01585db3d4 - clone
[INFO] [stdout]   27:                0x0 - <unknown>
[INFO] [stdout] 
[INFO] [stdout] ---- sign_out_global_invalidates_token_server_side stdout ----
[INFO] [stdout] 
[INFO] [stdout] thread 'sign_out_global_invalidates_token_server_side' (3948) panicked at tests/auth_tests.rs:37:34:
[INFO] [stdout] SUPABASE_URL not set: NotPresent
[INFO] [stdout] stack backtrace:
[INFO] [stdout]    0:     0x5fe144ae2f21 - <<std[617be2ca0a6fd877]::sys::backtrace::BacktraceLock>::print::DisplayBacktrace as core[a373ad73a504971]::fmt::Display>::fmt
[INFO] [stdout]    1:     0x5fe144afa20a - core[a373ad73a504971]::fmt::write
[INFO] [stdout]    2:     0x5fe144ae7c8c - <alloc[2e1b2a31b91974c5]::vec::Vec<u8> as core[a373ad73a504971]::io::write::Write>::write_fmt
[INFO] [stdout]    3:     0x5fe144abd486 - std[617be2ca0a6fd877]::panicking::default_hook::{closure#0}
[INFO] [stdout]    4:     0x5fe144ada579 - std[617be2ca0a6fd877]::panicking::default_hook
[INFO] [stdout]    5:     0x5fe144660fb0 - test[aada8e7e76ba119b]::test_main_inner::{closure#0}
[INFO] [stdout]    6:     0x5fe144ada8a2 - std[617be2ca0a6fd877]::panicking::panic_with_hook
[INFO] [stdout]    7:     0x5fe144abd532 - std[617be2ca0a6fd877]::panicking::panic_handler::{closure#0}
[INFO] [stdout]    8:     0x5fe144ab5e89 - std[617be2ca0a6fd877]::sys::backtrace::__rust_end_short_backtrace::<std[617be2ca0a6fd877]::panicking::panic_handler::{closure#0}, !>
[INFO] [stdout]    9:     0x5fe144abe3cd - __rustc[ea4f61d10b84890b]::rust_begin_unwind
[INFO] [stdout]   10:     0x5fe144afa96c - core[a373ad73a504971]::panicking::panic_fmt
[INFO] [stdout]   11:     0x5fe144afa742 - core[a373ad73a504971]::result::unwrap_failed
[INFO] [stdout]   12:     0x5fe14463491e - auth_tests[ad7f3fd213c2f72c]::admin_client
[INFO] [stdout]   13:     0x5fe14462e3a0 - auth_tests[ad7f3fd213c2f72c]::sign_out_global_invalidates_token_server_side::{closure#0}
[INFO] [stdout]   14:     0x5fe144637593 - <tokio[4a9903ebfdc12958]::runtime::scheduler::current_thread::Context>::enter::<core[a373ad73a504971]::task::poll::Poll<()>, <tokio[4a9903ebfdc12958]::runtime::scheduler::current_thread::CoreGuard>::block_on<core[a373ad73a504971]::pin::Pin<&mut core[a373ad73a504971]::pin::Pin<&mut dyn core[a373ad73a504971]::future::future::Future<Output = ()>>>>::{closure#0}::{closure#0}>
[INFO] [stdout]   15:     0x5fe144641279 - <std[617be2ca0a6fd877]::thread::local::LocalKey<tokio[4a9903ebfdc12958]::runtime::context::Context>>::with::<tokio[4a9903ebfdc12958]::runtime::context::set_scheduler<(alloc[2e1b2a31b91974c5]::boxed::Box<tokio[4a9903ebfdc12958]::runtime::scheduler::current_thread::Core>, core[a373ad73a504971]::option::Option<()>), <tokio[4a9903ebfdc12958]::runtime::scheduler::current_thread::CoreGuard>::enter<<tokio[4a9903ebfdc12958]::runtime::scheduler::current_thread::CoreGuard>::block_on<core[a373ad73a504971]::pin::Pin<&mut core[a373ad73a504971]::pin::Pin<&mut dyn core[a373ad73a504971]::future::future::Future<Output = ()>>>>::{closure#0}, core[a373ad73a504971]::option::Option<()>>::{closure#0}>::{closure#0}, (alloc[2e1b2a31b91974c5]::boxed::Box<tokio[4a9903ebfdc12958]::runtime::scheduler::current_thread::Core>, core[a373ad73a504971]::option::Option<()>)>
[INFO] [stdout]   16:     0x5fe1446378c7 - <tokio[4a9903ebfdc12958]::runtime::scheduler::current_thread::CoreGuard>::block_on::<core[a373ad73a504971]::pin::Pin<&mut core[a373ad73a504971]::pin::Pin<&mut dyn core[a373ad73a504971]::future::future::Future<Output = ()>>>>
[INFO] [stdout]   17:     0x5fe14463eafd - tokio[4a9903ebfdc12958]::runtime::context::runtime::enter_runtime::<<tokio[4a9903ebfdc12958]::runtime::scheduler::current_thread::CurrentThread>::block_on<core[a373ad73a504971]::pin::Pin<&mut dyn core[a373ad73a504971]::future::future::Future<Output = ()>>>::{closure#0}, ()>
[INFO] [stdout]   18:     0x5fe14463d34f - <tokio[4a9903ebfdc12958]::runtime::runtime::Runtime>::block_on::<core[a373ad73a504971]::pin::Pin<&mut dyn core[a373ad73a504971]::future::future::Future<Output = ()>>>
[INFO] [stdout]   19:     0x5fe1446372ae - <auth_tests[ad7f3fd213c2f72c]::sign_out_global_invalidates_token_server_side::{closure#0} as core[a373ad73a504971]::ops::function::FnOnce<()>>::call_once
[INFO] [stdout]   20:     0x5fe1446543fb - test[aada8e7e76ba119b]::__rust_begin_short_backtrace::<core[a373ad73a504971]::result::Result<(), alloc[2e1b2a31b91974c5]::string::String>, fn() -> core[a373ad73a504971]::result::Result<(), alloc[2e1b2a31b91974c5]::string::String>>
[INFO] [stdout]   21:     0x5fe1446615d5 - test[aada8e7e76ba119b]::run_test::{closure#0}
[INFO] [stdout]   22:     0x5fe14465aec4 - std[617be2ca0a6fd877]::sys::backtrace::__rust_begin_short_backtrace::<test[aada8e7e76ba119b]::run_test::{closure#1}, ()>
[INFO] [stdout]   23:     0x5fe144664662 - <std[617be2ca0a6fd877]::thread::lifecycle::spawn_unchecked<test[aada8e7e76ba119b]::run_test::{closure#1}, ()>::{closure#1} as core[a373ad73a504971]::ops::function::FnOnce<()>>::call_once::{shim:vtable#0}
[INFO] [stdout]   24:     0x5fe144ae23cf - <std[617be2ca0a6fd877]::sys::thread::unix::Thread>::new::thread_start
[INFO] [stdout]   25:     0x7a0158547dfa - <unknown>
[INFO] [stdout]   26:     0x7a01585db3d4 - clone
[INFO] [stdout]   27:                0x0 - <unknown>
[INFO] [stdout] 
[INFO] [stdout] ---- sign_out_clears_local_session stdout ----
[INFO] [stdout] 
[INFO] [stdout] thread 'sign_out_clears_local_session' (3947) panicked at tests/auth_tests.rs:37:34:
[INFO] [stdout] SUPABASE_URL not set: NotPresent
[INFO] [stdout] stack backtrace:
[INFO] [stdout]    0:     0x5fe144ae2f21 - <<std[617be2ca0a6fd877]::sys::backtrace::BacktraceLock>::print::DisplayBacktrace as core[a373ad73a504971]::fmt::Display>::fmt
[INFO] [stdout]    1:     0x5fe144afa20a - core[a373ad73a504971]::fmt::write
[INFO] [stdout]    2:     0x5fe144ae7c8c - <alloc[2e1b2a31b91974c5]::vec::Vec<u8> as core[a373ad73a504971]::io::write::Write>::write_fmt
[INFO] [stdout]    3:     0x5fe144abd486 - std[617be2ca0a6fd877]::panicking::default_hook::{closure#0}
[INFO] [stdout]    4:     0x5fe144ada579 - std[617be2ca0a6fd877]::panicking::default_hook
[INFO] [stdout]    5:     0x5fe144660fb0 - test[aada8e7e76ba119b]::test_main_inner::{closure#0}
[INFO] [stdout]    6:     0x5fe144ada8a2 - std[617be2ca0a6fd877]::panicking::panic_with_hook
[INFO] [stdout]    7:     0x5fe144abd532 - std[617be2ca0a6fd877]::panicking::panic_handler::{closure#0}
[INFO] [stdout]    8:     0x5fe144ab5e89 - std[617be2ca0a6fd877]::sys::backtrace::__rust_end_short_backtrace::<std[617be2ca0a6fd877]::panicking::panic_handler::{closure#0}, !>
[INFO] [stdout]    9:     0x5fe144abe3cd - __rustc[ea4f61d10b84890b]::rust_begin_unwind
[INFO] [stdout]   10:     0x5fe144afa96c - core[a373ad73a504971]::panicking::panic_fmt
[INFO] [stdout]   11:     0x5fe144afa742 - core[a373ad73a504971]::result::unwrap_failed
[INFO] [stdout]   12:     0x5fe14463491e - auth_tests[ad7f3fd213c2f72c]::admin_client
[INFO] [stdout]   13:     0x5fe144626565 - auth_tests[ad7f3fd213c2f72c]::sign_out_clears_local_session::{closure#0}
[INFO] [stdout]   14:     0x5fe144637593 - <tokio[4a9903ebfdc12958]::runtime::scheduler::current_thread::Context>::enter::<core[a373ad73a504971]::task::poll::Poll<()>, <tokio[4a9903ebfdc12958]::runtime::scheduler::current_thread::CoreGuard>::block_on<core[a373ad73a504971]::pin::Pin<&mut core[a373ad73a504971]::pin::Pin<&mut dyn core[a373ad73a504971]::future::future::Future<Output = ()>>>>::{closure#0}::{closure#0}>
[INFO] [stdout]   15:     0x5fe144641279 - <std[617be2ca0a6fd877]::thread::local::LocalKey<tokio[4a9903ebfdc12958]::runtime::context::Context>>::with::<tokio[4a9903ebfdc12958]::runtime::context::set_scheduler<(alloc[2e1b2a31b91974c5]::boxed::Box<tokio[4a9903ebfdc12958]::runtime::scheduler::current_thread::Core>, core[a373ad73a504971]::option::Option<()>), <tokio[4a9903ebfdc12958]::runtime::scheduler::current_thread::CoreGuard>::enter<<tokio[4a9903ebfdc12958]::runtime::scheduler::current_thread::CoreGuard>::block_on<core[a373ad73a504971]::pin::Pin<&mut core[a373ad73a504971]::pin::Pin<&mut dyn core[a373ad73a504971]::future::future::Future<Output = ()>>>>::{closure#0}, core[a373ad73a504971]::option::Option<()>>::{closure#0}>::{closure#0}, (alloc[2e1b2a31b91974c5]::boxed::Box<tokio[4a9903ebfdc12958]::runtime::scheduler::current_thread::Core>, core[a373ad73a504971]::option::Option<()>)>
[INFO] [stdout]   16:     0x5fe1446378c7 - <tokio[4a9903ebfdc12958]::runtime::scheduler::current_thread::CoreGuard>::block_on::<core[a373ad73a504971]::pin::Pin<&mut core[a373ad73a504971]::pin::Pin<&mut dyn core[a373ad73a504971]::future::future::Future<Output = ()>>>>
[INFO] [stdout]   17:     0x5fe14463eafd - tokio[4a9903ebfdc12958]::runtime::context::runtime::enter_runtime::<<tokio[4a9903ebfdc12958]::runtime::scheduler::current_thread::CurrentThread>::block_on<core[a373ad73a504971]::pin::Pin<&mut dyn core[a373ad73a504971]::future::future::Future<Output = ()>>>::{closure#0}, ()>
[INFO] [stdout]   18:     0x5fe14463d34f - <tokio[4a9903ebfdc12958]::runtime::runtime::Runtime>::block_on::<core[a373ad73a504971]::pin::Pin<&mut dyn core[a373ad73a504971]::future::future::Future<Output = ()>>>
[INFO] [stdout]   19:     0x5fe1446361ee - <auth_tests[ad7f3fd213c2f72c]::sign_out_clears_local_session::{closure#0} as core[a373ad73a504971]::ops::function::FnOnce<()>>::call_once
[INFO] [stdout]   20:     0x5fe1446543fb - test[aada8e7e76ba119b]::__rust_begin_short_backtrace::<core[a373ad73a504971]::result::Result<(), alloc[2e1b2a31b91974c5]::string::String>, fn() -> core[a373ad73a504971]::result::Result<(), alloc[2e1b2a31b91974c5]::string::String>>
[INFO] [stdout]   21:     0x5fe1446615d5 - test[aada8e7e76ba119b]::run_test::{closure#0}
[INFO] [stdout]   22:     0x5fe14465aec4 - std[617be2ca0a6fd877]::sys::backtrace::__rust_begin_short_backtrace::<test[aada8e7e76ba119b]::run_test::{closure#1}, ()>
[INFO] [stdout]   23:     0x5fe144664662 - <std[617be2ca0a6fd877]::thread::lifecycle::spawn_unchecked<test[aada8e7e76ba119b]::run_test::{closure#1}, ()>::{closure#1} as core[a373ad73a504971]::ops::function::FnOnce<()>>::call_once::{shim:vtable#0}
[INFO] [stdout]   24:     0x5fe144ae23cf - <std[617be2ca0a6fd877]::sys::thread::unix::Thread>::new::thread_start
[INFO] [stdout]   25:     0x7a0158547dfa - <unknown>
[INFO] [stdout]   26:     0x7a01585db3d4 - clone
[INFO] [stdout]   27:                0x0 - <unknown>
[INFO] [stdout] 
[INFO] [stdout] ---- admin_create_user_duplicate_email_errors stdout ----
[INFO] [stdout] 
[INFO] [stdout] thread 'admin_create_user_duplicate_email_errors' (3935) panicked at tests/auth_tests.rs:37:34:
[INFO] [stdout] SUPABASE_URL not set: NotPresent
[INFO] [stdout] stack backtrace:
[INFO] [stdout]    0:     0x5fe144ae2f21 - <<std[617be2ca0a6fd877]::sys::backtrace::BacktraceLock>::print::DisplayBacktrace as core[a373ad73a504971]::fmt::Display>::fmt
[INFO] [stdout]    1:     0x5fe144afa20a - core[a373ad73a504971]::fmt::write
[INFO] [stdout]    2:     0x5fe144ae7c8c - <alloc[2e1b2a31b91974c5]::vec::Vec<u8> as core[a373ad73a504971]::io::write::Write>::write_fmt
[INFO] [stdout]    3:     0x5fe144abd486 - std[617be2ca0a6fd877]::panicking::default_hook::{closure#0}
[INFO] [stdout]    4:     0x5fe144ada579 - std[617be2ca0a6fd877]::panicking::default_hook
[INFO] [stdout]    5:     0x5fe144660fb0 - test[aada8e7e76ba119b]::test_main_inner::{closure#0}
[INFO] [stdout]    6:     0x5fe144ada8a2 - std[617be2ca0a6fd877]::panicking::panic_with_hook
[INFO] [stdout]    7:     0x5fe144abd532 - std[617be2ca0a6fd877]::panicking::panic_handler::{closure#0}
[INFO] [stdout]    8:     0x5fe144ab5e89 - std[617be2ca0a6fd877]::sys::backtrace::__rust_end_short_backtrace::<std[617be2ca0a6fd877]::panicking::panic_handler::{closure#0}, !>
[INFO] [stdout]    9:     0x5fe144abe3cd - __rustc[ea4f61d10b84890b]::rust_begin_unwind
[INFO] [stdout]   10:     0x5fe144afa96c - core[a373ad73a504971]::panicking::panic_fmt
[INFO] [stdout]   11:     0x5fe144afa742 - core[a373ad73a504971]::result::unwrap_failed
[INFO] [stdout]   12:     0x5fe14463491e - auth_tests[ad7f3fd213c2f72c]::admin_client
[INFO] [stdout]   13:     0x5fe144628eb4 - auth_tests[ad7f3fd213c2f72c]::admin_create_user_duplicate_email_errors::{closure#0}
[INFO] [stdout]   14:     0x5fe144637593 - <tokio[4a9903ebfdc12958]::runtime::scheduler::current_thread::Context>::enter::<core[a373ad73a504971]::task::poll::Poll<()>, <tokio[4a9903ebfdc12958]::runtime::scheduler::current_thread::CoreGuard>::block_on<core[a373ad73a504971]::pin::Pin<&mut core[a373ad73a504971]::pin::Pin<&mut dyn core[a373ad73a504971]::future::future::Future<Output = ()>>>>::{closure#0}::{closure#0}>
[INFO] [stdout]   15:     0x5fe144641279 - <std[617be2ca0a6fd877]::thread::local::LocalKey<tokio[4a9903ebfdc12958]::runtime::context::Context>>::with::<tokio[4a9903ebfdc12958]::runtime::context::set_scheduler<(alloc[2e1b2a31b91974c5]::boxed::Box<tokio[4a9903ebfdc12958]::runtime::scheduler::current_thread::Core>, core[a373ad73a504971]::option::Option<()>), <tokio[4a9903ebfdc12958]::runtime::scheduler::current_thread::CoreGuard>::enter<<tokio[4a9903ebfdc12958]::runtime::scheduler::current_thread::CoreGuard>::block_on<core[a373ad73a504971]::pin::Pin<&mut core[a373ad73a504971]::pin::Pin<&mut dyn core[a373ad73a504971]::future::future::Future<Output = ()>>>>::{closure#0}, core[a373ad73a504971]::option::Option<()>>::{closure#0}>::{closure#0}, (alloc[2e1b2a31b91974c5]::boxed::Box<tokio[4a9903ebfdc12958]::runtime::scheduler::current_thread::Core>, core[a373ad73a504971]::option::Option<()>)>
[INFO] [stdout]   16:     0x5fe1446378c7 - <tokio[4a9903ebfdc12958]::runtime::scheduler::current_thread::CoreGuard>::block_on::<core[a373ad73a504971]::pin::Pin<&mut core[a373ad73a504971]::pin::Pin<&mut dyn core[a373ad73a504971]::future::future::Future<Output = ()>>>>
[INFO] [stdout]   17:     0x5fe14463eafd - tokio[4a9903ebfdc12958]::runtime::context::runtime::enter_runtime::<<tokio[4a9903ebfdc12958]::runtime::scheduler::current_thread::CurrentThread>::block_on<core[a373ad73a504971]::pin::Pin<&mut dyn core[a373ad73a504971]::future::future::Future<Output = ()>>>::{closure#0}, ()>
[INFO] [stdout]   18:     0x5fe14463d34f - <tokio[4a9903ebfdc12958]::runtime::runtime::Runtime>::block_on::<core[a373ad73a504971]::pin::Pin<&mut dyn core[a373ad73a504971]::future::future::Future<Output = ()>>>
[INFO] [stdout]   19:     0x5fe1446368ce - <auth_tests[ad7f3fd213c2f72c]::admin_create_user_duplicate_email_errors::{closure#0} as core[a373ad73a504971]::ops::function::FnOnce<()>>::call_once
[INFO] [stdout]   20:     0x5fe1446543fb - test[aada8e7e76ba119b]::__rust_begin_short_backtrace::<core[a373ad73a504971]::result::Result<(), alloc[2e1b2a31b91974c5]::string::String>, fn() -> core[a373ad73a504971]::result::Result<(), alloc[2e1b2a31b91974c5]::string::String>>
[INFO] [stdout]   21:     0x5fe1446615d5 - test[aada8e7e76ba119b]::run_test::{closure#0}
[INFO] [stdout]   22:     0x5fe14465aec4 - std[617be2ca0a6fd877]::sys::backtrace::__rust_begin_short_backtrace::<test[aada8e7e76ba119b]::run_test::{closure#1}, ()>
[INFO] [stdout]   23:     0x5fe144664662 - <std[617be2ca0a6fd877]::thread::lifecycle::spawn_unchecked<test[aada8e7e76ba119b]::run_test::{closure#1}, ()>::{closure#1} as core[a373ad73a504971]::ops::function::FnOnce<()>>::call_once::{shim:vtable#0}
[INFO] [stdout]   24:     0x5fe144ae23cf - <std[617be2ca0a6fd877]::sys::thread::unix::Thread>::new::thread_start
[INFO] [stdout]   25:     0x7a0158547dfa - <unknown>
[INFO] [stdout]   26:     0x7a01585db3d4 - clone
[INFO] [stdout]   27:                0x0 - <unknown>
[INFO] [stdout] 
[INFO] [stdout] ---- update_user_changes_metadata stdout ----
[INFO] [stdout] 
[INFO] [stdout] thread 'update_user_changes_metadata' (3949) panicked at tests/auth_tests.rs:37:34:
[INFO] [stdout] SUPABASE_URL not set: NotPresent
[INFO] [stdout] stack backtrace:
[INFO] [stdout]    0:     0x5fe144ae2f21 - <<std[617be2ca0a6fd877]::sys::backtrace::BacktraceLock>::print::DisplayBacktrace as core[a373ad73a504971]::fmt::Display>::fmt
[INFO] [stdout]    1:     0x5fe144afa20a - core[a373ad73a504971]::fmt::write
[INFO] [stdout]    2:     0x5fe144ae7c8c - <alloc[2e1b2a31b91974c5]::vec::Vec<u8> as core[a373ad73a504971]::io::write::Write>::write_fmt
[INFO] [stdout]    3:     0x5fe144abd486 - std[617be2ca0a6fd877]::panicking::default_hook::{closure#0}
[INFO] [stdout]    4:     0x5fe144ada579 - std[617be2ca0a6fd877]::panicking::default_hook
[INFO] [stdout]    5:     0x5fe144660fb0 - test[aada8e7e76ba119b]::test_main_inner::{closure#0}
[INFO] [stdout]    6:     0x5fe144ada8a2 - std[617be2ca0a6fd877]::panicking::panic_with_hook
[INFO] [stdout]    7:     0x5fe144abd532 - std[617be2ca0a6fd877]::panicking::panic_handler::{closure#0}
[INFO] [stdout]    8:     0x5fe144ab5e89 - std[617be2ca0a6fd877]::sys::backtrace::__rust_end_short_backtrace::<std[617be2ca0a6fd877]::panicking::panic_handler::{closure#0}, !>
[INFO] [stdout]    9:     0x5fe144abe3cd - __rustc[ea4f61d10b84890b]::rust_begin_unwind
[INFO] [stdout]   10:     0x5fe144afa96c - core[a373ad73a504971]::panicking::panic_fmt
[INFO] [stdout]   11:     0x5fe144afa742 - core[a373ad73a504971]::result::unwrap_failed
[INFO] [stdout]   12:     0x5fe14463491e - auth_tests[ad7f3fd213c2f72c]::admin_client
[INFO] [stdout]   13:     0x5fe144624b3e - auth_tests[ad7f3fd213c2f72c]::update_user_changes_metadata::{closure#0}
[INFO] [stdout]   14:     0x5fe144637593 - <tokio[4a9903ebfdc12958]::runtime::scheduler::current_thread::Context>::enter::<core[a373ad73a504971]::task::poll::Poll<()>, <tokio[4a9903ebfdc12958]::runtime::scheduler::current_thread::CoreGuard>::block_on<core[a373ad73a504971]::pin::Pin<&mut core[a373ad73a504971]::pin::Pin<&mut dyn core[a373ad73a504971]::future::future::Future<Output = ()>>>>::{closure#0}::{closure#0}>
[INFO] [stdout]   15:     0x5fe144641279 - <std[617be2ca0a6fd877]::thread::local::LocalKey<tokio[4a9903ebfdc12958]::runtime::context::Context>>::with::<tokio[4a9903ebfdc12958]::runtime::context::set_scheduler<(alloc[2e1b2a31b91974c5]::boxed::Box<tokio[4a9903ebfdc12958]::runtime::scheduler::current_thread::Core>, core[a373ad73a504971]::option::Option<()>), <tokio[4a9903ebfdc12958]::runtime::scheduler::current_thread::CoreGuard>::enter<<tokio[4a9903ebfdc12958]::runtime::scheduler::current_thread::CoreGuard>::block_on<core[a373ad73a504971]::pin::Pin<&mut core[a373ad73a504971]::pin::Pin<&mut dyn core[a373ad73a504971]::future::future::Future<Output = ()>>>>::{closure#0}, core[a373ad73a504971]::option::Option<()>>::{closure#0}>::{closure#0}, (alloc[2e1b2a31b91974c5]::boxed::Box<tokio[4a9903ebfdc12958]::runtime::scheduler::current_thread::Core>, core[a373ad73a504971]::option::Option<()>)>
[INFO] [stdout]   16:     0x5fe1446378c7 - <tokio[4a9903ebfdc12958]::runtime::scheduler::current_thread::CoreGuard>::block_on::<core[a373ad73a504971]::pin::Pin<&mut core[a373ad73a504971]::pin::Pin<&mut dyn core[a373ad73a504971]::future::future::Future<Output = ()>>>>
[INFO] [stdout]   17:     0x5fe14463eafd - tokio[4a9903ebfdc12958]::runtime::context::runtime::enter_runtime::<<tokio[4a9903ebfdc12958]::runtime::scheduler::current_thread::CurrentThread>::block_on<core[a373ad73a504971]::pin::Pin<&mut dyn core[a373ad73a504971]::future::future::Future<Output = ()>>>::{closure#0}, ()>
[INFO] [stdout]   18:     0x5fe14463d34f - <tokio[4a9903ebfdc12958]::runtime::runtime::Runtime>::block_on::<core[a373ad73a504971]::pin::Pin<&mut dyn core[a373ad73a504971]::future::future::Future<Output = ()>>>
[INFO] [stdout]   19:     0x5fe14463608e - <auth_tests[ad7f3fd213c2f72c]::update_user_changes_metadata::{closure#0} as core[a373ad73a504971]::ops::function::FnOnce<()>>::call_once
[INFO] [stdout]   20:     0x5fe1446543fb - test[aada8e7e76ba119b]::__rust_begin_short_backtrace::<core[a373ad73a504971]::result::Result<(), alloc[2e1b2a31b91974c5]::string::String>, fn() -> core[a373ad73a504971]::result::Result<(), alloc[2e1b2a31b91974c5]::string::String>>
[INFO] [stdout]   21:     0x5fe1446615d5 - test[aada8e7e76ba119b]::run_test::{closure#0}
[INFO] [stdout]   22:     0x5fe14465aec4 - std[617be2ca0a6fd877]::sys::backtrace::__rust_begin_short_backtrace::<test[aada8e7e76ba119b]::run_test::{closure#1}, ()>
[INFO] [stdout]   23:     0x5fe144664662 - <std[617be2ca0a6fd877]::thread::lifecycle::spawn_unchecked<test[aada8e7e76ba119b]::run_test::{closure#1}, ()>::{closure#1} as core[a373ad73a504971]::ops::function::FnOnce<()>>::call_once::{shim:vtable#0}
[INFO] [stdout]   24:     0x5fe144ae23cf - <std[617be2ca0a6fd877]::sys::thread::unix::Thread>::new::thread_start
[INFO] [stdout]   25:     0x7a0158547dfa - <unknown>
[INFO] [stdout]   26:     0x7a01585db3d4 - clone
[INFO] [stdout]   27:                0x0 - <unknown>
[INFO] [stdout] 
[INFO] [stdout] 
[INFO] [stdout] failures:
[INFO] [stdout]     admin_create_get_update_delete_user_roundtrip
[INFO] [stdout]     admin_create_user_duplicate_email_errors
[INFO] [stdout]     admin_list_users_pagination
[INFO] [stdout]     clear_session_drops_persisted_state
[INFO] [stdout]     get_user_returns_authenticated_user
[INFO] [stdout]     get_user_without_session_yields_auth_error
[INFO] [stdout]     refresh_session_returns_new_access_token
[INFO] [stdout]     refresh_with_invalid_token_errors
[INFO] [stdout]     set_session_then_get_user_uses_provided_token
[INFO] [stdout]     sign_in_anonymously_returns_anon_session
[INFO] [stdout]     sign_in_unknown_email_returns_auth_error
[INFO] [stdout]     sign_in_with_password_returns_session
[INFO] [stdout]     sign_in_with_wrong_password_returns_auth_error
[INFO] [stdout]     sign_out_clears_local_session
[INFO] [stdout]     sign_out_global_invalidates_token_server_side
[INFO] [stdout]     update_user_changes_metadata
[INFO] [stdout] 
[INFO] [stdout] test result: FAILED. 0 passed; 16 failed; 0 ignored; 0 measured; 0 filtered out; finished in 0.01s
[INFO] [stdout] 
[INFO] running `Command { std: "docker" "inspect" "dc1997c6fab99ecaf0f2975ea7f3b042b35cfabff6a3f0af134bb686cdb5dfb1", kill_on_drop: false }`
[INFO] running `Command { std: "docker" "rm" "-f" "dc1997c6fab99ecaf0f2975ea7f3b042b35cfabff6a3f0af134bb686cdb5dfb1", kill_on_drop: false }`
[INFO] [stdout] dc1997c6fab99ecaf0f2975ea7f3b042b35cfabff6a3f0af134bb686cdb5dfb1
