[INFO] fetching crate rust_robotics_core 0.1.0...
[INFO] testing rust_robotics_core-0.1.0 against 1.99.0-beta.8+cargoflags=--release for beta-release-1.100-2
[INFO] extracting crate rust_robotics_core 0.1.0 into /workspace/builds/worker-3-tc1/source
[INFO] started tweaking crates.io crate rust_robotics_core 0.1.0
[INFO] removed 0 missing examples
[INFO] removed 0 missing tests
[INFO] finished tweaking crates.io crate rust_robotics_core 0.1.0
[INFO] tweaked toml for crates.io crate rust_robotics_core 0.1.0 written to /workspace/builds/worker-3-tc1/source/Cargo.toml
[INFO] validating manifest of crates.io crate rust_robotics_core 0.1.0 on toolchain 1.99.0-beta.8
[INFO] running `Command { std: CARGO_HOME="/workspace/cargo-home" RUSTUP_HOME="/workspace/rustup-home" "/workspace/cargo-home/bin/cargo" "+1.99.0-beta.8" "metadata" "--manifest-path" "Cargo.toml" "--no-deps", kill_on_drop: false }`
[INFO] crate crates.io crate rust_robotics_core 0.1.0 already has a lockfile, it will not be regenerated
[INFO] running `Command { std: CARGO_HOME="/workspace/cargo-home" RUSTUP_HOME="/workspace/rustup-home" "/workspace/cargo-home/bin/cargo" "+1.99.0-beta.8" "fetch" "--manifest-path" "Cargo.toml", kill_on_drop: false }`
[INFO] [stderr]  Downloading crates ...
[INFO] [stderr]   Downloaded nalgebra-macros v0.2.2
[INFO] [stderr]   Downloaded nalgebra v0.33.2
[INFO] running `Command { std: "docker" "create" "-v" "/var/lib/crater-agent-workspace/builds/worker-3-tc1/source:/opt/rustwide/workdir:ro,Z" "-v" "/var/lib/crater-agent-workspace/builds/worker-3-tc1/target:/opt/rustwide/target:rw,Z" "-v" "/var/lib/crater-agent-workspace/cargo-home:/opt/rustwide/cargo-home:ro,Z" "-v" "/var/lib/crater-agent-workspace/rustup-home:/opt/rustwide/rustup-home:ro,Z" "-m" "1610612736" "--network" "none" "ghcr.io/rust-lang/crates-build-env/linux@sha256:77db811e55d90add9212f6832c23229e3de5f1c1f9905e8cb07319ea15df73ac" "sleep" "infinity", kill_on_drop: false }`
[INFO] [stdout] 0988a4648ae497fa3b89fab728897e0c27552cf1192ecedec1944892594bd9e9
[INFO] running `Command { std: "docker" "start" "0988a4648ae497fa3b89fab728897e0c27552cf1192ecedec1944892594bd9e9", kill_on_drop: false }`
[INFO] running `Command { std: "docker" "inspect" "0988a4648ae497fa3b89fab728897e0c27552cf1192ecedec1944892594bd9e9", kill_on_drop: false }`
[INFO] running `Command { std: "docker" "exec" "-e" "SOURCE_DIR=/opt/rustwide/workdir" "-e" "CARGO_HOME=/opt/rustwide/cargo-home" "-e" "RUSTUP_HOME=/opt/rustwide/rustup-home" "-e" "CARGO_TARGET_DIR=/opt/rustwide/target" "-w" "/opt/rustwide/workdir" "--user" "0:0" "0988a4648ae497fa3b89fab728897e0c27552cf1192ecedec1944892594bd9e9" "/opt/rustwide/cargo-home/bin/cargo" "+1.99.0-beta.8" "metadata" "--no-deps" "--format-version=1", kill_on_drop: false }`
[INFO] running `Command { std: "docker" "inspect" "0988a4648ae497fa3b89fab728897e0c27552cf1192ecedec1944892594bd9e9", kill_on_drop: false }`
[INFO] running `Command { std: "docker" "exec" "-e" "SOURCE_DIR=/opt/rustwide/workdir" "-e" "CARGO_HOME=/opt/rustwide/cargo-home" "-e" "RUSTUP_HOME=/opt/rustwide/rustup-home" "-e" "CARGO_TARGET_DIR=/opt/rustwide/target" "-e" "CARGO_INCREMENTAL=0" "-e" "RUST_BACKTRACE=full" "-e" "RUSTFLAGS=--cap-lints=warn" "-e" "RUSTDOCFLAGS=--cap-lints=warn" "-w" "/opt/rustwide/workdir" "--user" "0:0" "0988a4648ae497fa3b89fab728897e0c27552cf1192ecedec1944892594bd9e9" "/opt/rustwide/cargo-home/bin/cargo" "+1.99.0-beta.8" "build" "--frozen" "--message-format=json" "--release", kill_on_drop: false }`
[INFO] [stderr]    Compiling num-traits v0.2.19
[INFO] [stderr]    Compiling bytemuck v1.25.0
[INFO] [stderr]    Compiling matrixmultiply v0.3.10
[INFO] [stderr]    Compiling rawpointer v0.2.1
[INFO] [stderr]    Compiling nalgebra-macros v0.2.2
[INFO] [stderr]    Compiling safe_arch v0.7.4
[INFO] [stderr]    Compiling wide v0.7.33
[INFO] [stderr]    Compiling approx v0.5.1
[INFO] [stderr]    Compiling num-integer v0.1.46
[INFO] [stderr]    Compiling num-complex v0.4.6
[INFO] [stderr]    Compiling num-rational v0.4.2
[INFO] [stderr]    Compiling simba v0.9.1
[INFO] [stderr]    Compiling nalgebra v0.33.2
[INFO] [stderr]    Compiling rust_robotics_core v0.1.0 (/opt/rustwide/workdir)
[INFO] [stderr]     Finished `release` profile [optimized] target(s) in 20.84s
[INFO] running `Command { std: "docker" "inspect" "0988a4648ae497fa3b89fab728897e0c27552cf1192ecedec1944892594bd9e9", kill_on_drop: false }`
[INFO] running `Command { std: "docker" "exec" "-e" "SOURCE_DIR=/opt/rustwide/workdir" "-e" "CARGO_HOME=/opt/rustwide/cargo-home" "-e" "RUSTUP_HOME=/opt/rustwide/rustup-home" "-e" "CARGO_TARGET_DIR=/opt/rustwide/target" "-e" "CARGO_INCREMENTAL=0" "-e" "RUST_BACKTRACE=full" "-e" "RUSTFLAGS=--cap-lints=warn" "-e" "RUSTDOCFLAGS=--cap-lints=warn" "-w" "/opt/rustwide/workdir" "--user" "0:0" "0988a4648ae497fa3b89fab728897e0c27552cf1192ecedec1944892594bd9e9" "/opt/rustwide/cargo-home/bin/cargo" "+1.99.0-beta.8" "test" "--frozen" "--no-run" "--message-format=json" "--release", kill_on_drop: false }`
[INFO] [stderr]    Compiling rust_robotics_core v0.1.0 (/opt/rustwide/workdir)
[INFO] [stderr]     Finished `release` profile [optimized] target(s) in 2.54s
[INFO] running `Command { std: "docker" "inspect" "0988a4648ae497fa3b89fab728897e0c27552cf1192ecedec1944892594bd9e9", kill_on_drop: false }`
[INFO] running `Command { std: "docker" "exec" "-e" "SOURCE_DIR=/opt/rustwide/workdir" "-e" "CARGO_HOME=/opt/rustwide/cargo-home" "-e" "RUSTUP_HOME=/opt/rustwide/rustup-home" "-e" "CARGO_TARGET_DIR=/opt/rustwide/target" "-e" "CARGO_INCREMENTAL=0" "-e" "RUST_BACKTRACE=full" "-e" "RUSTFLAGS=--cap-lints=warn" "-e" "RUSTDOCFLAGS=--cap-lints=warn" "-w" "/opt/rustwide/workdir" "--user" "0:0" "0988a4648ae497fa3b89fab728897e0c27552cf1192ecedec1944892594bd9e9" "/opt/rustwide/cargo-home/bin/cargo" "+1.99.0-beta.8" "test" "--frozen" "--release", kill_on_drop: false }`
[INFO] [stderr]     Finished `release` profile [optimized] target(s) in 0.04s
[INFO] [stderr]      Running unittests src/lib.rs (/opt/rustwide/target/release/deps/rust_robotics_core-0b6d64a133171282)
[INFO] [stdout] 
[INFO] [stdout] running 13 tests
[INFO] [stdout] test error::tests::test_error_display ... ok
[INFO] [stdout] test experiments::tests::annotate_against_reference_marks_agreement_and_ratio_error ... ok
[INFO] [stdout] test types::tests::test_path2d_total_length ... ok
[INFO] [stdout] test types::tests::test_obstacles_len_and_is_empty ... ok
[INFO] [stdout] test experiments::tests::average_coverage_ratio_uses_observation_contract ... ok
[INFO] [stdout] test types::tests::test_obstacles_try_from_xy_rejects_mismatched_lengths ... ok
[INFO] [stdout] test traits::tests::test_path_planner_trait ... ok
[INFO] [stdout] test types::tests::test_path2d_nearest_point_index_from_honors_start_index ... ok
[INFO] [stdout] test error::tests::test_error_from_io ... ok
[INFO] [stdout] test types::tests::test_path2d_try_from_xy_rejects_mismatched_lengths ... ok
[INFO] [stdout] test types::tests::test_point2d_distance ... ok
[INFO] [stdout] test types::tests::test_pose2d_normalize_yaw ... ok
[INFO] [stdout] test types::tests::test_path2d_yaw_profile_repeats_final_heading ... ok
[INFO] [stdout] 
[INFO] [stdout] test result: ok. 13 passed; 0 failed; 0 ignored; 0 measured; 0 filtered out; finished in 0.01s
[INFO] [stdout] 
[INFO] [stderr]      Running tests/workspace_summary_guard.rs (/opt/rustwide/target/release/deps/workspace_summary_guard-4ad5bb247488d28b)
[INFO] [stdout] 
[INFO] [stdout] running 5 tests
[INFO] [stdout] test workspace_stop_condition_guard_holds ... FAILED
[INFO] [stdout] test workspace_stop_condition_rejects_single_winner_and_universal_smoke_test ... ok
[INFO] [stdout] test workspace_summary_cross_package_references_stay_registered ... FAILED
[INFO] [stdout] test workspace_stop_condition_rejects_docs_without_guard_language ... ok
[INFO] [stdout] test workspace_cross_package_registry_rejects_missing_workspace_summary_refs ... ok
[INFO] [stdout] 
[INFO] [stdout] failures:
[INFO] [stdout] 
[INFO] [stdout] ---- workspace_stop_condition_guard_holds stdout ----
[INFO] [stdout] 
[INFO] [stdout] thread 'workspace_stop_condition_guard_holds' (470) panicked at tests/workspace_summary_guard.rs:13:29:
[INFO] [stdout] docs/experiments_workspace_summary.md should be readable
[INFO] [stdout] stack backtrace:
[INFO] [stdout]    0:     0x5f7dc3be5141 - <<std[70759c8f55707aa4]::sys::backtrace::BacktraceLock>::print::DisplayBacktrace as core[df12db4294e9bfd3]::fmt::Display>::fmt
[INFO] [stdout]    1:     0x5f7dc3bf938a - core[df12db4294e9bfd3]::fmt::write
[INFO] [stdout]    2:     0x5f7dc3be95dc - <alloc[2182bb758b4b3781]::vec::Vec<u8> as core[df12db4294e9bfd3]::io::write::Write>::write_fmt
[INFO] [stdout]    3:     0x5f7dc3bc1196 - std[70759c8f55707aa4]::panicking::default_hook::{closure#0}
[INFO] [stdout]    4:     0x5f7dc3bdd499 - std[70759c8f55707aa4]::panicking::default_hook
[INFO] [stdout]    5:     0x5f7dc3b79240 - test[9d35eded1c95d3be]::test_main_inner::<test[9d35eded1c95d3be]::test_main_static::{closure#0}>::{closure#0}
[INFO] [stdout]    6:     0x5f7dc3bdd652 - std[70759c8f55707aa4]::panicking::panic_with_hook
[INFO] [stdout]    7:     0x5f7dc3bc1242 - std[70759c8f55707aa4]::panicking::panic_handler::{closure#0}
[INFO] [stdout]    8:     0x5f7dc3bb9e39 - std[70759c8f55707aa4]::sys::backtrace::__rust_end_short_backtrace::<std[70759c8f55707aa4]::panicking::panic_handler::{closure#0}, !>
[INFO] [stdout]    9:     0x5f7dc3bc1e3d - __rustc[8fa7c3cbc660c2b3]::rust_begin_unwind
[INFO] [stdout]   10:     0x5f7dc3bf9abc - core[df12db4294e9bfd3]::panicking::panic_fmt
[INFO] [stdout]   11:     0x5f7dc3b6931f - workspace_summary_guard[15c60111603263eb]::docs_file::{closure#0}
[INFO] [stdout]   12:     0x5f7dc3b6b1dd - workspace_summary_guard[15c60111603263eb]::docs_file
[INFO] [stdout]   13:     0x5f7dc3b6be70 - <workspace_summary_guard[15c60111603263eb]::workspace_stop_condition_guard_holds::{closure#0} as core[df12db4294e9bfd3]::ops::function::FnOnce<()>>::call_once
[INFO] [stdout]   14:     0x5f7dc3b6c52b - test[9d35eded1c95d3be]::__rust_begin_short_backtrace::<core[df12db4294e9bfd3]::result::Result<(), alloc[2182bb758b4b3781]::string::String>, fn() -> core[df12db4294e9bfd3]::result::Result<(), alloc[2182bb758b4b3781]::string::String>>
[INFO] [stdout]   15:     0x5f7dc3b79b95 - test[9d35eded1c95d3be]::run_test::{closure#0}
[INFO] [stdout]   16:     0x5f7dc3b73454 - std[70759c8f55707aa4]::sys::backtrace::__rust_begin_short_backtrace::<test[9d35eded1c95d3be]::run_test::{closure#1}, ()>
[INFO] [stdout]   17:     0x5f7dc3b7ccf2 - <std[70759c8f55707aa4]::thread::lifecycle::spawn_unchecked<test[9d35eded1c95d3be]::run_test::{closure#1}, ()>::{closure#1} as core[df12db4294e9bfd3]::ops::function::FnOnce<()>>::call_once::{shim:vtable#0}
[INFO] [stdout]   18:     0x5f7dc3be46a9 - <std[70759c8f55707aa4]::sys::thread::unix::Thread>::new::thread_start
[INFO] [stdout]   19:     0x70474fe56dfa - <unknown>
[INFO] [stdout]   20:     0x70474feea3d4 - clone
[INFO] [stdout]   21:                0x0 - <unknown>
[INFO] [stdout] 
[INFO] [stdout] ---- workspace_summary_cross_package_references_stay_registered stdout ----
[INFO] [stdout] 
[INFO] [stdout] thread 'workspace_summary_cross_package_references_stay_registered' (473) panicked at tests/workspace_summary_guard.rs:13:29:
[INFO] [stdout] docs/interfaces.md should be readable
[INFO] [stdout] stack backtrace:
[INFO] [stdout]    0:     0x5f7dc3be5141 - <<std[70759c8f55707aa4]::sys::backtrace::BacktraceLock>::print::DisplayBacktrace as core[df12db4294e9bfd3]::fmt::Display>::fmt
[INFO] [stdout]    1:     0x5f7dc3bf938a - core[df12db4294e9bfd3]::fmt::write
[INFO] [stdout]    2:     0x5f7dc3be95dc - <alloc[2182bb758b4b3781]::vec::Vec<u8> as core[df12db4294e9bfd3]::io::write::Write>::write_fmt
[INFO] [stdout]    3:     0x5f7dc3bc1196 - std[70759c8f55707aa4]::panicking::default_hook::{closure#0}
[INFO] [stdout]    4:     0x5f7dc3bdd499 - std[70759c8f55707aa4]::panicking::default_hook
[INFO] [stdout]    5:     0x5f7dc3b79240 - test[9d35eded1c95d3be]::test_main_inner::<test[9d35eded1c95d3be]::test_main_static::{closure#0}>::{closure#0}
[INFO] [stdout]    6:     0x5f7dc3bdd652 - std[70759c8f55707aa4]::panicking::panic_with_hook
[INFO] [stdout]    7:     0x5f7dc3bc1242 - std[70759c8f55707aa4]::panicking::panic_handler::{closure#0}
[INFO] [stdout]    8:     0x5f7dc3bb9e39 - std[70759c8f55707aa4]::sys::backtrace::__rust_end_short_backtrace::<std[70759c8f55707aa4]::panicking::panic_handler::{closure#0}, !>
[INFO] [stdout]    9:     0x5f7dc3bc1e3d - __rustc[8fa7c3cbc660c2b3]::rust_begin_unwind
[INFO] [stdout]   10:     0x5f7dc3bf9abc - core[df12db4294e9bfd3]::panicking::panic_fmt
[INFO] [stdout]   11:     0x5f7dc3b6931f - workspace_summary_guard[15c60111603263eb]::docs_file::{closure#0}
[INFO] [stdout]   12:     0x5f7dc3b6b1dd - workspace_summary_guard[15c60111603263eb]::docs_file
[INFO] [stdout]   13:     0x5f7dc3b6bf75 - <workspace_summary_guard[15c60111603263eb]::workspace_summary_cross_package_references_stay_registered::{closure#0} as core[df12db4294e9bfd3]::ops::function::FnOnce<()>>::call_once
[INFO] [stdout]   14:     0x5f7dc3b6c52b - test[9d35eded1c95d3be]::__rust_begin_short_backtrace::<core[df12db4294e9bfd3]::result::Result<(), alloc[2182bb758b4b3781]::string::String>, fn() -> core[df12db4294e9bfd3]::result::Result<(), alloc[2182bb758b4b3781]::string::String>>
[INFO] [stdout]   15:     0x5f7dc3b79b95 - test[9d35eded1c95d3be]::run_test::{closure#0}
[INFO] [stdout]   16:     0x5f7dc3b73454 - std[70759c8f55707aa4]::sys::backtrace::__rust_begin_short_backtrace::<test[9d35eded1c95d3be]::run_test::{closure#1}, ()>
[INFO] [stdout]   17:     0x5f7dc3b7ccf2 - <std[70759c8f55707aa4]::thread::lifecycle::spawn_unchecked<test[9d35eded1c95d3be]::run_test::{closure#1}, ()>::{closure#1} as core[df12db4294e9bfd3]::ops::function::FnOnce<()>>::call_once::{shim:vtable#0}
[INFO] [stdout]   18:     0x5f7dc3be46a9 - <std[70759c8f55707aa4]::sys::thread::unix::Thread>::new::thread_start
[INFO] [stdout]   19:     0x70474fe56dfa - <unknown>
[INFO] [stdout]   20:     0x70474feea3d4 - clone
[INFO] [stdout]   21:                0x0 - <unknown>
[INFO] [stdout] 
[INFO] [stdout] 
[INFO] [stdout] failures:
[INFO] [stdout]     workspace_stop_condition_guard_holds
[INFO] [stdout]     workspace_summary_cross_package_references_stay_registered
[INFO] [stdout] 
[INFO] [stdout] test result: FAILED. 3 passed; 2 failed; 0 ignored; 0 measured; 0 filtered out; finished in 0.00s
[INFO] [stdout] 
[INFO] [stderr] error: test failed, to rerun pass `--test workspace_summary_guard`
[INFO] running `Command { std: "docker" "inspect" "0988a4648ae497fa3b89fab728897e0c27552cf1192ecedec1944892594bd9e9", kill_on_drop: false }`
[INFO] running `Command { std: "docker" "rm" "-f" "0988a4648ae497fa3b89fab728897e0c27552cf1192ecedec1944892594bd9e9", kill_on_drop: false }`
[INFO] [stdout] 0988a4648ae497fa3b89fab728897e0c27552cf1192ecedec1944892594bd9e9
