[INFO] fetching crate rust_mysqldump 0.1.1...
[INFO] testing rust_mysqldump-0.1.1 against 1.99.0-beta.8+cargoflags=--release for beta-release-1.100-2
[INFO] extracting crate rust_mysqldump 0.1.1 into /workspace/builds/worker-5-tc1/source
[INFO] started tweaking crates.io crate rust_mysqldump 0.1.1
[INFO] finished tweaking crates.io crate rust_mysqldump 0.1.1
[INFO] tweaked toml for crates.io crate rust_mysqldump 0.1.1 written to /workspace/builds/worker-5-tc1/source/Cargo.toml
[INFO] validating manifest of crates.io crate rust_mysqldump 0.1.1 on toolchain 1.99.0-beta.8
[INFO] running `Command { std: CARGO_HOME="/workspace/cargo-home" RUSTUP_HOME="/workspace/rustup-home" "/workspace/cargo-home/bin/cargo" "+1.99.0-beta.8" "metadata" "--manifest-path" "Cargo.toml" "--no-deps", kill_on_drop: false }`
[INFO] crate crates.io crate rust_mysqldump 0.1.1 already has a lockfile, it will not be regenerated
[INFO] running `Command { std: CARGO_HOME="/workspace/cargo-home" RUSTUP_HOME="/workspace/rustup-home" "/workspace/cargo-home/bin/cargo" "+1.99.0-beta.8" "fetch" "--manifest-path" "Cargo.toml", kill_on_drop: false }`
[INFO] [stderr]     Updating crates.io index
[INFO] [stderr]     Blocking waiting for file lock on package cache
[INFO] [stderr]  Downloading crates ...
[INFO] [stderr]   Downloaded thiserror v1.0.50
[INFO] [stderr]   Downloaded zip v0.5.13
[INFO] [stderr]   Downloaded thiserror-impl v1.0.50
[INFO] [stderr]   Downloaded errno v0.3.7
[INFO] [stderr]   Downloaded pem v2.0.1
[INFO] [stderr]   Downloaded tempfile v3.8.1
[INFO] [stderr]   Downloaded csv-core v0.1.11
[INFO] [stderr]   Downloaded cli-table-derive v0.4.5
[INFO] [stderr]   Downloaded cli-table v0.4.7
[INFO] [stderr]   Downloaded hermit-abi v0.3.3
[INFO] [stderr]   Downloaded saturating v0.1.0
[INFO] [stderr]   Downloaded cpufeatures v0.2.11
[INFO] [stderr]   Downloaded named_pipe v0.4.1
[INFO] [stderr]   Downloaded getrandom v0.2.11
[INFO] [stderr]   Downloaded twox-hash v1.6.3
[INFO] [stderr]   Downloaded smallvec v1.11.2
[INFO] [stderr]   Downloaded frunk_proc_macro_helpers v0.1.2
[INFO] [stderr]   Downloaded frunk_proc_macros v0.1.2
[INFO] [stderr]   Downloaded bytecheck v0.6.11
[INFO] [stderr]   Downloaded shlex v1.2.0
[INFO] [stderr]   Downloaded lru v0.10.1
[INFO] [stderr]   Downloaded darling_macro v0.20.3
[INFO] [stderr]   Downloaded is-terminal v0.4.9
[INFO] [stderr]   Downloaded frunk_derives v0.4.2
[INFO] [stderr]   Downloaded derive_utils v0.13.2
[INFO] [stderr]   Downloaded syn_derive v0.1.8
[INFO] [stderr]   Downloaded bufstream v0.1.4
[INFO] [stderr]   Downloaded mysql-common-derive v0.30.2
[INFO] [stderr]   Downloaded crossbeam v0.8.2
[INFO] [stderr]   Downloaded io-enum v1.1.1
[INFO] [stderr]   Downloaded bytecheck_derive v0.6.11
[INFO] [stderr]   Downloaded rend v0.4.1
[INFO] [stderr]   Downloaded proc-macro-crate v2.0.0
[INFO] [stderr]   Downloaded signal-hook-registry v1.4.1
[INFO] [stderr]   Downloaded deranged v0.3.9
[INFO] [stderr]   Downloaded lexical v6.1.1
[INFO] [stderr]   Downloaded cmake v0.1.50
[INFO] [stderr]   Downloaded crossbeam-queue v0.3.8
[INFO] [stderr]   Downloaded memoffset v0.9.0
[INFO] [stderr]   Downloaded num-integer v0.1.45
[INFO] [stderr]   Downloaded unicode-width v0.1.11
[INFO] [stderr]   Downloaded bigdecimal v0.3.1
[INFO] [stderr]   Downloaded lexical-core v0.8.5
[INFO] [stderr]   Downloaded simdutf8 v0.1.4
[INFO] [stderr]   Downloaded crossbeam-deque v0.8.3
[INFO] [stderr]   Downloaded colored v2.0.4
[INFO] [stderr]   Downloaded rkyv_derive v0.7.42
[INFO] [stderr]   Downloaded termcolor v1.4.0
[INFO] [stderr]   Downloaded time-macros v0.2.15
[INFO] [stderr]   Downloaded bitflags v2.4.1
[INFO] [stderr]   Downloaded proc-macro2 v1.0.70
[INFO] [stderr]   Downloaded quote v1.0.33
[INFO] [stderr]   Downloaded lexical-parse-integer v0.8.6
[INFO] [stderr]   Downloaded frunk_core v0.4.2
[INFO] [stderr]   Downloaded crossbeam-utils v0.8.16
[INFO] [stderr]   Downloaded ahash v0.7.7
[INFO] [stderr]   Downloaded borsh-derive v1.2.0
[INFO] [stderr]   Downloaded darling v0.20.3
[INFO] [stderr]   Downloaded ahash v0.8.6
[INFO] [stderr]   Downloaded crossbeam-epoch v0.9.15
[INFO] [stderr]   Downloaded crc32fast v1.3.2
[INFO] [stderr]   Downloaded uuid v1.6.1
[INFO] [stderr]   Downloaded subprocess v0.2.9
[INFO] [stderr]   Downloaded serde v1.0.193
[INFO] [stderr]   Downloaded openssl-sys v0.9.96
[INFO] [stderr]   Downloaded clang-sys v1.6.1
[INFO] [stderr]   Downloaded frunk v0.4.2
[INFO] [stderr]   Downloaded num-traits v0.2.17
[INFO] [stderr]   Downloaded lexical-write-integer v0.8.5
[INFO] [stderr]   Downloaded darling_core v0.20.3
[INFO] [stderr]   Downloaded flate2 v1.0.28
[INFO] [stderr]   Downloaded serde_derive v1.0.193
[INFO] [stderr]   Downloaded base64 v0.21.5
[INFO] [stderr]   Downloaded borsh v1.2.0
[INFO] [stderr]   Downloaded indexmap v2.1.0
[INFO] [stderr]   Downloaded mysql v24.0.0
[INFO] [stderr]   Downloaded lexical-util v0.8.5
[INFO] [stderr]   Downloaded memchr v2.6.4
[INFO] [stderr]   Downloaded mio v0.8.9
[INFO] [stderr]   Downloaded lexical-write-float v0.8.5
[INFO] [stderr]   Downloaded crossbeam-channel v0.5.8
[INFO] [stderr]   Downloaded num-bigint v0.4.4
[INFO] [stderr]   Downloaded rkyv v0.7.42
[INFO] [stderr]   Downloaded toml_edit v0.20.7
[INFO] [stderr]   Downloaded serde_json v1.0.108
[INFO] [stderr]   Downloaded time v0.3.30
[INFO] [stderr]   Downloaded rust_decimal v1.33.1
[INFO] [stderr]   Downloaded hashbrown v0.14.2
[INFO] [stderr]   Downloaded winnow v0.5.19
[INFO] [stderr]   Downloaded zerocopy v0.7.26
[INFO] [stderr]   Downloaded mysql_common v0.30.6
[INFO] [stderr]   Downloaded lexical-parse-float v0.8.5
[INFO] [stderr]   Downloaded syn v2.0.39
[INFO] [stderr]   Downloaded bindgen v0.69.1
[INFO] [stderr]   Downloaded openssl v0.10.60
[INFO] [stderr]   Downloaded regex v1.10.2
[INFO] [stderr]   Downloaded object v0.32.1
[INFO] [stderr]   Downloaded rustix v0.38.25
[INFO] [stderr]   Downloaded zerocopy-derive v0.7.26
[INFO] [stderr]   Downloaded regex-automata v0.4.3
[INFO] [stderr]   Downloaded bzip2-sys v0.1.11+1.0.8
[INFO] [stderr]   Downloaded libc v0.2.150
[INFO] [stderr]   Downloaded tokio v1.34.0
[INFO] [stderr]   Downloaded csv v1.3.0
[INFO] [stderr]   Downloaded linux-raw-sys v0.4.11
[INFO] [stderr]   Downloaded libz-sys v1.1.12
[INFO] running `Command { std: "docker" "create" "-v" "/var/lib/crater-agent-workspace/builds/worker-5-tc1/source:/opt/rustwide/workdir:ro,Z" "-v" "/var/lib/crater-agent-workspace/builds/worker-5-tc1/target:/opt/rustwide/target:rw,Z" "-v" "/var/lib/crater-agent-workspace/cargo-home:/opt/rustwide/cargo-home:ro,Z" "-v" "/var/lib/crater-agent-workspace/rustup-home:/opt/rustwide/rustup-home:ro,Z" "-m" "1610612736" "--network" "none" "ghcr.io/rust-lang/crates-build-env/linux@sha256:77db811e55d90add9212f6832c23229e3de5f1c1f9905e8cb07319ea15df73ac" "sleep" "infinity", kill_on_drop: false }`
[INFO] [stdout] 193475ba79d4bc6ebc081a669c55579b2de9a03727f8f6126582e754d926e3de
[INFO] running `Command { std: "docker" "start" "193475ba79d4bc6ebc081a669c55579b2de9a03727f8f6126582e754d926e3de", kill_on_drop: false }`
[INFO] running `Command { std: "docker" "inspect" "193475ba79d4bc6ebc081a669c55579b2de9a03727f8f6126582e754d926e3de", kill_on_drop: false }`
[INFO] running `Command { std: "docker" "exec" "-e" "SOURCE_DIR=/opt/rustwide/workdir" "-e" "CARGO_HOME=/opt/rustwide/cargo-home" "-e" "RUSTUP_HOME=/opt/rustwide/rustup-home" "-e" "CARGO_TARGET_DIR=/opt/rustwide/target" "-w" "/opt/rustwide/workdir" "--user" "0:0" "193475ba79d4bc6ebc081a669c55579b2de9a03727f8f6126582e754d926e3de" "/opt/rustwide/cargo-home/bin/cargo" "+1.99.0-beta.8" "metadata" "--no-deps" "--format-version=1", kill_on_drop: false }`
[INFO] running `Command { std: "docker" "inspect" "193475ba79d4bc6ebc081a669c55579b2de9a03727f8f6126582e754d926e3de", kill_on_drop: false }`
[INFO] running `Command { std: "docker" "exec" "-e" "SOURCE_DIR=/opt/rustwide/workdir" "-e" "CARGO_HOME=/opt/rustwide/cargo-home" "-e" "RUSTUP_HOME=/opt/rustwide/rustup-home" "-e" "CARGO_TARGET_DIR=/opt/rustwide/target" "-e" "CARGO_INCREMENTAL=0" "-e" "RUST_BACKTRACE=full" "-e" "RUSTFLAGS=--cap-lints=warn" "-e" "RUSTDOCFLAGS=--cap-lints=warn" "-w" "/opt/rustwide/workdir" "--user" "0:0" "193475ba79d4bc6ebc081a669c55579b2de9a03727f8f6126582e754d926e3de" "/opt/rustwide/cargo-home/bin/cargo" "+1.99.0-beta.8" "build" "--frozen" "--message-format=json" "--release", kill_on_drop: false }`
[INFO] [stderr]    Compiling libc v0.2.150
[INFO] [stderr]    Compiling proc-macro2 v1.0.70
[INFO] [stderr]    Compiling unicode-ident v1.0.12
[INFO] [stderr]    Compiling autocfg v1.1.0
[INFO] [stderr]    Compiling version_check v0.9.4
[INFO] [stderr]    Compiling pkg-config v0.3.27
[INFO] [stderr]    Compiling typenum v1.17.0
[INFO] [stderr]    Compiling glob v0.3.1
[INFO] [stderr]    Compiling thiserror v1.0.50
[INFO] [stderr]    Compiling crossbeam-utils v0.8.16
[INFO] [stderr]    Compiling memchr v2.6.4
[INFO] [stderr]    Compiling serde v1.0.193
[INFO] [stderr]    Compiling syn v1.0.109
[INFO] [stderr]    Compiling lexical-util v0.8.5
[INFO] [stderr]    Compiling bitflags v2.4.1
[INFO] [stderr]    Compiling cfg-if v1.0.0
[INFO] [stderr]    Compiling regex-syntax v0.8.2
[INFO] [stderr]    Compiling minimal-lexical v0.2.1
[INFO] [stderr]    Compiling libloading v0.7.4
[INFO] [stderr]    Compiling ident_case v1.0.1
[INFO] [stderr]    Compiling clang-sys v1.6.1
[INFO] [stderr]    Compiling num-traits v0.2.17
[INFO] [stderr]    Compiling num-bigint v0.4.4
[INFO] [stderr]    Compiling memoffset v0.9.0
[INFO] [stderr]    Compiling generic-array v0.14.7
[INFO] [stderr]    Compiling proc-macro-error-attr v1.0.4
[INFO] [stderr]    Compiling num-integer v0.1.45
[INFO] [stderr]    Compiling bindgen v0.69.1
[INFO] [stderr]    Compiling crc32fast v1.3.2
[INFO] [stderr]    Compiling hashbrown v0.14.2
[INFO] [stderr]    Compiling frunk_core v0.4.2
[INFO] [stderr]    Compiling strsim v0.10.0
[INFO] [stderr]    Compiling fnv v1.0.7
[INFO] [stderr]    Compiling once_cell v1.18.0
[INFO] [stderr]    Compiling equivalent v1.0.1
[INFO] [stderr]    Compiling nom v7.1.3
[INFO] [stderr]    Compiling lexical-parse-integer v0.8.6
[INFO] [stderr]    Compiling lexical-write-integer v0.8.5
[INFO] [stderr]    Compiling quote v1.0.33
[INFO] [stderr]    Compiling getrandom v0.2.11
[INFO] [stderr]    Compiling ahash v0.8.6
[INFO] [stderr]    Compiling cc v1.0.83
[INFO] [stderr]    Compiling proc-macro-error v1.0.4
[INFO] [stderr]    Compiling crossbeam-epoch v0.9.15
[INFO] [stderr]    Compiling winnow v0.5.19
[INFO] [stderr]    Compiling syn v2.0.39
[INFO] [stderr]    Compiling rand_core v0.6.4
[INFO] [stderr]    Compiling lazycell v1.3.0
[INFO] [stderr]    Compiling smallvec v1.11.2
[INFO] [stderr]    Compiling ppv-lite86 v0.2.17
[INFO] [stderr]    Compiling indexmap v2.1.0
[INFO] [stderr]    Compiling shlex v1.2.0
[INFO] [stderr]    Compiling peeking_take_while v0.1.2
[INFO] [stderr]    Compiling itoa v1.0.9
[INFO] [stderr]    Compiling tinyvec_macros v0.1.1
[INFO] [stderr]    Compiling adler v1.0.2
[INFO] [stderr]    Compiling radium v0.7.0
[INFO] [stderr]    Compiling toml_datetime v0.6.5
[INFO] [stderr]    Compiling ryu v1.0.15
[INFO] [stderr]    Compiling rustc-hash v1.1.0
[INFO] [stderr]    Compiling lazy_static v1.4.0
[INFO] [stderr]    Compiling rand_chacha v0.3.1
[INFO] [stderr]    Compiling miniz_oxide v0.7.1
[INFO] [stderr]    Compiling crypto-common v0.1.6
[INFO] [stderr]    Compiling block-buffer v0.10.4
[INFO] [stderr]    Compiling tinyvec v1.6.0
[INFO] [stderr]    Compiling cmake v0.1.50
[INFO] [stderr]    Compiling openssl-sys v0.9.96
[INFO] [stderr]    Compiling libz-sys v1.1.12
[INFO] [stderr]    Compiling bzip2-sys v0.1.11+1.0.8
[INFO] [stderr]    Compiling regex-automata v0.4.3
[INFO] [stderr]    Compiling digest v0.10.7
[INFO] [stderr]    Compiling lexical-parse-float v0.8.5
[INFO] [stderr]    Compiling subprocess v0.2.9
[INFO] [stderr]    Compiling lexical-write-float v0.8.5
[INFO] [stderr]    Compiling cexpr v0.6.0
[INFO] [stderr]    Compiling aho-corasick v1.1.2
[INFO] [stderr]    Compiling lock_api v0.4.11
[INFO] [stderr]    Compiling rust_decimal v1.33.1
[INFO] [stderr]    Compiling cpufeatures v0.2.11
[INFO] [stderr]    Compiling openssl v0.10.60
[INFO] [stderr]    Compiling parking_lot_core v0.9.9
[INFO] [stderr]    Compiling rustix v0.38.25
[INFO] [stderr]    Compiling toml_edit v0.19.15
[INFO] [stderr]    Compiling tap v1.0.1
[INFO] [stderr]    Compiling crossbeam-queue v0.3.8
[INFO] [stderr]    Compiling zerocopy v0.7.26
[INFO] [stderr]    Compiling serde_json v1.0.108
[INFO] [stderr]    Compiling unicode-normalization v0.1.22
[INFO] [stderr]    Compiling wyz v0.5.1
[INFO] [stderr]    Compiling lexical-core v0.8.5
[INFO] [stderr]    Compiling deranged v0.3.9
[INFO] [stderr]    Compiling regex v1.10.2
[INFO] [stderr]    Compiling flate2 v1.0.28
[INFO] [stderr]    Compiling rand v0.8.5
[INFO] [stderr]    Compiling native-tls v0.2.11
[INFO] [stderr]    Compiling bytes v1.5.0
[INFO] [stderr]    Compiling heck v0.4.1
[INFO] [stderr]    Compiling funty v2.0.0
[INFO] [stderr]    Compiling base64 v0.21.5
[INFO] [stderr]    Compiling termcolor v1.4.0
[INFO] [stderr]    Compiling time-core v0.1.2
[INFO] [stderr]    Compiling linux-raw-sys v0.4.11
[INFO] [stderr]    Compiling arrayvec v0.7.4
[INFO] [stderr]    Compiling unicode-bidi v0.3.13
[INFO] [stderr]    Compiling percent-encoding v2.3.1
[INFO] [stderr]    Compiling form_urlencoded v1.2.1
[INFO] [stderr]    Compiling time v0.3.30
[INFO] [stderr]    Compiling idna v0.5.0
[INFO] [stderr]    Compiling proc-macro-crate v1.3.1
[INFO] [stderr]    Compiling bitvec v1.0.1
[INFO] [stderr]    Compiling crossbeam-deque v0.8.3
[INFO] [stderr]    Compiling hashbrown v0.13.2
[INFO] [stderr]    Compiling frunk_proc_macro_helpers v0.1.2
[INFO] [stderr]    Compiling darling_core v0.20.3
[INFO] [stderr]    Compiling bigdecimal v0.3.1
[INFO] [stderr]    Compiling derive_utils v0.13.2
[INFO] [stderr]    Compiling lexical v6.1.1
[INFO] [stderr]    Compiling sha1 v0.10.6
[INFO] [stderr]    Compiling sha2 v0.10.8
[INFO] [stderr]    Compiling socket2 v0.5.5
[INFO] [stderr]    Compiling csv-core v0.1.11
[INFO] [stderr]    Compiling crossbeam-channel v0.5.8
[INFO] [stderr]    Compiling log v0.4.20
[INFO] [stderr]    Compiling openssl-probe v0.1.5
[INFO] [stderr]    Compiling mysql v24.0.0
[INFO] [stderr]    Compiling saturating v0.1.0
[INFO] [stderr]    Compiling uuid v1.6.1
[INFO] [stderr]    Compiling parking_lot v0.12.1
[INFO] [stderr]    Compiling lru v0.10.1
[INFO] [stderr]    Compiling is-terminal v0.4.9
[INFO] [stderr]    Compiling bzip2 v0.4.4
[INFO] [stderr]    Compiling url v2.5.0
[INFO] [stderr]    Compiling serde_derive v1.0.193
[INFO] [stderr]    Compiling thiserror-impl v1.0.50
[INFO] [stderr]    Compiling frunk_derives v0.4.2
[INFO] [stderr]    Compiling frunk_proc_macros v0.1.2
[INFO] [stderr]    Compiling openssl-macros v0.1.1
[INFO] [stderr]    Compiling crossbeam v0.8.2
[INFO] [stderr]    Compiling tokio-macros v2.2.0
[INFO] [stderr]    Compiling frunk v0.4.2
[INFO] [stderr]    Compiling io-enum v1.1.1
[INFO] [stderr]    Compiling twox-hash v1.6.3
[INFO] [stderr]    Compiling pem v2.0.1
[INFO] [stderr]    Compiling cli-table-derive v0.4.5
[INFO] [stderr]    Compiling signal-hook-registry v1.4.1
[INFO] [stderr]    Compiling mio v0.8.9
[INFO] [stderr]    Compiling time v0.1.45
[INFO] [stderr]    Compiling num_cpus v1.16.0
[INFO] [stderr]    Compiling darling_macro v0.20.3
[INFO] [stderr]    Compiling bufstream v0.1.4
[INFO] [stderr]    Compiling pin-project-lite v0.2.13
[INFO] [stderr]    Compiling unicode-width v0.1.11
[INFO] [stderr]    Compiling tokio v1.34.0
[INFO] [stderr]    Compiling darling v0.20.3
[INFO] [stderr]    Compiling zip v0.5.13
[INFO] [stderr]    Compiling mysql-common-derive v0.30.2
[INFO] [stderr]    Compiling colored v2.0.4
[INFO] [stderr]    Compiling dotenv v0.15.0
[INFO] [stderr]    Compiling mysql_common v0.30.6
[INFO] [stderr]    Compiling csv v1.3.0
[INFO] [stderr]    Compiling cli-table v0.4.7
[INFO] [stderr]    Compiling rust_mysqldump v0.1.1 (/opt/rustwide/workdir)
[INFO] [stderr]     Finished `release` profile [optimized] target(s) in 1m 40s
[INFO] running `Command { std: "docker" "inspect" "193475ba79d4bc6ebc081a669c55579b2de9a03727f8f6126582e754d926e3de", kill_on_drop: false }`
[INFO] running `Command { std: "docker" "exec" "-e" "SOURCE_DIR=/opt/rustwide/workdir" "-e" "CARGO_HOME=/opt/rustwide/cargo-home" "-e" "RUSTUP_HOME=/opt/rustwide/rustup-home" "-e" "CARGO_TARGET_DIR=/opt/rustwide/target" "-e" "CARGO_INCREMENTAL=0" "-e" "RUST_BACKTRACE=full" "-e" "RUSTFLAGS=--cap-lints=warn" "-e" "RUSTDOCFLAGS=--cap-lints=warn" "-w" "/opt/rustwide/workdir" "--user" "0:0" "193475ba79d4bc6ebc081a669c55579b2de9a03727f8f6126582e754d926e3de" "/opt/rustwide/cargo-home/bin/cargo" "+1.99.0-beta.8" "test" "--frozen" "--no-run" "--message-format=json" "--release", kill_on_drop: false }`
[INFO] [stderr]    Compiling rust_mysqldump v0.1.1 (/opt/rustwide/workdir)
[INFO] [stderr]     Finished `release` profile [optimized] target(s) in 1.77s
[INFO] running `Command { std: "docker" "inspect" "193475ba79d4bc6ebc081a669c55579b2de9a03727f8f6126582e754d926e3de", kill_on_drop: false }`
[INFO] running `Command { std: "docker" "exec" "-e" "SOURCE_DIR=/opt/rustwide/workdir" "-e" "CARGO_HOME=/opt/rustwide/cargo-home" "-e" "RUSTUP_HOME=/opt/rustwide/rustup-home" "-e" "CARGO_TARGET_DIR=/opt/rustwide/target" "-e" "CARGO_INCREMENTAL=0" "-e" "RUST_BACKTRACE=full" "-e" "RUSTFLAGS=--cap-lints=warn" "-e" "RUSTDOCFLAGS=--cap-lints=warn" "-w" "/opt/rustwide/workdir" "--user" "0:0" "193475ba79d4bc6ebc081a669c55579b2de9a03727f8f6126582e754d926e3de" "/opt/rustwide/cargo-home/bin/cargo" "+1.99.0-beta.8" "test" "--frozen" "--release", kill_on_drop: false }`
[INFO] [stderr]     Finished `release` profile [optimized] target(s) in 0.18s
[INFO] [stderr]      Running unittests src/main.rs (/opt/rustwide/target/release/deps/rust_mysqldump-9f5c5d4103981e91)
[INFO] [stdout] 
[INFO] [stdout] running 1 test
[INFO] [stdout] test test_get_databases ... FAILED
[INFO] [stderr] error: test failed, to rerun pass `--bin rust_mysqldump`
[INFO] [stdout] 
[INFO] [stdout] failures:
[INFO] [stdout] 
[INFO] [stdout] ---- test_get_databases stdout ----
[INFO] [stdout] 
[INFO] [stdout] thread 'test_get_databases' (3653) panicked at src/main.rs:120:36:
[INFO] [stdout] called `Result::unwrap()` on an `Err` value: DriverError { Could not connect to address `127.0.0.1:3306': Connection refused (os error 111) }
[INFO] [stdout] stack backtrace:
[INFO] [stdout]    0:     0x5668fcdbb661 - <<std[70759c8f55707aa4]::sys::backtrace::BacktraceLock>::print::DisplayBacktrace as core[df12db4294e9bfd3]::fmt::Display>::fmt
[INFO] [stdout]    1:     0x5668fcdd2dba - core[df12db4294e9bfd3]::fmt::write
[INFO] [stdout]    2:     0x5668fcdc020c - <alloc[2182bb758b4b3781]::vec::Vec<u8> as core[df12db4294e9bfd3]::io::write::Write>::write_fmt
[INFO] [stdout]    3:     0x5668fcd96026 - std[70759c8f55707aa4]::panicking::default_hook::{closure#0}
[INFO] [stdout]    4:     0x5668fcdb3159 - std[70759c8f55707aa4]::panicking::default_hook
[INFO] [stdout]    5:     0x5668fcc03a60 - test[9d35eded1c95d3be]::test_main_inner::<test[9d35eded1c95d3be]::test_main_static::{closure#0}>::{closure#0}
[INFO] [stdout]    6:     0x5668fcdb3482 - std[70759c8f55707aa4]::panicking::panic_with_hook
[INFO] [stdout]    7:     0x5668fcd960d2 - std[70759c8f55707aa4]::panicking::panic_handler::{closure#0}
[INFO] [stdout]    8:     0x5668fcd8e9a9 - std[70759c8f55707aa4]::sys::backtrace::__rust_end_short_backtrace::<std[70759c8f55707aa4]::panicking::panic_handler::{closure#0}, !>
[INFO] [stdout]    9:     0x5668fcd96f5d - __rustc[8fa7c3cbc660c2b3]::rust_begin_unwind
[INFO] [stdout]   10:     0x5668fcdd359c - core[df12db4294e9bfd3]::panicking::panic_fmt
[INFO] [stdout]   11:     0x5668fcdd3372 - core[df12db4294e9bfd3]::result::unwrap_failed
[INFO] [stdout]   12:     0x5668fcbf37cf - rust_mysqldump[33d7540486b9a6ca]::test_get_databases::{closure#0}
[INFO] [stdout]   13:     0x5668fcbf1e3e - <tokio[3307945840cd627a]::runtime::park::CachedParkThread>::block_on::<rust_mysqldump[33d7540486b9a6ca]::test_get_databases::{closure#0}>
[INFO] [stdout]   14:     0x5668fcbec85f - tokio[3307945840cd627a]::runtime::context::runtime::enter_runtime::<<tokio[3307945840cd627a]::runtime::scheduler::multi_thread::MultiThread>::block_on<rust_mysqldump[33d7540486b9a6ca]::test_get_databases::{closure#0}>::{closure#0}, ()>
[INFO] [stdout]   15:     0x5668fcbf1a89 - <rust_mysqldump[33d7540486b9a6ca]::test_get_databases::{closure#0} as core[df12db4294e9bfd3]::ops::function::FnOnce<()>>::call_once
[INFO] [stdout]   16:     0x5668fcbf6d4b - test[9d35eded1c95d3be]::__rust_begin_short_backtrace::<core[df12db4294e9bfd3]::result::Result<(), alloc[2182bb758b4b3781]::string::String>, fn() -> core[df12db4294e9bfd3]::result::Result<(), alloc[2182bb758b4b3781]::string::String>>
[INFO] [stdout]   17:     0x5668fcc043b5 - test[9d35eded1c95d3be]::run_test::{closure#0}
[INFO] [stdout]   18:     0x5668fcbfdc74 - std[70759c8f55707aa4]::sys::backtrace::__rust_begin_short_backtrace::<test[9d35eded1c95d3be]::run_test::{closure#1}, ()>
[INFO] [stdout]   19:     0x5668fcc07512 - <std[70759c8f55707aa4]::thread::lifecycle::spawn_unchecked<test[9d35eded1c95d3be]::run_test::{closure#1}, ()>::{closure#1} as core[df12db4294e9bfd3]::ops::function::FnOnce<()>>::call_once::{shim:vtable#0}
[INFO] [stdout]   20:     0x5668fcdba869 - <std[70759c8f55707aa4]::sys::thread::unix::Thread>::new::thread_start
[INFO] [stdout]   21:     0x7f20a829fdfa - <unknown>
[INFO] [stdout]   22:     0x7f20a83333d4 - clone
[INFO] [stdout]   23:                0x0 - <unknown>
[INFO] [stdout] 
[INFO] [stdout] 
[INFO] [stdout] failures:
[INFO] [stdout]     test_get_databases
[INFO] [stdout] 
[INFO] [stdout] test result: FAILED. 0 passed; 1 failed; 0 ignored; 0 measured; 0 filtered out; finished in 0.11s
[INFO] [stdout] 
[INFO] running `Command { std: "docker" "inspect" "193475ba79d4bc6ebc081a669c55579b2de9a03727f8f6126582e754d926e3de", kill_on_drop: false }`
[INFO] running `Command { std: "docker" "rm" "-f" "193475ba79d4bc6ebc081a669c55579b2de9a03727f8f6126582e754d926e3de", kill_on_drop: false }`
[INFO] [stdout] 193475ba79d4bc6ebc081a669c55579b2de9a03727f8f6126582e754d926e3de
