[INFO] fetching crate rust_ledger 0.8.0...
[INFO] testing rust_ledger-0.8.0 against 1.99.0-beta.8+cargoflags=--release for beta-release-1.100-2
[INFO] extracting crate rust_ledger 0.8.0 into /workspace/builds/worker-3-tc1/source
[INFO] started tweaking crates.io crate rust_ledger 0.8.0
[INFO] finished tweaking crates.io crate rust_ledger 0.8.0
[INFO] tweaked toml for crates.io crate rust_ledger 0.8.0 written to /workspace/builds/worker-3-tc1/source/Cargo.toml
[INFO] validating manifest of crates.io crate rust_ledger 0.8.0 on toolchain 1.99.0-beta.8
[INFO] running `Command { std: CARGO_HOME="/workspace/cargo-home" RUSTUP_HOME="/workspace/rustup-home" "/workspace/cargo-home/bin/cargo" "+1.99.0-beta.8" "metadata" "--manifest-path" "Cargo.toml" "--no-deps", kill_on_drop: false }`
[INFO] crate crates.io crate rust_ledger 0.8.0 already has a lockfile, it will not be regenerated
[INFO] running `Command { std: CARGO_HOME="/workspace/cargo-home" RUSTUP_HOME="/workspace/rustup-home" "/workspace/cargo-home/bin/cargo" "+1.99.0-beta.8" "fetch" "--manifest-path" "Cargo.toml", kill_on_drop: false }`
[INFO] [stderr]     Updating crates.io index
[INFO] [stderr]  Downloading crates ...
[INFO] [stderr]   Downloaded prettytable-rs v0.8.0
[INFO] [stderr]   Downloaded rusty-money v0.4.1
[INFO] [stderr]   Downloaded serde_yaml v0.8.20
[INFO] [stderr]   Downloaded rust_decimal_macros v1.15.0
[INFO] [stderr]   Downloaded predicates-core v1.0.2
[INFO] [stderr]   Downloaded predicates-tree v1.0.3
[INFO] [stderr]   Downloaded assert_cmd v2.0.0
[INFO] [stderr]   Downloaded predicates v2.0.2
[INFO] [stderr]   Downloaded rust_decimal v1.15.0
[INFO] [stderr]   Downloaded treeline v0.1.0
[INFO] [stderr]   Downloaded bstr v0.2.16
[INFO] running `Command { std: "docker" "create" "-v" "/var/lib/crater-agent-workspace/builds/worker-3-tc1/source:/opt/rustwide/workdir:ro,Z" "-v" "/var/lib/crater-agent-workspace/builds/worker-3-tc1/target:/opt/rustwide/target:rw,Z" "-v" "/var/lib/crater-agent-workspace/cargo-home:/opt/rustwide/cargo-home:ro,Z" "-v" "/var/lib/crater-agent-workspace/rustup-home:/opt/rustwide/rustup-home:ro,Z" "-m" "1610612736" "--network" "none" "ghcr.io/rust-lang/crates-build-env/linux@sha256:77db811e55d90add9212f6832c23229e3de5f1c1f9905e8cb07319ea15df73ac" "sleep" "infinity", kill_on_drop: false }`
[INFO] [stdout] 73d4c6d822a14cc442550b9749b33cda072313864bfd1fc2ed2f22f76cd481fa
[INFO] running `Command { std: "docker" "start" "73d4c6d822a14cc442550b9749b33cda072313864bfd1fc2ed2f22f76cd481fa", kill_on_drop: false }`
[INFO] running `Command { std: "docker" "inspect" "73d4c6d822a14cc442550b9749b33cda072313864bfd1fc2ed2f22f76cd481fa", kill_on_drop: false }`
[INFO] running `Command { std: "docker" "exec" "-e" "SOURCE_DIR=/opt/rustwide/workdir" "-e" "CARGO_HOME=/opt/rustwide/cargo-home" "-e" "RUSTUP_HOME=/opt/rustwide/rustup-home" "-e" "CARGO_TARGET_DIR=/opt/rustwide/target" "-w" "/opt/rustwide/workdir" "--user" "0:0" "73d4c6d822a14cc442550b9749b33cda072313864bfd1fc2ed2f22f76cd481fa" "/opt/rustwide/cargo-home/bin/cargo" "+1.99.0-beta.8" "metadata" "--no-deps" "--format-version=1", kill_on_drop: false }`
[INFO] running `Command { std: "docker" "inspect" "73d4c6d822a14cc442550b9749b33cda072313864bfd1fc2ed2f22f76cd481fa", kill_on_drop: false }`
[INFO] running `Command { std: "docker" "exec" "-e" "SOURCE_DIR=/opt/rustwide/workdir" "-e" "CARGO_HOME=/opt/rustwide/cargo-home" "-e" "RUSTUP_HOME=/opt/rustwide/rustup-home" "-e" "CARGO_TARGET_DIR=/opt/rustwide/target" "-e" "CARGO_INCREMENTAL=0" "-e" "RUST_BACKTRACE=full" "-e" "RUSTFLAGS=--cap-lints=warn" "-e" "RUSTDOCFLAGS=--cap-lints=warn" "-w" "/opt/rustwide/workdir" "--user" "0:0" "73d4c6d822a14cc442550b9749b33cda072313864bfd1fc2ed2f22f76cd481fa" "/opt/rustwide/cargo-home/bin/cargo" "+1.99.0-beta.8" "build" "--frozen" "--message-format=json" "--release", kill_on_drop: false }`
[INFO] [stderr]    Compiling proc-macro2 v1.0.29
[INFO] [stderr]    Compiling syn v1.0.75
[INFO] [stderr]    Compiling serde v1.0.130
[INFO] [stderr]    Compiling serde_derive v1.0.130
[INFO] [stderr]    Compiling num-traits v0.2.14
[INFO] [stderr]    Compiling libc v0.2.101
[INFO] [stderr]    Compiling memchr v2.4.1
[INFO] [stderr]    Compiling ryu v1.0.5
[INFO] [stderr]    Compiling num-integer v0.1.44
[INFO] [stderr]    Compiling unicode-width v0.1.8
[INFO] [stderr]    Compiling arrayvec v0.5.2
[INFO] [stderr]    Compiling yaml-rust v0.4.5
[INFO] [stderr]    Compiling textwrap v0.11.0
[INFO] [stderr]    Compiling csv-core v0.1.10
[INFO] [stderr]    Compiling quote v1.0.9
[INFO] [stderr]    Compiling atty v0.2.14
[INFO] [stderr]    Compiling dirs v1.0.5
[INFO] [stderr]    Compiling time v0.1.44
[INFO] [stderr]    Compiling term v0.5.2
[INFO] [stderr]    Compiling dtoa v0.4.8
[INFO] [stderr]    Compiling encode_unicode v0.3.6
[INFO] [stderr]    Compiling ansi_term v0.11.0
[INFO] [stderr]    Compiling clap v2.33.3
[INFO] [stderr]    Compiling rust_decimal v1.15.0
[INFO] [stderr]    Compiling rust_decimal_macros v1.15.0
[INFO] [stderr]    Compiling bstr v0.2.16
[INFO] [stderr]    Compiling chrono v0.4.19
[INFO] [stderr]    Compiling serde_yaml v0.8.20
[INFO] [stderr]    Compiling rusty-money v0.4.1
[INFO] [stderr]    Compiling csv v1.1.6
[INFO] [stderr]    Compiling prettytable-rs v0.8.0
[INFO] [stderr]    Compiling rust_ledger v0.8.0 (/opt/rustwide/workdir)
[INFO] [stdout] warning: field `description` is never read
[INFO] [stdout]   --> src/cli/csv.rs:14:5
[INFO] [stdout]    |
[INFO] [stdout] 12 | struct Csv {
[INFO] [stdout]    |        --- field in this struct
[INFO] [stdout] 13 |     date: String,
[INFO] [stdout] 14 |     description: String,
[INFO] [stdout]    |     ^^^^^^^^^^^
[INFO] [stdout]    |
[INFO] [stdout]    = note: `Csv` has derived impls for the traits `Clone` and `Debug`, but these are intentionally ignored during dead code analysis
[INFO] [stdout]    = note: `#[warn(dead_code)]` (part of `#[warn(unused)]`) on by default
[INFO] [stdout] 
[INFO] [stdout] 
[INFO] [stderr]     Finished `release` profile [optimized] target(s) in 58.39s
[INFO] running `Command { std: "docker" "inspect" "73d4c6d822a14cc442550b9749b33cda072313864bfd1fc2ed2f22f76cd481fa", kill_on_drop: false }`
[INFO] running `Command { std: "docker" "exec" "-e" "SOURCE_DIR=/opt/rustwide/workdir" "-e" "CARGO_HOME=/opt/rustwide/cargo-home" "-e" "RUSTUP_HOME=/opt/rustwide/rustup-home" "-e" "CARGO_TARGET_DIR=/opt/rustwide/target" "-e" "CARGO_INCREMENTAL=0" "-e" "RUST_BACKTRACE=full" "-e" "RUSTFLAGS=--cap-lints=warn" "-e" "RUSTDOCFLAGS=--cap-lints=warn" "-w" "/opt/rustwide/workdir" "--user" "0:0" "73d4c6d822a14cc442550b9749b33cda072313864bfd1fc2ed2f22f76cd481fa" "/opt/rustwide/cargo-home/bin/cargo" "+1.99.0-beta.8" "test" "--frozen" "--no-run" "--message-format=json" "--release", kill_on_drop: false }`
[INFO] [stderr]    Compiling predicates-core v1.0.2
[INFO] [stderr]    Compiling itertools v0.10.1
[INFO] [stderr]    Compiling treeline v0.1.0
[INFO] [stderr]    Compiling wait-timeout v0.2.0
[INFO] [stdout] warning: field `description` is never read
[INFO] [stdout]   --> src/cli/csv.rs:14:5
[INFO] [stdout]    |
[INFO] [stdout] 12 | struct Csv {
[INFO] [stdout]    |        --- field in this struct
[INFO] [stdout] 13 |     date: String,
[INFO] [stdout] 14 |     description: String,
[INFO] [stdout]    |     ^^^^^^^^^^^
[INFO] [stdout]    |
[INFO] [stdout]    = note: `Csv` has derived impls for the traits `Clone` and `Debug`, but these are intentionally ignored during dead code analysis
[INFO] [stdout]    = note: `#[warn(dead_code)]` (part of `#[warn(unused)]`) on by default
[INFO] [stdout] 
[INFO] [stdout] 
[INFO] [stderr]    Compiling predicates-tree v1.0.3
[INFO] [stderr]    Compiling predicates v2.0.2
[INFO] [stderr]    Compiling assert_cmd v2.0.0
[INFO] [stderr]    Compiling rust_ledger v0.8.0 (/opt/rustwide/workdir)
[INFO] [stdout] warning: field `description` is never read
[INFO] [stdout]   --> src/cli/csv.rs:14:5
[INFO] [stdout]    |
[INFO] [stdout] 12 | struct Csv {
[INFO] [stdout]    |        --- field in this struct
[INFO] [stdout] 13 |     date: String,
[INFO] [stdout] 14 |     description: String,
[INFO] [stdout]    |     ^^^^^^^^^^^
[INFO] [stdout]    |
[INFO] [stdout]    = note: `Csv` has derived impls for the traits `Clone` and `Debug`, but these are intentionally ignored during dead code analysis
[INFO] [stdout]    = note: `#[warn(dead_code)]` (part of `#[warn(unused)]`) on by default
[INFO] [stdout] 
[INFO] [stdout] 
[INFO] [stderr]     Finished `release` profile [optimized] target(s) in 8.05s
[INFO] running `Command { std: "docker" "inspect" "73d4c6d822a14cc442550b9749b33cda072313864bfd1fc2ed2f22f76cd481fa", kill_on_drop: false }`
[INFO] running `Command { std: "docker" "exec" "-e" "SOURCE_DIR=/opt/rustwide/workdir" "-e" "CARGO_HOME=/opt/rustwide/cargo-home" "-e" "RUSTUP_HOME=/opt/rustwide/rustup-home" "-e" "CARGO_TARGET_DIR=/opt/rustwide/target" "-e" "CARGO_INCREMENTAL=0" "-e" "RUST_BACKTRACE=full" "-e" "RUSTFLAGS=--cap-lints=warn" "-e" "RUSTDOCFLAGS=--cap-lints=warn" "-w" "/opt/rustwide/workdir" "--user" "0:0" "73d4c6d822a14cc442550b9749b33cda072313864bfd1fc2ed2f22f76cd481fa" "/opt/rustwide/cargo-home/bin/cargo" "+1.99.0-beta.8" "test" "--frozen" "--release", kill_on_drop: false }`
[INFO] [stderr] warning: field `description` is never read
[INFO] [stderr]   --> src/cli/csv.rs:14:5
[INFO] [stderr]    |
[INFO] [stderr] 12 | struct Csv {
[INFO] [stderr]    |        --- field in this struct
[INFO] [stderr] 13 |     date: String,
[INFO] [stderr] 14 |     description: String,
[INFO] [stderr]    |     ^^^^^^^^^^^
[INFO] [stderr]    |
[INFO] [stderr]    = note: `Csv` has derived impls for the traits `Clone` and `Debug`, but these are intentionally ignored during dead code analysis
[INFO] [stderr]    = note: `#[warn(dead_code)]` (part of `#[warn(unused)]`) on by default
[INFO] [stderr] 
[INFO] [stderr] warning: `rust_ledger` (bin "rust_ledger") generated 1 warning
[INFO] [stderr] warning: `rust_ledger` (bin "rust_ledger" test) generated 1 warning (1 duplicate)
[INFO] [stderr]     Finished `release` profile [optimized] target(s) in 0.07s
[INFO] [stderr]      Running unittests src/main.rs (/opt/rustwide/target/release/deps/rust_ledger-a61695c7cdbad690)
[INFO] [stdout] 
[INFO] [stdout] running 11 tests
[INFO] [stdout] test cli::csv::should_handle_credits ... ok
[INFO] [stdout] test cli::csv::should_handle_debits ... ok
[INFO] [stdout] test cli::csv::account_should_be_income_general ... ok
[INFO] [stdout] test ledger::filter_transactions_by_option_42 ... ok
[INFO] [stdout] test cli::csv::account_should_be_matched_account ... ok
[INFO] [stdout] test cli::csv::positive_csv_amount_should_be_credit ... ok
[INFO] [stdout] test cli::csv::negative_csv_amount_should_be_debit ... ok
[INFO] [stdout] test ledger::flatten_ledger_transactions ... ok
[INFO] [stdout] test ledger::optional_keys ... ok
[INFO] [stdout] test cli::csv::account_should_be_expense_general ... ok
[INFO] [stdout] test ledger::group_map ... ok
[INFO] [stdout] 
[INFO] [stdout] test result: ok. 11 passed; 0 failed; 0 ignored; 0 measured; 0 filtered out; finished in 0.00s
[INFO] [stdout] 
[INFO] [stderr]      Running tests/cli.rs (/opt/rustwide/target/release/deps/cli-7bef87e771fd64b4)
[INFO] [stdout] 
[INFO] [stdout] running 4 tests
[INFO] [stdout] test test::print_budget_to_stdout ... FAILED
[INFO] [stdout] test test::print_register_to_stdout ... FAILED
[INFO] [stdout] test test::print_balances_to_stdout ... FAILED
[INFO] [stdout] test test::print_accounts_to_stdout ... FAILED
[INFO] [stdout] 
[INFO] [stdout] failures:
[INFO] [stdout] 
[INFO] [stdout] ---- test::print_budget_to_stdout stdout ----
[INFO] [stdout] 
[INFO] [stdout] thread 'test::print_budget_to_stdout' (1012) panicked at /opt/rustwide/cargo-home/registry/src/index.crates.io-1949cf8c6b5b557f/assert_cmd-2.0.0/src/assert.rs:124:9:
[INFO] [stdout] Unexpected failure.
[INFO] [stdout] code-<interrupted>
[INFO] [stdout] stderr=```""```
[INFO] [stdout] command=`"/opt/rustwide/target/release/rust_ledger" "budget" "-f" "./examples/example.yaml" "-o" "2020" "-g" "yearly"`
[INFO] [stdout] code=<interrupted>
[INFO] [stdout] stdout=```""```
[INFO] [stdout] stderr=```""```
[INFO] [stdout] 
[INFO] [stdout] stack backtrace:
[INFO] [stdout]    0:     0x5a3e90b6eda1 - <<std[70759c8f55707aa4]::sys::backtrace::BacktraceLock>::print::DisplayBacktrace as core[df12db4294e9bfd3]::fmt::Display>::fmt
[INFO] [stdout]    1:     0x5a3e90b8484a - core[df12db4294e9bfd3]::fmt::write
[INFO] [stdout]    2:     0x5a3e90b7464c - <alloc[2182bb758b4b3781]::vec::Vec<u8> as core[df12db4294e9bfd3]::io::write::Write>::write_fmt
[INFO] [stdout]    3:     0x5a3e90b4a996 - std[70759c8f55707aa4]::panicking::default_hook::{closure#0}
[INFO] [stdout]    4:     0x5a3e90b673d9 - std[70759c8f55707aa4]::panicking::default_hook
[INFO] [stdout]    5:     0x5a3e90afa470 - test[9d35eded1c95d3be]::test_main_inner::<test[9d35eded1c95d3be]::test_main_static::{closure#0}>::{closure#0}
[INFO] [stdout]    6:     0x5a3e90b67592 - std[70759c8f55707aa4]::panicking::panic_with_hook
[INFO] [stdout]    7:     0x5a3e90b4aa42 - std[70759c8f55707aa4]::panicking::panic_handler::{closure#0}
[INFO] [stdout]    8:     0x5a3e90b437c9 - std[70759c8f55707aa4]::sys::backtrace::__rust_end_short_backtrace::<std[70759c8f55707aa4]::panicking::panic_handler::{closure#0}, !>
[INFO] [stdout]    9:     0x5a3e90b4b63d - __rustc[8fa7c3cbc660c2b3]::rust_begin_unwind
[INFO] [stdout]   10:     0x5a3e90b84f7c - core[df12db4294e9bfd3]::panicking::panic_fmt
[INFO] [stdout]   11:     0x5a3e90b33538 - <assert_cmd[34c1692d0131eeef]::assert::AssertError>::panic::<assert_cmd[34c1692d0131eeef]::assert::Assert>
[INFO] [stdout]   12:     0x5a3e90b33c49 - <assert_cmd[34c1692d0131eeef]::assert::Assert>::success
[INFO] [stdout]   13:     0x5a3e90aed17c - <cli[f7f5a48c319f8a61]::test::print_budget_to_stdout::{closure#0} as core[df12db4294e9bfd3]::ops::function::FnOnce<()>>::call_once
[INFO] [stdout]   14:     0x5a3e90aed75b - test[9d35eded1c95d3be]::__rust_begin_short_backtrace::<core[df12db4294e9bfd3]::result::Result<(), alloc[2182bb758b4b3781]::string::String>, fn() -> core[df12db4294e9bfd3]::result::Result<(), alloc[2182bb758b4b3781]::string::String>>
[INFO] [stdout]   15:     0x5a3e90afadc5 - test[9d35eded1c95d3be]::run_test::{closure#0}
[INFO] [stdout]   16:     0x5a3e90af4684 - std[70759c8f55707aa4]::sys::backtrace::__rust_begin_short_backtrace::<test[9d35eded1c95d3be]::run_test::{closure#1}, ()>
[INFO] [stdout]   17:     0x5a3e90afdf22 - <std[70759c8f55707aa4]::thread::lifecycle::spawn_unchecked<test[9d35eded1c95d3be]::run_test::{closure#1}, ()>::{closure#1} as core[df12db4294e9bfd3]::ops::function::FnOnce<()>>::call_once::{shim:vtable#0}
[INFO] [stdout]   18:     0x5a3e90b6e5f9 - <std[70759c8f55707aa4]::sys::thread::unix::Thread>::new::thread_start
[INFO] [stdout]   19:     0x75ecd7f00dfa - <unknown>
[INFO] [stdout]   20:     0x75ecd7f943d4 - clone
[INFO] [stdout]   21:                0x0 - <unknown>
[INFO] [stdout] 
[INFO] [stdout] ---- test::print_register_to_stdout stdout ----
[INFO] [stdout] 
[INFO] [stdout] thread 'test::print_register_to_stdout' (1013) panicked at /opt/rustwide/cargo-home/registry/src/index.crates.io-1949cf8c6b5b557f/assert_cmd-2.0.0/src/assert.rs:124:9:
[INFO] [stdout] Unexpected failure.
[INFO] [stdout] code-<interrupted>
[INFO] [stdout] stderr=```""```
[INFO] [stdout] command=`"/opt/rustwide/target/release/rust_ledger" "register" "-f" "./examples/example.yaml"`
[INFO] [stdout] code=<interrupted>
[INFO] [stdout] stdout=```""```
[INFO] [stdout] stderr=```""```
[INFO] [stdout] 
[INFO] [stdout] stack backtrace:
[INFO] [stdout]    0:     0x5a3e90b6eda1 - <<std[70759c8f55707aa4]::sys::backtrace::BacktraceLock>::print::DisplayBacktrace as core[df12db4294e9bfd3]::fmt::Display>::fmt
[INFO] [stdout]    1:     0x5a3e90b8484a - core[df12db4294e9bfd3]::fmt::write
[INFO] [stdout]    2:     0x5a3e90b7464c - <alloc[2182bb758b4b3781]::vec::Vec<u8> as core[df12db4294e9bfd3]::io::write::Write>::write_fmt
[INFO] [stdout]    3:     0x5a3e90b4a996 - std[70759c8f55707aa4]::panicking::default_hook::{closure#0}
[INFO] [stdout]    4:     0x5a3e90b673d9 - std[70759c8f55707aa4]::panicking::default_hook
[INFO] [stdout]    5:     0x5a3e90afa470 - test[9d35eded1c95d3be]::test_main_inner::<test[9d35eded1c95d3be]::test_main_static::{closure#0}>::{closure#0}
[INFO] [stdout]    6:     0x5a3e90b67592 - std[70759c8f55707aa4]::panicking::panic_with_hook
[INFO] [stdout]    7:     0x5a3e90b4aa42 - std[70759c8f55707aa4]::panicking::panic_handler::{closure#0}
[INFO] [stdout]    8:     0x5a3e90b437c9 - std[70759c8f55707aa4]::sys::backtrace::__rust_end_short_backtrace::<std[70759c8f55707aa4]::panicking::panic_handler::{closure#0}, !>
[INFO] [stdout]    9:     0x5a3e90b4b63d - __rustc[8fa7c3cbc660c2b3]::rust_begin_unwind
[INFO] [stdout]   10:     0x5a3e90b84f7c - core[df12db4294e9bfd3]::panicking::panic_fmt
[INFO] [stdout]   11:     0x5a3e90b33538 - <assert_cmd[34c1692d0131eeef]::assert::AssertError>::panic::<assert_cmd[34c1692d0131eeef]::assert::Assert>
[INFO] [stdout]   12:     0x5a3e90b33c49 - <assert_cmd[34c1692d0131eeef]::assert::Assert>::success
[INFO] [stdout]   13:     0x5a3e90aed5f9 - <cli[f7f5a48c319f8a61]::test::print_register_to_stdout::{closure#0} as core[df12db4294e9bfd3]::ops::function::FnOnce<()>>::call_once
[INFO] [stdout]   14:     0x5a3e90aed75b - test[9d35eded1c95d3be]::__rust_begin_short_backtrace::<core[df12db4294e9bfd3]::result::Result<(), alloc[2182bb758b4b3781]::string::String>, fn() -> core[df12db4294e9bfd3]::result::Result<(), alloc[2182bb758b4b3781]::string::String>>
[INFO] [stdout]   15:     0x5a3e90afadc5 - test[9d35eded1c95d3be]::run_test::{closure#0}
[INFO] [stdout]   16:     0x5a3e90af4684 - std[70759c8f55707aa4]::sys::backtrace::__rust_begin_short_backtrace::<test[9d35eded1c95d3be]::run_test::{closure#1}, ()>
[INFO] [stdout]   17:     0x5a3e90afdf22 - <std[70759c8f55707aa4]::thread::lifecycle::spawn_unchecked<test[9d35eded1c95d3be]::run_test::{closure#1}, ()>::{closure#1} as core[df12db4294e9bfd3]::ops::function::FnOnce<()>>::call_once::{shim:vtable#0}
[INFO] [stdout]   18:     0x5a3e90b6e5f9 - <std[70759c8f55707aa4]::sys::thread::unix::Thread>::new::thread_start
[INFO] [stdout]   19:     0x75ecd7f00dfa - <unknown>
[INFO] [stdout]   20:     0x75ecd7f943d4 - clone
[INFO] [stdout]   21:                0x0 - <unknown>
[INFO] [stdout] 
[INFO] [stdout] ---- test::print_balances_to_stdout stdout ----
[INFO] [stdout] 
[INFO] [stdout] thread 'test::print_balances_to_stdout' (1011) panicked at /opt/rustwide/cargo-home/registry/src/index.crates.io-1949cf8c6b5b557f/assert_cmd-2.0.0/src/assert.rs:124:9:
[INFO] [stdout] Unexpected failure.
[INFO] [stdout] code-<interrupted>
[INFO] [stdout] stderr=```""```
[INFO] [stdout] command=`"/opt/rustwide/target/release/rust_ledger" "balance" "-f" "./examples/example.yaml"`
[INFO] [stdout] code=<interrupted>
[INFO] [stdout] stdout=```""```
[INFO] [stdout] stderr=```""```
[INFO] [stdout] 
[INFO] [stdout] stack backtrace:
[INFO] [stdout]    0:     0x5a3e90b6eda1 - <<std[70759c8f55707aa4]::sys::backtrace::BacktraceLock>::print::DisplayBacktrace as core[df12db4294e9bfd3]::fmt::Display>::fmt
[INFO] [stdout]    1:     0x5a3e90b8484a - core[df12db4294e9bfd3]::fmt::write
[INFO] [stdout]    2:     0x5a3e90b7464c - <alloc[2182bb758b4b3781]::vec::Vec<u8> as core[df12db4294e9bfd3]::io::write::Write>::write_fmt
[INFO] [stdout]    3:     0x5a3e90b4a996 - std[70759c8f55707aa4]::panicking::default_hook::{closure#0}
[INFO] [stdout]    4:     0x5a3e90b673d9 - std[70759c8f55707aa4]::panicking::default_hook
[INFO] [stdout]    5:     0x5a3e90afa470 - test[9d35eded1c95d3be]::test_main_inner::<test[9d35eded1c95d3be]::test_main_static::{closure#0}>::{closure#0}
[INFO] [stdout]    6:     0x5a3e90b67592 - std[70759c8f55707aa4]::panicking::panic_with_hook
[INFO] [stdout]    7:     0x5a3e90b4aa42 - std[70759c8f55707aa4]::panicking::panic_handler::{closure#0}
[INFO] [stdout]    8:     0x5a3e90b437c9 - std[70759c8f55707aa4]::sys::backtrace::__rust_end_short_backtrace::<std[70759c8f55707aa4]::panicking::panic_handler::{closure#0}, !>
[INFO] [stdout]    9:     0x5a3e90b4b63d - __rustc[8fa7c3cbc660c2b3]::rust_begin_unwind
[INFO] [stdout]   10:     0x5a3e90b84f7c - core[df12db4294e9bfd3]::panicking::panic_fmt
[INFO] [stdout]   11:     0x5a3e90b33538 - <assert_cmd[34c1692d0131eeef]::assert::AssertError>::panic::<assert_cmd[34c1692d0131eeef]::assert::Assert>
[INFO] [stdout]   12:     0x5a3e90b33c49 - <assert_cmd[34c1692d0131eeef]::assert::Assert>::success
[INFO] [stdout]   13:     0x5a3e90aed479 - <cli[f7f5a48c319f8a61]::test::print_balances_to_stdout::{closure#0} as core[df12db4294e9bfd3]::ops::function::FnOnce<()>>::call_once
[INFO] [stdout]   14:     0x5a3e90aed75b - test[9d35eded1c95d3be]::__rust_begin_short_backtrace::<core[df12db4294e9bfd3]::result::Result<(), alloc[2182bb758b4b3781]::string::String>, fn() -> core[df12db4294e9bfd3]::result::Result<(), alloc[2182bb758b4b3781]::string::String>>
[INFO] [stdout]   15:     0x5a3e90afadc5 - test[9d35eded1c95d3be]::run_test::{closure#0}
[INFO] [stdout]   16:     0x5a3e90af4684 - std[70759c8f55707aa4]::sys::backtrace::__rust_begin_short_backtrace::<test[9d35eded1c95d3be]::run_test::{closure#1}, ()>
[INFO] [stdout]   17:     0x5a3e90afdf22 - <std[70759c8f55707aa4]::thread::lifecycle::spawn_unchecked<test[9d35eded1c95d3be]::run_test::{closure#1}, ()>::{closure#1} as core[df12db4294e9bfd3]::ops::function::FnOnce<()>>::call_once::{shim:vtable#0}
[INFO] [stdout]   18:     0x5a3e90b6e5f9 - <std[70759c8f55707aa4]::sys::thread::unix::Thread>::new::thread_start
[INFO] [stdout]   19:     0x75ecd7f00dfa - <unknown>
[INFO] [stdout]   20:     0x75ecd7f943d4 - clone
[INFO] [stdout]   21:                0x0 - <unknown>
[INFO] [stdout] 
[INFO] [stdout] ---- test::print_accounts_to_stdout stdout ----
[INFO] [stdout] 
[INFO] [stdout] thread 'test::print_accounts_to_stdout' (1010) panicked at /opt/rustwide/cargo-home/registry/src/index.crates.io-1949cf8c6b5b557f/assert_cmd-2.0.0/src/assert.rs:124:9:
[INFO] [stdout] Unexpected failure.
[INFO] [stdout] code-<interrupted>
[INFO] [stdout] stderr=```""```
[INFO] [stdout] command=`"/opt/rustwide/target/release/rust_ledger" "account" "-f" "./examples/example.yaml"`
[INFO] [stdout] code=<interrupted>
[INFO] [stdout] stdout=```""```
[INFO] [stdout] stderr=```""```
[INFO] [stdout] 
[INFO] [stdout] stack backtrace:
[INFO] [stdout]    0:     0x5a3e90b6eda1 - <<std[70759c8f55707aa4]::sys::backtrace::BacktraceLock>::print::DisplayBacktrace as core[df12db4294e9bfd3]::fmt::Display>::fmt
[INFO] [stdout]    1:     0x5a3e90b8484a - core[df12db4294e9bfd3]::fmt::write
[INFO] [stdout]    2:     0x5a3e90b7464c - <alloc[2182bb758b4b3781]::vec::Vec<u8> as core[df12db4294e9bfd3]::io::write::Write>::write_fmt
[INFO] [stdout]    3:     0x5a3e90b4a996 - std[70759c8f55707aa4]::panicking::default_hook::{closure#0}
[INFO] [stdout]    4:     0x5a3e90b673d9 - std[70759c8f55707aa4]::panicking::default_hook
[INFO] [stdout]    5:     0x5a3e90afa470 - test[9d35eded1c95d3be]::test_main_inner::<test[9d35eded1c95d3be]::test_main_static::{closure#0}>::{closure#0}
[INFO] [stdout]    6:     0x5a3e90b67592 - std[70759c8f55707aa4]::panicking::panic_with_hook
[INFO] [stdout]    7:     0x5a3e90b4aa42 - std[70759c8f55707aa4]::panicking::panic_handler::{closure#0}
[INFO] [stdout]    8:     0x5a3e90b437c9 - std[70759c8f55707aa4]::sys::backtrace::__rust_end_short_backtrace::<std[70759c8f55707aa4]::panicking::panic_handler::{closure#0}, !>
[INFO] [stdout]    9:     0x5a3e90b4b63d - __rustc[8fa7c3cbc660c2b3]::rust_begin_unwind
[INFO] [stdout]   10:     0x5a3e90b84f7c - core[df12db4294e9bfd3]::panicking::panic_fmt
[INFO] [stdout]   11:     0x5a3e90b33538 - <assert_cmd[34c1692d0131eeef]::assert::AssertError>::panic::<assert_cmd[34c1692d0131eeef]::assert::Assert>
[INFO] [stdout]   12:     0x5a3e90b33c49 - <assert_cmd[34c1692d0131eeef]::assert::Assert>::success
[INFO] [stdout]   13:     0x5a3e90aed2f9 - <cli[f7f5a48c319f8a61]::test::print_accounts_to_stdout::{closure#0} as core[df12db4294e9bfd3]::ops::function::FnOnce<()>>::call_once
[INFO] [stdout]   14:     0x5a3e90aed75b - test[9d35eded1c95d3be]::__rust_begin_short_backtrace::<core[df12db4294e9bfd3]::result::Result<(), alloc[2182bb758b4b3781]::string::String>, fn() -> core[df12db4294e9bfd3]::result::Result<(), alloc[2182bb758b4b3781]::string::String>>
[INFO] [stdout]   15:     0x5a3e90afadc5 - test[9d35eded1c95d3be]::run_test::{closure#0}
[INFO] [stdout]   16:     0x5a3e90af4684 - std[70759c8f55707aa4]::sys::backtrace::__rust_begin_short_backtrace::<test[9d35eded1c95d3be]::run_test::{closure#1}, ()>
[INFO] [stdout]   17:     0x5a3e90afdf22 - <std[70759c8f55707aa4]::thread::lifecycle::spawn_unchecked<test[9d35eded1c95d3be]::run_test::{closure#1}, ()>::{closure#1} as core[df12db4294e9bfd3]::ops::function::FnOnce<()>>::call_once::{shim:vtable#0}
[INFO] [stdout]   18:     0x5a3e90b6e5f9 - <std[70759c8f55707aa4]::sys::thread::unix::Thread>::new::thread_start
[INFO] [stdout]   19:     0x75ecd7f00dfa - <unknown>
[INFO] [stdout]   20:     0x75ecd7f943d4 - clone
[INFO] [stdout]   21:                0x0 - <unknown>
[INFO] [stdout] 
[INFO] [stdout] 
[INFO] [stdout] failures:
[INFO] [stdout]     test::print_accounts_to_stdout
[INFO] [stdout]     test::print_balances_to_stdout
[INFO] [stdout]     test::print_budget_to_stdout
[INFO] [stdout]     test::print_register_to_stdout
[INFO] [stdout] 
[INFO] [stdout] test result: FAILED. 0 passed; 4 failed; 0 ignored; 0 measured; 0 filtered out; finished in 0.44s
[INFO] [stdout] 
[INFO] [stderr] error: test failed, to rerun pass `--test cli`
[INFO] running `Command { std: "docker" "inspect" "73d4c6d822a14cc442550b9749b33cda072313864bfd1fc2ed2f22f76cd481fa", kill_on_drop: false }`
[INFO] running `Command { std: "docker" "rm" "-f" "73d4c6d822a14cc442550b9749b33cda072313864bfd1fc2ed2f22f76cd481fa", kill_on_drop: false }`
[INFO] [stdout] 73d4c6d822a14cc442550b9749b33cda072313864bfd1fc2ed2f22f76cd481fa
