[INFO] fetching crate rust_launcher_lib 2.0.0...
[INFO] testing rust_launcher_lib-2.0.0 against 1.100.0-beta.1+cargoflags=--release for beta-release-1.100-2
[INFO] extracting crate rust_launcher_lib 2.0.0 into /workspace/builds/worker-0-tc2/source
[INFO] started tweaking crates.io crate rust_launcher_lib 2.0.0
[INFO] finished tweaking crates.io crate rust_launcher_lib 2.0.0
[INFO] tweaked toml for crates.io crate rust_launcher_lib 2.0.0 written to /workspace/builds/worker-0-tc2/source/Cargo.toml
[INFO] validating manifest of crates.io crate rust_launcher_lib 2.0.0 on toolchain 1.100.0-beta.1
[INFO] running `Command { std: CARGO_HOME="/workspace/cargo-home" RUSTUP_HOME="/workspace/rustup-home" "/workspace/cargo-home/bin/cargo" "+1.100.0-beta.1" "metadata" "--manifest-path" "Cargo.toml" "--no-deps", kill_on_drop: false }`
[INFO] crate crates.io crate rust_launcher_lib 2.0.0 already has a lockfile, it will not be regenerated
[INFO] running `Command { std: CARGO_HOME="/workspace/cargo-home" RUSTUP_HOME="/workspace/rustup-home" "/workspace/cargo-home/bin/cargo" "+1.100.0-beta.1" "fetch" "--manifest-path" "Cargo.toml", kill_on_drop: false }`
[INFO] [stderr] warning: `package.homepage` is redundant with `package.repository`
[INFO] [stderr]   --> Cargo.toml:70:12
[INFO] [stderr]    |
[INFO] [stderr] 70 | homepage = "https://github.com/knightmar/rust_launcher_lib"
[INFO] [stderr]    |            ^^^^^^^^^^^^^^^^^^^^^^^^^^^^^^^^^^^^^^^^^^^^^^^^
[INFO] [stderr] ...
[INFO] [stderr] 75 | repository = "https://github.com/knightmar/rust_launcher_lib"
[INFO] [stderr]    |              ------------------------------------------------
[INFO] [stderr]    |
[INFO] [stderr]    = note: `cargo::redundant_homepage` is set to `warn` by default
[INFO] [stderr] help: consider removing `package.homepage`
[INFO] [stderr] warning: `rust_launcher_lib` (manifest) generated 1 warning
[INFO] [stderr]     Blocking waiting for file lock on package cache
[INFO] [stderr]     Blocking waiting for file lock on package cache
[INFO] running `Command { std: "docker" "create" "-v" "/var/lib/crater-agent-workspace/builds/worker-0-tc2/source:/opt/rustwide/workdir:ro,Z" "-v" "/var/lib/crater-agent-workspace/builds/worker-0-tc2/target:/opt/rustwide/target:rw,Z" "-v" "/var/lib/crater-agent-workspace/cargo-home:/opt/rustwide/cargo-home:ro,Z" "-v" "/var/lib/crater-agent-workspace/rustup-home:/opt/rustwide/rustup-home:ro,Z" "-m" "1610612736" "--network" "none" "ghcr.io/rust-lang/crates-build-env/linux@sha256:77db811e55d90add9212f6832c23229e3de5f1c1f9905e8cb07319ea15df73ac" "sleep" "infinity", kill_on_drop: false }`
[INFO] [stdout] a2b48f3b508b0ab8f7185df6432eecfa80aa73e58f23af82238e262074da5110
[INFO] running `Command { std: "docker" "start" "a2b48f3b508b0ab8f7185df6432eecfa80aa73e58f23af82238e262074da5110", kill_on_drop: false }`
[INFO] running `Command { std: "docker" "inspect" "a2b48f3b508b0ab8f7185df6432eecfa80aa73e58f23af82238e262074da5110", kill_on_drop: false }`
[INFO] running `Command { std: "docker" "exec" "-e" "SOURCE_DIR=/opt/rustwide/workdir" "-e" "CARGO_HOME=/opt/rustwide/cargo-home" "-e" "RUSTUP_HOME=/opt/rustwide/rustup-home" "-e" "CARGO_TARGET_DIR=/opt/rustwide/target" "-w" "/opt/rustwide/workdir" "--user" "0:0" "a2b48f3b508b0ab8f7185df6432eecfa80aa73e58f23af82238e262074da5110" "/opt/rustwide/cargo-home/bin/cargo" "+1.100.0-beta.1" "metadata" "--no-deps" "--format-version=1", kill_on_drop: false }`
[INFO] running `Command { std: "docker" "inspect" "a2b48f3b508b0ab8f7185df6432eecfa80aa73e58f23af82238e262074da5110", kill_on_drop: false }`
[INFO] running `Command { std: "docker" "exec" "-e" "SOURCE_DIR=/opt/rustwide/workdir" "-e" "CARGO_HOME=/opt/rustwide/cargo-home" "-e" "RUSTUP_HOME=/opt/rustwide/rustup-home" "-e" "CARGO_TARGET_DIR=/opt/rustwide/target" "-e" "CARGO_INCREMENTAL=0" "-e" "RUST_BACKTRACE=full" "-e" "RUSTFLAGS=--cap-lints=warn" "-e" "RUSTDOCFLAGS=--cap-lints=warn" "-w" "/opt/rustwide/workdir" "--user" "0:0" "a2b48f3b508b0ab8f7185df6432eecfa80aa73e58f23af82238e262074da5110" "/opt/rustwide/cargo-home/bin/cargo" "+1.100.0-beta.1" "build" "--frozen" "--message-format=json" "--release", kill_on_drop: false }`
[INFO] [stderr] warning: `package.homepage` is redundant with `package.repository`
[INFO] [stderr]   --> Cargo.toml:70:12
[INFO] [stderr]    |
[INFO] [stderr] 70 | homepage = "https://github.com/knightmar/rust_launcher_lib"
[INFO] [stderr]    |            ^^^^^^^^^^^^^^^^^^^^^^^^^^^^^^^^^^^^^^^^^^^^^^^^
[INFO] [stderr] ...
[INFO] [stderr] 75 | repository = "https://github.com/knightmar/rust_launcher_lib"
[INFO] [stderr]    |              ------------------------------------------------
[INFO] [stderr]    |
[INFO] [stderr]    = note: `cargo::redundant_homepage` is set to `warn` by default
[INFO] [stderr] help: consider removing `package.homepage`
[INFO] [stderr] warning: `rust_launcher_lib` (manifest) generated 1 warning
[INFO] [stderr]    Compiling syn v2.0.119
[INFO] [stderr]    Compiling syn v3.0.3
[INFO] [stderr]    Compiling find-msvc-tools v0.1.11
[INFO] [stderr]    Compiling hybrid-array v0.4.14
[INFO] [stderr]    Compiling aws-lc-rs v1.18.0
[INFO] [stderr]    Compiling const-oid v0.9.6
[INFO] [stderr]    Compiling jobserver v0.1.35
[INFO] [stderr]    Compiling ctutils v0.4.2
[INFO] [stderr]    Compiling rustls-pki-types v1.15.1
[INFO] [stderr]    Compiling const-oid v0.10.2
[INFO] [stderr]    Compiling generic-array v0.14.7
[INFO] [stderr]    Compiling num-traits v0.2.19
[INFO] [stderr]    Compiling getrandom v0.2.17
[INFO] [stderr]    Compiling rustls v0.23.43
[INFO] [stderr]    Compiling ppv-lite86 v0.2.21
[INFO] [stderr]    Compiling futures-channel v0.3.34
[INFO] [stderr]    Compiling zstd-safe v7.2.4
[INFO] [stderr]    Compiling num-bigint-dig v0.8.6
[INFO] [stderr]    Compiling is-docker v0.2.0
[INFO] [stderr]    Compiling deranged v0.5.8
[INFO] [stderr]    Compiling rand_core v0.6.4
[INFO] [stderr]    Compiling der v0.7.10
[INFO] [stderr]    Compiling rustls-native-certs v0.8.4
[INFO] [stderr]    Compiling bumpalo v3.20.3
[INFO] [stderr]    Compiling cc v1.4.3
[INFO] [stderr]    Compiling simd-adler32 v0.3.10
[INFO] [stderr]    Compiling libbz2-rs-sys v0.2.5
[INFO] [stderr]    Compiling zlib-rs v0.6.7
[INFO] [stderr]    Compiling is-wsl v0.4.0
[INFO] [stderr]    Compiling serde_json v1.0.151
[INFO] [stderr]    Compiling rand_chacha v0.3.1
[INFO] [stderr]    Compiling crypto-common v0.2.2
[INFO] [stderr]    Compiling block-buffer v0.12.1
[INFO] [stderr]    Compiling inout v0.2.2
[INFO] [stderr]    Compiling rand v0.8.7
[INFO] [stderr]    Compiling zopfli v0.8.3
[INFO] [stderr]    Compiling typed-path v0.12.3
[INFO] [stderr]    Compiling ascii v1.1.0
[INFO] [stderr]    Compiling block-buffer v0.10.4
[INFO] [stderr]    Compiling crypto-common v0.1.7
[INFO] [stderr]    Compiling num-integer v0.1.47
[INFO] [stderr]    Compiling digest v0.10.7
[INFO] [stderr]    Compiling bzip2 v0.6.1
[INFO] [stderr]    Compiling chunked_transfer v1.5.0
[INFO] [stderr]    Compiling signature v2.2.0
[INFO] [stderr]    Compiling deflate64 v0.1.12
[INFO] [stderr]    Compiling ppmd-rust v1.4.0
[INFO] [stderr]    Compiling num-iter v0.1.46
[INFO] [stderr]    Compiling cmake v0.1.58
[INFO] [stderr]    Compiling digest v0.11.3
[INFO] [stderr]    Compiling spki v0.7.3
[INFO] [stderr]    Compiling cipher v0.5.2
[INFO] [stderr]    Compiling time v0.3.55
[INFO] [stderr]    Compiling constant_time_eq v0.4.2
[INFO] [stderr]    Compiling pkcs8 v0.10.2
[INFO] [stderr]    Compiling hmac v0.13.0
[INFO] [stderr]    Compiling sha2 v0.11.0
[INFO] [stderr]    Compiling sha1 v0.11.0
[INFO] [stderr]    Compiling pbkdf2 v0.13.0
[INFO] [stderr]    Compiling pkcs1 v0.7.5
[INFO] [stderr]    Compiling aws-lc-sys v0.44.0
[INFO] [stderr]    Compiling zstd-sys v2.0.16+zstd.1.5.7
[INFO] [stderr]    Compiling aes v0.9.2
[INFO] [stderr]    Compiling tiny_http v0.12.0
[INFO] [stderr]    Compiling lzma-rust2 v0.18.1
[INFO] [stderr]    Compiling sha2 v0.10.9
[INFO] [stderr]    Compiling rand v0.10.2
[INFO] [stderr]    Compiling open v5.4.1
[INFO] [stderr]    Compiling rsa v0.9.10
[INFO] [stderr]    Compiling base64 v0.23.1
[INFO] [stderr]    Compiling flate2 v1.1.9
[INFO] [stderr]    Compiling synstructure v0.13.2
[INFO] [stderr]    Compiling zerovec-derive v0.11.4
[INFO] [stderr]    Compiling displaydoc v0.2.7
[INFO] [stderr]    Compiling futures-macro v0.3.34
[INFO] [stderr]    Compiling serde_derive v1.0.229
[INFO] [stderr]    Compiling zerofrom-derive v0.1.7
[INFO] [stderr]    Compiling yoke-derive v0.8.2
[INFO] [stderr]    Compiling tokio-macros v2.7.0
[INFO] [stderr]    Compiling futures-util v0.3.34
[INFO] [stderr]    Compiling tokio v1.53.1
[INFO] [stderr]    Compiling zerofrom v0.1.8
[INFO] [stderr]    Compiling yoke v0.8.3
[INFO] [stderr]    Compiling zerovec v0.11.7
[INFO] [stderr]    Compiling zerotrie v0.2.5
[INFO] [stderr]    Compiling tinystr v0.8.4
[INFO] [stderr]    Compiling potential_utf v0.1.6
[INFO] [stderr]    Compiling icu_locale_core v2.3.0
[INFO] [stderr]    Compiling icu_collections v2.3.0
[INFO] [stderr]    Compiling serde v1.0.229
[INFO] [stderr]    Compiling serde_urlencoded v0.7.1
[INFO] [stderr]    Compiling icu_provider v2.3.0
[INFO] [stderr]    Compiling icu_normalizer v2.3.0
[INFO] [stderr]    Compiling icu_properties v2.3.0
[INFO] [stderr]    Compiling idna_adapter v1.2.2
[INFO] [stderr]    Compiling idna v1.1.0
[INFO] [stderr]    Compiling url v2.5.8
[INFO] [stderr]    Compiling tokio-util v0.7.19
[INFO] [stderr]    Compiling tower v0.5.3
[INFO] [stderr]    Compiling tower-http v0.6.11
[INFO] [stderr]    Compiling h2 v0.4.15
[INFO] [stderr]    Compiling hyper v1.11.0
[INFO] [stderr]    Compiling hyper-util v0.1.20
[INFO] [stderr]    Compiling zstd v0.13.3
[INFO] [stderr]    Compiling zip v9.0.0-pre3
[INFO] [stderr]    Compiling rustls-webpki v0.103.14
[INFO] [stderr]    Compiling tokio-rustls v0.26.4
[INFO] [stderr]    Compiling rustls-platform-verifier v0.7.0
[INFO] [stderr]    Compiling hyper-rustls v0.27.9
[INFO] [stderr]    Compiling reqwest v0.13.4
[INFO] [stderr]    Compiling rust_launcher_lib v2.0.0 (/opt/rustwide/workdir)
[INFO] [stdout] warning: unused import: `reqwest::Version`
[INFO] [stdout]  --> src/launch/mod.rs:1:5
[INFO] [stdout]   |
[INFO] [stdout] 1 | use reqwest::Version;
[INFO] [stdout]   |     ^^^^^^^^^^^^^^^^
[INFO] [stdout]   |
[INFO] [stdout]   = note: `#[warn(unused_imports)]` (part of `#[warn(unused)]`) on by default
[INFO] [stdout] 
[INFO] [stdout] 
[INFO] [stdout] warning: unused import: `Verification`
[INFO] [stdout]  --> src/update/mod.rs:3:69
[INFO] [stdout]   |
[INFO] [stdout] 3 | use crate::update::errors::UpdateErrors::{Download, Fetch, Install, Verification};
[INFO] [stdout]   |                                                                     ^^^^^^^^^^^^
[INFO] [stdout] 
[INFO] [stdout] 
[INFO] [stdout] warning: unused import: `AssetIndex`
[INFO] [stdout]  --> src/update/mod.rs:5:5
[INFO] [stdout]   |
[INFO] [stdout] 5 |     AssetIndex, AssetManifest, Library, Rule, UniversalVersionJson, VersionEntry, VersionManifest,
[INFO] [stdout]   |     ^^^^^^^^^^
[INFO] [stdout] 
[INFO] [stdout] 
[INFO] [stdout] warning: unused import: `reqwest::Response`
[INFO] [stdout]   --> src/update/mod.rs:10:5
[INFO] [stdout]    |
[INFO] [stdout] 10 | use reqwest::Response;
[INFO] [stdout]    |     ^^^^^^^^^^^^^^^^^
[INFO] [stdout] 
[INFO] [stdout] 
[INFO] [stdout] warning: unused import: `serde_json::to_string`
[INFO] [stdout]   --> src/update/mod.rs:11:5
[INFO] [stdout]    |
[INFO] [stdout] 11 | use serde_json::to_string;
[INFO] [stdout]    |     ^^^^^^^^^^^^^^^^^^^^^
[INFO] [stdout] 
[INFO] [stdout] 
[INFO] [stdout] warning: unused import: `std::env::args_os`
[INFO] [stdout]   --> src/update/mod.rs:13:5
[INFO] [stdout]    |
[INFO] [stdout] 13 | use std::env::args_os;
[INFO] [stdout]    |     ^^^^^^^^^^^^^^^^^
[INFO] [stdout] 
[INFO] [stdout] 
[INFO] [stdout] warning: unused import: `std::ops::Index`
[INFO] [stdout]   --> src/update/mod.rs:14:5
[INFO] [stdout]    |
[INFO] [stdout] 14 | use std::ops::Index;
[INFO] [stdout]    |     ^^^^^^^^^^^^^^^
[INFO] [stdout] 
[INFO] [stdout] 
[INFO] [stdout] warning: unused import: `futures_util::TryStreamExt`
[INFO] [stdout]  --> src/update/mod.rs:9:5
[INFO] [stdout]   |
[INFO] [stdout] 9 | use futures_util::TryStreamExt;
[INFO] [stdout]   |     ^^^^^^^^^^^^^^^^^^^^^^^^^^
[INFO] [stdout] 
[INFO] [stdout] 
[INFO] [stdout] warning: unused variable: `field`
[INFO] [stdout]    --> src/update/mod.rs:149:14
[INFO] [stdout]     |
[INFO] [stdout] 149 |         for (field, entry) in assets_manifest.objects {
[INFO] [stdout]     |              ^^^^^ help: if this is intentional, prefix it with an underscore: `_field`
[INFO] [stdout]     |
[INFO] [stdout]     = note: `#[warn(unused_variables)]` (part of `#[warn(unused)]`) on by default
[INFO] [stdout] 
[INFO] [stdout] 
[INFO] [stdout] warning: unused variable: `is_native`
[INFO] [stdout]    --> src/update/mod.rs:199:17
[INFO] [stdout]     |
[INFO] [stdout] 199 |             let is_native = Self::is_native_library(&lib);
[INFO] [stdout]     |                 ^^^^^^^^^ help: if this is intentional, prefix it with an underscore: `_is_native`
[INFO] [stdout] 
[INFO] [stdout] 
[INFO] [stdout] warning: struct `PublicKeysResponse` is never constructed
[INFO] [stdout]    --> src/auth/structs.rs:110:12
[INFO] [stdout]     |
[INFO] [stdout] 110 | pub struct PublicKeysResponse {
[INFO] [stdout]     |            ^^^^^^^^^^^^^^^^^^
[INFO] [stdout]     |
[INFO] [stdout]     = note: `#[warn(dead_code)]` (part of `#[warn(unused)]`) on by default
[INFO] [stdout] 
[INFO] [stdout] 
[INFO] [stdout] warning: struct `ProfilePropertyKey` is never constructed
[INFO] [stdout]    --> src/auth/structs.rs:118:12
[INFO] [stdout]     |
[INFO] [stdout] 118 | pub struct ProfilePropertyKey {
[INFO] [stdout]     |            ^^^^^^^^^^^^^^^^^^
[INFO] [stdout] 
[INFO] [stdout] 
[INFO] [stdout] warning: struct `PlayerCertificateKey` is never constructed
[INFO] [stdout]    --> src/auth/structs.rs:124:12
[INFO] [stdout]     |
[INFO] [stdout] 124 | pub struct PlayerCertificateKey {
[INFO] [stdout]     |            ^^^^^^^^^^^^^^^^^^^^
[INFO] [stdout] 
[INFO] [stdout] 
[INFO] [stdout] warning: struct `AuthenticationKey` is never constructed
[INFO] [stdout]    --> src/auth/structs.rs:130:12
[INFO] [stdout]     |
[INFO] [stdout] 130 | pub struct AuthenticationKey {
[INFO] [stdout]     |            ^^^^^^^^^^^^^^^^^
[INFO] [stdout] 
[INFO] [stdout] 
[INFO] [stdout] warning: methods `uses_structured_arguments`, `get_game_arguments`, `get_jvm_arguments`, `get_minecraft_arguments_string`, `get_client_url`, and `get_server_url` are never used
[INFO] [stdout]    --> src/update/json_structs.rs:301:12
[INFO] [stdout]     |
[INFO] [stdout] 300 | impl UniversalVersionJson {
[INFO] [stdout]     | ------------------------- methods in this implementation
[INFO] [stdout] 301 |     pub fn uses_structured_arguments(&self) -> bool {
[INFO] [stdout]     |            ^^^^^^^^^^^^^^^^^^^^^^^^^
[INFO] [stdout] ...
[INFO] [stdout] 305 |     pub fn get_game_arguments(&self) -> Vec<String> {
[INFO] [stdout]     |            ^^^^^^^^^^^^^^^^^^
[INFO] [stdout] ...
[INFO] [stdout] 332 |     pub fn get_jvm_arguments(&self) -> Vec<String> {
[INFO] [stdout]     |            ^^^^^^^^^^^^^^^^^
[INFO] [stdout] ...
[INFO] [stdout] 359 |     pub fn get_minecraft_arguments_string(&self) -> Option<&str> {
[INFO] [stdout]     |            ^^^^^^^^^^^^^^^^^^^^^^^^^^^^^^
[INFO] [stdout] ...
[INFO] [stdout] 363 |     pub fn get_client_url(&self) -> Option<&str> {
[INFO] [stdout]     |            ^^^^^^^^^^^^^^
[INFO] [stdout] ...
[INFO] [stdout] 370 |     pub fn get_server_url(&self) -> Option<&str> {
[INFO] [stdout]     |            ^^^^^^^^^^^^^^
[INFO] [stdout] 
[INFO] [stdout] 
[INFO] [stdout] warning: field `size` is never read
[INFO] [stdout]  --> src/update/structs.rs:5:9
[INFO] [stdout]   |
[INFO] [stdout] 2 | pub struct UpdateFile {
[INFO] [stdout]   |            ---------- field in this struct
[INFO] [stdout] ...
[INFO] [stdout] 5 |     pub size: u64,
[INFO] [stdout]   |         ^^^^
[INFO] [stdout]   |
[INFO] [stdout]   = note: `UpdateFile` has derived impls for the traits `Debug` and `Clone`, but these are intentionally ignored during dead code analysis
[INFO] [stdout] 
[INFO] [stdout] 
[INFO] [stdout] warning: structure field `releaseTime` should have a snake case name
[INFO] [stdout]   --> src/update/json_structs.rs:24:9
[INFO] [stdout]    |
[INFO] [stdout] 24 |     pub releaseTime: String,
[INFO] [stdout]    |         ^^^^^^^^^^^ help: convert the identifier to snake case: `release_time`
[INFO] [stdout]    |
[INFO] [stdout]    = note: `#[warn(non_snake_case)]` (part of `#[warn(nonstandard_style)]`) on by default
[INFO] [stdout] 
[INFO] [stdout] 
[INFO] [stdout] warning: structure field `complianceLevel` should have a snake case name
[INFO] [stdout]   --> src/update/json_structs.rs:26:9
[INFO] [stdout]    |
[INFO] [stdout] 26 |     pub complianceLevel: i32,
[INFO] [stdout]    |         ^^^^^^^^^^^^^^^ help: convert the identifier to snake case: `compliance_level`
[INFO] [stdout] 
[INFO] [stdout] 
[INFO] [stderr]     Finished `release` profile [optimized] target(s) in 2m 19s
[INFO] running `Command { std: "docker" "inspect" "a2b48f3b508b0ab8f7185df6432eecfa80aa73e58f23af82238e262074da5110", kill_on_drop: false }`
[INFO] running `Command { std: "docker" "exec" "-e" "SOURCE_DIR=/opt/rustwide/workdir" "-e" "CARGO_HOME=/opt/rustwide/cargo-home" "-e" "RUSTUP_HOME=/opt/rustwide/rustup-home" "-e" "CARGO_TARGET_DIR=/opt/rustwide/target" "-e" "CARGO_INCREMENTAL=0" "-e" "RUST_BACKTRACE=full" "-e" "RUSTFLAGS=--cap-lints=warn" "-e" "RUSTDOCFLAGS=--cap-lints=warn" "-w" "/opt/rustwide/workdir" "--user" "0:0" "a2b48f3b508b0ab8f7185df6432eecfa80aa73e58f23af82238e262074da5110" "/opt/rustwide/cargo-home/bin/cargo" "+1.100.0-beta.1" "test" "--frozen" "--no-run" "--message-format=json" "--release", kill_on_drop: false }`
[INFO] [stderr] warning: `package.homepage` is redundant with `package.repository`
[INFO] [stderr]   --> Cargo.toml:70:12
[INFO] [stderr]    |
[INFO] [stderr] 70 | homepage = "https://github.com/knightmar/rust_launcher_lib"
[INFO] [stderr]    |            ^^^^^^^^^^^^^^^^^^^^^^^^^^^^^^^^^^^^^^^^^^^^^^^^
[INFO] [stderr] ...
[INFO] [stderr] 75 | repository = "https://github.com/knightmar/rust_launcher_lib"
[INFO] [stderr]    |              ------------------------------------------------
[INFO] [stderr]    |
[INFO] [stderr]    = note: `cargo::redundant_homepage` is set to `warn` by default
[INFO] [stderr] help: consider removing `package.homepage`
[INFO] [stderr] warning: `rust_launcher_lib` (manifest) generated 1 warning
[INFO] [stderr]    Compiling dotenv v0.15.0
[INFO] [stdout] warning: unused import: `reqwest::Version`
[INFO] [stdout]  --> src/launch/mod.rs:1:5
[INFO] [stdout]   |
[INFO] [stdout] 1 | use reqwest::Version;
[INFO] [stdout]   |     ^^^^^^^^^^^^^^^^
[INFO] [stdout]   |
[INFO] [stdout]   = note: `#[warn(unused_imports)]` (part of `#[warn(unused)]`) on by default
[INFO] [stdout] 
[INFO] [stdout] 
[INFO] [stdout] warning: unused import: `Verification`
[INFO] [stdout]  --> src/update/mod.rs:3:69
[INFO] [stdout]   |
[INFO] [stdout] 3 | use crate::update::errors::UpdateErrors::{Download, Fetch, Install, Verification};
[INFO] [stdout]   |                                                                     ^^^^^^^^^^^^
[INFO] [stdout] 
[INFO] [stdout] 
[INFO] [stdout] warning: unused import: `AssetIndex`
[INFO] [stdout]  --> src/update/mod.rs:5:5
[INFO] [stdout]   |
[INFO] [stdout] 5 |     AssetIndex, AssetManifest, Library, Rule, UniversalVersionJson, VersionEntry, VersionManifest,
[INFO] [stdout]   |     ^^^^^^^^^^
[INFO] [stdout] 
[INFO] [stdout] 
[INFO] [stdout] warning: unused import: `reqwest::Response`
[INFO] [stdout]   --> src/update/mod.rs:10:5
[INFO] [stdout]    |
[INFO] [stdout] 10 | use reqwest::Response;
[INFO] [stdout]    |     ^^^^^^^^^^^^^^^^^
[INFO] [stdout] 
[INFO] [stdout] 
[INFO] [stdout] warning: unused import: `serde_json::to_string`
[INFO] [stdout]   --> src/update/mod.rs:11:5
[INFO] [stdout]    |
[INFO] [stdout] 11 | use serde_json::to_string;
[INFO] [stdout]    |     ^^^^^^^^^^^^^^^^^^^^^
[INFO] [stdout] 
[INFO] [stdout] 
[INFO] [stdout] warning: unused import: `std::env::args_os`
[INFO] [stdout]   --> src/update/mod.rs:13:5
[INFO] [stdout]    |
[INFO] [stdout] 13 | use std::env::args_os;
[INFO] [stdout]    |     ^^^^^^^^^^^^^^^^^
[INFO] [stdout] 
[INFO] [stdout] 
[INFO] [stdout] warning: unused import: `std::ops::Index`
[INFO] [stdout]   --> src/update/mod.rs:14:5
[INFO] [stdout]    |
[INFO] [stdout] 14 | use std::ops::Index;
[INFO] [stdout]    |     ^^^^^^^^^^^^^^^
[INFO] [stdout] 
[INFO] [stdout] 
[INFO] [stdout] warning: unused import: `futures_util::TryStreamExt`
[INFO] [stdout]  --> src/update/mod.rs:9:5
[INFO] [stdout]   |
[INFO] [stdout] 9 | use futures_util::TryStreamExt;
[INFO] [stdout]   |     ^^^^^^^^^^^^^^^^^^^^^^^^^^
[INFO] [stdout] 
[INFO] [stdout] 
[INFO] [stdout] warning: unused variable: `field`
[INFO] [stdout]    --> src/update/mod.rs:149:14
[INFO] [stdout]     |
[INFO] [stdout] 149 |         for (field, entry) in assets_manifest.objects {
[INFO] [stdout]     |              ^^^^^ help: if this is intentional, prefix it with an underscore: `_field`
[INFO] [stdout]     |
[INFO] [stdout]     = note: `#[warn(unused_variables)]` (part of `#[warn(unused)]`) on by default
[INFO] [stdout] 
[INFO] [stdout] 
[INFO] [stdout] warning: unused variable: `is_native`
[INFO] [stdout]    --> src/update/mod.rs:199:17
[INFO] [stdout]     |
[INFO] [stdout] 199 |             let is_native = Self::is_native_library(&lib);
[INFO] [stdout]     |                 ^^^^^^^^^ help: if this is intentional, prefix it with an underscore: `_is_native`
[INFO] [stdout] 
[INFO] [stdout] 
[INFO] [stdout] warning: struct `PublicKeysResponse` is never constructed
[INFO] [stdout]    --> src/auth/structs.rs:110:12
[INFO] [stdout]     |
[INFO] [stdout] 110 | pub struct PublicKeysResponse {
[INFO] [stdout]     |            ^^^^^^^^^^^^^^^^^^
[INFO] [stdout]     |
[INFO] [stdout]     = note: `#[warn(dead_code)]` (part of `#[warn(unused)]`) on by default
[INFO] [stdout] 
[INFO] [stdout] 
[INFO] [stdout] warning: struct `ProfilePropertyKey` is never constructed
[INFO] [stdout]    --> src/auth/structs.rs:118:12
[INFO] [stdout]     |
[INFO] [stdout] 118 | pub struct ProfilePropertyKey {
[INFO] [stdout]     |            ^^^^^^^^^^^^^^^^^^
[INFO] [stdout] 
[INFO] [stdout] 
[INFO] [stdout] warning: struct `PlayerCertificateKey` is never constructed
[INFO] [stdout]    --> src/auth/structs.rs:124:12
[INFO] [stdout]     |
[INFO] [stdout] 124 | pub struct PlayerCertificateKey {
[INFO] [stdout]     |            ^^^^^^^^^^^^^^^^^^^^
[INFO] [stdout] 
[INFO] [stdout] 
[INFO] [stdout] warning: struct `AuthenticationKey` is never constructed
[INFO] [stdout]    --> src/auth/structs.rs:130:12
[INFO] [stdout]     |
[INFO] [stdout] 130 | pub struct AuthenticationKey {
[INFO] [stdout]     |            ^^^^^^^^^^^^^^^^^
[INFO] [stdout] 
[INFO] [stdout] 
[INFO] [stdout] warning: methods `uses_structured_arguments`, `get_game_arguments`, `get_jvm_arguments`, `get_minecraft_arguments_string`, `get_client_url`, and `get_server_url` are never used
[INFO] [stdout]    --> src/update/json_structs.rs:301:12
[INFO] [stdout]     |
[INFO] [stdout] 300 | impl UniversalVersionJson {
[INFO] [stdout]     | ------------------------- methods in this implementation
[INFO] [stdout] 301 |     pub fn uses_structured_arguments(&self) -> bool {
[INFO] [stdout]     |            ^^^^^^^^^^^^^^^^^^^^^^^^^
[INFO] [stdout] ...
[INFO] [stdout] 305 |     pub fn get_game_arguments(&self) -> Vec<String> {
[INFO] [stdout]     |            ^^^^^^^^^^^^^^^^^^
[INFO] [stdout] ...
[INFO] [stdout] 332 |     pub fn get_jvm_arguments(&self) -> Vec<String> {
[INFO] [stdout]     |            ^^^^^^^^^^^^^^^^^
[INFO] [stdout] ...
[INFO] [stdout] 359 |     pub fn get_minecraft_arguments_string(&self) -> Option<&str> {
[INFO] [stdout]     |            ^^^^^^^^^^^^^^^^^^^^^^^^^^^^^^
[INFO] [stdout] ...
[INFO] [stdout] 363 |     pub fn get_client_url(&self) -> Option<&str> {
[INFO] [stdout]     |            ^^^^^^^^^^^^^^
[INFO] [stdout] ...
[INFO] [stdout] 370 |     pub fn get_server_url(&self) -> Option<&str> {
[INFO] [stdout]     |            ^^^^^^^^^^^^^^
[INFO] [stdout] 
[INFO] [stdout] 
[INFO] [stdout] warning: field `size` is never read
[INFO] [stdout]  --> src/update/structs.rs:5:9
[INFO] [stdout]   |
[INFO] [stdout] 2 | pub struct UpdateFile {
[INFO] [stdout]   |            ---------- field in this struct
[INFO] [stdout] ...
[INFO] [stdout] 5 |     pub size: u64,
[INFO] [stdout]   |         ^^^^
[INFO] [stdout]   |
[INFO] [stdout]   = note: `UpdateFile` has derived impls for the traits `Debug` and `Clone`, but these are intentionally ignored during dead code analysis
[INFO] [stdout] 
[INFO] [stdout] 
[INFO] [stdout] warning: structure field `releaseTime` should have a snake case name
[INFO] [stdout]   --> src/update/json_structs.rs:24:9
[INFO] [stdout]    |
[INFO] [stdout] 24 |     pub releaseTime: String,
[INFO] [stdout]    |         ^^^^^^^^^^^ help: convert the identifier to snake case: `release_time`
[INFO] [stdout]    |
[INFO] [stdout]    = note: `#[warn(non_snake_case)]` (part of `#[warn(nonstandard_style)]`) on by default
[INFO] [stdout] 
[INFO] [stdout] 
[INFO] [stdout] warning: structure field `complianceLevel` should have a snake case name
[INFO] [stdout]   --> src/update/json_structs.rs:26:9
[INFO] [stdout]    |
[INFO] [stdout] 26 |     pub complianceLevel: i32,
[INFO] [stdout]    |         ^^^^^^^^^^^^^^^ help: convert the identifier to snake case: `compliance_level`
[INFO] [stdout] 
[INFO] [stdout] 
[INFO] [stderr]    Compiling rust_launcher_lib v2.0.0 (/opt/rustwide/workdir)
[INFO] [stdout] warning: unused import: `reqwest::Version`
[INFO] [stdout]  --> src/launch/mod.rs:1:5
[INFO] [stdout]   |
[INFO] [stdout] 1 | use reqwest::Version;
[INFO] [stdout]   |     ^^^^^^^^^^^^^^^^
[INFO] [stdout]   |
[INFO] [stdout]   = note: `#[warn(unused_imports)]` (part of `#[warn(unused)]`) on by default
[INFO] [stdout] 
[INFO] [stdout] 
[INFO] [stdout] warning: unused import: `Verification`
[INFO] [stdout]  --> src/update/mod.rs:3:69
[INFO] [stdout]   |
[INFO] [stdout] 3 | use crate::update::errors::UpdateErrors::{Download, Fetch, Install, Verification};
[INFO] [stdout]   |                                                                     ^^^^^^^^^^^^
[INFO] [stdout] 
[INFO] [stdout] 
[INFO] [stdout] warning: unused import: `AssetIndex`
[INFO] [stdout]  --> src/update/mod.rs:5:5
[INFO] [stdout]   |
[INFO] [stdout] 5 |     AssetIndex, AssetManifest, Library, Rule, UniversalVersionJson, VersionEntry, VersionManifest,
[INFO] [stdout]   |     ^^^^^^^^^^
[INFO] [stdout] 
[INFO] [stdout] 
[INFO] [stdout] warning: unused import: `reqwest::Response`
[INFO] [stdout]   --> src/update/mod.rs:10:5
[INFO] [stdout]    |
[INFO] [stdout] 10 | use reqwest::Response;
[INFO] [stdout]    |     ^^^^^^^^^^^^^^^^^
[INFO] [stdout] 
[INFO] [stdout] 
[INFO] [stdout] warning: unused import: `serde_json::to_string`
[INFO] [stdout]   --> src/update/mod.rs:11:5
[INFO] [stdout]    |
[INFO] [stdout] 11 | use serde_json::to_string;
[INFO] [stdout]    |     ^^^^^^^^^^^^^^^^^^^^^
[INFO] [stdout] 
[INFO] [stdout] 
[INFO] [stdout] warning: unused import: `std::env::args_os`
[INFO] [stdout]   --> src/update/mod.rs:13:5
[INFO] [stdout]    |
[INFO] [stdout] 13 | use std::env::args_os;
[INFO] [stdout]    |     ^^^^^^^^^^^^^^^^^
[INFO] [stdout] 
[INFO] [stdout] 
[INFO] [stdout] warning: unused import: `std::ops::Index`
[INFO] [stdout]   --> src/update/mod.rs:14:5
[INFO] [stdout]    |
[INFO] [stdout] 14 | use std::ops::Index;
[INFO] [stdout]    |     ^^^^^^^^^^^^^^^
[INFO] [stdout] 
[INFO] [stdout] 
[INFO] [stdout] warning: unused import: `crate::update::downloader::Downloader`
[INFO] [stdout]  --> src/lib.rs:9:9
[INFO] [stdout]   |
[INFO] [stdout] 9 |     use crate::update::downloader::Downloader;
[INFO] [stdout]   |         ^^^^^^^^^^^^^^^^^^^^^^^^^^^^^^^^^^^^^
[INFO] [stdout] 
[INFO] [stdout] 
[INFO] [stdout] warning: unused import: `crate::update::structs::UpdateFile`
[INFO] [stdout]   --> src/lib.rs:10:9
[INFO] [stdout]    |
[INFO] [stdout] 10 |     use crate::update::structs::UpdateFile;
[INFO] [stdout]    |         ^^^^^^^^^^^^^^^^^^^^^^^^^^^^^^^^^^
[INFO] [stdout] 
[INFO] [stdout] 
[INFO] [stdout] warning: unused import: `std::path::Path`
[INFO] [stdout]   --> src/lib.rs:12:9
[INFO] [stdout]    |
[INFO] [stdout] 12 |     use std::path::Path;
[INFO] [stdout]    |         ^^^^^^^^^^^^^^^
[INFO] [stdout] 
[INFO] [stdout] 
[INFO] [stdout] warning: unused import: `futures_util::TryStreamExt`
[INFO] [stdout]  --> src/update/mod.rs:9:5
[INFO] [stdout]   |
[INFO] [stdout] 9 | use futures_util::TryStreamExt;
[INFO] [stdout]   |     ^^^^^^^^^^^^^^^^^^^^^^^^^^
[INFO] [stdout] 
[INFO] [stdout] 
[INFO] [stdout] warning: unused variable: `field`
[INFO] [stdout]    --> src/update/mod.rs:149:14
[INFO] [stdout]     |
[INFO] [stdout] 149 |         for (field, entry) in assets_manifest.objects {
[INFO] [stdout]     |              ^^^^^ help: if this is intentional, prefix it with an underscore: `_field`
[INFO] [stdout]     |
[INFO] [stdout]     = note: `#[warn(unused_variables)]` (part of `#[warn(unused)]`) on by default
[INFO] [stdout] 
[INFO] [stdout] 
[INFO] [stdout] warning: unused variable: `is_native`
[INFO] [stdout]    --> src/update/mod.rs:199:17
[INFO] [stdout]     |
[INFO] [stdout] 199 |             let is_native = Self::is_native_library(&lib);
[INFO] [stdout]     |                 ^^^^^^^^^ help: if this is intentional, prefix it with an underscore: `_is_native`
[INFO] [stdout] 
[INFO] [stdout] 
[INFO] [stdout] warning: struct `PublicKeysResponse` is never constructed
[INFO] [stdout]    --> src/auth/structs.rs:110:12
[INFO] [stdout]     |
[INFO] [stdout] 110 | pub struct PublicKeysResponse {
[INFO] [stdout]     |            ^^^^^^^^^^^^^^^^^^
[INFO] [stdout]     |
[INFO] [stdout]     = note: `#[warn(dead_code)]` (part of `#[warn(unused)]`) on by default
[INFO] [stdout] 
[INFO] [stdout] 
[INFO] [stdout] warning: struct `ProfilePropertyKey` is never constructed
[INFO] [stdout]    --> src/auth/structs.rs:118:12
[INFO] [stdout]     |
[INFO] [stdout] 118 | pub struct ProfilePropertyKey {
[INFO] [stdout]     |            ^^^^^^^^^^^^^^^^^^
[INFO] [stdout] 
[INFO] [stdout] 
[INFO] [stdout] warning: struct `PlayerCertificateKey` is never constructed
[INFO] [stdout]    --> src/auth/structs.rs:124:12
[INFO] [stdout]     |
[INFO] [stdout] 124 | pub struct PlayerCertificateKey {
[INFO] [stdout]     |            ^^^^^^^^^^^^^^^^^^^^
[INFO] [stdout] 
[INFO] [stdout] 
[INFO] [stdout] warning: struct `AuthenticationKey` is never constructed
[INFO] [stdout]    --> src/auth/structs.rs:130:12
[INFO] [stdout]     |
[INFO] [stdout] 130 | pub struct AuthenticationKey {
[INFO] [stdout]     |            ^^^^^^^^^^^^^^^^^
[INFO] [stdout] 
[INFO] [stdout] 
[INFO] [stdout] warning: methods `uses_structured_arguments`, `get_game_arguments`, `get_jvm_arguments`, `get_minecraft_arguments_string`, `get_client_url`, and `get_server_url` are never used
[INFO] [stdout]    --> src/update/json_structs.rs:301:12
[INFO] [stdout]     |
[INFO] [stdout] 300 | impl UniversalVersionJson {
[INFO] [stdout]     | ------------------------- methods in this implementation
[INFO] [stdout] 301 |     pub fn uses_structured_arguments(&self) -> bool {
[INFO] [stdout]     |            ^^^^^^^^^^^^^^^^^^^^^^^^^
[INFO] [stdout] ...
[INFO] [stdout] 305 |     pub fn get_game_arguments(&self) -> Vec<String> {
[INFO] [stdout]     |            ^^^^^^^^^^^^^^^^^^
[INFO] [stdout] ...
[INFO] [stdout] 332 |     pub fn get_jvm_arguments(&self) -> Vec<String> {
[INFO] [stdout]     |            ^^^^^^^^^^^^^^^^^
[INFO] [stdout] ...
[INFO] [stdout] 359 |     pub fn get_minecraft_arguments_string(&self) -> Option<&str> {
[INFO] [stdout]     |            ^^^^^^^^^^^^^^^^^^^^^^^^^^^^^^
[INFO] [stdout] ...
[INFO] [stdout] 363 |     pub fn get_client_url(&self) -> Option<&str> {
[INFO] [stdout]     |            ^^^^^^^^^^^^^^
[INFO] [stdout] ...
[INFO] [stdout] 370 |     pub fn get_server_url(&self) -> Option<&str> {
[INFO] [stdout]     |            ^^^^^^^^^^^^^^
[INFO] [stdout] 
[INFO] [stdout] 
[INFO] [stdout] warning: field `size` is never read
[INFO] [stdout]  --> src/update/structs.rs:5:9
[INFO] [stdout]   |
[INFO] [stdout] 2 | pub struct UpdateFile {
[INFO] [stdout]   |            ---------- field in this struct
[INFO] [stdout] ...
[INFO] [stdout] 5 |     pub size: u64,
[INFO] [stdout]   |         ^^^^
[INFO] [stdout]   |
[INFO] [stdout]   = note: `UpdateFile` has derived impls for the traits `Debug` and `Clone`, but these are intentionally ignored during dead code analysis
[INFO] [stdout] 
[INFO] [stdout] 
[INFO] [stdout] warning: structure field `releaseTime` should have a snake case name
[INFO] [stdout]   --> src/update/json_structs.rs:24:9
[INFO] [stdout]    |
[INFO] [stdout] 24 |     pub releaseTime: String,
[INFO] [stdout]    |         ^^^^^^^^^^^ help: convert the identifier to snake case: `release_time`
[INFO] [stdout]    |
[INFO] [stdout]    = note: `#[warn(non_snake_case)]` (part of `#[warn(nonstandard_style)]`) on by default
[INFO] [stdout] 
[INFO] [stdout] 
[INFO] [stdout] warning: structure field `complianceLevel` should have a snake case name
[INFO] [stdout]   --> src/update/json_structs.rs:26:9
[INFO] [stdout]    |
[INFO] [stdout] 26 |     pub complianceLevel: i32,
[INFO] [stdout]    |         ^^^^^^^^^^^^^^^ help: convert the identifier to snake case: `compliance_level`
[INFO] [stdout] 
[INFO] [stdout] 
[INFO] [stdout] warning: unused `Result` that must be used
[INFO] [stdout]    --> src/lib.rs:130:9
[INFO] [stdout]     |
[INFO] [stdout] 130 |         fs::remove_dir_all(path);
[INFO] [stdout]     |         ^^^^^^^^^^^^^^^^^^^^^^^^
[INFO] [stdout]     |
[INFO] [stdout]     = note: this `Result` may be an `Err` variant, which should be handled
[INFO] [stdout]     = note: `#[warn(unused_must_use)]` (part of `#[warn(unused)]`) on by default
[INFO] [stdout] help: use `let _ = ...` to ignore the resulting value
[INFO] [stdout]     |
[INFO] [stdout] 130 |         let _ = fs::remove_dir_all(path);
[INFO] [stdout]     |         +++++++
[INFO] [stdout] 
[INFO] [stdout] 
[INFO] [stderr]     Finished `release` profile [optimized] target(s) in 17.07s
[INFO] running `Command { std: "docker" "inspect" "a2b48f3b508b0ab8f7185df6432eecfa80aa73e58f23af82238e262074da5110", kill_on_drop: false }`
[INFO] running `Command { std: "docker" "exec" "-e" "SOURCE_DIR=/opt/rustwide/workdir" "-e" "CARGO_HOME=/opt/rustwide/cargo-home" "-e" "RUSTUP_HOME=/opt/rustwide/rustup-home" "-e" "CARGO_TARGET_DIR=/opt/rustwide/target" "-e" "CARGO_INCREMENTAL=0" "-e" "RUST_BACKTRACE=full" "-e" "RUSTFLAGS=--cap-lints=warn" "-e" "RUSTDOCFLAGS=--cap-lints=warn" "-w" "/opt/rustwide/workdir" "--user" "0:0" "a2b48f3b508b0ab8f7185df6432eecfa80aa73e58f23af82238e262074da5110" "/opt/rustwide/cargo-home/bin/cargo" "+1.100.0-beta.1" "test" "--frozen" "--release", kill_on_drop: false }`
[INFO] [stderr] warning: `package.homepage` is redundant with `package.repository`
[INFO] [stderr]   --> Cargo.toml:70:12
[INFO] [stderr]    |
[INFO] [stderr] 70 | homepage = "https://github.com/knightmar/rust_launcher_lib"
[INFO] [stderr]    |            ^^^^^^^^^^^^^^^^^^^^^^^^^^^^^^^^^^^^^^^^^^^^^^^^
[INFO] [stderr] ...
[INFO] [stderr] 75 | repository = "https://github.com/knightmar/rust_launcher_lib"
[INFO] [stderr]    |              ------------------------------------------------
[INFO] [stderr]    |
[INFO] [stderr]    = note: `cargo::redundant_homepage` is set to `warn` by default
[INFO] [stderr] help: consider removing `package.homepage`
[INFO] [stderr] warning: `rust_launcher_lib` (manifest) generated 1 warning
[INFO] [stderr] warning: unused import: `reqwest::Version`
[INFO] [stderr]  --> src/launch/mod.rs:1:5
[INFO] [stderr]   |
[INFO] [stderr] 1 | use reqwest::Version;
[INFO] [stderr]   |     ^^^^^^^^^^^^^^^^
[INFO] [stderr]   |
[INFO] [stderr]   = note: `#[warn(unused_imports)]` (part of `#[warn(unused)]`) on by default
[INFO] [stderr] 
[INFO] [stderr] warning: unused import: `Verification`
[INFO] [stderr]  --> src/update/mod.rs:3:69
[INFO] [stderr]   |
[INFO] [stderr] 3 | use crate::update::errors::UpdateErrors::{Download, Fetch, Install, Verification};
[INFO] [stderr]   |                                                                     ^^^^^^^^^^^^
[INFO] [stderr] 
[INFO] [stderr] warning: unused import: `AssetIndex`
[INFO] [stderr]  --> src/update/mod.rs:5:5
[INFO] [stderr]   |
[INFO] [stderr] 5 |     AssetIndex, AssetManifest, Library, Rule, UniversalVersionJson, VersionEntry, VersionManifest,
[INFO] [stderr]   |     ^^^^^^^^^^
[INFO] [stderr] 
[INFO] [stderr] warning: unused import: `reqwest::Response`
[INFO] [stderr]   --> src/update/mod.rs:10:5
[INFO] [stderr]    |
[INFO] [stderr] 10 | use reqwest::Response;
[INFO] [stderr]    |     ^^^^^^^^^^^^^^^^^
[INFO] [stderr] 
[INFO] [stderr] warning: unused import: `serde_json::to_string`
[INFO] [stderr]   --> src/update/mod.rs:11:5
[INFO] [stderr]    |
[INFO] [stderr] 11 | use serde_json::to_string;
[INFO] [stderr]    |     ^^^^^^^^^^^^^^^^^^^^^
[INFO] [stderr] 
[INFO] [stderr] warning: unused import: `std::env::args_os`
[INFO] [stderr]   --> src/update/mod.rs:13:5
[INFO] [stderr]    |
[INFO] [stderr] 13 | use std::env::args_os;
[INFO] [stderr]    |     ^^^^^^^^^^^^^^^^^
[INFO] [stderr] 
[INFO] [stderr] warning: unused import: `std::ops::Index`
[INFO] [stderr]   --> src/update/mod.rs:14:5
[INFO] [stderr]    |
[INFO] [stderr] 14 | use std::ops::Index;
[INFO] [stderr]    |     ^^^^^^^^^^^^^^^
[INFO] [stderr] 
[INFO] [stderr] warning: unused import: `futures_util::TryStreamExt`
[INFO] [stderr]  --> src/update/mod.rs:9:5
[INFO] [stderr]   |
[INFO] [stderr] 9 | use futures_util::TryStreamExt;
[INFO] [stderr]   |     ^^^^^^^^^^^^^^^^^^^^^^^^^^
[INFO] [stderr] 
[INFO] [stderr] warning: unused variable: `field`
[INFO] [stderr]    --> src/update/mod.rs:149:14
[INFO] [stderr]     |
[INFO] [stderr] 149 |         for (field, entry) in assets_manifest.objects {
[INFO] [stderr]     |              ^^^^^ help: if this is intentional, prefix it with an underscore: `_field`
[INFO] [stderr]     |
[INFO] [stderr]     = note: `#[warn(unused_variables)]` (part of `#[warn(unused)]`) on by default
[INFO] [stderr] 
[INFO] [stderr] warning: unused variable: `is_native`
[INFO] [stderr]    --> src/update/mod.rs:199:17
[INFO] [stderr]     |
[INFO] [stderr] 199 |             let is_native = Self::is_native_library(&lib);
[INFO] [stderr]     |                 ^^^^^^^^^ help: if this is intentional, prefix it with an underscore: `_is_native`
[INFO] [stderr] 
[INFO] [stderr] warning: struct `PublicKeysResponse` is never constructed
[INFO] [stderr]    --> src/auth/structs.rs:110:12
[INFO] [stderr]     |
[INFO] [stderr] 110 | pub struct PublicKeysResponse {
[INFO] [stderr]     |            ^^^^^^^^^^^^^^^^^^
[INFO] [stderr]     |
[INFO] [stderr]     = note: `#[warn(dead_code)]` (part of `#[warn(unused)]`) on by default
[INFO] [stderr] 
[INFO] [stderr] warning: struct `ProfilePropertyKey` is never constructed
[INFO] [stderr]    --> src/auth/structs.rs:118:12
[INFO] [stderr]     |
[INFO] [stderr] 118 | pub struct ProfilePropertyKey {
[INFO] [stderr]     |            ^^^^^^^^^^^^^^^^^^
[INFO] [stderr] 
[INFO] [stderr] warning: struct `PlayerCertificateKey` is never constructed
[INFO] [stderr]    --> src/auth/structs.rs:124:12
[INFO] [stderr]     |
[INFO] [stderr] 124 | pub struct PlayerCertificateKey {
[INFO] [stderr]     |            ^^^^^^^^^^^^^^^^^^^^
[INFO] [stderr] 
[INFO] [stderr] warning: struct `AuthenticationKey` is never constructed
[INFO] [stderr]    --> src/auth/structs.rs:130:12
[INFO] [stderr]     |
[INFO] [stderr] 130 | pub struct AuthenticationKey {
[INFO] [stderr]     |            ^^^^^^^^^^^^^^^^^
[INFO] [stderr] 
[INFO] [stderr] warning: methods `uses_structured_arguments`, `get_game_arguments`, `get_jvm_arguments`, `get_minecraft_arguments_string`, `get_client_url`, and `get_server_url` are never used
[INFO] [stderr]    --> src/update/json_structs.rs:301:12
[INFO] [stderr]     |
[INFO] [stderr] 300 | impl UniversalVersionJson {
[INFO] [stderr]     | ------------------------- methods in this implementation
[INFO] [stderr] 301 |     pub fn uses_structured_arguments(&self) -> bool {
[INFO] [stderr]     |            ^^^^^^^^^^^^^^^^^^^^^^^^^
[INFO] [stderr] ...
[INFO] [stderr] 305 |     pub fn get_game_arguments(&self) -> Vec<String> {
[INFO] [stderr]     |            ^^^^^^^^^^^^^^^^^^
[INFO] [stderr] ...
[INFO] [stderr] 332 |     pub fn get_jvm_arguments(&self) -> Vec<String> {
[INFO] [stderr]     |            ^^^^^^^^^^^^^^^^^
[INFO] [stderr] ...
[INFO] [stderr] 359 |     pub fn get_minecraft_arguments_string(&self) -> Option<&str> {
[INFO] [stderr]     |            ^^^^^^^^^^^^^^^^^^^^^^^^^^^^^^
[INFO] [stderr] ...
[INFO] [stderr] 363 |     pub fn get_client_url(&self) -> Option<&str> {
[INFO] [stderr]     |            ^^^^^^^^^^^^^^
[INFO] [stderr] ...
[INFO] [stderr] 370 |     pub fn get_server_url(&self) -> Option<&str> {
[INFO] [stderr]     |            ^^^^^^^^^^^^^^
[INFO] [stderr] 
[INFO] [stderr] warning: field `size` is never read
[INFO] [stderr]  --> src/update/structs.rs:5:9
[INFO] [stderr]   |
[INFO] [stderr] 2 | pub struct UpdateFile {
[INFO] [stderr]   |            ---------- field in this struct
[INFO] [stderr] ...
[INFO] [stderr] 5 |     pub size: u64,
[INFO] [stderr]   |         ^^^^
[INFO] [stderr]   |
[INFO] [stderr]   = note: `UpdateFile` has derived impls for the traits `Debug` and `Clone`, but these are intentionally ignored during dead code analysis
[INFO] [stderr] 
[INFO] [stderr] warning: structure field `releaseTime` should have a snake case name
[INFO] [stderr]   --> src/update/json_structs.rs:24:9
[INFO] [stderr]    |
[INFO] [stderr] 24 |     pub releaseTime: String,
[INFO] [stderr]    |         ^^^^^^^^^^^ help: convert the identifier to snake case: `release_time`
[INFO] [stderr]    |
[INFO] [stderr]    = note: `#[warn(non_snake_case)]` (part of `#[warn(nonstandard_style)]`) on by default
[INFO] [stderr] 
[INFO] [stderr] warning: structure field `complianceLevel` should have a snake case name
[INFO] [stderr]   --> src/update/json_structs.rs:26:9
[INFO] [stderr]    |
[INFO] [stderr] 26 |     pub complianceLevel: i32,
[INFO] [stderr]    |         ^^^^^^^^^^^^^^^ help: convert the identifier to snake case: `compliance_level`
[INFO] [stderr] 
[INFO] [stderr] warning: unused import: `crate::update::downloader::Downloader`
[INFO] [stderr]  --> src/lib.rs:9:9
[INFO] [stderr]   |
[INFO] [stderr] 9 |     use crate::update::downloader::Downloader;
[INFO] [stderr]   |         ^^^^^^^^^^^^^^^^^^^^^^^^^^^^^^^^^^^^^
[INFO] [stderr] 
[INFO] [stderr] warning: unused import: `crate::update::structs::UpdateFile`
[INFO] [stderr]   --> src/lib.rs:10:9
[INFO] [stderr]    |
[INFO] [stderr] 10 |     use crate::update::structs::UpdateFile;
[INFO] [stderr]    |         ^^^^^^^^^^^^^^^^^^^^^^^^^^^^^^^^^^
[INFO] [stderr] 
[INFO] [stderr] warning: unused import: `std::path::Path`
[INFO] [stderr]   --> src/lib.rs:12:9
[INFO] [stderr]    |
[INFO] [stderr] 12 |     use std::path::Path;
[INFO] [stderr]    |         ^^^^^^^^^^^^^^^
[INFO] [stderr] 
[INFO] [stderr] warning: unused `Result` that must be used
[INFO] [stderr]    --> src/lib.rs:130:9
[INFO] [stderr]     |
[INFO] [stderr] 130 |         fs::remove_dir_all(path);
[INFO] [stderr]     |         ^^^^^^^^^^^^^^^^^^^^^^^^
[INFO] [stderr]     |
[INFO] [stderr]     = note: this `Result` may be an `Err` variant, which should be handled
[INFO] [stderr]     = note: `#[warn(unused_must_use)]` (part of `#[warn(unused)]`) on by default
[INFO] [stderr] help: use `let _ = ...` to ignore the resulting value
[INFO] [stderr]     |
[INFO] [stderr] 130 |         let _ = fs::remove_dir_all(path);
[INFO] [stderr]     |         +++++++
[INFO] [stderr] 
[INFO] [stderr] warning: `rust_launcher_lib` (lib) generated 18 warnings (run `cargo fix --lib -p rust_launcher_lib` to apply 9 suggestions)
[INFO] [stderr] warning: `rust_launcher_lib` (lib test) generated 22 warnings (18 duplicates) (run `cargo fix --lib -p rust_launcher_lib --tests` to apply 3 suggestions)
[INFO] [stderr]     Finished `release` profile [optimized] target(s) in 0.21s
[INFO] [stderr]      Running unittests src/lib.rs (/opt/rustwide/target/release/build/rust_launcher_lib/4c30baefb9a4a6e2/out/rust_launcher_lib-4c30baefb9a4a6e2)
[INFO] [stdout] 
[INFO] [stdout] running 5 tests
[INFO] [stdout] test test::test_authenticator ... FAILED
[INFO] [stdout] test test::launch_game ... FAILED
[INFO] [stdout] test test::test_auth_abstract ... FAILED
[INFO] [stdout] test test::test_multiple_versions_parsing ... FAILED
[INFO] [stdout] test test::test_updater ... ok
[INFO] [stderr] error: test failed, to rerun pass `--lib`
[INFO] [stdout] 
[INFO] [stdout] failures:
[INFO] [stdout] 
[INFO] [stdout] ---- test::test_authenticator stdout ----
[INFO] [stdout] 
[INFO] [stdout] thread 'test::test_authenticator' (3312) panicked at src/lib.rs:20:47:
[INFO] [stdout] called `Result::unwrap()` on an `Err` value: NotPresent
[INFO] [stdout] stack backtrace:
[INFO] [stdout]    0:     0x63ff63483f31 - <<std[617be2ca0a6fd877]::sys::backtrace::BacktraceLock>::print::DisplayBacktrace as core[a373ad73a504971]::fmt::Display>::fmt
[INFO] [stdout]    1:     0x63ff6349d9da - core[a373ad73a504971]::fmt::write
[INFO] [stdout]    2:     0x63ff6348a72c - <alloc[2e1b2a31b91974c5]::vec::Vec<u8> as core[a373ad73a504971]::io::write::Write>::write_fmt
[INFO] [stdout]    3:     0x63ff6345b1d6 - std[617be2ca0a6fd877]::panicking::default_hook::{closure#0}
[INFO] [stdout]    4:     0x63ff63479e09 - std[617be2ca0a6fd877]::panicking::default_hook
[INFO] [stdout]    5:     0x63ff62f85690 - test[aada8e7e76ba119b]::test_main_inner::{closure#0}
[INFO] [stdout]    6:     0x63ff6347a132 - std[617be2ca0a6fd877]::panicking::panic_with_hook
[INFO] [stdout]    7:     0x63ff6345b282 - std[617be2ca0a6fd877]::panicking::panic_handler::{closure#0}
[INFO] [stdout]    8:     0x63ff63453979 - std[617be2ca0a6fd877]::sys::backtrace::__rust_end_short_backtrace::<std[617be2ca0a6fd877]::panicking::panic_handler::{closure#0}, !>
[INFO] [stdout]    9:     0x63ff6345c2cd - __rustc[ea4f61d10b84890b]::rust_begin_unwind
[INFO] [stdout]   10:     0x63ff6349e13c - core[a373ad73a504971]::panicking::panic_fmt
[INFO] [stdout]   11:     0x63ff6349df12 - core[a373ad73a504971]::result::unwrap_failed
[INFO] [stdout]   12:     0x63ff62f0a085 - <rust_launcher_lib[becdd33f80eabd9a]::test::test_authenticator::{closure#0} as core[a373ad73a504971]::ops::function::FnOnce<()>>::call_once
[INFO] [stdout]   13:     0x63ff62f78adb - test[aada8e7e76ba119b]::__rust_begin_short_backtrace::<core[a373ad73a504971]::result::Result<(), alloc[2e1b2a31b91974c5]::string::String>, fn() -> core[a373ad73a504971]::result::Result<(), alloc[2e1b2a31b91974c5]::string::String>>
[INFO] [stdout]   14:     0x63ff62f85cb5 - test[aada8e7e76ba119b]::run_test::{closure#0}
[INFO] [stdout]   15:     0x63ff62f7f5a4 - std[617be2ca0a6fd877]::sys::backtrace::__rust_begin_short_backtrace::<test[aada8e7e76ba119b]::run_test::{closure#1}, ()>
[INFO] [stdout]   16:     0x63ff62f88d42 - <std[617be2ca0a6fd877]::thread::lifecycle::spawn_unchecked<test[aada8e7e76ba119b]::run_test::{closure#1}, ()>::{closure#1} as core[a373ad73a504971]::ops::function::FnOnce<()>>::call_once::{shim:vtable#0}
[INFO] [stdout]   17:     0x63ff634828ef - <std[617be2ca0a6fd877]::sys::thread::unix::Thread>::new::thread_start
[INFO] [stdout]   18:     0x75d76b85edfa - <unknown>
[INFO] [stdout]   19:     0x75d76b8f23d4 - clone
[INFO] [stdout]   20:                0x0 - <unknown>
[INFO] [stdout] 
[INFO] [stdout] ---- test::launch_game stdout ----
[INFO] [stdout] Ok(
[INFO] [stdout]     "client.jar not found",
[INFO] [stdout] )
[INFO] [stdout] 
[INFO] [stdout] thread 'test::launch_game' (3310) panicked at src/lib.rs:182:9:
[INFO] [stdout] assertion failed: result.is_ok()
[INFO] [stdout] stack backtrace:
[INFO] [stdout]    0:     0x63ff63483f31 - <<std[617be2ca0a6fd877]::sys::backtrace::BacktraceLock>::print::DisplayBacktrace as core[a373ad73a504971]::fmt::Display>::fmt
[INFO] [stdout]    1:     0x63ff6349d9da - core[a373ad73a504971]::fmt::write
[INFO] [stdout]    2:     0x63ff6348a72c - <alloc[2e1b2a31b91974c5]::vec::Vec<u8> as core[a373ad73a504971]::io::write::Write>::write_fmt
[INFO] [stdout]    3:     0x63ff6345b1d6 - std[617be2ca0a6fd877]::panicking::default_hook::{closure#0}
[INFO] [stdout]    4:     0x63ff63479e09 - std[617be2ca0a6fd877]::panicking::default_hook
[INFO] [stdout]    5:     0x63ff62f85690 - test[aada8e7e76ba119b]::test_main_inner::{closure#0}
[INFO] [stdout]    6:     0x63ff6347a132 - std[617be2ca0a6fd877]::panicking::panic_with_hook
[INFO] [stdout]    7:     0x63ff6345b2b4 - std[617be2ca0a6fd877]::panicking::panic_handler::{closure#0}
[INFO] [stdout]    8:     0x63ff63453979 - std[617be2ca0a6fd877]::sys::backtrace::__rust_end_short_backtrace::<std[617be2ca0a6fd877]::panicking::panic_handler::{closure#0}, !>
[INFO] [stdout]    9:     0x63ff6345c2cd - __rustc[ea4f61d10b84890b]::rust_begin_unwind
[INFO] [stdout]   10:     0x63ff6349e13c - core[a373ad73a504971]::panicking::panic_fmt
[INFO] [stdout]   11:     0x63ff6349e102 - core[a373ad73a504971]::panicking::panic
[INFO] [stdout]   12:     0x63ff62f084df - <rust_launcher_lib[becdd33f80eabd9a]::test::launch_game::{closure#0} as core[a373ad73a504971]::ops::function::FnOnce<()>>::call_once
[INFO] [stdout]   13:     0x63ff62f78adb - test[aada8e7e76ba119b]::__rust_begin_short_backtrace::<core[a373ad73a504971]::result::Result<(), alloc[2e1b2a31b91974c5]::string::String>, fn() -> core[a373ad73a504971]::result::Result<(), alloc[2e1b2a31b91974c5]::string::String>>
[INFO] [stdout]   14:     0x63ff62f85cb5 - test[aada8e7e76ba119b]::run_test::{closure#0}
[INFO] [stdout]   15:     0x63ff62f7f5a4 - std[617be2ca0a6fd877]::sys::backtrace::__rust_begin_short_backtrace::<test[aada8e7e76ba119b]::run_test::{closure#1}, ()>
[INFO] [stdout]   16:     0x63ff62f88d42 - <std[617be2ca0a6fd877]::thread::lifecycle::spawn_unchecked<test[aada8e7e76ba119b]::run_test::{closure#1}, ()>::{closure#1} as core[a373ad73a504971]::ops::function::FnOnce<()>>::call_once::{shim:vtable#0}
[INFO] [stdout]   17:     0x63ff634828ef - <std[617be2ca0a6fd877]::sys::thread::unix::Thread>::new::thread_start
[INFO] [stdout]   18:     0x75d76b85edfa - <unknown>
[INFO] [stdout]   19:     0x75d76b8f23d4 - clone
[INFO] [stdout]   20:                0x0 - <unknown>
[INFO] [stdout] 
[INFO] [stdout] ---- test::test_auth_abstract stdout ----
[INFO] [stdout] 
[INFO] [stdout] thread 'test::test_auth_abstract' (3311) panicked at src/lib.rs:114:47:
[INFO] [stdout] called `Result::unwrap()` on an `Err` value: NotPresent
[INFO] [stdout] stack backtrace:
[INFO] [stdout]    0:     0x63ff63483f31 - <<std[617be2ca0a6fd877]::sys::backtrace::BacktraceLock>::print::DisplayBacktrace as core[a373ad73a504971]::fmt::Display>::fmt
[INFO] [stdout]    1:     0x63ff6349d9da - core[a373ad73a504971]::fmt::write
[INFO] [stdout]    2:     0x63ff6348a72c - <alloc[2e1b2a31b91974c5]::vec::Vec<u8> as core[a373ad73a504971]::io::write::Write>::write_fmt
[INFO] [stdout]    3:     0x63ff6345b1d6 - std[617be2ca0a6fd877]::panicking::default_hook::{closure#0}
[INFO] [stdout]    4:     0x63ff63479e09 - std[617be2ca0a6fd877]::panicking::default_hook
[INFO] [stdout]    5:     0x63ff62f85690 - test[aada8e7e76ba119b]::test_main_inner::{closure#0}
[INFO] [stdout]    6:     0x63ff6347a132 - std[617be2ca0a6fd877]::panicking::panic_with_hook
[INFO] [stdout]    7:     0x63ff6345b282 - std[617be2ca0a6fd877]::panicking::panic_handler::{closure#0}
[INFO] [stdout]    8:     0x63ff63453979 - std[617be2ca0a6fd877]::sys::backtrace::__rust_end_short_backtrace::<std[617be2ca0a6fd877]::panicking::panic_handler::{closure#0}, !>
[INFO] [stdout]    9:     0x63ff6345c2cd - __rustc[ea4f61d10b84890b]::rust_begin_unwind
[INFO] [stdout]   10:     0x63ff6349e13c - core[a373ad73a504971]::panicking::panic_fmt
[INFO] [stdout]   11:     0x63ff6349df12 - core[a373ad73a504971]::result::unwrap_failed
[INFO] [stdout]   12:     0x63ff62f08e76 - <rust_launcher_lib[becdd33f80eabd9a]::test::test_auth_abstract::{closure#0} as core[a373ad73a504971]::ops::function::FnOnce<()>>::call_once
[INFO] [stdout]   13:     0x63ff62f78adb - test[aada8e7e76ba119b]::__rust_begin_short_backtrace::<core[a373ad73a504971]::result::Result<(), alloc[2e1b2a31b91974c5]::string::String>, fn() -> core[a373ad73a504971]::result::Result<(), alloc[2e1b2a31b91974c5]::string::String>>
[INFO] [stdout]   14:     0x63ff62f85cb5 - test[aada8e7e76ba119b]::run_test::{closure#0}
[INFO] [stdout]   15:     0x63ff62f7f5a4 - std[617be2ca0a6fd877]::sys::backtrace::__rust_begin_short_backtrace::<test[aada8e7e76ba119b]::run_test::{closure#1}, ()>
[INFO] [stdout]   16:     0x63ff62f88d42 - <std[617be2ca0a6fd877]::thread::lifecycle::spawn_unchecked<test[aada8e7e76ba119b]::run_test::{closure#1}, ()>::{closure#1} as core[a373ad73a504971]::ops::function::FnOnce<()>>::call_once::{shim:vtable#0}
[INFO] [stdout]   17:     0x63ff634828ef - <std[617be2ca0a6fd877]::sys::thread::unix::Thread>::new::thread_start
[INFO] [stdout]   18:     0x75d76b85edfa - <unknown>
[INFO] [stdout]   19:     0x75d76b8f23d4 - clone
[INFO] [stdout]   20:                0x0 - <unknown>
[INFO] [stdout] 
[INFO] [stdout] ---- test::test_multiple_versions_parsing stdout ----
[INFO] [stdout] 
[INFO] [stdout] thread 'test::test_multiple_versions_parsing' (3313) panicked at src/lib.rs:153:14:
[INFO] [stdout] Cannot get manifest: Fetch("error sending request for url (https://piston-meta.mojang.com/mc/game/version_manifest_v2.json)")
[INFO] [stdout] stack backtrace:
[INFO] [stdout]    0:     0x63ff63483f31 - <<std[617be2ca0a6fd877]::sys::backtrace::BacktraceLock>::print::DisplayBacktrace as core[a373ad73a504971]::fmt::Display>::fmt
[INFO] [stdout]    1:     0x63ff6349d9da - core[a373ad73a504971]::fmt::write
[INFO] [stdout]    2:     0x63ff6348a72c - <alloc[2e1b2a31b91974c5]::vec::Vec<u8> as core[a373ad73a504971]::io::write::Write>::write_fmt
[INFO] [stdout]    3:     0x63ff6345b1d6 - std[617be2ca0a6fd877]::panicking::default_hook::{closure#0}
[INFO] [stdout]    4:     0x63ff63479e09 - std[617be2ca0a6fd877]::panicking::default_hook
[INFO] [stdout]    5:     0x63ff62f85690 - test[aada8e7e76ba119b]::test_main_inner::{closure#0}
[INFO] [stdout]    6:     0x63ff6347a132 - std[617be2ca0a6fd877]::panicking::panic_with_hook
[INFO] [stdout]    7:     0x63ff6345b282 - std[617be2ca0a6fd877]::panicking::panic_handler::{closure#0}
[INFO] [stdout]    8:     0x63ff63453979 - std[617be2ca0a6fd877]::sys::backtrace::__rust_end_short_backtrace::<std[617be2ca0a6fd877]::panicking::panic_handler::{closure#0}, !>
[INFO] [stdout]    9:     0x63ff6345c2cd - __rustc[ea4f61d10b84890b]::rust_begin_unwind
[INFO] [stdout]   10:     0x63ff6349e13c - core[a373ad73a504971]::panicking::panic_fmt
[INFO] [stdout]   11:     0x63ff6349df12 - core[a373ad73a504971]::result::unwrap_failed
[INFO] [stdout]   12:     0x63ff62f05516 - rust_launcher_lib[becdd33f80eabd9a]::test::test_multiple_versions_parsing::{closure#0}
[INFO] [stdout]   13:     0x63ff62f66383 - <tokio[8329bc349855d932]::runtime::scheduler::current_thread::Context>::enter::<core[a373ad73a504971]::task::poll::Poll<()>, <tokio[8329bc349855d932]::runtime::scheduler::current_thread::CoreGuard>::block_on<core[a373ad73a504971]::pin::Pin<&mut core[a373ad73a504971]::pin::Pin<&mut dyn core[a373ad73a504971]::future::future::Future<Output = ()>>>>::{closure#0}::{closure#0}>
[INFO] [stdout]   14:     0x63ff62edc2a9 - <std[617be2ca0a6fd877]::thread::local::LocalKey<tokio[8329bc349855d932]::runtime::context::Context>>::with::<tokio[8329bc349855d932]::runtime::context::set_scheduler<(alloc[2e1b2a31b91974c5]::boxed::Box<tokio[8329bc349855d932]::runtime::scheduler::current_thread::Core>, core[a373ad73a504971]::option::Option<()>), <tokio[8329bc349855d932]::runtime::scheduler::current_thread::CoreGuard>::enter<<tokio[8329bc349855d932]::runtime::scheduler::current_thread::CoreGuard>::block_on<core[a373ad73a504971]::pin::Pin<&mut core[a373ad73a504971]::pin::Pin<&mut dyn core[a373ad73a504971]::future::future::Future<Output = ()>>>>::{closure#0}, core[a373ad73a504971]::option::Option<()>>::{closure#0}>::{closure#0}, (alloc[2e1b2a31b91974c5]::boxed::Box<tokio[8329bc349855d932]::runtime::scheduler::current_thread::Core>, core[a373ad73a504971]::option::Option<()>)>
[INFO] [stdout]   15:     0x63ff62f66707 - <tokio[8329bc349855d932]::runtime::scheduler::current_thread::CoreGuard>::block_on::<core[a373ad73a504971]::pin::Pin<&mut core[a373ad73a504971]::pin::Pin<&mut dyn core[a373ad73a504971]::future::future::Future<Output = ()>>>>
[INFO] [stdout]   16:     0x63ff62f4d2c6 - tokio[8329bc349855d932]::runtime::context::runtime::enter_runtime::<<tokio[8329bc349855d932]::runtime::scheduler::current_thread::CurrentThread>::block_on<core[a373ad73a504971]::pin::Pin<&mut dyn core[a373ad73a504971]::future::future::Future<Output = ()>>>::{closure#0}, ()>
[INFO] [stdout]   17:     0x63ff62f0aca5 - <rust_launcher_lib[becdd33f80eabd9a]::test::test_multiple_versions_parsing::{closure#0} as core[a373ad73a504971]::ops::function::FnOnce<()>>::call_once
[INFO] [stdout]   18:     0x63ff62f78adb - test[aada8e7e76ba119b]::__rust_begin_short_backtrace::<core[a373ad73a504971]::result::Result<(), alloc[2e1b2a31b91974c5]::string::String>, fn() -> core[a373ad73a504971]::result::Result<(), alloc[2e1b2a31b91974c5]::string::String>>
[INFO] [stdout]   19:     0x63ff62f85cb5 - test[aada8e7e76ba119b]::run_test::{closure#0}
[INFO] [stdout]   20:     0x63ff62f7f5a4 - std[617be2ca0a6fd877]::sys::backtrace::__rust_begin_short_backtrace::<test[aada8e7e76ba119b]::run_test::{closure#1}, ()>
[INFO] [stdout]   21:     0x63ff62f88d42 - <std[617be2ca0a6fd877]::thread::lifecycle::spawn_unchecked<test[aada8e7e76ba119b]::run_test::{closure#1}, ()>::{closure#1} as core[a373ad73a504971]::ops::function::FnOnce<()>>::call_once::{shim:vtable#0}
[INFO] [stdout]   22:     0x63ff634828ef - <std[617be2ca0a6fd877]::sys::thread::unix::Thread>::new::thread_start
[INFO] [stdout]   23:     0x75d76b85edfa - <unknown>
[INFO] [stdout]   24:     0x75d76b8f23d4 - clone
[INFO] [stdout]   25:                0x0 - <unknown>
[INFO] [stdout] 
[INFO] [stdout] 
[INFO] [stdout] failures:
[INFO] [stdout]     test::launch_game
[INFO] [stdout]     test::test_auth_abstract
[INFO] [stdout]     test::test_authenticator
[INFO] [stdout]     test::test_multiple_versions_parsing
[INFO] [stdout] 
[INFO] [stdout] test result: FAILED. 1 passed; 4 failed; 0 ignored; 0 measured; 0 filtered out; finished in 0.13s
[INFO] [stdout] 
[INFO] running `Command { std: "docker" "inspect" "a2b48f3b508b0ab8f7185df6432eecfa80aa73e58f23af82238e262074da5110", kill_on_drop: false }`
[INFO] running `Command { std: "docker" "rm" "-f" "a2b48f3b508b0ab8f7185df6432eecfa80aa73e58f23af82238e262074da5110", kill_on_drop: false }`
[INFO] [stdout] a2b48f3b508b0ab8f7185df6432eecfa80aa73e58f23af82238e262074da5110
