[INFO] fetching crate rust_flightplan 1.1.1...
[INFO] testing rust_flightplan-1.1.1 against 1.99.0-beta.8+cargoflags=--release for beta-release-1.100-2
[INFO] extracting crate rust_flightplan 1.1.1 into /workspace/builds/worker-5-tc1/source
[INFO] started tweaking crates.io crate rust_flightplan 1.1.1
[INFO] finished tweaking crates.io crate rust_flightplan 1.1.1
[INFO] tweaked toml for crates.io crate rust_flightplan 1.1.1 written to /workspace/builds/worker-5-tc1/source/Cargo.toml
[INFO] validating manifest of crates.io crate rust_flightplan 1.1.1 on toolchain 1.99.0-beta.8
[INFO] running `Command { std: CARGO_HOME="/workspace/cargo-home" RUSTUP_HOME="/workspace/rustup-home" "/workspace/cargo-home/bin/cargo" "+1.99.0-beta.8" "metadata" "--manifest-path" "Cargo.toml" "--no-deps", kill_on_drop: false }`
[INFO] running `Command { std: CARGO_HOME="/workspace/cargo-home" RUSTUP_HOME="/workspace/rustup-home" "/workspace/cargo-home/bin/cargo" "+1.99.0-beta.8" "generate-lockfile" "--manifest-path" "Cargo.toml", kill_on_drop: false }`
[INFO] [stderr]     Updating crates.io index
[INFO] [stderr]      Locking 168 packages to highest compatible versions
[INFO] [stderr]       Adding reqwest v0.12.28 (available: v0.13.5)
[INFO] running `Command { std: CARGO_HOME="/workspace/cargo-home" RUSTUP_HOME="/workspace/rustup-home" "/workspace/cargo-home/bin/cargo" "+1.99.0-beta.8" "fetch" "--manifest-path" "Cargo.toml", kill_on_drop: false }`
[INFO] running `Command { std: "docker" "create" "-v" "/var/lib/crater-agent-workspace/builds/worker-5-tc1/source:/opt/rustwide/workdir:ro,Z" "-v" "/var/lib/crater-agent-workspace/builds/worker-5-tc1/target:/opt/rustwide/target:rw,Z" "-v" "/var/lib/crater-agent-workspace/cargo-home:/opt/rustwide/cargo-home:ro,Z" "-v" "/var/lib/crater-agent-workspace/rustup-home:/opt/rustwide/rustup-home:ro,Z" "-m" "1610612736" "--network" "none" "ghcr.io/rust-lang/crates-build-env/linux@sha256:77db811e55d90add9212f6832c23229e3de5f1c1f9905e8cb07319ea15df73ac" "sleep" "infinity", kill_on_drop: false }`
[INFO] [stdout] a4e8115a158cdfa97c7edf0a113c81719b208c3e02f7c899838bc2b5dee3821d
[INFO] running `Command { std: "docker" "start" "a4e8115a158cdfa97c7edf0a113c81719b208c3e02f7c899838bc2b5dee3821d", kill_on_drop: false }`
[INFO] running `Command { std: "docker" "inspect" "a4e8115a158cdfa97c7edf0a113c81719b208c3e02f7c899838bc2b5dee3821d", kill_on_drop: false }`
[INFO] running `Command { std: "docker" "exec" "-e" "SOURCE_DIR=/opt/rustwide/workdir" "-e" "CARGO_HOME=/opt/rustwide/cargo-home" "-e" "RUSTUP_HOME=/opt/rustwide/rustup-home" "-e" "CARGO_TARGET_DIR=/opt/rustwide/target" "-w" "/opt/rustwide/workdir" "--user" "0:0" "a4e8115a158cdfa97c7edf0a113c81719b208c3e02f7c899838bc2b5dee3821d" "/opt/rustwide/cargo-home/bin/cargo" "+1.99.0-beta.8" "metadata" "--no-deps" "--format-version=1", kill_on_drop: false }`
[INFO] running `Command { std: "docker" "inspect" "a4e8115a158cdfa97c7edf0a113c81719b208c3e02f7c899838bc2b5dee3821d", kill_on_drop: false }`
[INFO] running `Command { std: "docker" "exec" "-e" "SOURCE_DIR=/opt/rustwide/workdir" "-e" "CARGO_HOME=/opt/rustwide/cargo-home" "-e" "RUSTUP_HOME=/opt/rustwide/rustup-home" "-e" "CARGO_TARGET_DIR=/opt/rustwide/target" "-e" "CARGO_INCREMENTAL=0" "-e" "RUST_BACKTRACE=full" "-e" "RUSTFLAGS=--cap-lints=warn" "-e" "RUSTDOCFLAGS=--cap-lints=warn" "-w" "/opt/rustwide/workdir" "--user" "0:0" "a4e8115a158cdfa97c7edf0a113c81719b208c3e02f7c899838bc2b5dee3821d" "/opt/rustwide/cargo-home/bin/cargo" "+1.99.0-beta.8" "build" "--frozen" "--message-format=json" "--release", kill_on_drop: false }`
[INFO] [stderr]    Compiling proc-macro2 v1.0.107
[INFO] [stderr]    Compiling quote v1.0.47
[INFO] [stderr]    Compiling unicode-ident v1.0.27
[INFO] [stderr]    Compiling libc v0.2.191
[INFO] [stderr]    Compiling stable_deref_trait v1.2.1
[INFO] [stderr]    Compiling pin-project-lite v0.2.17
[INFO] [stderr]    Compiling bytes v1.12.1
[INFO] [stderr]    Compiling futures-core v0.3.34
[INFO] [stderr]    Compiling find-msvc-tools v0.1.14
[INFO] [stderr]    Compiling itoa v1.0.18
[INFO] [stderr]    Compiling shlex v2.0.1
[INFO] [stderr]    Compiling pkg-config v0.3.34
[INFO] [stderr]    Compiling vcpkg v0.2.15
[INFO] [stderr]    Compiling writeable v0.6.4
[INFO] [stderr]    Compiling smallvec v1.16.3
[INFO] [stderr]    Compiling litemap v0.8.3
[INFO] [stderr]    Compiling slab v0.4.12
[INFO] [stderr]    Compiling icu_properties_data v2.3.0
[INFO] [stderr]    Compiling utf8_iter v1.0.4
[INFO] [stderr]    Compiling icu_normalizer_data v2.3.0
[INFO] [stderr]    Compiling cc v1.8.0
[INFO] [stderr]    Compiling serde_core v1.0.229
[INFO] [stderr]    Compiling once_cell v1.21.4
[INFO] [stderr]    Compiling percent-encoding v2.3.2
[INFO] [stderr]    Compiling httparse v1.10.1
[INFO] [stderr]    Compiling cfg-if v1.0.5
[INFO] [stderr]    Compiling tracing-core v0.1.36
[INFO] [stderr]    Compiling foreign-types-shared v0.1.1
[INFO] [stderr]    Compiling bitflags v2.13.2
[INFO] [stderr]    Compiling futures-sink v0.3.34
[INFO] [stderr]    Compiling hashbrown v0.17.1
[INFO] [stderr]    Compiling equivalent v1.0.3
[INFO] [stderr]    Compiling futures-task v0.3.34
[INFO] [stderr]    Compiling openssl v0.10.81
[INFO] [stderr]    Compiling rustversion v1.0.23
[INFO] [stderr]    Compiling foreign-types v0.3.2
[INFO] [stderr]    Compiling tower-service v0.3.3
[INFO] [stderr]    Compiling fnv v1.0.7
[INFO] [stderr]    Compiling futures-util v0.3.34
[INFO] [stderr]    Compiling native-tls v0.2.18
[INFO] [stderr]    Compiling atomic-waker v1.1.2
[INFO] [stderr]    Compiling try-lock v0.2.5
[INFO] [stderr]    Compiling serde v1.0.229
[INFO] [stderr]    Compiling want v0.3.2
[INFO] [stderr]    Compiling form_urlencoded v1.2.2
[INFO] [stderr]    Compiling futures-channel v0.3.34
[INFO] [stderr]    Compiling openssl-probe v0.2.1
[INFO] [stderr]    Compiling log v0.4.34
[INFO] [stderr]    Compiling autocfg v1.5.1
[INFO] [stderr]    Compiling memchr v2.8.3
[INFO] [stderr]    Compiling sync_wrapper v1.0.2
[INFO] [stderr]    Compiling tower-layer v0.3.3
[INFO] [stderr]    Compiling ipnet v2.12.2
[INFO] [stderr]    Compiling tracing v0.1.44
[INFO] [stderr]    Compiling base64 v0.23.1
[INFO] [stderr]    Compiling zmij v1.0.23
[INFO] [stderr]    Compiling regex-syntax v0.8.11
[INFO] [stderr]    Compiling syn v3.0.9
[INFO] [stderr]    Compiling http v1.5.0
[INFO] [stderr]    Compiling syn v2.0.119
[INFO] [stderr]    Compiling num-traits v0.2.19
[INFO] [stderr]    Compiling serde_json v1.0.154
[INFO] [stderr]    Compiling zeroize v1.9.1
[INFO] [stderr]    Compiling ryu v1.0.23
[INFO] [stderr]    Compiling scopeguard v1.2.0
[INFO] [stderr]    Compiling multiversion_no_op v1.0.0
[INFO] [stderr]    Compiling simdutf8 v0.1.5
[INFO] [stderr]    Compiling aho-corasick v1.1.5
[INFO] [stderr]    Compiling encoding_rs v0.8.42
[INFO] [stderr]    Compiling core_detect v1.0.0
[INFO] [stderr]    Compiling indexmap v2.14.2
[INFO] [stderr]    Compiling rustls-pki-types v1.15.1
[INFO] [stderr]    Compiling base64 v0.22.1
[INFO] [stderr]    Compiling iana-time-zone v0.1.65
[INFO] [stderr]    Compiling mime v0.3.17
[INFO] [stderr]    Compiling mio v1.2.4
[INFO] [stderr]    Compiling socket2 v0.6.5
[INFO] [stderr]    Compiling http-body v1.1.0
[INFO] [stderr]    Compiling http-body-util v0.1.5
[INFO] [stderr]    Compiling openssl-sys v0.9.117
[INFO] [stderr]    Compiling tokio v1.53.3
[INFO] [stderr]    Compiling regex-automata v0.4.18
[INFO] [stderr]    Compiling synstructure v0.14.0
[INFO] [stderr]    Compiling zerovec-derive v0.11.6
[INFO] [stderr]    Compiling displaydoc v0.2.7
[INFO] [stderr]    Compiling serde_derive v1.0.229
[INFO] [stderr]    Compiling zerofrom-derive v0.1.8
[INFO] [stderr]    Compiling yoke-derive v0.8.4
[INFO] [stderr]    Compiling openssl-macros v0.1.1
[INFO] [stderr]    Compiling zerofrom v0.1.8
[INFO] [stderr]    Compiling yoke v0.8.3
[INFO] [stderr]    Compiling zerovec v0.11.8
[INFO] [stderr]    Compiling zerotrie v0.2.5
[INFO] [stderr]    Compiling regex v1.13.1
[INFO] [stderr]    Compiling tinystr v0.8.4
[INFO] [stderr]    Compiling potential_utf v0.1.6
[INFO] [stderr]    Compiling icu_collections v2.3.0
[INFO] [stderr]    Compiling icu_locale_core v2.3.0
[INFO] [stderr]    Compiling icu_provider v2.3.1
[INFO] [stderr]    Compiling icu_normalizer v2.3.0
[INFO] [stderr]    Compiling icu_properties v2.3.0
[INFO] [stderr]    Compiling serde_urlencoded v0.7.1
[INFO] [stderr]    Compiling chrono v0.4.45
[INFO] [stderr]    Compiling tokio-util v0.7.20
[INFO] [stderr]    Compiling tower v0.5.3
[INFO] [stderr]    Compiling tokio-native-tls v0.3.1
[INFO] [stderr]    Compiling h2 v0.4.20
[INFO] [stderr]    Compiling idna_adapter v1.2.2
[INFO] [stderr]    Compiling idna v1.1.0
[INFO] [stderr]    Compiling url v2.5.8
[INFO] [stderr]    Compiling tower-http v0.6.11
[INFO] [stderr]    Compiling hyper v1.12.0
[INFO] [stderr]    Compiling hyper-util v0.1.21
[INFO] [stderr]    Compiling hyper-tls v0.6.0
[INFO] [stderr]    Compiling reqwest v0.12.28
[INFO] [stderr]    Compiling rust_flightplan v1.1.1 (/opt/rustwide/workdir)
[INFO] [stderr]     Finished `release` profile [optimized] target(s) in 1m 13s
[INFO] running `Command { std: "docker" "inspect" "a4e8115a158cdfa97c7edf0a113c81719b208c3e02f7c899838bc2b5dee3821d", kill_on_drop: false }`
[INFO] running `Command { std: "docker" "exec" "-e" "SOURCE_DIR=/opt/rustwide/workdir" "-e" "CARGO_HOME=/opt/rustwide/cargo-home" "-e" "RUSTUP_HOME=/opt/rustwide/rustup-home" "-e" "CARGO_TARGET_DIR=/opt/rustwide/target" "-e" "CARGO_INCREMENTAL=0" "-e" "RUST_BACKTRACE=full" "-e" "RUSTFLAGS=--cap-lints=warn" "-e" "RUSTDOCFLAGS=--cap-lints=warn" "-w" "/opt/rustwide/workdir" "--user" "0:0" "a4e8115a158cdfa97c7edf0a113c81719b208c3e02f7c899838bc2b5dee3821d" "/opt/rustwide/cargo-home/bin/cargo" "+1.99.0-beta.8" "test" "--frozen" "--no-run" "--message-format=json" "--release", kill_on_drop: false }`
[INFO] [stderr]    Compiling syn v3.0.9
[INFO] [stderr]    Compiling synstructure v0.14.0
[INFO] [stderr]    Compiling zerofrom-derive v0.1.8
[INFO] [stderr]    Compiling yoke-derive v0.8.4
[INFO] [stderr]    Compiling zerovec-derive v0.11.6
[INFO] [stderr]    Compiling displaydoc v0.2.7
[INFO] [stderr]    Compiling serde_derive v1.0.229
[INFO] [stderr]    Compiling tokio-macros v2.7.2
[INFO] [stderr]    Compiling zerofrom v0.1.8
[INFO] [stderr]    Compiling yoke v0.8.3
[INFO] [stderr]    Compiling zerotrie v0.2.5
[INFO] [stderr]    Compiling zerovec v0.11.8
[INFO] [stderr]    Compiling tinystr v0.8.4
[INFO] [stderr]    Compiling potential_utf v0.1.6
[INFO] [stderr]    Compiling icu_collections v2.3.0
[INFO] [stderr]    Compiling icu_locale_core v2.3.0
[INFO] [stderr]    Compiling icu_provider v2.3.1
[INFO] [stderr]    Compiling serde v1.0.229
[INFO] [stderr]    Compiling icu_normalizer v2.3.0
[INFO] [stderr]    Compiling icu_properties v2.3.0
[INFO] [stderr]    Compiling serde_urlencoded v0.7.1
[INFO] [stderr]    Compiling chrono v0.4.45
[INFO] [stderr]    Compiling idna_adapter v1.2.2
[INFO] [stderr]    Compiling idna v1.1.0
[INFO] [stderr]    Compiling url v2.5.8
[INFO] [stderr]    Compiling tower-http v0.6.11
[INFO] [stderr]    Compiling reqwest v0.12.28
[INFO] [stderr]    Compiling rust_flightplan v1.1.1 (/opt/rustwide/workdir)
[INFO] [stderr]     Finished `release` profile [optimized] target(s) in 1m 32s
[INFO] running `Command { std: "docker" "inspect" "a4e8115a158cdfa97c7edf0a113c81719b208c3e02f7c899838bc2b5dee3821d", kill_on_drop: false }`
[INFO] running `Command { std: "docker" "exec" "-e" "SOURCE_DIR=/opt/rustwide/workdir" "-e" "CARGO_HOME=/opt/rustwide/cargo-home" "-e" "RUSTUP_HOME=/opt/rustwide/rustup-home" "-e" "CARGO_TARGET_DIR=/opt/rustwide/target" "-e" "CARGO_INCREMENTAL=0" "-e" "RUST_BACKTRACE=full" "-e" "RUSTFLAGS=--cap-lints=warn" "-e" "RUSTDOCFLAGS=--cap-lints=warn" "-w" "/opt/rustwide/workdir" "--user" "0:0" "a4e8115a158cdfa97c7edf0a113c81719b208c3e02f7c899838bc2b5dee3821d" "/opt/rustwide/cargo-home/bin/cargo" "+1.99.0-beta.8" "test" "--frozen" "--release", kill_on_drop: false }`
[INFO] [stderr]     Finished `release` profile [optimized] target(s) in 0.22s
[INFO] [stderr]      Running unittests src/lib.rs (/opt/rustwide/target/release/deps/rust_flightplan-f1b0b8935922a657)
[INFO] [stdout] 
[INFO] [stdout] running 38 tests
[INFO] [stdout] test converter::tests::test_f64_from_str ... ok
[INFO] [stdout] test converter::tests::test_i8_from_str ... ok
[INFO] [stdout] test converter::tests::test_i32_from_str ... ok
[INFO] [stdout] test converter::tests::test_option_f64_from_str ... ok
[INFO] [stdout] test converter::tests::test_option_i64_from_str ... ok
[INFO] [stdout] test converter::tests::test_option_u128_from_str ... ok
[INFO] [stdout] test converter::tests::test_option_i16_from_str ... ok
[INFO] [stdout] test converter::tests::test_option_u16_from_str ... ok
[INFO] [stdout] test converter::tests::test_i64_from_str ... ok
[INFO] [stdout] test converter::tests::test_option_i8_from_str_wind_comp ... ok
[INFO] [stdout] test converter::tests::test_option_u32_from_str ... ok
[INFO] [stdout] test converter::tests::test_option_u8_from_str ... ok
[INFO] [stdout] test converter::tests::test_u128_from_str ... ok
[INFO] [stdout] test converter::tests::test_u32_from_str ... ok
[INFO] [stdout] test converter::tests::test_f32_from_str ... ok
[INFO] [stdout] test converter::tests::test_bool_from_str ... ok
[INFO] [stdout] test converter::tests::test_vec_string_from_string ... ok
[INFO] [stdout] test converter::tests::test_i128_from_str ... ok
[INFO] [stdout] test converter::tests::test_option_i128_from_str ... ok
[INFO] [stdout] test converter::tests::test_option_i32_from_str ... ok
[INFO] [stdout] test converter::tests::test_u8_from_str ... ok
[INFO] [stdout] test converter::tests::test_option_f32_from_str ... ok
[INFO] [stdout] test converter::tests::test_i16_from_str ... ok
[INFO] [stdout] test tests::test_fir_altn_multiple ... FAILED
[INFO] [stdout] test converter::tests::test_option_u64_from_str ... ok
[INFO] [stdout] test tests::test_load_ofp_from_file_4alternate_nooptional ... FAILED
[INFO] [stdout] test tests::test_load_ofp_from_file_4alternate_nonavlog ... FAILED
[INFO] [stdout] test converter::tests::test_ts_from_string ... ok
[INFO] [stdout] test converter::tests::test_u16_from_str ... ok
[INFO] [stdout] test tests::test_load_ofp_from_file_0alternate ... FAILED
[INFO] [stdout] test tests::test_load_ofp_from_file_atis_not_issued ... FAILED
[INFO] [stdout] test tests::test_load_ofp_from_file_1alternate ... FAILED
[INFO] [stdout] test tests::test_load_ofp_from_file_4alternate_takeoff_enroute_etops ... FAILED
[INFO] [stdout] test tests::test_load_ofp_from_file_new0 ... FAILED
[INFO] [stdout] test tests::test_save_ofp_to_file_4alternate_takeoff_enroute_etops ... FAILED
[INFO] [stdout] test converter::tests::test_option_i8_from_str ... ok
[INFO] [stdout] test converter::tests::test_u64_from_str ... ok
[INFO] [stdout] test tests::test_load_ofp_online ... FAILED
[INFO] [stdout] 
[INFO] [stdout] failures:
[INFO] [stdout] 
[INFO] [stdout] ---- tests::test_fir_altn_multiple stdout ----
[INFO] [stdout] 
[INFO] [stdout] thread 'tests::test_fir_altn_multiple' (2108) panicked at src/lib.rs:490:9:
[INFO] [stdout] assertion failed: result.is_ok()
[INFO] [stdout] stack backtrace:
[INFO] [stdout]    0:     0x60b2eda11037 - <unknown>
[INFO] [stdout]    1:     0x60b2ed89cf0a - <unknown>
[INFO] [stdout]    2:     0x60b2eda105eb - <unknown>
[INFO] [stdout]    3:     0x60b2eda100cf - <unknown>
[INFO] [stdout]    4:     0x60b2eda0fcfa - <unknown>
[INFO] [stdout]    5:     0x60b2eda0f832 - <unknown>
[INFO] [stdout]    6:     0x60b2eda36ea2 - <unknown>
[INFO] [stdout]    7:     0x60b2eda36e29 - <unknown>
[INFO] [stdout]    8:     0x60b2eda3733c - <unknown>
[INFO] [stdout]    9:     0x60b2ed89cd9b - <unknown>
[INFO] [stdout]   10:     0x60b2ed89ed81 - <unknown>
[INFO] [stdout]   11:     0x60b2ed851231 - <unknown>
[INFO] [stdout]   12:     0x60b2ed7b7cd2 - <unknown>
[INFO] [stdout]   13:     0x60b2ed85c876 - <unknown>
[INFO] [stdout]   14:     0x60b2eda51c8b - <unknown>
[INFO] [stdout]   15:     0x60b2eda4d872 - <unknown>
[INFO] [stdout]   16:     0x60b2eda4d2dc - <unknown>
[INFO] [stdout]   17:     0x60b2eda67d0c - <unknown>
[INFO] [stdout]   18:     0x60b2eda388c2 - <unknown>
[INFO] [stdout]   19:     0x7955d508cdfa - <unknown>
[INFO] [stdout]   20:     0x7955d51203d4 - clone
[INFO] [stdout]   21:                0x0 - <unknown>
[INFO] [stdout] 
[INFO] [stdout] ---- tests::test_load_ofp_from_file_4alternate_nooptional stdout ----
[INFO] [stdout] 
[INFO] [stdout] thread 'tests::test_load_ofp_from_file_4alternate_nooptional' (2112) panicked at src/lib.rs:483:9:
[INFO] [stdout] assertion failed: result.is_ok()
[INFO] [stdout] stack backtrace:
[INFO] [stdout]    0:     0x60b2eda11037 - <unknown>
[INFO] [stdout]    1:     0x60b2ed89cf0a - <unknown>
[INFO] [stdout]    2:     0x60b2eda105eb - <unknown>
[INFO] [stdout]    3:     0x60b2eda100cf - <unknown>
[INFO] [stdout]    4:     0x60b2eda0fcfa - <unknown>
[INFO] [stdout]    5:     0x60b2eda0f832 - <unknown>
[INFO] [stdout]    6:     0x60b2eda36ea2 - <unknown>
[INFO] [stdout]    7:     0x60b2eda36e29 - <unknown>
[INFO] [stdout]    8:     0x60b2eda3733c - <unknown>
[INFO] [stdout]    9:     0x60b2ed89cd9b - <unknown>
[INFO] [stdout]   10:     0x60b2ed89ed81 - <unknown>
[INFO] [stdout]   11:     0x60b2ed8518f1 - <unknown>
[INFO] [stdout]   12:     0x60b2ed7b7cd2 - <unknown>
[INFO] [stdout]   13:     0x60b2ed85d776 - <unknown>
[INFO] [stdout]   14:     0x60b2eda51c8b - <unknown>
[INFO] [stdout]   15:     0x60b2eda4d872 - <unknown>
[INFO] [stdout]   16:     0x60b2eda4d2dc - <unknown>
[INFO] [stdout]   17:     0x60b2eda67d0c - <unknown>
[INFO] [stdout]   18:     0x60b2eda388c2 - <unknown>
[INFO] [stdout]   19:     0x7955d508cdfa - <unknown>
[INFO] [stdout]   20:     0x7955d51203d4 - clone
[INFO] [stdout]   21:                0x0 - <unknown>
[INFO] [stdout] 
[INFO] [stdout] ---- tests::test_load_ofp_from_file_4alternate_nonavlog stdout ----
[INFO] [stdout] 
[INFO] [stdout] thread 'tests::test_load_ofp_from_file_4alternate_nonavlog' (2111) panicked at src/lib.rs:476:9:
[INFO] [stdout] assertion failed: result.is_ok()
[INFO] [stdout] stack backtrace:
[INFO] [stdout]    0:     0x60b2eda11037 - <unknown>
[INFO] [stdout]    1:     0x60b2ed89cf0a - <unknown>
[INFO] [stdout]    2:     0x60b2eda105eb - <unknown>
[INFO] [stdout]    3:     0x60b2eda100cf - <unknown>
[INFO] [stdout]    4:     0x60b2eda0fcfa - <unknown>
[INFO] [stdout]    5:     0x60b2eda0f832 - <unknown>
[INFO] [stdout]    6:     0x60b2eda36ea2 - <unknown>
[INFO] [stdout]    7:     0x60b2eda36e29 - <unknown>
[INFO] [stdout]    8:     0x60b2eda3733c - <unknown>
[INFO] [stdout]    9:     0x60b2ed89cd9b - <unknown>
[INFO] [stdout]   10:     0x60b2ed89ed81 - <unknown>
[INFO] [stdout]   11:     0x60b2ed8517d1 - <unknown>
[INFO] [stdout]   12:     0x60b2ed7b7cd2 - <unknown>
[INFO] [stdout]   13:     0x60b2ed85d4f6 - <unknown>
[INFO] [stdout]   14:     0x60b2eda51c8b - <unknown>
[INFO] [stdout]   15:     0x60b2eda4d872 - <unknown>
[INFO] [stdout]   16:     0x60b2eda4d2dc - <unknown>
[INFO] [stdout]   17:     0x60b2eda67d0c - <unknown>
[INFO] [stdout]   18:     0x60b2eda388c2 - <unknown>
[INFO] [stdout]   19:     0x7955d508cdfa - <unknown>
[INFO] [stdout]   20:     0x7955d51203d4 - clone
[INFO] [stdout]   21:                0x0 - <unknown>
[INFO] [stdout] 
[INFO] [stdout] ---- tests::test_load_ofp_from_file_0alternate stdout ----
[INFO] [stdout] 
[INFO] [stdout] thread 'tests::test_load_ofp_from_file_0alternate' (2109) panicked at src/lib.rs:462:9:
[INFO] [stdout] assertion failed: result.is_ok()
[INFO] [stdout] stack backtrace:
[INFO] [stdout]    0:     0x60b2eda11037 - <unknown>
[INFO] [stdout]    1:     0x60b2ed89cf0a - <unknown>
[INFO] [stdout]    2:     0x60b2eda105eb - <unknown>
[INFO] [stdout]    3:     0x60b2eda100cf - <unknown>
[INFO] [stdout]    4:     0x60b2eda0fcfa - <unknown>
[INFO] [stdout]    5:     0x60b2eda0f832 - <unknown>
[INFO] [stdout]    6:     0x60b2eda36ea2 - <unknown>
[INFO] [stdout]    7:     0x60b2eda36e29 - <unknown>
[INFO] [stdout]    8:     0x60b2eda3733c - <unknown>
[INFO] [stdout]    9:     0x60b2ed89cd9b - <unknown>
[INFO] [stdout]   10:     0x60b2ed89ed81 - <unknown>
[INFO] [stdout]   11:     0x60b2ed851471 - <unknown>
[INFO] [stdout]   12:     0x60b2ed7b7cd2 - <unknown>
[INFO] [stdout]   13:     0x60b2ed85cd76 - <unknown>
[INFO] [stdout]   14:     0x60b2eda51c8b - <unknown>
[INFO] [stdout]   15:     0x60b2eda4d872 - <unknown>
[INFO] [stdout]   16:     0x60b2eda4d2dc - <unknown>
[INFO] [stdout]   17:     0x60b2eda67d0c - <unknown>
[INFO] [stdout]   18:     0x60b2eda388c2 - <unknown>
[INFO] [stdout]   19:     0x7955d508cdfa - <unknown>
[INFO] [stdout]   20:     0x7955d51203d4 - clone
[INFO] [stdout]   21:                0x0 - <unknown>
[INFO] [stdout] 
[INFO] [stdout] ---- tests::test_load_ofp_from_file_atis_not_issued stdout ----
[INFO] [stdout] 
[INFO] [stdout] thread 'tests::test_load_ofp_from_file_atis_not_issued' (2114) panicked at src/lib.rs:507:9:
[INFO] [stdout] assertion failed: result.is_ok()
[INFO] [stdout] stack backtrace:
[INFO] [stdout]    0:     0x60b2eda11037 - <unknown>
[INFO] [stdout]    1:     0x60b2ed89cf0a - <unknown>
[INFO] [stdout]    2:     0x60b2eda105eb - <unknown>
[INFO] [stdout]    3:     0x60b2eda100cf - <unknown>
[INFO] [stdout]    4:     0x60b2eda0fcfa - <unknown>
[INFO] [stdout]    5:     0x60b2eda0f832 - <unknown>
[INFO] [stdout]    6:     0x60b2eda36ea2 - <unknown>
[INFO] [stdout]    7:     0x60b2eda36e29 - <unknown>
[INFO] [stdout]    8:     0x60b2eda3733c - <unknown>
[INFO] [stdout]    9:     0x60b2ed89cd9b - <unknown>
[INFO] [stdout]   10:     0x60b2ed89ed81 - <unknown>
[INFO] [stdout]   11:     0x60b2ed8516b1 - <unknown>
[INFO] [stdout]   12:     0x60b2ed7b7cd2 - <unknown>
[INFO] [stdout]   13:     0x60b2ed85d276 - <unknown>
[INFO] [stdout]   14:     0x60b2eda51c8b - <unknown>
[INFO] [stdout]   15:     0x60b2eda4d872 - <unknown>
[INFO] [stdout]   16:     0x60b2eda4d2dc - <unknown>
[INFO] [stdout]   17:     0x60b2eda67d0c - <unknown>
[INFO] [stdout]   18:     0x60b2eda388c2 - <unknown>
[INFO] [stdout]   19:     0x7955d508cdfa - <unknown>
[INFO] [stdout]   20:     0x7955d51203d4 - clone
[INFO] [stdout]   21:                0x0 - <unknown>
[INFO] [stdout] 
[INFO] [stdout] ---- tests::test_load_ofp_from_file_1alternate stdout ----
[INFO] [stdout] 
[INFO] [stdout] thread 'tests::test_load_ofp_from_file_1alternate' (2110) panicked at src/lib.rs:469:9:
[INFO] [stdout] assertion failed: result.is_ok()
[INFO] [stdout] stack backtrace:
[INFO] [stdout]    0:     0x60b2eda11037 - <unknown>
[INFO] [stdout]    1:     0x60b2ed89cf0a - <unknown>
[INFO] [stdout]    2:     0x60b2eda105eb - <unknown>
[INFO] [stdout]    3:     0x60b2eda100cf - <unknown>
[INFO] [stdout]    4:     0x60b2eda0fcfa - <unknown>
[INFO] [stdout]    5:     0x60b2eda0f832 - <unknown>
[INFO] [stdout]    6:     0x60b2eda36ea2 - <unknown>
[INFO] [stdout]    7:     0x60b2eda36e29 - <unknown>
[INFO] [stdout]    8:     0x60b2eda3733c - <unknown>
[INFO] [stdout]    9:     0x60b2ed89cd9b - <unknown>
[INFO] [stdout]   10:     0x60b2ed89ed81 - <unknown>
[INFO] [stdout]   11:     0x60b2ed851591 - <unknown>
[INFO] [stdout]   12:     0x60b2ed7b7cd2 - <unknown>
[INFO] [stdout]   13:     0x60b2ed85cff6 - <unknown>
[INFO] [stdout]   14:     0x60b2eda51c8b - <unknown>
[INFO] [stdout]   15:     0x60b2eda4d872 - <unknown>
[INFO] [stdout]   16:     0x60b2eda4d2dc - <unknown>
[INFO] [stdout]   17:     0x60b2eda67d0c - <unknown>
[INFO] [stdout]   18:     0x60b2eda388c2 - <unknown>
[INFO] [stdout]   19:     0x7955d508cdfa - <unknown>
[INFO] [stdout]   20:     0x7955d51203d4 - clone
[INFO] [stdout]   21:                0x0 - <unknown>
[INFO] [stdout] 
[INFO] [stdout] ---- tests::test_load_ofp_from_file_4alternate_takeoff_enroute_etops stdout ----
[INFO] [stdout] 
[INFO] [stdout] thread 'tests::test_load_ofp_from_file_4alternate_takeoff_enroute_etops' (2113) panicked at src/lib.rs:435:9:
[INFO] [stdout] assertion failed: result.is_ok()
[INFO] [stdout] stack backtrace:
[INFO] [stdout]    0:     0x60b2eda11037 - <unknown>
[INFO] [stdout]    1:     0x60b2ed89cf0a - <unknown>
[INFO] [stdout]    2:     0x60b2eda105eb - <unknown>
[INFO] [stdout]    3:     0x60b2eda100cf - <unknown>
[INFO] [stdout]    4:     0x60b2eda0fcfa - <unknown>
[INFO] [stdout]    5:     0x60b2eda0f832 - <unknown>
[INFO] [stdout]    6:     0x60b2eda36ea2 - <unknown>
[INFO] [stdout]    7:     0x60b2eda36e29 - <unknown>
[INFO] [stdout]    8:     0x60b2eda3733c - <unknown>
[INFO] [stdout]    9:     0x60b2ed89cd9b - <unknown>
[INFO] [stdout]   10:     0x60b2ed89ed81 - <unknown>
[INFO] [stdout]   11:     0x60b2ed85224c - <unknown>
[INFO] [stdout]   12:     0x60b2ed7b7cd2 - <unknown>
[INFO] [stdout]   13:     0x60b2ed85dc76 - <unknown>
[INFO] [stdout]   14:     0x60b2eda51c8b - <unknown>
[INFO] [stdout]   15:     0x60b2eda4d872 - <unknown>
[INFO] [stdout]   16:     0x60b2eda4d2dc - <unknown>
[INFO] [stdout]   17:     0x60b2eda67d0c - <unknown>
[INFO] [stdout]   18:     0x60b2eda388c2 - <unknown>
[INFO] [stdout]   19:     0x7955d508cdfa - <unknown>
[INFO] [stdout]   20:     0x7955d51203d4 - clone
[INFO] [stdout]   21:                0x0 - <unknown>
[INFO] [stdout] 
[INFO] [stdout] ---- tests::test_load_ofp_from_file_new0 stdout ----
[INFO] [stdout] 
[INFO] [stdout] thread 'tests::test_load_ofp_from_file_new0' (2115) panicked at src/lib.rs:500:9:
[INFO] [stdout] assertion failed: result.is_ok()
[INFO] [stdout] stack backtrace:
[INFO] [stdout]    0:     0x60b2eda11037 - <unknown>
[INFO] [stdout]    1:     0x60b2ed89cf0a - <unknown>
[INFO] [stdout]    2:     0x60b2eda105eb - <unknown>
[INFO] [stdout]    3:     0x60b2eda100cf - <unknown>
[INFO] [stdout]    4:     0x60b2eda0fcfa - <unknown>
[INFO] [stdout]    5:     0x60b2eda0f832 - <unknown>
[INFO] [stdout]    6:     0x60b2eda36ea2 - <unknown>
[INFO] [stdout]    7:     0x60b2eda36e29 - <unknown>
[INFO] [stdout]    8:     0x60b2eda3733c - <unknown>
[INFO] [stdout]    9:     0x60b2ed89cd9b - <unknown>
[INFO] [stdout]   10:     0x60b2ed89ed81 - <unknown>
[INFO] [stdout]   11:     0x60b2ed851351 - <unknown>
[INFO] [stdout]   12:     0x60b2ed7b7cd2 - <unknown>
[INFO] [stdout]   13:     0x60b2ed85caf6 - <unknown>
[INFO] [stdout]   14:     0x60b2eda51c8b - <unknown>
[INFO] [stdout]   15:     0x60b2eda4d872 - <unknown>
[INFO] [stdout]   16:     0x60b2eda4d2dc - <unknown>
[INFO] [stdout]   17:     0x60b2eda67d0c - <unknown>
[INFO] [stdout]   18:     0x60b2eda388c2 - <unknown>
[INFO] [stdout]   19:     0x7955d508cdfa - <unknown>
[INFO] [stdout]   20:     0x7955d51203d4 - clone
[INFO] [stdout]   21:                0x0 - <unknown>
[INFO] [stdout] 
[INFO] [stdout] ---- tests::test_save_ofp_to_file_4alternate_takeoff_enroute_etops stdout ----
[INFO] [stdout] 
[INFO] [stdout] thread 'tests::test_save_ofp_to_file_4alternate_takeoff_enroute_etops' (2117) panicked at src/lib.rs:514:9:
[INFO] [stdout] assertion failed: result.is_ok()
[INFO] [stdout] stack backtrace:
[INFO] [stdout]    0:     0x60b2eda11037 - <unknown>
[INFO] [stdout]    1:     0x60b2ed89cf0a - <unknown>
[INFO] [stdout]    2:     0x60b2eda105eb - <unknown>
[INFO] [stdout]    3:     0x60b2eda100cf - <unknown>
[INFO] [stdout]    4:     0x60b2eda0fcfa - <unknown>
[INFO] [stdout]    5:     0x60b2eda0f832 - <unknown>
[INFO] [stdout]    6:     0x60b2eda36ea2 - <unknown>
[INFO] [stdout]    7:     0x60b2eda36e29 - <unknown>
[INFO] [stdout]    8:     0x60b2eda3733c - <unknown>
[INFO] [stdout]    9:     0x60b2ed89cd9b - <unknown>
[INFO] [stdout]   10:     0x60b2ed89ed81 - <unknown>
[INFO] [stdout]   11:     0x60b2ed851aeb - <unknown>
[INFO] [stdout]   12:     0x60b2ed7b7cd2 - <unknown>
[INFO] [stdout]   13:     0x60b2ed85d9f6 - <unknown>
[INFO] [stdout]   14:     0x60b2eda51c8b - <unknown>
[INFO] [stdout]   15:     0x60b2eda4d872 - <unknown>
[INFO] [stdout]   16:     0x60b2eda4d2dc - <unknown>
[INFO] [stdout]   17:     0x60b2eda67d0c - <unknown>
[INFO] [stdout]   18:     0x60b2eda388c2 - <unknown>
[INFO] [stdout]   19:     0x7955d508cdfa - <unknown>
[INFO] [stdout]   20:     0x7955d51203d4 - clone
[INFO] [stdout]   21:                0x0 - <unknown>
[INFO] [stdout] 
[INFO] [stdout] ---- tests::test_load_ofp_online stdout ----
[INFO] [stdout] 
[INFO] [stdout] thread 'tests::test_load_ofp_online' (2116) panicked at src/lib.rs:423:9:
[INFO] [stdout] assertion failed: result.is_ok()
[INFO] [stdout] stack backtrace:
[INFO] [stdout]    0:     0x60b2eda11037 - <unknown>
[INFO] [stdout]    1:     0x60b2ed89cf0a - <unknown>
[INFO] [stdout]    2:     0x60b2eda105eb - <unknown>
[INFO] [stdout]    3:     0x60b2eda100cf - <unknown>
[INFO] [stdout]    4:     0x60b2eda0fcfa - <unknown>
[INFO] [stdout]    5:     0x60b2eda0f832 - <unknown>
[INFO] [stdout]    6:     0x60b2eda36ea2 - <unknown>
[INFO] [stdout]    7:     0x60b2eda36e29 - <unknown>
[INFO] [stdout]    8:     0x60b2eda3733c - <unknown>
[INFO] [stdout]    9:     0x60b2ed89cd9b - <unknown>
[INFO] [stdout]   10:     0x60b2ed89ed81 - <unknown>
[INFO] [stdout]   11:     0x60b2ed85109f - <unknown>
[INFO] [stdout]   12:     0x60b2ed7b7cd2 - <unknown>
[INFO] [stdout]   13:     0x60b2ed85c5e5 - <unknown>
[INFO] [stdout]   14:     0x60b2eda51c8b - <unknown>
[INFO] [stdout]   15:     0x60b2eda4d872 - <unknown>
[INFO] [stdout]   16:     0x60b2eda4d2dc - <unknown>
[INFO] [stdout]   17:     0x60b2eda67d0c - <unknown>
[INFO] [stdout]   18:     0x60b2eda388c2 - <unknown>
[INFO] [stdout]   19:     0x7955d508cdfa - <unknown>
[INFO] [stdout]   20:     0x7955d51203d4 - clone
[INFO] [stdout]   21:                0x0 - <unknown>
[INFO] [stdout] 
[INFO] [stdout] 
[INFO] [stdout] failures:
[INFO] [stdout]     tests::test_fir_altn_multiple
[INFO] [stdout]     tests::test_load_ofp_from_file_0alternate
[INFO] [stdout]     tests::test_load_ofp_from_file_1alternate
[INFO] [stdout]     tests::test_load_ofp_from_file_4alternate_nonavlog
[INFO] [stdout]     tests::test_load_ofp_from_file_4alternate_nooptional
[INFO] [stdout]     tests::test_load_ofp_from_file_4alternate_takeoff_enroute_etops
[INFO] [stdout]     tests::test_load_ofp_from_file_atis_not_issued
[INFO] [stdout]     tests::test_load_ofp_from_file_new0
[INFO] [stdout]     tests::test_load_ofp_online
[INFO] [stdout]     tests::test_save_ofp_to_file_4alternate_takeoff_enroute_etops
[INFO] [stdout] 
[INFO] [stdout] test result: FAILED. 28 passed; 10 failed; 0 ignored; 0 measured; 0 filtered out; finished in 0.05s
[INFO] [stdout] 
[INFO] [stderr] error: test failed, to rerun pass `--lib`
[INFO] running `Command { std: "docker" "inspect" "a4e8115a158cdfa97c7edf0a113c81719b208c3e02f7c899838bc2b5dee3821d", kill_on_drop: false }`
[INFO] running `Command { std: "docker" "rm" "-f" "a4e8115a158cdfa97c7edf0a113c81719b208c3e02f7c899838bc2b5dee3821d", kill_on_drop: false }`
[INFO] [stdout] a4e8115a158cdfa97c7edf0a113c81719b208c3e02f7c899838bc2b5dee3821d
