[INFO] fetching crate rust_decimal_cql 2.0.1...
[INFO] testing rust_decimal_cql-2.0.1 against 1.100.0-beta.1+cargoflags=--release for beta-release-1.100-2
[INFO] extracting crate rust_decimal_cql 2.0.1 into /workspace/builds/worker-5-tc2/source
[INFO] started tweaking crates.io crate rust_decimal_cql 2.0.1
[INFO] removed 0 missing tests
[INFO] finished tweaking crates.io crate rust_decimal_cql 2.0.1
[INFO] tweaked toml for crates.io crate rust_decimal_cql 2.0.1 written to /workspace/builds/worker-5-tc2/source/Cargo.toml
[INFO] validating manifest of crates.io crate rust_decimal_cql 2.0.1 on toolchain 1.100.0-beta.1
[INFO] running `Command { std: CARGO_HOME="/workspace/cargo-home" RUSTUP_HOME="/workspace/rustup-home" "/workspace/cargo-home/bin/cargo" "+1.100.0-beta.1" "metadata" "--manifest-path" "Cargo.toml" "--no-deps", kill_on_drop: false }`
[INFO] crate crates.io crate rust_decimal_cql 2.0.1 already has a lockfile, it will not be regenerated
[INFO] running `Command { std: CARGO_HOME="/workspace/cargo-home" RUSTUP_HOME="/workspace/rustup-home" "/workspace/cargo-home/bin/cargo" "+1.100.0-beta.1" "fetch" "--manifest-path" "Cargo.toml", kill_on_drop: false }`
[INFO] running `Command { std: "docker" "create" "-v" "/var/lib/crater-agent-workspace/builds/worker-5-tc2/source:/opt/rustwide/workdir:ro,Z" "-v" "/var/lib/crater-agent-workspace/builds/worker-5-tc2/target:/opt/rustwide/target:rw,Z" "-v" "/var/lib/crater-agent-workspace/cargo-home:/opt/rustwide/cargo-home:ro,Z" "-v" "/var/lib/crater-agent-workspace/rustup-home:/opt/rustwide/rustup-home:ro,Z" "-m" "1610612736" "--network" "none" "ghcr.io/rust-lang/crates-build-env/linux@sha256:77db811e55d90add9212f6832c23229e3de5f1c1f9905e8cb07319ea15df73ac" "sleep" "infinity", kill_on_drop: false }`
[INFO] [stdout] 200f2d83484f79f5d84733261953bde3d2f56f43fdf2eb51621b0745215a3dca
[INFO] running `Command { std: "docker" "start" "200f2d83484f79f5d84733261953bde3d2f56f43fdf2eb51621b0745215a3dca", kill_on_drop: false }`
[INFO] running `Command { std: "docker" "inspect" "200f2d83484f79f5d84733261953bde3d2f56f43fdf2eb51621b0745215a3dca", kill_on_drop: false }`
[INFO] running `Command { std: "docker" "exec" "-e" "SOURCE_DIR=/opt/rustwide/workdir" "-e" "CARGO_HOME=/opt/rustwide/cargo-home" "-e" "RUSTUP_HOME=/opt/rustwide/rustup-home" "-e" "CARGO_TARGET_DIR=/opt/rustwide/target" "-w" "/opt/rustwide/workdir" "--user" "0:0" "200f2d83484f79f5d84733261953bde3d2f56f43fdf2eb51621b0745215a3dca" "/opt/rustwide/cargo-home/bin/cargo" "+1.100.0-beta.1" "metadata" "--no-deps" "--format-version=1", kill_on_drop: false }`
[INFO] running `Command { std: "docker" "inspect" "200f2d83484f79f5d84733261953bde3d2f56f43fdf2eb51621b0745215a3dca", kill_on_drop: false }`
[INFO] running `Command { std: "docker" "exec" "-e" "SOURCE_DIR=/opt/rustwide/workdir" "-e" "CARGO_HOME=/opt/rustwide/cargo-home" "-e" "RUSTUP_HOME=/opt/rustwide/rustup-home" "-e" "CARGO_TARGET_DIR=/opt/rustwide/target" "-e" "CARGO_INCREMENTAL=0" "-e" "RUST_BACKTRACE=full" "-e" "RUSTFLAGS=--cap-lints=warn" "-e" "RUSTDOCFLAGS=--cap-lints=warn" "-w" "/opt/rustwide/workdir" "--user" "0:0" "200f2d83484f79f5d84733261953bde3d2f56f43fdf2eb51621b0745215a3dca" "/opt/rustwide/cargo-home/bin/cargo" "+1.100.0-beta.1" "build" "--frozen" "--message-format=json" "--release", kill_on_drop: false }`
[INFO] [stderr]    Compiling proc-macro2 v1.0.93
[INFO] [stderr]    Compiling getrandom v0.3.2
[INFO] [stderr]    Compiling thiserror v2.0.11
[INFO] [stderr]    Compiling zerocopy v0.8.24
[INFO] [stderr]    Compiling num-traits v0.2.19
[INFO] [stderr]    Compiling ahash v0.8.11
[INFO] [stderr]    Compiling twox-hash v1.6.3
[INFO] [stderr]    Compiling serde v1.0.217
[INFO] [stderr]    Compiling iana-time-zone v0.1.61
[INFO] [stderr]    Compiling socket2 v0.5.8
[INFO] [stderr]    Compiling mio v1.0.3
[INFO] [stderr]    Compiling bytes v1.9.0
[INFO] [stderr]    Compiling stable_deref_trait v1.2.0
[INFO] [stderr]    Compiling uuid v1.12.1
[INFO] [stderr]    Compiling itertools v0.14.0
[INFO] [stderr]    Compiling parking_lot_core v0.9.10
[INFO] [stderr]    Compiling tracing-core v0.1.33
[INFO] [stderr]    Compiling rust_decimal v1.37.1
[INFO] [stderr]    Compiling arc-swap v1.7.1
[INFO] [stderr]    Compiling arrayvec v0.7.6
[INFO] [stderr]    Compiling rand_core v0.9.3
[INFO] [stderr]    Compiling rand_pcg v0.9.0
[INFO] [stderr]    Compiling lz4_flex v0.11.3
[INFO] [stderr]    Compiling quote v1.0.38
[INFO] [stderr]    Compiling syn v2.0.96
[INFO] [stderr]    Compiling chrono v0.4.39
[INFO] [stderr]    Compiling synstructure v0.13.1
[INFO] [stderr]    Compiling darling_core v0.20.10
[INFO] [stderr]    Compiling zerocopy-derive v0.7.35
[INFO] [stderr]    Compiling futures-macro v0.3.31
[INFO] [stderr]    Compiling zerofrom-derive v0.1.5
[INFO] [stderr]    Compiling tokio-macros v2.5.0
[INFO] [stderr]    Compiling yoke-derive v0.7.5
[INFO] [stderr]    Compiling thiserror-impl v2.0.11
[INFO] [stderr]    Compiling tracing-attributes v0.1.28
[INFO] [stderr]    Compiling serde_derive v1.0.217
[INFO] [stderr]    Compiling async-trait v0.1.85
[INFO] [stderr]    Compiling tokio v1.44.1
[INFO] [stderr]    Compiling zerocopy v0.7.35
[INFO] [stderr]    Compiling futures-util v0.3.31
[INFO] [stderr]    Compiling zerofrom v0.1.5
[INFO] [stderr]    Compiling yoke v0.7.5
[INFO] [stderr]    Compiling tracing v0.1.41
[INFO] [stderr]    Compiling ppv-lite86 v0.2.20
[INFO] [stderr]    Compiling darling_macro v0.20.10
[INFO] [stderr]    Compiling hashbrown v0.14.5
[INFO] [stderr]    Compiling darling v0.20.10
[INFO] [stderr]    Compiling scylla-macros v1.0.0
[INFO] [stderr]    Compiling rand_chacha v0.9.0
[INFO] [stderr]    Compiling rand v0.9.0
[INFO] [stderr]    Compiling dashmap v5.5.3
[INFO] [stderr]    Compiling futures-executor v0.3.31
[INFO] [stderr]    Compiling futures v0.3.31
[INFO] [stderr]    Compiling scylla-cql v1.0.0
[INFO] [stderr]    Compiling scylla v1.0.0
[INFO] [stderr]    Compiling rust_decimal_cql v2.0.1 (/opt/rustwide/workdir)
[INFO] [stderr]     Finished `release` profile [optimized] target(s) in 1m 14s
[INFO] running `Command { std: "docker" "inspect" "200f2d83484f79f5d84733261953bde3d2f56f43fdf2eb51621b0745215a3dca", kill_on_drop: false }`
[INFO] running `Command { std: "docker" "exec" "-e" "SOURCE_DIR=/opt/rustwide/workdir" "-e" "CARGO_HOME=/opt/rustwide/cargo-home" "-e" "RUSTUP_HOME=/opt/rustwide/rustup-home" "-e" "CARGO_TARGET_DIR=/opt/rustwide/target" "-e" "CARGO_INCREMENTAL=0" "-e" "RUST_BACKTRACE=full" "-e" "RUSTFLAGS=--cap-lints=warn" "-e" "RUSTDOCFLAGS=--cap-lints=warn" "-w" "/opt/rustwide/workdir" "--user" "0:0" "200f2d83484f79f5d84733261953bde3d2f56f43fdf2eb51621b0745215a3dca" "/opt/rustwide/cargo-home/bin/cargo" "+1.100.0-beta.1" "test" "--frozen" "--no-run" "--message-format=json" "--release", kill_on_drop: false }`
[INFO] [stderr]    Compiling rust_decimal_cql v2.0.1 (/opt/rustwide/workdir)
[INFO] [stdout] warning: unused variable: `value`
[INFO] [stdout]    --> tests/integration_test.rs:196:9
[INFO] [stdout]     |
[INFO] [stdout] 196 |     let value: Decimal = *data.decimal_1 / *data.decimal_2;
[INFO] [stdout]     |         ^^^^^ help: if this is intentional, prefix it with an underscore: `_value`
[INFO] [stdout]     |
[INFO] [stdout]     = note: `#[warn(unused_variables)]` (part of `#[warn(unused)]`) on by default
[INFO] [stdout] 
[INFO] [stdout] 
[INFO] [stdout] warning: unused variable: `value`
[INFO] [stdout]    --> tests/integration_test.rs:219:9
[INFO] [stdout]     |
[INFO] [stdout] 219 |     let value: Decimal = *data.decimal_1 * *data.decimal_2;
[INFO] [stdout]     |         ^^^^^ help: if this is intentional, prefix it with an underscore: `_value`
[INFO] [stdout] 
[INFO] [stdout] 
[INFO] [stderr]     Finished `release` profile [optimized] target(s) in 22.75s
[INFO] running `Command { std: "docker" "inspect" "200f2d83484f79f5d84733261953bde3d2f56f43fdf2eb51621b0745215a3dca", kill_on_drop: false }`
[INFO] running `Command { std: "docker" "exec" "-e" "SOURCE_DIR=/opt/rustwide/workdir" "-e" "CARGO_HOME=/opt/rustwide/cargo-home" "-e" "RUSTUP_HOME=/opt/rustwide/rustup-home" "-e" "CARGO_TARGET_DIR=/opt/rustwide/target" "-e" "CARGO_INCREMENTAL=0" "-e" "RUST_BACKTRACE=full" "-e" "RUSTFLAGS=--cap-lints=warn" "-e" "RUSTDOCFLAGS=--cap-lints=warn" "-w" "/opt/rustwide/workdir" "--user" "0:0" "200f2d83484f79f5d84733261953bde3d2f56f43fdf2eb51621b0745215a3dca" "/opt/rustwide/cargo-home/bin/cargo" "+1.100.0-beta.1" "test" "--frozen" "--release", kill_on_drop: false }`
[INFO] [stderr] warning: unused variable: `value`
[INFO] [stderr]    --> tests/integration_test.rs:196:9
[INFO] [stderr]     |
[INFO] [stderr] 196 |     let value: Decimal = *data.decimal_1 / *data.decimal_2;
[INFO] [stderr]     |         ^^^^^ help: if this is intentional, prefix it with an underscore: `_value`
[INFO] [stderr]     |
[INFO] [stderr]     = note: `#[warn(unused_variables)]` (part of `#[warn(unused)]`) on by default
[INFO] [stderr] 
[INFO] [stderr] warning: unused variable: `value`
[INFO] [stderr]    --> tests/integration_test.rs:219:9
[INFO] [stderr]     |
[INFO] [stderr] 219 |     let value: Decimal = *data.decimal_1 * *data.decimal_2;
[INFO] [stderr]     |         ^^^^^ help: if this is intentional, prefix it with an underscore: `_value`
[INFO] [stderr] 
[INFO] [stderr] warning: `rust_decimal_cql` (test "integration_test") generated 2 warnings (run `cargo fix --test "integration_test" -p rust_decimal_cql` to apply 2 suggestions)
[INFO] [stderr]     Finished `release` profile [optimized] target(s) in 0.16s
[INFO] [stderr]      Running unittests src/lib.rs (/opt/rustwide/target/release/build/rust_decimal_cql/8f764b453cff9988/out/rust_decimal_cql-8f764b453cff9988)
[INFO] [stdout] 
[INFO] [stdout] running 11 tests
[INFO] [stdout] test tests::test_decimal_cql_deref ... ok
[INFO] [stdout] test tests::test_decimal_cql_no_frame ... ok
[INFO] [stdout] test tests::test_extract_scale_and_mantissa_from_slice_partial_padding ... ok
[INFO] [stdout] test tests::test_extract_scale_and_mantissa_from_slice_short_bytes ... ok
[INFO] [stdout] test tests::test_extract_scale_and_mantissa_from_slice_success ... ok
[INFO] [stdout] test tests::test_extract_scale_and_mantissa_from_slice_large_mantissa ... ok
[INFO] [stdout] test tests::test_extract_scale_and_mantissa_from_slice_empty_mantissa ... ok
[INFO] [stdout] test tests::test_decimal_cql_serialize ... ok
[INFO] [stdout] test tests::test_extract_scale_and_mantissa_from_slice_zero_scale ... ok
[INFO] [stdout] test tests::test_extract_scale_and_mantissa_from_slice_only_scale ... ok
[INFO] [stdout] test tests::test_extract_scale_and_mantissa_from_slice_exact_padding ... ok
[INFO] [stdout] 
[INFO] [stdout] test result: ok. 11 passed; 0 failed; 0 ignored; 0 measured; 0 filtered out; finished in 0.00s
[INFO] [stdout] 
[INFO] [stderr]      Running tests/integration_test.rs (/opt/rustwide/target/release/build/rust_decimal_cql/fc5c7df55b54e861/out/integration_test-fc5c7df55b54e861)
[INFO] [stdout] 
[INFO] [stdout] running 4 tests
[INFO] [stdout] test example ... FAILED
[INFO] [stdout] test integration_test_zero_values ... FAILED
[INFO] [stdout] test integration_test_negative_values ... FAILED
[INFO] [stdout] test integration_test_positive_values ... FAILED
[INFO] [stdout] 
[INFO] [stdout] failures:
[INFO] [stdout] 
[INFO] [stdout] ---- example stdout ----
[INFO] [stdout] 
[INFO] [stdout] thread 'example' (1390) panicked at tests/integration_test.rs:34:10:
[INFO] [stdout] Failed to connect to ScyllaDB: MetadataError(ConnectionPoolError(Broken { last_connection_error: IoError(Os { code: 111, kind: ConnectionRefused, message: "Connection refused" }) }))
[INFO] [stdout] stack backtrace:
[INFO] [stdout]    0:     0x6281238d7af1 - <<std[617be2ca0a6fd877]::sys::backtrace::BacktraceLock>::print::DisplayBacktrace as core[a373ad73a504971]::fmt::Display>::fmt
[INFO] [stdout]    1:     0x6281238ef0aa - core[a373ad73a504971]::fmt::write
[INFO] [stdout]    2:     0x6281238dc5bc - <alloc[2e1b2a31b91974c5]::vec::Vec<u8> as core[a373ad73a504971]::io::write::Write>::write_fmt
[INFO] [stdout]    3:     0x6281238b3206 - std[617be2ca0a6fd877]::panicking::default_hook::{closure#0}
[INFO] [stdout]    4:     0x6281238cfb09 - std[617be2ca0a6fd877]::panicking::default_hook
[INFO] [stdout]    5:     0x628123799d30 - test[aada8e7e76ba119b]::test_main_inner::{closure#0}
[INFO] [stdout]    6:     0x6281238cfe32 - std[617be2ca0a6fd877]::panicking::panic_with_hook
[INFO] [stdout]    7:     0x6281238b32b2 - std[617be2ca0a6fd877]::panicking::panic_handler::{closure#0}
[INFO] [stdout]    8:     0x6281238abee9 - std[617be2ca0a6fd877]::sys::backtrace::__rust_end_short_backtrace::<std[617be2ca0a6fd877]::panicking::panic_handler::{closure#0}, !>
[INFO] [stdout]    9:     0x6281238b40ad - __rustc[ea4f61d10b84890b]::rust_begin_unwind
[INFO] [stdout]   10:     0x6281238ef88c - core[a373ad73a504971]::panicking::panic_fmt
[INFO] [stdout]   11:     0x6281238ef662 - core[a373ad73a504971]::result::unwrap_failed
[INFO] [stdout]   12:     0x62812369288f - integration_test[290635aed5dffb07]::session::{closure#0}
[INFO] [stdout]   13:     0x62812369527e - integration_test[290635aed5dffb07]::example::{closure#0}
[INFO] [stdout]   14:     0x62812373d8d3 - <tokio[8f024dece5724c78]::runtime::scheduler::current_thread::Context>::enter::<core[a373ad73a504971]::task::poll::Poll<()>, <tokio[8f024dece5724c78]::runtime::scheduler::current_thread::CoreGuard>::block_on<core[a373ad73a504971]::pin::Pin<&mut core[a373ad73a504971]::pin::Pin<&mut dyn core[a373ad73a504971]::future::future::Future<Output = ()>>>>::{closure#0}::{closure#0}>
[INFO] [stdout]   15:     0x62812374b0c2 - <tokio[8f024dece5724c78]::runtime::context::scoped::Scoped<tokio[8f024dece5724c78]::runtime::scheduler::Context>>::set::<<tokio[8f024dece5724c78]::runtime::scheduler::current_thread::CoreGuard>::enter<<tokio[8f024dece5724c78]::runtime::scheduler::current_thread::CoreGuard>::block_on<core[a373ad73a504971]::pin::Pin<&mut core[a373ad73a504971]::pin::Pin<&mut dyn core[a373ad73a504971]::future::future::Future<Output = ()>>>>::{closure#0}, core[a373ad73a504971]::option::Option<()>>::{closure#0}, (alloc[2e1b2a31b91974c5]::boxed::Box<tokio[8f024dece5724c78]::runtime::scheduler::current_thread::Core>, core[a373ad73a504971]::option::Option<()>)>
[INFO] [stdout]   16:     0x62812373d5b1 - <tokio[8f024dece5724c78]::runtime::runtime::Runtime>::block_on::<core[a373ad73a504971]::pin::Pin<&mut dyn core[a373ad73a504971]::future::future::Future<Output = ()>>>
[INFO] [stdout]   17:     0x6281236a2b38 - <integration_test[290635aed5dffb07]::example::{closure#0} as core[a373ad73a504971]::ops::function::FnOnce<()>>::call_once
[INFO] [stdout]   18:     0x62812378d17b - test[aada8e7e76ba119b]::__rust_begin_short_backtrace::<core[a373ad73a504971]::result::Result<(), alloc[2e1b2a31b91974c5]::string::String>, fn() -> core[a373ad73a504971]::result::Result<(), alloc[2e1b2a31b91974c5]::string::String>>
[INFO] [stdout]   19:     0x62812379a355 - test[aada8e7e76ba119b]::run_test::{closure#0}
[INFO] [stdout]   20:     0x628123793c44 - std[617be2ca0a6fd877]::sys::backtrace::__rust_begin_short_backtrace::<test[aada8e7e76ba119b]::run_test::{closure#1}, ()>
[INFO] [stdout]   21:     0x62812379d3e2 - <std[617be2ca0a6fd877]::thread::lifecycle::spawn_unchecked<test[aada8e7e76ba119b]::run_test::{closure#1}, ()>::{closure#1} as core[a373ad73a504971]::ops::function::FnOnce<()>>::call_once::{shim:vtable#0}
[INFO] [stdout]   22:     0x6281238d6f9f - <std[617be2ca0a6fd877]::sys::thread::unix::Thread>::new::thread_start
[INFO] [stdout]   23:     0x7905aafc8dfa - <unknown>
[INFO] [stdout]   24:     0x7905ab05c3d4 - clone
[INFO] [stdout]   25:                0x0 - <unknown>
[INFO] [stdout] 
[INFO] [stdout] ---- integration_test_zero_values stdout ----
[INFO] [stdout] 
[INFO] [stdout] thread 'integration_test_zero_values' (1393) panicked at tests/integration_test.rs:34:10:
[INFO] [stdout] Failed to connect to ScyllaDB: MetadataError(ConnectionPoolError(Broken { last_connection_error: IoError(Os { code: 111, kind: ConnectionRefused, message: "Connection refused" }) }))
[INFO] [stdout] stack backtrace:
[INFO] [stdout]    0:     0x6281238d7af1 - <<std[617be2ca0a6fd877]::sys::backtrace::BacktraceLock>::print::DisplayBacktrace as core[a373ad73a504971]::fmt::Display>::fmt
[INFO] [stdout]    1:     0x6281238ef0aa - core[a373ad73a504971]::fmt::write
[INFO] [stdout]    2:     0x6281238dc5bc - <alloc[2e1b2a31b91974c5]::vec::Vec<u8> as core[a373ad73a504971]::io::write::Write>::write_fmt
[INFO] [stdout]    3:     0x6281238b3206 - std[617be2ca0a6fd877]::panicking::default_hook::{closure#0}
[INFO] [stdout]    4:     0x6281238cfb09 - std[617be2ca0a6fd877]::panicking::default_hook
[INFO] [stdout]    5:     0x628123799d30 - test[aada8e7e76ba119b]::test_main_inner::{closure#0}
[INFO] [stdout]    6:     0x6281238cfe32 - std[617be2ca0a6fd877]::panicking::panic_with_hook
[INFO] [stdout]    7:     0x6281238b32b2 - std[617be2ca0a6fd877]::panicking::panic_handler::{closure#0}
[INFO] [stdout]    8:     0x6281238abee9 - std[617be2ca0a6fd877]::sys::backtrace::__rust_end_short_backtrace::<std[617be2ca0a6fd877]::panicking::panic_handler::{closure#0}, !>
[INFO] [stdout]    9:     0x6281238b40ad - __rustc[ea4f61d10b84890b]::rust_begin_unwind
[INFO] [stdout]   10:     0x6281238ef88c - core[a373ad73a504971]::panicking::panic_fmt
[INFO] [stdout]   11:     0x6281238ef662 - core[a373ad73a504971]::result::unwrap_failed
[INFO] [stdout]   12:     0x62812369288f - integration_test[290635aed5dffb07]::session::{closure#0}
[INFO] [stdout]   13:     0x628123692f58 - integration_test[290635aed5dffb07]::integration_test_zero_values::{closure#0}
[INFO] [stdout]   14:     0x62812373d8d3 - <tokio[8f024dece5724c78]::runtime::scheduler::current_thread::Context>::enter::<core[a373ad73a504971]::task::poll::Poll<()>, <tokio[8f024dece5724c78]::runtime::scheduler::current_thread::CoreGuard>::block_on<core[a373ad73a504971]::pin::Pin<&mut core[a373ad73a504971]::pin::Pin<&mut dyn core[a373ad73a504971]::future::future::Future<Output = ()>>>>::{closure#0}::{closure#0}>
[INFO] [stdout]   15:     0x62812374b0c2 - <tokio[8f024dece5724c78]::runtime::context::scoped::Scoped<tokio[8f024dece5724c78]::runtime::scheduler::Context>>::set::<<tokio[8f024dece5724c78]::runtime::scheduler::current_thread::CoreGuard>::enter<<tokio[8f024dece5724c78]::runtime::scheduler::current_thread::CoreGuard>::block_on<core[a373ad73a504971]::pin::Pin<&mut core[a373ad73a504971]::pin::Pin<&mut dyn core[a373ad73a504971]::future::future::Future<Output = ()>>>>::{closure#0}, core[a373ad73a504971]::option::Option<()>>::{closure#0}, (alloc[2e1b2a31b91974c5]::boxed::Box<tokio[8f024dece5724c78]::runtime::scheduler::current_thread::Core>, core[a373ad73a504971]::option::Option<()>)>
[INFO] [stdout]   16:     0x62812373d5b1 - <tokio[8f024dece5724c78]::runtime::runtime::Runtime>::block_on::<core[a373ad73a504971]::pin::Pin<&mut dyn core[a373ad73a504971]::future::future::Future<Output = ()>>>
[INFO] [stdout]   17:     0x6281236a26e8 - <integration_test[290635aed5dffb07]::integration_test_zero_values::{closure#0} as core[a373ad73a504971]::ops::function::FnOnce<()>>::call_once
[INFO] [stdout]   18:     0x62812378d17b - test[aada8e7e76ba119b]::__rust_begin_short_backtrace::<core[a373ad73a504971]::result::Result<(), alloc[2e1b2a31b91974c5]::string::String>, fn() -> core[a373ad73a504971]::result::Result<(), alloc[2e1b2a31b91974c5]::string::String>>
[INFO] [stdout]   19:     0x62812379a355 - test[aada8e7e76ba119b]::run_test::{closure#0}
[INFO] [stdout]   20:     0x628123793c44 - std[617be2ca0a6fd877]::sys::backtrace::__rust_begin_short_backtrace::<test[aada8e7e76ba119b]::run_test::{closure#1}, ()>
[INFO] [stdout]   21:     0x62812379d3e2 - <std[617be2ca0a6fd877]::thread::lifecycle::spawn_unchecked<test[aada8e7e76ba119b]::run_test::{closure#1}, ()>::{closure#1} as core[a373ad73a504971]::ops::function::FnOnce<()>>::call_once::{shim:vtable#0}
[INFO] [stdout]   22:     0x6281238d6f9f - <std[617be2ca0a6fd877]::sys::thread::unix::Thread>::new::thread_start
[INFO] [stdout]   23:     0x7905aafc8dfa - <unknown>
[INFO] [stdout]   24:     0x7905ab05c3d4 - clone
[INFO] [stdout]   25:                0x0 - <unknown>
[INFO] [stdout] 
[INFO] [stdout] ---- integration_test_negative_values stdout ----
[INFO] [stdout] 
[INFO] [stdout] thread 'integration_test_negative_values' (1391) panicked at tests/integration_test.rs:34:10:
[INFO] [stdout] Failed to connect to ScyllaDB: MetadataError(ConnectionPoolError(Broken { last_connection_error: IoError(Os { code: 111, kind: ConnectionRefused, message: "Connection refused" }) }))
[INFO] [stdout] stack backtrace:
[INFO] [stdout]    0:     0x6281238d7af1 - <<std[617be2ca0a6fd877]::sys::backtrace::BacktraceLock>::print::DisplayBacktrace as core[a373ad73a504971]::fmt::Display>::fmt
[INFO] [stdout]    1:     0x6281238ef0aa - core[a373ad73a504971]::fmt::write
[INFO] [stdout]    2:     0x6281238dc5bc - <alloc[2e1b2a31b91974c5]::vec::Vec<u8> as core[a373ad73a504971]::io::write::Write>::write_fmt
[INFO] [stdout]    3:     0x6281238b3206 - std[617be2ca0a6fd877]::panicking::default_hook::{closure#0}
[INFO] [stdout]    4:     0x6281238cfb09 - std[617be2ca0a6fd877]::panicking::default_hook
[INFO] [stdout]    5:     0x628123799d30 - test[aada8e7e76ba119b]::test_main_inner::{closure#0}
[INFO] [stdout]    6:     0x6281238cfe32 - std[617be2ca0a6fd877]::panicking::panic_with_hook
[INFO] [stdout]    7:     0x6281238b32b2 - std[617be2ca0a6fd877]::panicking::panic_handler::{closure#0}
[INFO] [stdout]    8:     0x6281238abee9 - std[617be2ca0a6fd877]::sys::backtrace::__rust_end_short_backtrace::<std[617be2ca0a6fd877]::panicking::panic_handler::{closure#0}, !>
[INFO] [stdout]    9:     0x6281238b40ad - __rustc[ea4f61d10b84890b]::rust_begin_unwind
[INFO] [stdout]   10:     0x6281238ef88c - core[a373ad73a504971]::panicking::panic_fmt
[INFO] [stdout]   11:     0x6281238ef662 - core[a373ad73a504971]::result::unwrap_failed
[INFO] [stdout]   12:     0x62812369288f - integration_test[290635aed5dffb07]::session::{closure#0}
[INFO] [stdout]   13:     0x628123693a78 - integration_test[290635aed5dffb07]::integration_test_negative_values::{closure#0}
[INFO] [stdout]   14:     0x62812373d8d3 - <tokio[8f024dece5724c78]::runtime::scheduler::current_thread::Context>::enter::<core[a373ad73a504971]::task::poll::Poll<()>, <tokio[8f024dece5724c78]::runtime::scheduler::current_thread::CoreGuard>::block_on<core[a373ad73a504971]::pin::Pin<&mut core[a373ad73a504971]::pin::Pin<&mut dyn core[a373ad73a504971]::future::future::Future<Output = ()>>>>::{closure#0}::{closure#0}>
[INFO] [stdout]   15:     0x62812374b0c2 - <tokio[8f024dece5724c78]::runtime::context::scoped::Scoped<tokio[8f024dece5724c78]::runtime::scheduler::Context>>::set::<<tokio[8f024dece5724c78]::runtime::scheduler::current_thread::CoreGuard>::enter<<tokio[8f024dece5724c78]::runtime::scheduler::current_thread::CoreGuard>::block_on<core[a373ad73a504971]::pin::Pin<&mut core[a373ad73a504971]::pin::Pin<&mut dyn core[a373ad73a504971]::future::future::Future<Output = ()>>>>::{closure#0}, core[a373ad73a504971]::option::Option<()>>::{closure#0}, (alloc[2e1b2a31b91974c5]::boxed::Box<tokio[8f024dece5724c78]::runtime::scheduler::current_thread::Core>, core[a373ad73a504971]::option::Option<()>)>
[INFO] [stdout]   16:     0x62812373d5b1 - <tokio[8f024dece5724c78]::runtime::runtime::Runtime>::block_on::<core[a373ad73a504971]::pin::Pin<&mut dyn core[a373ad73a504971]::future::future::Future<Output = ()>>>
[INFO] [stdout]   17:     0x6281236a2858 - <integration_test[290635aed5dffb07]::integration_test_negative_values::{closure#0} as core[a373ad73a504971]::ops::function::FnOnce<()>>::call_once
[INFO] [stdout]   18:     0x62812378d17b - test[aada8e7e76ba119b]::__rust_begin_short_backtrace::<core[a373ad73a504971]::result::Result<(), alloc[2e1b2a31b91974c5]::string::String>, fn() -> core[a373ad73a504971]::result::Result<(), alloc[2e1b2a31b91974c5]::string::String>>
[INFO] [stdout]   19:     0x62812379a355 - test[aada8e7e76ba119b]::run_test::{closure#0}
[INFO] [stdout]   20:     0x628123793c44 - std[617be2ca0a6fd877]::sys::backtrace::__rust_begin_short_backtrace::<test[aada8e7e76ba119b]::run_test::{closure#1}, ()>
[INFO] [stdout]   21:     0x62812379d3e2 - <std[617be2ca0a6fd877]::thread::lifecycle::spawn_unchecked<test[aada8e7e76ba119b]::run_test::{closure#1}, ()>::{closure#1} as core[a373ad73a504971]::ops::function::FnOnce<()>>::call_once::{shim:vtable#0}
[INFO] [stdout]   22:     0x6281238d6f9f - <std[617be2ca0a6fd877]::sys::thread::unix::Thread>::new::thread_start
[INFO] [stdout]   23:     0x7905aafc8dfa - <unknown>
[INFO] [stdout]   24:     0x7905ab05c3d4 - clone
[INFO] [stdout]   25:                0x0 - <unknown>
[INFO] [stdout] 
[INFO] [stdout] ---- integration_test_positive_values stdout ----
[INFO] [stdout] 
[INFO] [stdout] thread 'integration_test_positive_values' (1392) panicked at tests/integration_test.rs:34:10:
[INFO] [stdout] Failed to connect to ScyllaDB: MetadataError(ConnectionPoolError(Broken { last_connection_error: IoError(Os { code: 111, kind: ConnectionRefused, message: "Connection refused" }) }))
[INFO] [stdout] stack backtrace:
[INFO] [stdout]    0:     0x6281238d7af1 - <<std[617be2ca0a6fd877]::sys::backtrace::BacktraceLock>::print::DisplayBacktrace as core[a373ad73a504971]::fmt::Display>::fmt
[INFO] [stdout]    1:     0x6281238ef0aa - core[a373ad73a504971]::fmt::write
[INFO] [stdout]    2:     0x6281238dc5bc - <alloc[2e1b2a31b91974c5]::vec::Vec<u8> as core[a373ad73a504971]::io::write::Write>::write_fmt
[INFO] [stdout]    3:     0x6281238b3206 - std[617be2ca0a6fd877]::panicking::default_hook::{closure#0}
[INFO] [stdout]    4:     0x6281238cfb09 - std[617be2ca0a6fd877]::panicking::default_hook
[INFO] [stdout]    5:     0x628123799d30 - test[aada8e7e76ba119b]::test_main_inner::{closure#0}
[INFO] [stdout]    6:     0x6281238cfe32 - std[617be2ca0a6fd877]::panicking::panic_with_hook
[INFO] [stdout]    7:     0x6281238b32b2 - std[617be2ca0a6fd877]::panicking::panic_handler::{closure#0}
[INFO] [stdout]    8:     0x6281238abee9 - std[617be2ca0a6fd877]::sys::backtrace::__rust_end_short_backtrace::<std[617be2ca0a6fd877]::panicking::panic_handler::{closure#0}, !>
[INFO] [stdout]    9:     0x6281238b40ad - __rustc[ea4f61d10b84890b]::rust_begin_unwind
[INFO] [stdout]   10:     0x6281238ef88c - core[a373ad73a504971]::panicking::panic_fmt
[INFO] [stdout]   11:     0x6281238ef662 - core[a373ad73a504971]::result::unwrap_failed
[INFO] [stdout]   12:     0x62812369288f - integration_test[290635aed5dffb07]::session::{closure#0}
[INFO] [stdout]   13:     0x62812369459e - integration_test[290635aed5dffb07]::integration_test_positive_values::{closure#0}
[INFO] [stdout]   14:     0x62812373d8d3 - <tokio[8f024dece5724c78]::runtime::scheduler::current_thread::Context>::enter::<core[a373ad73a504971]::task::poll::Poll<()>, <tokio[8f024dece5724c78]::runtime::scheduler::current_thread::CoreGuard>::block_on<core[a373ad73a504971]::pin::Pin<&mut core[a373ad73a504971]::pin::Pin<&mut dyn core[a373ad73a504971]::future::future::Future<Output = ()>>>>::{closure#0}::{closure#0}>
[INFO] [stdout]   15:     0x62812374b0c2 - <tokio[8f024dece5724c78]::runtime::context::scoped::Scoped<tokio[8f024dece5724c78]::runtime::scheduler::Context>>::set::<<tokio[8f024dece5724c78]::runtime::scheduler::current_thread::CoreGuard>::enter<<tokio[8f024dece5724c78]::runtime::scheduler::current_thread::CoreGuard>::block_on<core[a373ad73a504971]::pin::Pin<&mut core[a373ad73a504971]::pin::Pin<&mut dyn core[a373ad73a504971]::future::future::Future<Output = ()>>>>::{closure#0}, core[a373ad73a504971]::option::Option<()>>::{closure#0}, (alloc[2e1b2a31b91974c5]::boxed::Box<tokio[8f024dece5724c78]::runtime::scheduler::current_thread::Core>, core[a373ad73a504971]::option::Option<()>)>
[INFO] [stdout]   16:     0x62812373d5b1 - <tokio[8f024dece5724c78]::runtime::runtime::Runtime>::block_on::<core[a373ad73a504971]::pin::Pin<&mut dyn core[a373ad73a504971]::future::future::Future<Output = ()>>>
[INFO] [stdout]   17:     0x6281236a29c8 - <integration_test[290635aed5dffb07]::integration_test_positive_values::{closure#0} as core[a373ad73a504971]::ops::function::FnOnce<()>>::call_once
[INFO] [stdout]   18:     0x62812378d17b - test[aada8e7e76ba119b]::__rust_begin_short_backtrace::<core[a373ad73a504971]::result::Result<(), alloc[2e1b2a31b91974c5]::string::String>, fn() -> core[a373ad73a504971]::result::Result<(), alloc[2e1b2a31b91974c5]::string::String>>
[INFO] [stdout]   19:     0x62812379a355 - test[aada8e7e76ba119b]::run_test::{closure#0}
[INFO] [stdout]   20:     0x628123793c44 - std[617be2ca0a6fd877]::sys::backtrace::__rust_begin_short_backtrace::<test[aada8e7e76ba119b]::run_test::{closure#1}, ()>
[INFO] [stdout]   21:     0x62812379d3e2 - <std[617be2ca0a6fd877]::thread::lifecycle::spawn_unchecked<test[aada8e7e76ba119b]::run_test::{closure#1}, ()>::{closure#1} as core[a373ad73a504971]::ops::function::FnOnce<()>>::call_once::{shim:vtable#0}
[INFO] [stdout]   22:     0x6281238d6f9f - <std[617be2ca0a6fd877]::sys::thread::unix::Thread>::new::thread_start
[INFO] [stdout]   23:     0x7905aafc8dfa - <unknown>
[INFO] [stdout]   24:     0x7905ab05c3d4 - clone
[INFO] [stdout]   25:                0x0 - <unknown>
[INFO] [stdout] 
[INFO] [stdout] 
[INFO] [stdout] failures:
[INFO] [stdout]     example
[INFO] [stdout]     integration_test_negative_values
[INFO] [stdout]     integration_test_positive_values
[INFO] [stdout]     integration_test_zero_values
[INFO] [stdout] 
[INFO] [stdout] test result: FAILED. 0 passed; 4 failed; 0 ignored; 0 measured; 0 filtered out; finished in 0.01s
[INFO] [stdout] 
[INFO] [stderr] error: test failed, to rerun pass `--test integration_test`
[INFO] running `Command { std: "docker" "inspect" "200f2d83484f79f5d84733261953bde3d2f56f43fdf2eb51621b0745215a3dca", kill_on_drop: false }`
[INFO] running `Command { std: "docker" "rm" "-f" "200f2d83484f79f5d84733261953bde3d2f56f43fdf2eb51621b0745215a3dca", kill_on_drop: false }`
[INFO] [stdout] 200f2d83484f79f5d84733261953bde3d2f56f43fdf2eb51621b0745215a3dca
