[INFO] fetching crate rust_airport_supplier 1.4.2...
[INFO] testing rust_airport_supplier-1.4.2 against 1.100.0-beta.1+cargoflags=--release for beta-release-1.100-2
[INFO] extracting crate rust_airport_supplier 1.4.2 into /workspace/builds/worker-2-tc2/source
[INFO] started tweaking crates.io crate rust_airport_supplier 1.4.2
[INFO] finished tweaking crates.io crate rust_airport_supplier 1.4.2
[INFO] tweaked toml for crates.io crate rust_airport_supplier 1.4.2 written to /workspace/builds/worker-2-tc2/source/Cargo.toml
[INFO] validating manifest of crates.io crate rust_airport_supplier 1.4.2 on toolchain 1.100.0-beta.1
[INFO] running `Command { std: CARGO_HOME="/workspace/cargo-home" RUSTUP_HOME="/workspace/rustup-home" "/workspace/cargo-home/bin/cargo" "+1.100.0-beta.1" "metadata" "--manifest-path" "Cargo.toml" "--no-deps", kill_on_drop: false }`
[INFO] running `Command { std: CARGO_HOME="/workspace/cargo-home" RUSTUP_HOME="/workspace/rustup-home" "/workspace/cargo-home/bin/cargo" "+1.100.0-beta.1" "generate-lockfile" "--manifest-path" "Cargo.toml", kill_on_drop: false }`
[INFO] [stderr]     Updating crates.io index
[INFO] [stderr]      Locking 159 packages to highest compatible versions
[INFO] [stderr]       Adding reqwest v0.12.28 (available: v0.13.5)
[INFO] [stderr]       Adding thiserror v1.0.69 (available: v2.0.21)
[INFO] running `Command { std: CARGO_HOME="/workspace/cargo-home" RUSTUP_HOME="/workspace/rustup-home" "/workspace/cargo-home/bin/cargo" "+1.100.0-beta.1" "fetch" "--manifest-path" "Cargo.toml", kill_on_drop: false }`
[INFO] [stderr] warning: `package.homepage` is redundant with `package.repository`
[INFO] [stderr]   --> Cargo.toml:27:12
[INFO] [stderr]    |
[INFO] [stderr] 27 | homepage = "https://gitlab.com/flightsimtools/r-fst/r-as"
[INFO] [stderr]    |            ^^^^^^^^^^^^^^^^^^^^^^^^^^^^^^^^^^^^^^^^^^^^^^
[INFO] [stderr] ...
[INFO] [stderr] 32 | repository = "https://gitlab.com/flightsimtools/r-fst/r-as"
[INFO] [stderr]    |              ----------------------------------------------
[INFO] [stderr]    |
[INFO] [stderr]    = note: `cargo::redundant_homepage` is set to `warn` by default
[INFO] [stderr] help: consider removing `package.homepage`
[INFO] [stderr] warning: `rust_airport_supplier` (manifest) generated 1 warning
[INFO] running `Command { std: "docker" "create" "-v" "/var/lib/crater-agent-workspace/builds/worker-2-tc2/source:/opt/rustwide/workdir:ro,Z" "-v" "/var/lib/crater-agent-workspace/builds/worker-2-tc2/target:/opt/rustwide/target:rw,Z" "-v" "/var/lib/crater-agent-workspace/cargo-home:/opt/rustwide/cargo-home:ro,Z" "-v" "/var/lib/crater-agent-workspace/rustup-home:/opt/rustwide/rustup-home:ro,Z" "-m" "1610612736" "--network" "none" "ghcr.io/rust-lang/crates-build-env/linux@sha256:77db811e55d90add9212f6832c23229e3de5f1c1f9905e8cb07319ea15df73ac" "sleep" "infinity", kill_on_drop: false }`
[INFO] [stdout] ca9c655cd6b0479638bf8a1d934f3bf9a29b6efcbf6b421bf9479e871ce7596d
[INFO] running `Command { std: "docker" "start" "ca9c655cd6b0479638bf8a1d934f3bf9a29b6efcbf6b421bf9479e871ce7596d", kill_on_drop: false }`
[INFO] running `Command { std: "docker" "inspect" "ca9c655cd6b0479638bf8a1d934f3bf9a29b6efcbf6b421bf9479e871ce7596d", kill_on_drop: false }`
[INFO] running `Command { std: "docker" "exec" "-e" "SOURCE_DIR=/opt/rustwide/workdir" "-e" "CARGO_HOME=/opt/rustwide/cargo-home" "-e" "RUSTUP_HOME=/opt/rustwide/rustup-home" "-e" "CARGO_TARGET_DIR=/opt/rustwide/target" "-w" "/opt/rustwide/workdir" "--user" "0:0" "ca9c655cd6b0479638bf8a1d934f3bf9a29b6efcbf6b421bf9479e871ce7596d" "/opt/rustwide/cargo-home/bin/cargo" "+1.100.0-beta.1" "metadata" "--no-deps" "--format-version=1", kill_on_drop: false }`
[INFO] running `Command { std: "docker" "inspect" "ca9c655cd6b0479638bf8a1d934f3bf9a29b6efcbf6b421bf9479e871ce7596d", kill_on_drop: false }`
[INFO] running `Command { std: "docker" "exec" "-e" "SOURCE_DIR=/opt/rustwide/workdir" "-e" "CARGO_HOME=/opt/rustwide/cargo-home" "-e" "RUSTUP_HOME=/opt/rustwide/rustup-home" "-e" "CARGO_TARGET_DIR=/opt/rustwide/target" "-e" "CARGO_INCREMENTAL=0" "-e" "RUST_BACKTRACE=full" "-e" "RUSTFLAGS=--cap-lints=warn" "-e" "RUSTDOCFLAGS=--cap-lints=warn" "-w" "/opt/rustwide/workdir" "--user" "0:0" "ca9c655cd6b0479638bf8a1d934f3bf9a29b6efcbf6b421bf9479e871ce7596d" "/opt/rustwide/cargo-home/bin/cargo" "+1.100.0-beta.1" "build" "--frozen" "--message-format=json" "--release", kill_on_drop: false }`
[INFO] [stderr] warning: `package.homepage` is redundant with `package.repository`
[INFO] [stderr]   --> Cargo.toml:27:12
[INFO] [stderr]    |
[INFO] [stderr] 27 | homepage = "https://gitlab.com/flightsimtools/r-fst/r-as"
[INFO] [stderr]    |            ^^^^^^^^^^^^^^^^^^^^^^^^^^^^^^^^^^^^^^^^^^^^^^
[INFO] [stderr] ...
[INFO] [stderr] 32 | repository = "https://gitlab.com/flightsimtools/r-fst/r-as"
[INFO] [stderr]    |              ----------------------------------------------
[INFO] [stderr]    |
[INFO] [stderr]    = note: `cargo::redundant_homepage` is set to `warn` by default
[INFO] [stderr] help: consider removing `package.homepage`
[INFO] [stderr] warning: `rust_airport_supplier` (manifest) generated 1 warning
[INFO] [stderr]    Compiling proc-macro2 v1.0.107
[INFO] [stderr]    Compiling unicode-ident v1.0.27
[INFO] [stderr]    Compiling quote v1.0.47
[INFO] [stderr]    Compiling libc v0.2.191
[INFO] [stderr]    Compiling stable_deref_trait v1.2.1
[INFO] [stderr]    Compiling bytes v1.12.1
[INFO] [stderr]    Compiling pin-project-lite v0.2.17
[INFO] [stderr]    Compiling futures-core v0.3.34
[INFO] [stderr]    Compiling itoa v1.0.18
[INFO] [stderr]    Compiling shlex v2.0.1
[INFO] [stderr]    Compiling find-msvc-tools v0.1.14
[INFO] [stderr]    Compiling futures-sink v0.3.34
[INFO] [stderr]    Compiling vcpkg v0.2.15
[INFO] [stderr]    Compiling pkg-config v0.3.34
[INFO] [stderr]    Compiling litemap v0.8.3
[INFO] [stderr]    Compiling writeable v0.6.4
[INFO] [stderr]    Compiling smallvec v1.16.3
[INFO] [stderr]    Compiling icu_normalizer_data v2.3.0
[INFO] [stderr]    Compiling memchr v2.8.3
[INFO] [stderr]    Compiling icu_properties_data v2.3.0
[INFO] [stderr]    Compiling utf8_iter v1.0.4
[INFO] [stderr]    Compiling slab v0.4.12
[INFO] [stderr]    Compiling percent-encoding v2.3.2
[INFO] [stderr]    Compiling once_cell v1.21.4
[INFO] [stderr]    Compiling cc v1.8.0
[INFO] [stderr]    Compiling openssl v0.10.81
[INFO] [stderr]    Compiling equivalent v1.0.3
[INFO] [stderr]    Compiling bitflags v2.13.2
[INFO] [stderr]    Compiling futures-task v0.3.34
[INFO] [stderr]    Compiling cfg-if v1.0.5
[INFO] [stderr]    Compiling futures-io v0.3.34
[INFO] [stderr]    Compiling httparse v1.10.1
[INFO] [stderr]    Compiling rustversion v1.0.23
[INFO] [stderr]    Compiling tracing-core v0.1.36
[INFO] [stderr]    Compiling foreign-types-shared v0.1.1
[INFO] [stderr]    Compiling hashbrown v0.17.1
[INFO] [stderr]    Compiling serde_core v1.0.229
[INFO] [stderr]    Compiling fnv v1.0.7
[INFO] [stderr]    Compiling foreign-types v0.3.2
[INFO] [stderr]    Compiling try-lock v0.2.5
[INFO] [stderr]    Compiling atomic-waker v1.1.2
[INFO] [stderr]    Compiling tracing v0.1.44
[INFO] [stderr]    Compiling native-tls v0.2.18
[INFO] [stderr]    Compiling tower-service v0.3.3
[INFO] [stderr]    Compiling want v0.3.2
[INFO] [stderr]    Compiling form_urlencoded v1.2.2
[INFO] [stderr]    Compiling futures-channel v0.3.34
[INFO] [stderr]    Compiling futures-util v0.3.34
[INFO] [stderr]    Compiling serde v1.0.229
[INFO] [stderr]    Compiling log v0.4.34
[INFO] [stderr]    Compiling openssl-probe v0.2.1
[INFO] [stderr]    Compiling sync_wrapper v1.0.2
[INFO] [stderr]    Compiling syn v3.0.9
[INFO] [stderr]    Compiling syn v2.0.119
[INFO] [stderr]    Compiling http v1.5.0
[INFO] [stderr]    Compiling indexmap v2.14.2
[INFO] [stderr]    Compiling tower-layer v0.3.3
[INFO] [stderr]    Compiling base64 v0.23.1
[INFO] [stderr]    Compiling ryu v1.0.23
[INFO] [stderr]    Compiling ipnet v2.12.2
[INFO] [stderr]    Compiling multiversion_no_op v1.0.0
[INFO] [stderr]    Compiling zeroize v1.9.1
[INFO] [stderr]    Compiling core_detect v1.0.0
[INFO] [stderr]    Compiling encoding_rs v0.8.42
[INFO] [stderr]    Compiling simdutf8 v0.1.5
[INFO] [stderr]    Compiling scopeguard v1.2.0
[INFO] [stderr]    Compiling thiserror v1.0.69
[INFO] [stderr]    Compiling rustls-pki-types v1.15.1
[INFO] [stderr]    Compiling csv-core v0.1.13
[INFO] [stderr]    Compiling mime v0.3.17
[INFO] [stderr]    Compiling base64 v0.22.1
[INFO] [stderr]    Compiling openssl-sys v0.9.117
[INFO] [stderr]    Compiling http-body v1.1.0
[INFO] [stderr]    Compiling http-body-util v0.1.5
[INFO] [stderr]    Compiling mio v1.2.4
[INFO] [stderr]    Compiling socket2 v0.6.5
[INFO] [stderr]    Compiling tokio v1.53.3
[INFO] [stderr]    Compiling csv v1.4.0
[INFO] [stderr]    Compiling openssl-macros v0.1.1
[INFO] [stderr]    Compiling thiserror-impl v1.0.69
[INFO] [stderr]    Compiling synstructure v0.14.0
[INFO] [stderr]    Compiling zerofrom-derive v0.1.8
[INFO] [stderr]    Compiling yoke-derive v0.8.4
[INFO] [stderr]    Compiling zerovec-derive v0.11.6
[INFO] [stderr]    Compiling displaydoc v0.2.7
[INFO] [stderr]    Compiling serde_derive v1.0.229
[INFO] [stderr]    Compiling zerofrom v0.1.8
[INFO] [stderr]    Compiling yoke v0.8.3
[INFO] [stderr]    Compiling zerovec v0.11.8
[INFO] [stderr]    Compiling zerotrie v0.2.5
[INFO] [stderr]    Compiling tinystr v0.8.4
[INFO] [stderr]    Compiling potential_utf v0.1.6
[INFO] [stderr]    Compiling icu_collections v2.3.0
[INFO] [stderr]    Compiling icu_locale_core v2.3.0
[INFO] [stderr]    Compiling icu_provider v2.3.1
[INFO] [stderr]    Compiling icu_properties v2.3.0
[INFO] [stderr]    Compiling icu_normalizer v2.3.0
[INFO] [stderr]    Compiling serde_urlencoded v0.7.1
[INFO] [stderr]    Compiling tokio-util v0.7.20
[INFO] [stderr]    Compiling tower v0.5.3
[INFO] [stderr]    Compiling tokio-native-tls v0.3.1
[INFO] [stderr]    Compiling idna_adapter v1.2.2
[INFO] [stderr]    Compiling idna v1.1.0
[INFO] [stderr]    Compiling h2 v0.4.20
[INFO] [stderr]    Compiling url v2.5.8
[INFO] [stderr]    Compiling tower-http v0.6.11
[INFO] [stderr]    Compiling hyper v1.12.0
[INFO] [stderr]    Compiling hyper-util v0.1.21
[INFO] [stderr]    Compiling hyper-tls v0.6.0
[INFO] [stderr]    Compiling reqwest v0.12.28
[INFO] [stderr]    Compiling rust_airport_supplier v1.4.2 (/opt/rustwide/workdir)
[INFO] [stdout] warning: unexpected `cfg` condition name: `tarpaulin_include`
[INFO] [stdout]   --> src/storage.rs:69:11
[INFO] [stdout]    |
[INFO] [stdout] 69 | #[cfg(not(tarpaulin_include))]
[INFO] [stdout]    |           ^^^^^^^^^^^^^^^^^
[INFO] [stdout]    |
[INFO] [stdout]    = help: expected names are: `docsrs`, `feature`, and `test` and 34 more
[INFO] [stdout]    = help: consider using a Cargo feature instead
[INFO] [stdout]    = help: or consider adding in `Cargo.toml` the `check-cfg` lint config for the lint:
[INFO] [stdout]             [lints.rust]
[INFO] [stdout]             unexpected_cfgs = { level = "warn", check-cfg = ['cfg(tarpaulin_include)'] }
[INFO] [stdout]    = help: or consider adding `println!("cargo::rustc-check-cfg=cfg(tarpaulin_include)");` to the top of the `build.rs`
[INFO] [stdout]    = note: see <https://doc.rust-lang.org/nightly/rustc/check-cfg/cargo-specifics.html> for more information about checking conditional configuration
[INFO] [stdout]    = note: `#[warn(unexpected_cfgs)]` on by default
[INFO] [stdout] 
[INFO] [stdout] 
[INFO] [stderr]     Finished `release` profile [optimized] target(s) in 1m 00s
[INFO] running `Command { std: "docker" "inspect" "ca9c655cd6b0479638bf8a1d934f3bf9a29b6efcbf6b421bf9479e871ce7596d", kill_on_drop: false }`
[INFO] running `Command { std: "docker" "exec" "-e" "SOURCE_DIR=/opt/rustwide/workdir" "-e" "CARGO_HOME=/opt/rustwide/cargo-home" "-e" "RUSTUP_HOME=/opt/rustwide/rustup-home" "-e" "CARGO_TARGET_DIR=/opt/rustwide/target" "-e" "CARGO_INCREMENTAL=0" "-e" "RUST_BACKTRACE=full" "-e" "RUSTFLAGS=--cap-lints=warn" "-e" "RUSTDOCFLAGS=--cap-lints=warn" "-w" "/opt/rustwide/workdir" "--user" "0:0" "ca9c655cd6b0479638bf8a1d934f3bf9a29b6efcbf6b421bf9479e871ce7596d" "/opt/rustwide/cargo-home/bin/cargo" "+1.100.0-beta.1" "test" "--frozen" "--no-run" "--message-format=json" "--release", kill_on_drop: false }`
[INFO] [stderr] warning: `package.homepage` is redundant with `package.repository`
[INFO] [stderr]   --> Cargo.toml:27:12
[INFO] [stderr]    |
[INFO] [stderr] 27 | homepage = "https://gitlab.com/flightsimtools/r-fst/r-as"
[INFO] [stderr]    |            ^^^^^^^^^^^^^^^^^^^^^^^^^^^^^^^^^^^^^^^^^^^^^^
[INFO] [stderr] ...
[INFO] [stderr] 32 | repository = "https://gitlab.com/flightsimtools/r-fst/r-as"
[INFO] [stderr]    |              ----------------------------------------------
[INFO] [stderr]    |
[INFO] [stderr]    = note: `cargo::redundant_homepage` is set to `warn` by default
[INFO] [stderr] help: consider removing `package.homepage`
[INFO] [stderr] warning: `rust_airport_supplier` (manifest) generated 1 warning
[INFO] [stderr]    Compiling stable_deref_trait v1.2.1
[INFO] [stderr]    Compiling pin-project-lite v0.2.17
[INFO] [stderr]    Compiling bytes v1.12.1
[INFO] [stderr]    Compiling futures-core v0.3.34
[INFO] [stderr]    Compiling itoa v1.0.18
[INFO] [stderr]    Compiling futures-sink v0.3.34
[INFO] [stderr]    Compiling writeable v0.6.4
[INFO] [stderr]    Compiling smallvec v1.16.3
[INFO] [stderr]    Compiling litemap v0.8.3
[INFO] [stderr]    Compiling memchr v2.8.3
[INFO] [stderr]    Compiling cfg-if v1.0.5
[INFO] [stderr]    Compiling libc v0.2.191
[INFO] [stderr]    Compiling once_cell v1.21.4
[INFO] [stderr]    Compiling utf8_iter v1.0.4
[INFO] [stderr]    Compiling zerofrom v0.1.8
[INFO] [stderr]    Compiling bitflags v2.13.2
[INFO] [stderr]    Compiling slab v0.4.12
[INFO] [stderr]    Compiling percent-encoding v2.3.2
[INFO] [stderr]    Compiling icu_normalizer_data v2.3.0
[INFO] [stderr]    Compiling icu_properties_data v2.3.0
[INFO] [stderr]    Compiling yoke v0.8.3
[INFO] [stderr]    Compiling foreign-types-shared v0.1.1
[INFO] [stderr]    Compiling hashbrown v0.17.1
[INFO] [stderr]    Compiling equivalent v1.0.3
[INFO] [stderr]    Compiling futures-task v0.3.34
[INFO] [stderr]    Compiling futures-io v0.3.34
[INFO] [stderr]    Compiling foreign-types v0.3.2
[INFO] [stderr]    Compiling fnv v1.0.7
[INFO] [stderr]    Compiling zerovec v0.11.8
[INFO] [stderr]    Compiling zerotrie v0.2.5
[INFO] [stderr]    Compiling tracing-core v0.1.36
[INFO] [stderr]    Compiling atomic-waker v1.1.2
[INFO] [stderr]    Compiling try-lock v0.2.5
[INFO] [stderr]    Compiling tower-service v0.3.3
[INFO] [stderr]    Compiling serde_core v1.0.229
[INFO] [stderr]    Compiling form_urlencoded v1.2.2
[INFO] [stderr]    Compiling httparse v1.10.1
[INFO] [stderr]    Compiling futures-channel v0.3.34
[INFO] [stderr]    Compiling openssl-probe v0.2.1
[INFO] [stderr]    Compiling want v0.3.2
[INFO] [stderr]    Compiling log v0.4.34
[INFO] [stderr]    Compiling sync_wrapper v1.0.2
[INFO] [stderr]    Compiling base64 v0.23.1
[INFO] [stderr]    Compiling rustix v1.1.5
[INFO] [stderr]    Compiling getrandom v0.4.3
[INFO] [stderr]    Compiling ryu v1.0.23
[INFO] [stderr]    Compiling tower-layer v0.3.3
[INFO] [stderr]    Compiling ipnet v2.12.2
[INFO] [stderr]    Compiling scopeguard v1.2.0
[INFO] [stderr]    Compiling linux-raw-sys v0.12.1
[INFO] [stderr]    Compiling core_detect v1.0.0
[INFO] [stderr]    Compiling zeroize v1.9.1
[INFO] [stderr]    Compiling simdutf8 v0.1.5
[INFO] [stderr]    Compiling rustls-pki-types v1.15.1
[INFO] [stderr]    Compiling base64 v0.22.1
[INFO] [stderr]    Compiling fastrand v2.5.0
[INFO] [stderr]    Compiling futures-util v0.3.34
[INFO] [stderr]    Compiling tracing v0.1.44
[INFO] [stderr]    Compiling encoding_rs v0.8.42
[INFO] [stderr]    Compiling csv-core v0.1.13
[INFO] [stderr]    Compiling mime v0.3.17
[INFO] [stderr]    Compiling indexmap v2.14.2
[INFO] [stderr]    Compiling thiserror v1.0.69
[INFO] [stderr]    Compiling http v1.5.0
[INFO] [stderr]    Compiling tinystr v0.8.4
[INFO] [stderr]    Compiling potential_utf v0.1.6
[INFO] [stderr]    Compiling icu_collections v2.3.0
[INFO] [stderr]    Compiling icu_locale_core v2.3.0
[INFO] [stderr]    Compiling socket2 v0.6.5
[INFO] [stderr]    Compiling mio v1.2.4
[INFO] [stderr]    Compiling openssl-sys v0.9.117
[INFO] [stderr]    Compiling tokio v1.53.3
[INFO] [stderr]    Compiling openssl v0.10.81
[INFO] [stderr]    Compiling http-body v1.1.0
[INFO] [stderr]    Compiling http-body-util v0.1.5
[INFO] [stderr]    Compiling icu_provider v2.3.1
[INFO] [stderr]    Compiling tempfile v3.27.0
[INFO] [stderr]    Compiling icu_normalizer v2.3.0
[INFO] [stderr]    Compiling icu_properties v2.3.0
[INFO] [stderr]    Compiling serde v1.0.229
[INFO] [stderr]    Compiling csv v1.4.0
[INFO] [stderr]    Compiling idna_adapter v1.2.2
[INFO] [stderr]    Compiling serde_urlencoded v0.7.1
[INFO] [stderr]    Compiling idna v1.1.0
[INFO] [stderr]    Compiling url v2.5.8
[INFO] [stderr]    Compiling native-tls v0.2.18
[INFO] [stderr]    Compiling tokio-util v0.7.20
[INFO] [stderr]    Compiling tokio-native-tls v0.3.1
[INFO] [stderr]    Compiling tower v0.5.3
[INFO] [stderr]    Compiling tower-http v0.6.11
[INFO] [stderr]    Compiling h2 v0.4.20
[INFO] [stderr]    Compiling hyper v1.12.0
[INFO] [stderr]    Compiling hyper-util v0.1.21
[INFO] [stderr]    Compiling hyper-tls v0.6.0
[INFO] [stderr]    Compiling reqwest v0.12.28
[INFO] [stderr]    Compiling rust_airport_supplier v1.4.2 (/opt/rustwide/workdir)
[INFO] [stdout] warning: unexpected `cfg` condition name: `tarpaulin_include`
[INFO] [stdout]   --> src/storage.rs:69:11
[INFO] [stdout]    |
[INFO] [stdout] 69 | #[cfg(not(tarpaulin_include))]
[INFO] [stdout]    |           ^^^^^^^^^^^^^^^^^
[INFO] [stdout]    |
[INFO] [stdout]    = help: expected names are: `docsrs`, `feature`, and `test` and 34 more
[INFO] [stdout]    = help: consider using a Cargo feature instead
[INFO] [stdout]    = help: or consider adding in `Cargo.toml` the `check-cfg` lint config for the lint:
[INFO] [stdout]             [lints.rust]
[INFO] [stdout]             unexpected_cfgs = { level = "warn", check-cfg = ['cfg(tarpaulin_include)'] }
[INFO] [stdout]    = help: or consider adding `println!("cargo::rustc-check-cfg=cfg(tarpaulin_include)");` to the top of the `build.rs`
[INFO] [stdout]    = note: see <https://doc.rust-lang.org/nightly/rustc/check-cfg/cargo-specifics.html> for more information about checking conditional configuration
[INFO] [stdout]    = note: `#[warn(unexpected_cfgs)]` on by default
[INFO] [stdout] 
[INFO] [stdout] 
[INFO] [stderr]     Finished `release` profile [optimized] target(s) in 1m 13s
[INFO] running `Command { std: "docker" "inspect" "ca9c655cd6b0479638bf8a1d934f3bf9a29b6efcbf6b421bf9479e871ce7596d", kill_on_drop: false }`
[INFO] running `Command { std: "docker" "exec" "-e" "SOURCE_DIR=/opt/rustwide/workdir" "-e" "CARGO_HOME=/opt/rustwide/cargo-home" "-e" "RUSTUP_HOME=/opt/rustwide/rustup-home" "-e" "CARGO_TARGET_DIR=/opt/rustwide/target" "-e" "CARGO_INCREMENTAL=0" "-e" "RUST_BACKTRACE=full" "-e" "RUSTFLAGS=--cap-lints=warn" "-e" "RUSTDOCFLAGS=--cap-lints=warn" "-w" "/opt/rustwide/workdir" "--user" "0:0" "ca9c655cd6b0479638bf8a1d934f3bf9a29b6efcbf6b421bf9479e871ce7596d" "/opt/rustwide/cargo-home/bin/cargo" "+1.100.0-beta.1" "test" "--frozen" "--release", kill_on_drop: false }`
[INFO] [stderr] warning: `package.homepage` is redundant with `package.repository`
[INFO] [stderr]   --> Cargo.toml:27:12
[INFO] [stderr]    |
[INFO] [stderr] 27 | homepage = "https://gitlab.com/flightsimtools/r-fst/r-as"
[INFO] [stderr]    |            ^^^^^^^^^^^^^^^^^^^^^^^^^^^^^^^^^^^^^^^^^^^^^^
[INFO] [stderr] ...
[INFO] [stderr] 32 | repository = "https://gitlab.com/flightsimtools/r-fst/r-as"
[INFO] [stderr]    |              ----------------------------------------------
[INFO] [stderr]    |
[INFO] [stderr]    = note: `cargo::redundant_homepage` is set to `warn` by default
[INFO] [stderr] help: consider removing `package.homepage`
[INFO] [stderr] warning: `rust_airport_supplier` (manifest) generated 1 warning
[INFO] [stderr] warning: unexpected `cfg` condition name: `tarpaulin_include`
[INFO] [stderr]   --> src/storage.rs:69:11
[INFO] [stderr]    |
[INFO] [stderr] 69 | #[cfg(not(tarpaulin_include))]
[INFO] [stderr]    |           ^^^^^^^^^^^^^^^^^
[INFO] [stderr]    |
[INFO] [stderr]    = help: expected names are: `docsrs`, `feature`, and `test` and 34 more
[INFO] [stderr]    = help: consider using a Cargo feature instead
[INFO] [stderr]    = help: or consider adding in `Cargo.toml` the `check-cfg` lint config for the lint:
[INFO] [stderr]             [lints.rust]
[INFO] [stderr]             unexpected_cfgs = { level = "warn", check-cfg = ['cfg(tarpaulin_include)'] }
[INFO] [stderr]    = help: or consider adding `println!("cargo::rustc-check-cfg=cfg(tarpaulin_include)");` to the top of the `build.rs`
[INFO] [stderr]    = note: see <https://doc.rust-lang.org/nightly/rustc/check-cfg/cargo-specifics.html> for more information about checking conditional configuration
[INFO] [stderr]    = note: `#[warn(unexpected_cfgs)]` on by default
[INFO] [stderr] 
[INFO] [stderr] warning: `rust_airport_supplier` (lib test) generated 1 warning
[INFO] [stderr]     Finished `release` profile [optimized] target(s) in 0.16s
[INFO] [stderr]      Running unittests src/lib.rs (/opt/rustwide/target/release/build/rust_airport_supplier/08ef479d2c6a5b35/out/rust_airport_supplier-08ef479d2c6a5b35)
[INFO] [stdout] 
[INFO] [stdout] running 20 tests
[INFO] [stdout] test tests::test_get_airport_data_offline_with_valid_file_path ... FAILED
[INFO] [stdout] test tests::test_get_airport_data_online ... FAILED
[INFO] [stdout] test storage::tests::test_load_data_frequencies ... FAILED
[INFO] [stdout] test storage::tests::test_load_data_runways ... FAILED
[INFO] [stdout] test tests::test_check_local_files_negative ... ok
[INFO] [stdout] test storage::tests::test_load_data_navaids ... FAILED
[INFO] [stdout] test storage::tests::test_load_data_regions ... FAILED
[INFO] [stdout] test tests::test_get_file_path_none ... FAILED
[INFO] [stdout] test storage::tests::test_load_data_airports ... FAILED
[INFO] [stdout] test tests::test_load_data_wrong_path ... ok
[INFO] [stdout] test tests::test_pair_icao_to_id ... ok
[INFO] [stdout] test storage::tests::test_load_data_countries ... FAILED
[INFO] [stdout] test tests::test_check_local_files ... ok
[INFO] [stdout] test tests::test_get_file_path_some ... FAILED
[INFO] [stdout] test download::tests::test_download_frequencies ... FAILED
[INFO] [stdout] test download::tests::test_download_countries ... FAILED
[INFO] [stdout] test download::tests::test_download_navaids ... FAILED
[INFO] [stdout] test download::tests::test_download_airports ... FAILED
[INFO] [stdout] test download::tests::test_download_regions ... FAILED
[INFO] [stdout] test download::tests::test_download_runways ... FAILED
[INFO] [stdout] 
[INFO] [stdout] failures:
[INFO] [stdout] 
[INFO] [stdout] ---- tests::test_get_airport_data_offline_with_valid_file_path stdout ----
[INFO] [stdout] 
[INFO] [stdout] thread 'tests::test_get_airport_data_offline_with_valid_file_path' (2380) panicked at src/lib.rs:244:40:
[INFO] [stdout] could not create directories: Os { code: 30, kind: ReadOnlyFilesystem, message: "Read-only file system" }
[INFO] [stdout] stack backtrace:
[INFO] [stdout]    0:     0x5879a5ac8b55 - <unknown>
[INFO] [stdout]    1:     0x5879a59c924a - <unknown>
[INFO] [stdout]    2:     0x5879a5ac81eb - <unknown>
[INFO] [stdout]    3:     0x5879a5ac7ccf - <unknown>
[INFO] [stdout]    4:     0x5879a5ac78fa - <unknown>
[INFO] [stdout]    5:     0x5879a5ac7435 - <unknown>
[INFO] [stdout]    6:     0x5879a5aee341 - <unknown>
[INFO] [stdout]    7:     0x5879a5aee2f9 - <unknown>
[INFO] [stdout]    8:     0x5879a5aee7fc - <unknown>
[INFO] [stdout]    9:     0x5879a59c90db - <unknown>
[INFO] [stdout]   10:     0x5879a59cd711 - <unknown>
[INFO] [stdout]   11:     0x5879a59aae12 - <unknown>
[INFO] [stdout]   12:     0x5879a59ab3de - <unknown>
[INFO] [stdout]   13:     0x5879a59bcee3 - <unknown>
[INFO] [stdout]   14:     0x5879a5b0a83b - <unknown>
[INFO] [stdout]   15:     0x5879a5b06262 - <unknown>
[INFO] [stdout]   16:     0x5879a5b05ccc - <unknown>
[INFO] [stdout]   17:     0x5879a5b2573c - <unknown>
[INFO] [stdout]   18:     0x5879a5af0234 - <unknown>
[INFO] [stdout]   19:     0x7de42130adfa - <unknown>
[INFO] [stdout]   20:     0x7de42139e3d4 - clone
[INFO] [stdout]   21:                0x0 - <unknown>
[INFO] [stdout] 
[INFO] [stdout] ---- tests::test_get_airport_data_online stdout ----
[INFO] [stdout] 
[INFO] [stdout] thread 'tests::test_get_airport_data_online' (2381) panicked at src/lib.rs:244:40:
[INFO] [stdout] could not create directories: Os { code: 30, kind: ReadOnlyFilesystem, message: "Read-only file system" }
[INFO] [stdout] stack backtrace:
[INFO] [stdout]    0:     0x5879a5ac8b55 - <unknown>
[INFO] [stdout]    1:     0x5879a59c924a - <unknown>
[INFO] [stdout]    2:     0x5879a5ac81eb - <unknown>
[INFO] [stdout]    3:     0x5879a5ac7ccf - <unknown>
[INFO] [stdout]    4:     0x5879a5ac78fa - <unknown>
[INFO] [stdout]    5:     0x5879a5ac7435 - <unknown>
[INFO] [stdout]    6:     0x5879a5aee341 - <unknown>
[INFO] [stdout]    7:     0x5879a5aee2f9 - <unknown>
[INFO] [stdout]    8:     0x5879a5aee7fc - <unknown>
[INFO] [stdout]    9:     0x5879a59c90db - <unknown>
[INFO] [stdout]   10:     0x5879a59cd711 - <unknown>
[INFO] [stdout]   11:     0x5879a59aae12 - <unknown>
[INFO] [stdout]   12:     0x5879a59ab3de - <unknown>
[INFO] [stdout]   13:     0x5879a59bcc41 - <unknown>
[INFO] [stdout]   14:     0x5879a5b0a83b - <unknown>
[INFO] [stdout]   15:     0x5879a5b06262 - <unknown>
[INFO] [stdout]   16:     0x5879a5b05ccc - <unknown>
[INFO] [stdout]   17:     0x5879a5b2573c - <unknown>
[INFO] [stdout]   18:     0x5879a5af0234 - <unknown>
[INFO] [stdout]   19:     0x7de42130adfa - <unknown>
[INFO] [stdout]   20:     0x7de42139e3d4 - clone
[INFO] [stdout]   21:                0x0 - <unknown>
[INFO] [stdout] 
[INFO] [stdout] ---- storage::tests::test_load_data_frequencies stdout ----
[INFO] [stdout] 
[INFO] [stdout] thread 'storage::tests::test_load_data_frequencies' (2374) panicked at src/storage.rs:241:9:
[INFO] [stdout] assertion failed: load_result.is_ok()
[INFO] [stdout] stack backtrace:
[INFO] [stdout]    0:     0x5879a5ac8b55 - <unknown>
[INFO] [stdout]    1:     0x5879a59c924a - <unknown>
[INFO] [stdout]    2:     0x5879a5ac81eb - <unknown>
[INFO] [stdout]    3:     0x5879a5ac7ccf - <unknown>
[INFO] [stdout]    4:     0x5879a5ac78fa - <unknown>
[INFO] [stdout]    5:     0x5879a5ac7435 - <unknown>
[INFO] [stdout]    6:     0x5879a5aee372 - <unknown>
[INFO] [stdout]    7:     0x5879a5aee2f9 - <unknown>
[INFO] [stdout]    8:     0x5879a5aee7fc - <unknown>
[INFO] [stdout]    9:     0x5879a59c90db - <unknown>
[INFO] [stdout]   10:     0x5879a59ca871 - <unknown>
[INFO] [stdout]   11:     0x5879a59c1398 - <unknown>
[INFO] [stdout]   12:     0x5879a5b0a83b - <unknown>
[INFO] [stdout]   13:     0x5879a5b06262 - <unknown>
[INFO] [stdout]   14:     0x5879a5b05ccc - <unknown>
[INFO] [stdout]   15:     0x5879a5b2573c - <unknown>
[INFO] [stdout]   16:     0x5879a5af0234 - <unknown>
[INFO] [stdout]   17:     0x7de42130adfa - <unknown>
[INFO] [stdout]   18:     0x7de42139e3d4 - clone
[INFO] [stdout]   19:                0x0 - <unknown>
[INFO] [stdout] 
[INFO] [stdout] ---- storage::tests::test_load_data_runways stdout ----
[INFO] [stdout] 
[INFO] [stdout] thread 'storage::tests::test_load_data_runways' (2377) panicked at src/storage.rs:456:9:
[INFO] [stdout] assertion failed: load_result.is_ok()
[INFO] [stdout] stack backtrace:
[INFO] [stdout]    0:     0x5879a5ac8b55 - <unknown>
[INFO] [stdout]    1:     0x5879a59c924a - <unknown>
[INFO] [stdout]    2:     0x5879a5ac81eb - <unknown>
[INFO] [stdout]    3:     0x5879a5ac7ccf - <unknown>
[INFO] [stdout]    4:     0x5879a5ac78fa - <unknown>
[INFO] [stdout]    5:     0x5879a5ac7435 - <unknown>
[INFO] [stdout]    6:     0x5879a5aee372 - <unknown>
[INFO] [stdout]    7:     0x5879a5aee2f9 - <unknown>
[INFO] [stdout]    8:     0x5879a5aee7fc - <unknown>
[INFO] [stdout]    9:     0x5879a59c90db - <unknown>
[INFO] [stdout]   10:     0x5879a59ca871 - <unknown>
[INFO] [stdout]   11:     0x5879a59bf4db - <unknown>
[INFO] [stdout]   12:     0x5879a5b0a83b - <unknown>
[INFO] [stdout]   13:     0x5879a5b06262 - <unknown>
[INFO] [stdout]   14:     0x5879a5b05ccc - <unknown>
[INFO] [stdout]   15:     0x5879a5b2573c - <unknown>
[INFO] [stdout]   16:     0x5879a5af0234 - <unknown>
[INFO] [stdout]   17:     0x7de42130adfa - <unknown>
[INFO] [stdout]   18:     0x7de42139e3d4 - clone
[INFO] [stdout]   19:                0x0 - <unknown>
[INFO] [stdout] 
[INFO] [stdout] ---- storage::tests::test_load_data_navaids stdout ----
[INFO] [stdout] 
[INFO] [stdout] thread 'storage::tests::test_load_data_navaids' (2375) panicked at src/storage.rs:313:9:
[INFO] [stdout] assertion failed: load_result.is_ok()
[INFO] [stdout] stack backtrace:
[INFO] [stdout]    0:     0x5879a5ac8b55 - <unknown>
[INFO] [stdout]    1:     0x5879a59c924a - <unknown>
[INFO] [stdout]    2:     0x5879a5ac81eb - <unknown>
[INFO] [stdout]    3:     0x5879a5ac7ccf - <unknown>
[INFO] [stdout]    4:     0x5879a5ac78fa - <unknown>
[INFO] [stdout]    5:     0x5879a5ac7435 - <unknown>
[INFO] [stdout]    6:     0x5879a5aee372 - <unknown>
[INFO] [stdout]    7:     0x5879a5aee2f9 - <unknown>
[INFO] [stdout]    8:     0x5879a5aee7fc - <unknown>
[INFO] [stdout]    9:     0x5879a59c90db - <unknown>
[INFO] [stdout]   10:     0x5879a59ca871 - <unknown>
[INFO] [stdout]   11:     0x5879a59bdd31 - <unknown>
[INFO] [stdout]   12:     0x5879a5b0a83b - <unknown>
[INFO] [stdout]   13:     0x5879a5b06262 - <unknown>
[INFO] [stdout]   14:     0x5879a5b05ccc - <unknown>
[INFO] [stdout]   15:     0x5879a5b2573c - <unknown>
[INFO] [stdout]   16:     0x5879a5af0234 - <unknown>
[INFO] [stdout]   17:     0x7de42130adfa - <unknown>
[INFO] [stdout]   18:     0x7de42139e3d4 - clone
[INFO] [stdout]   19:                0x0 - <unknown>
[INFO] [stdout] 
[INFO] [stdout] ---- storage::tests::test_load_data_regions stdout ----
[INFO] [stdout] 
[INFO] [stdout] thread 'storage::tests::test_load_data_regions' (2376) panicked at src/storage.rs:405:9:
[INFO] [stdout] assertion failed: load_result.is_ok()
[INFO] [stdout] stack backtrace:
[INFO] [stdout]    0:     0x5879a5ac8b55 - <unknown>
[INFO] [stdout]    1:     0x5879a59c924a - <unknown>
[INFO] [stdout]    2:     0x5879a5ac81eb - <unknown>
[INFO] [stdout]    3:     0x5879a5ac7ccf - <unknown>
[INFO] [stdout]    4:     0x5879a5ac78fa - <unknown>
[INFO] [stdout]    5:     0x5879a5ac7435 - <unknown>
[INFO] [stdout]    6:     0x5879a5aee372 - <unknown>
[INFO] [stdout]    7:     0x5879a5aee2f9 - <unknown>
[INFO] [stdout]    8:     0x5879a5aee7fc - <unknown>
[INFO] [stdout]    9:     0x5879a59c90db - <unknown>
[INFO] [stdout]   10:     0x5879a59ca871 - <unknown>
[INFO] [stdout]   11:     0x5879a59beabd - <unknown>
[INFO] [stdout]   12:     0x5879a5b0a83b - <unknown>
[INFO] [stdout]   13:     0x5879a5b06262 - <unknown>
[INFO] [stdout]   14:     0x5879a5b05ccc - <unknown>
[INFO] [stdout]   15:     0x5879a5b2573c - <unknown>
[INFO] [stdout]   16:     0x5879a5af0234 - <unknown>
[INFO] [stdout]   17:     0x7de42130adfa - <unknown>
[INFO] [stdout]   18:     0x7de42139e3d4 - clone
[INFO] [stdout]   19:                0x0 - <unknown>
[INFO] [stdout] 
[INFO] [stdout] ---- tests::test_get_file_path_none stdout ----
[INFO] [stdout] 
[INFO] [stdout] thread 'tests::test_get_file_path_none' (2384) panicked at src/lib.rs:244:40:
[INFO] [stdout] could not create directories: Os { code: 30, kind: ReadOnlyFilesystem, message: "Read-only file system" }
[INFO] [stdout] stack backtrace:
[INFO] [stdout]    0:     0x5879a5ac8b55 - <unknown>
[INFO] [stdout]    1:     0x5879a59c924a - <unknown>
[INFO] [stdout]    2:     0x5879a5ac81eb - <unknown>
[INFO] [stdout]    3:     0x5879a5ac7ccf - <unknown>
[INFO] [stdout]    4:     0x5879a5ac78fa - <unknown>
[INFO] [stdout]    5:     0x5879a5ac7435 - <unknown>
[INFO] [stdout]    6:     0x5879a5aee341 - <unknown>
[INFO] [stdout]    7:     0x5879a5aee2f9 - <unknown>
[INFO] [stdout]    8:     0x5879a5aee7fc - <unknown>
[INFO] [stdout]    9:     0x5879a59c90db - <unknown>
[INFO] [stdout]   10:     0x5879a59cd711 - <unknown>
[INFO] [stdout]   11:     0x5879a59aae12 - <unknown>
[INFO] [stdout]   12:     0x5879a59bc49c - <unknown>
[INFO] [stdout]   13:     0x5879a5b0a83b - <unknown>
[INFO] [stdout]   14:     0x5879a5b06262 - <unknown>
[INFO] [stdout]   15:     0x5879a5b05ccc - <unknown>
[INFO] [stdout]   16:     0x5879a5b2573c - <unknown>
[INFO] [stdout]   17:     0x5879a5af0234 - <unknown>
[INFO] [stdout]   18:     0x7de42130adfa - <unknown>
[INFO] [stdout]   19:     0x7de42139e3d4 - clone
[INFO] [stdout]   20:                0x0 - <unknown>
[INFO] [stdout] 
[INFO] [stdout] ---- storage::tests::test_load_data_airports stdout ----
[INFO] [stdout] 
[INFO] [stdout] thread 'storage::tests::test_load_data_airports' (2372) panicked at src/storage.rs:165:9:
[INFO] [stdout] assertion failed: load_result.is_ok()
[INFO] [stdout] stack backtrace:
[INFO] [stdout]    0:     0x5879a5ac8b55 - <unknown>
[INFO] [stdout]    1:     0x5879a59c924a - <unknown>
[INFO] [stdout]    2:     0x5879a5ac81eb - <unknown>
[INFO] [stdout]    3:     0x5879a5ac7ccf - <unknown>
[INFO] [stdout]    4:     0x5879a5ac78fa - <unknown>
[INFO] [stdout]    5:     0x5879a5ac7435 - <unknown>
[INFO] [stdout]    6:     0x5879a5aee372 - <unknown>
[INFO] [stdout]    7:     0x5879a5aee2f9 - <unknown>
[INFO] [stdout]    8:     0x5879a5aee7fc - <unknown>
[INFO] [stdout]    9:     0x5879a59c90db - <unknown>
[INFO] [stdout]   10:     0x5879a59ca871 - <unknown>
[INFO] [stdout]   11:     0x5879a59c0316 - <unknown>
[INFO] [stdout]   12:     0x5879a5b0a83b - <unknown>
[INFO] [stdout]   13:     0x5879a5b06262 - <unknown>
[INFO] [stdout]   14:     0x5879a5b05ccc - <unknown>
[INFO] [stdout]   15:     0x5879a5b2573c - <unknown>
[INFO] [stdout]   16:     0x5879a5af0234 - <unknown>
[INFO] [stdout]   17:     0x7de42130adfa - <unknown>
[INFO] [stdout]   18:     0x7de42139e3d4 - clone
[INFO] [stdout]   19:                0x0 - <unknown>
[INFO] [stdout] 
[INFO] [stdout] ---- storage::tests::test_load_data_countries stdout ----
[INFO] [stdout] 
[INFO] [stdout] thread 'storage::tests::test_load_data_countries' (2373) panicked at src/storage.rs:280:9:
[INFO] [stdout] assertion failed: load_result.is_ok()
[INFO] [stdout] stack backtrace:
[INFO] [stdout]    0:     0x5879a5ac8b55 - <unknown>
[INFO] [stdout]    1:     0x5879a59c924a - <unknown>
[INFO] [stdout]    2:     0x5879a5ac81eb - <unknown>
[INFO] [stdout]    3:     0x5879a5ac7ccf - <unknown>
[INFO] [stdout]    4:     0x5879a5ac78fa - <unknown>
[INFO] [stdout]    5:     0x5879a5ac7435 - <unknown>
[INFO] [stdout]    6:     0x5879a5aee372 - <unknown>
[INFO] [stdout]    7:     0x5879a5aee2f9 - <unknown>
[INFO] [stdout]    8:     0x5879a5aee7fc - <unknown>
[INFO] [stdout]    9:     0x5879a59c90db - <unknown>
[INFO] [stdout]   10:     0x5879a59ca871 - <unknown>
[INFO] [stdout]   11:     0x5879a59c0bea - <unknown>
[INFO] [stdout]   12:     0x5879a5b0a83b - <unknown>
[INFO] [stdout]   13:     0x5879a5b06262 - <unknown>
[INFO] [stdout]   14:     0x5879a5b05ccc - <unknown>
[INFO] [stdout]   15:     0x5879a5b2573c - <unknown>
[INFO] [stdout]   16:     0x5879a5af0234 - <unknown>
[INFO] [stdout]   17:     0x7de42130adfa - <unknown>
[INFO] [stdout]   18:     0x7de42139e3d4 - clone
[INFO] [stdout]   19:                0x0 - <unknown>
[INFO] [stdout] 
[INFO] [stdout] ---- tests::test_get_file_path_some stdout ----
[INFO] [stdout] 
[INFO] [stdout] thread 'tests::test_get_file_path_some' (2386) panicked at src/lib.rs:244:40:
[INFO] [stdout] could not create directories: Os { code: 30, kind: ReadOnlyFilesystem, message: "Read-only file system" }
[INFO] [stdout] stack backtrace:
[INFO] [stdout]    0:     0x5879a5ac8b55 - <unknown>
[INFO] [stdout]    1:     0x5879a59c924a - <unknown>
[INFO] [stdout]    2:     0x5879a5ac81eb - <unknown>
[INFO] [stdout]    3:     0x5879a5ac7ccf - <unknown>
[INFO] [stdout]    4:     0x5879a5ac78fa - <unknown>
[INFO] [stdout]    5:     0x5879a5ac7435 - <unknown>
[INFO] [stdout]    6:     0x5879a5aee341 - <unknown>
[INFO] [stdout]    7:     0x5879a5aee2f9 - <unknown>
[INFO] [stdout]    8:     0x5879a5aee7fc - <unknown>
[INFO] [stdout]    9:     0x5879a59c90db - <unknown>
[INFO] [stdout]   10:     0x5879a59cd711 - <unknown>
[INFO] [stdout]   11:     0x5879a59aae12 - <unknown>
[INFO] [stdout]   12:     0x5879a59bc933 - <unknown>
[INFO] [stdout]   13:     0x5879a5b0a83b - <unknown>
[INFO] [stdout]   14:     0x5879a5b06262 - <unknown>
[INFO] [stdout]   15:     0x5879a5b05ccc - <unknown>
[INFO] [stdout]   16:     0x5879a5b2573c - <unknown>
[INFO] [stdout]   17:     0x5879a5af0234 - <unknown>
[INFO] [stdout]   18:     0x7de42130adfa - <unknown>
[INFO] [stdout]   19:     0x7de42139e3d4 - clone
[INFO] [stdout]   20:                0x0 - <unknown>
[INFO] [stdout] 
[INFO] [stdout] ---- download::tests::test_download_frequencies stdout ----
[INFO] [stdout] 
[INFO] [stdout] thread 'download::tests::test_download_frequencies' (2368) panicked at src/download.rs:122:9:
[INFO] [stdout] assertion failed: download_result.is_ok()
[INFO] [stdout] stack backtrace:
[INFO] [stdout]    0:     0x5879a5ac8b55 - <unknown>
[INFO] [stdout]    1:     0x5879a59c924a - <unknown>
[INFO] [stdout]    2:     0x5879a5ac81eb - <unknown>
[INFO] [stdout]    3:     0x5879a5ac7ccf - <unknown>
[INFO] [stdout]    4:     0x5879a5ac78fa - <unknown>
[INFO] [stdout]    5:     0x5879a5ac7435 - <unknown>
[INFO] [stdout]    6:     0x5879a5aee372 - <unknown>
[INFO] [stdout]    7:     0x5879a5aee2f9 - <unknown>
[INFO] [stdout]    8:     0x5879a5aee7fc - <unknown>
[INFO] [stdout]    9:     0x5879a59c90db - <unknown>
[INFO] [stdout]   10:     0x5879a59ca871 - <unknown>
[INFO] [stdout]   11:     0x5879a59c4c83 - <unknown>
[INFO] [stdout]   12:     0x5879a5b0a83b - <unknown>
[INFO] [stdout]   13:     0x5879a5b06262 - <unknown>
[INFO] [stdout]   14:     0x5879a5b05ccc - <unknown>
[INFO] [stdout]   15:     0x5879a5b2573c - <unknown>
[INFO] [stdout]   16:     0x5879a5af0234 - <unknown>
[INFO] [stdout]   17:     0x7de42130adfa - <unknown>
[INFO] [stdout]   18:     0x7de42139e3d4 - clone
[INFO] [stdout]   19:                0x0 - <unknown>
[INFO] [stdout] 
[INFO] [stdout] ---- download::tests::test_download_countries stdout ----
[INFO] [stdout] 
[INFO] [stdout] thread 'download::tests::test_download_countries' (2367) panicked at src/download.rs:157:9:
[INFO] [stdout] assertion failed: download_result.is_ok()
[INFO] [stdout] stack backtrace:
[INFO] [stdout]    0:     0x5879a5ac8b55 - <unknown>
[INFO] [stdout]    1:     0x5879a59c924a - <unknown>
[INFO] [stdout]    2:     0x5879a5ac81eb - <unknown>
[INFO] [stdout]    3:     0x5879a5ac7ccf - <unknown>
[INFO] [stdout]    4:     0x5879a5ac78fa - <unknown>
[INFO] [stdout]    5:     0x5879a5ac7435 - <unknown>
[INFO] [stdout]    6:     0x5879a5aee372 - <unknown>
[INFO] [stdout]    7:     0x5879a5aee2f9 - <unknown>
[INFO] [stdout]    8:     0x5879a5aee7fc - <unknown>
[INFO] [stdout]    9:     0x5879a59c90db - <unknown>
[INFO] [stdout]   10:     0x5879a59ca871 - <unknown>
[INFO] [stdout]   11:     0x5879a59c458a - <unknown>
[INFO] [stdout]   12:     0x5879a5b0a83b - <unknown>
[INFO] [stdout]   13:     0x5879a5b06262 - <unknown>
[INFO] [stdout]   14:     0x5879a5b05ccc - <unknown>
[INFO] [stdout]   15:     0x5879a5b2573c - <unknown>
[INFO] [stdout]   16:     0x5879a5af0234 - <unknown>
[INFO] [stdout]   17:     0x7de42130adfa - <unknown>
[INFO] [stdout]   18:     0x7de42139e3d4 - clone
[INFO] [stdout]   19:                0x0 - <unknown>
[INFO] [stdout] 
[INFO] [stdout] ---- download::tests::test_download_navaids stdout ----
[INFO] [stdout] 
[INFO] [stdout] thread 'download::tests::test_download_navaids' (2369) panicked at src/download.rs:187:9:
[INFO] [stdout] assertion failed: download_result.is_ok()
[INFO] [stdout] stack backtrace:
[INFO] [stdout]    0:     0x5879a5ac8b55 - <unknown>
[INFO] [stdout]    1:     0x5879a59c924a - <unknown>
[INFO] [stdout]    2:     0x5879a5ac81eb - <unknown>
[INFO] [stdout]    3:     0x5879a5ac7ccf - <unknown>
[INFO] [stdout]    4:     0x5879a5ac78fa - <unknown>
[INFO] [stdout]    5:     0x5879a5ac7435 - <unknown>
[INFO] [stdout]    6:     0x5879a5aee372 - <unknown>
[INFO] [stdout]    7:     0x5879a5aee2f9 - <unknown>
[INFO] [stdout]    8:     0x5879a5aee7fc - <unknown>
[INFO] [stdout]    9:     0x5879a59c90db - <unknown>
[INFO] [stdout]   10:     0x5879a59ca871 - <unknown>
[INFO] [stdout]   11:     0x5879a59c2210 - <unknown>
[INFO] [stdout]   12:     0x5879a5b0a83b - <unknown>
[INFO] [stdout]   13:     0x5879a5b06262 - <unknown>
[INFO] [stdout]   14:     0x5879a5b05ccc - <unknown>
[INFO] [stdout]   15:     0x5879a5b2573c - <unknown>
[INFO] [stdout]   16:     0x5879a5af0234 - <unknown>
[INFO] [stdout]   17:     0x7de42130adfa - <unknown>
[INFO] [stdout]   18:     0x7de42139e3d4 - clone
[INFO] [stdout]   19:                0x0 - <unknown>
[INFO] [stdout] 
[INFO] [stdout] ---- download::tests::test_download_airports stdout ----
[INFO] [stdout] 
[INFO] [stdout] thread 'download::tests::test_download_airports' (2366) panicked at src/download.rs:100:9:
[INFO] [stdout] assertion failed: download_result.is_ok()
[INFO] [stdout] stack backtrace:
[INFO] [stdout]    0:     0x5879a5ac8b55 - <unknown>
[INFO] [stdout]    1:     0x5879a59c924a - <unknown>
[INFO] [stdout]    2:     0x5879a5ac81eb - <unknown>
[INFO] [stdout]    3:     0x5879a5ac7ccf - <unknown>
[INFO] [stdout]    4:     0x5879a5ac78fa - <unknown>
[INFO] [stdout]    5:     0x5879a5ac7435 - <unknown>
[INFO] [stdout]    6:     0x5879a5aee372 - <unknown>
[INFO] [stdout]    7:     0x5879a5aee2f9 - <unknown>
[INFO] [stdout]    8:     0x5879a5aee7fc - <unknown>
[INFO] [stdout]    9:     0x5879a59c90db - <unknown>
[INFO] [stdout]   10:     0x5879a59ca871 - <unknown>
[INFO] [stdout]   11:     0x5879a59c3fc3 - <unknown>
[INFO] [stdout]   12:     0x5879a5b0a83b - <unknown>
[INFO] [stdout]   13:     0x5879a5b06262 - <unknown>
[INFO] [stdout]   14:     0x5879a5b05ccc - <unknown>
[INFO] [stdout]   15:     0x5879a5b2573c - <unknown>
[INFO] [stdout]   16:     0x5879a5af0234 - <unknown>
[INFO] [stdout]   17:     0x7de42130adfa - <unknown>
[INFO] [stdout]   18:     0x7de42139e3d4 - clone
[INFO] [stdout]   19:                0x0 - <unknown>
[INFO] [stdout] 
[INFO] [stdout] ---- download::tests::test_download_regions stdout ----
[INFO] [stdout] 
[INFO] [stdout] thread 'download::tests::test_download_regions' (2370) panicked at src/download.rs:275:9:
[INFO] [stdout] assertion failed: download_result.is_ok()
[INFO] [stdout] stack backtrace:
[INFO] [stdout]    0:     0x5879a5ac8b55 - <unknown>
[INFO] [stdout]    1:     0x5879a59c924a - <unknown>
[INFO] [stdout]    2:     0x5879a5ac81eb - <unknown>
[INFO] [stdout]    3:     0x5879a5ac7ccf - <unknown>
[INFO] [stdout]    4:     0x5879a5ac78fa - <unknown>
[INFO] [stdout]    5:     0x5879a5ac7435 - <unknown>
[INFO] [stdout]    6:     0x5879a5aee372 - <unknown>
[INFO] [stdout]    7:     0x5879a5aee2f9 - <unknown>
[INFO] [stdout]    8:     0x5879a5aee7fc - <unknown>
[INFO] [stdout]    9:     0x5879a59c90db - <unknown>
[INFO] [stdout]   10:     0x5879a59ca871 - <unknown>
[INFO] [stdout]   11:     0x5879a59c2ecd - <unknown>
[INFO] [stdout]   12:     0x5879a5b0a83b - <unknown>
[INFO] [stdout]   13:     0x5879a5b06262 - <unknown>
[INFO] [stdout]   14:     0x5879a5b05ccc - <unknown>
[INFO] [stdout]   15:     0x5879a5b2573c - <unknown>
[INFO] [stdout]   16:     0x5879a5af0234 - <unknown>
[INFO] [stdout]   17:     0x7de42130adfa - <unknown>
[INFO] [stdout]   18:     0x7de42139e3d4 - clone
[INFO] [stdout]   19:                0x0 - <unknown>
[INFO] [stdout] 
[INFO] [stdout] ---- download::tests::test_download_runways stdout ----
[INFO] [stdout] 
[INFO] [stdout] thread 'download::tests::test_download_runways' (2371) panicked at src/download.rs:322:9:
[INFO] [stdout] assertion failed: download_result.is_ok()
[INFO] [stdout] stack backtrace:
[INFO] [stdout]    0:     0x5879a5ac8b55 - <unknown>
[INFO] [stdout]    1:     0x5879a59c924a - <unknown>
[INFO] [stdout]    2:     0x5879a5ac81eb - <unknown>
[INFO] [stdout]    3:     0x5879a5ac7ccf - <unknown>
[INFO] [stdout]    4:     0x5879a5ac78fa - <unknown>
[INFO] [stdout]    5:     0x5879a5ac7435 - <unknown>
[INFO] [stdout]    6:     0x5879a5aee372 - <unknown>
[INFO] [stdout]    7:     0x5879a5aee2f9 - <unknown>
[INFO] [stdout]    8:     0x5879a5aee7fc - <unknown>
[INFO] [stdout]    9:     0x5879a59c90db - <unknown>
[INFO] [stdout]   10:     0x5879a59ca871 - <unknown>
[INFO] [stdout]   11:     0x5879a59c383b - <unknown>
[INFO] [stdout]   12:     0x5879a5b0a83b - <unknown>
[INFO] [stdout]   13:     0x5879a5b06262 - <unknown>
[INFO] [stdout]   14:     0x5879a5b05ccc - <unknown>
[INFO] [stdout]   15:     0x5879a5b2573c - <unknown>
[INFO] [stdout]   16:     0x5879a5af0234 - <unknown>
[INFO] [stdout]   17:     0x7de42130adfa - <unknown>
[INFO] [stdout]   18:     0x7de42139e3d4 - clone
[INFO] [stdout]   19:                0x0 - <unknown>
[INFO] [stdout] 
[INFO] [stdout] 
[INFO] [stdout] failures:
[INFO] [stdout]     download::tests::test_download_airports
[INFO] [stdout]     download::tests::test_download_countries
[INFO] [stdout]     download::tests::test_download_frequencies
[INFO] [stdout]     download::tests::test_download_navaids
[INFO] [stdout]     download::tests::test_download_regions
[INFO] [stdout]     download::tests::test_download_runways
[INFO] [stdout]     storage::tests::test_load_data_airports
[INFO] [stdout]     storage::tests::test_load_data_countries
[INFO] [stdout]     storage::tests::test_load_data_frequencies
[INFO] [stdout]     storage::tests::test_load_data_navaids
[INFO] [stdout]     storage::tests::test_load_data_regions
[INFO] [stdout]     storage::tests::test_load_data_runways
[INFO] [stdout]     tests::test_get_airport_data_offline_with_valid_file_path
[INFO] [stdout]     tests::test_get_airport_data_online
[INFO] [stdout]     tests::test_get_file_path_none
[INFO] [stdout]     tests::test_get_file_path_some
[INFO] [stdout] 
[INFO] [stdout] test result: FAILED. 4 passed; 16 failed; 0 ignored; 0 measured; 0 filtered out; finished in 0.22s
[INFO] [stdout] 
[INFO] [stderr] error: test failed, to rerun pass `--lib`
[INFO] running `Command { std: "docker" "inspect" "ca9c655cd6b0479638bf8a1d934f3bf9a29b6efcbf6b421bf9479e871ce7596d", kill_on_drop: false }`
[INFO] running `Command { std: "docker" "rm" "-f" "ca9c655cd6b0479638bf8a1d934f3bf9a29b6efcbf6b421bf9479e871ce7596d", kill_on_drop: false }`
[INFO] [stdout] ca9c655cd6b0479638bf8a1d934f3bf9a29b6efcbf6b421bf9479e871ce7596d
