[INFO] fetching crate rust-zstd 0.4.1...
[INFO] testing rust-zstd-0.4.1 against 1.100.0-beta.1+cargoflags=--release for beta-release-1.100-2
[INFO] extracting crate rust-zstd 0.4.1 into /workspace/builds/worker-5-tc2/source
[INFO] started tweaking crates.io crate rust-zstd 0.4.1
[INFO] removed 0 missing tests
[INFO] finished tweaking crates.io crate rust-zstd 0.4.1
[INFO] tweaked toml for crates.io crate rust-zstd 0.4.1 written to /workspace/builds/worker-5-tc2/source/Cargo.toml
[INFO] validating manifest of crates.io crate rust-zstd 0.4.1 on toolchain 1.100.0-beta.1
[INFO] running `Command { std: CARGO_HOME="/workspace/cargo-home" RUSTUP_HOME="/workspace/rustup-home" "/workspace/cargo-home/bin/cargo" "+1.100.0-beta.1" "metadata" "--manifest-path" "Cargo.toml" "--no-deps", kill_on_drop: false }`
[INFO] crate crates.io crate rust-zstd 0.4.1 already has a lockfile, it will not be regenerated
[INFO] running `Command { std: CARGO_HOME="/workspace/cargo-home" RUSTUP_HOME="/workspace/rustup-home" "/workspace/cargo-home/bin/cargo" "+1.100.0-beta.1" "fetch" "--manifest-path" "Cargo.toml", kill_on_drop: false }`
[INFO] running `Command { std: "docker" "create" "-v" "/var/lib/crater-agent-workspace/builds/worker-5-tc2/source:/opt/rustwide/workdir:ro,Z" "-v" "/var/lib/crater-agent-workspace/builds/worker-5-tc2/target:/opt/rustwide/target:rw,Z" "-v" "/var/lib/crater-agent-workspace/cargo-home:/opt/rustwide/cargo-home:ro,Z" "-v" "/var/lib/crater-agent-workspace/rustup-home:/opt/rustwide/rustup-home:ro,Z" "-m" "1610612736" "--network" "none" "ghcr.io/rust-lang/crates-build-env/linux@sha256:77db811e55d90add9212f6832c23229e3de5f1c1f9905e8cb07319ea15df73ac" "sleep" "infinity", kill_on_drop: false }`
[INFO] [stdout] 4040091d6d55885ad2eb9c8acaa9655c386fcd0cc599dea21867a82aa006a06d
[INFO] running `Command { std: "docker" "start" "4040091d6d55885ad2eb9c8acaa9655c386fcd0cc599dea21867a82aa006a06d", kill_on_drop: false }`
[INFO] running `Command { std: "docker" "inspect" "4040091d6d55885ad2eb9c8acaa9655c386fcd0cc599dea21867a82aa006a06d", kill_on_drop: false }`
[INFO] running `Command { std: "docker" "exec" "-e" "SOURCE_DIR=/opt/rustwide/workdir" "-e" "CARGO_HOME=/opt/rustwide/cargo-home" "-e" "RUSTUP_HOME=/opt/rustwide/rustup-home" "-e" "CARGO_TARGET_DIR=/opt/rustwide/target" "-w" "/opt/rustwide/workdir" "--user" "0:0" "4040091d6d55885ad2eb9c8acaa9655c386fcd0cc599dea21867a82aa006a06d" "/opt/rustwide/cargo-home/bin/cargo" "+1.100.0-beta.1" "metadata" "--no-deps" "--format-version=1", kill_on_drop: false }`
[INFO] running `Command { std: "docker" "inspect" "4040091d6d55885ad2eb9c8acaa9655c386fcd0cc599dea21867a82aa006a06d", kill_on_drop: false }`
[INFO] running `Command { std: "docker" "exec" "-e" "SOURCE_DIR=/opt/rustwide/workdir" "-e" "CARGO_HOME=/opt/rustwide/cargo-home" "-e" "RUSTUP_HOME=/opt/rustwide/rustup-home" "-e" "CARGO_TARGET_DIR=/opt/rustwide/target" "-e" "CARGO_INCREMENTAL=0" "-e" "RUST_BACKTRACE=full" "-e" "RUSTFLAGS=--cap-lints=warn" "-e" "RUSTDOCFLAGS=--cap-lints=warn" "-w" "/opt/rustwide/workdir" "--user" "0:0" "4040091d6d55885ad2eb9c8acaa9655c386fcd0cc599dea21867a82aa006a06d" "/opt/rustwide/cargo-home/bin/cargo" "+1.100.0-beta.1" "build" "--frozen" "--message-format=json" "--release", kill_on_drop: false }`
[INFO] [stderr]    Compiling fearless_simd v0.3.0
[INFO] [stderr]    Compiling rayon v1.11.0
[INFO] [stderr]    Compiling rust-zstd v0.4.1 (/opt/rustwide/workdir)
[INFO] [stderr]     Finished `release` profile [optimized] target(s) in 52.63s
[INFO] running `Command { std: "docker" "inspect" "4040091d6d55885ad2eb9c8acaa9655c386fcd0cc599dea21867a82aa006a06d", kill_on_drop: false }`
[INFO] running `Command { std: "docker" "exec" "-e" "SOURCE_DIR=/opt/rustwide/workdir" "-e" "CARGO_HOME=/opt/rustwide/cargo-home" "-e" "RUSTUP_HOME=/opt/rustwide/rustup-home" "-e" "CARGO_TARGET_DIR=/opt/rustwide/target" "-e" "CARGO_INCREMENTAL=0" "-e" "RUST_BACKTRACE=full" "-e" "RUSTFLAGS=--cap-lints=warn" "-e" "RUSTDOCFLAGS=--cap-lints=warn" "-w" "/opt/rustwide/workdir" "--user" "0:0" "4040091d6d55885ad2eb9c8acaa9655c386fcd0cc599dea21867a82aa006a06d" "/opt/rustwide/cargo-home/bin/cargo" "+1.100.0-beta.1" "test" "--frozen" "--no-run" "--message-format=json" "--release", kill_on_drop: false }`
[INFO] [stderr]    Compiling zstd-safe v7.2.4
[INFO] [stderr]    Compiling cc v1.4.0
[INFO] [stderr]    Compiling zstd-sys v2.0.16+zstd.1.5.7
[INFO] [stderr]    Compiling zstd v0.13.3
[INFO] [stderr]    Compiling rust-zstd v0.4.1 (/opt/rustwide/workdir)
[INFO] [stderr]     Finished `release` profile [optimized] target(s) in 2m 38s
[INFO] running `Command { std: "docker" "inspect" "4040091d6d55885ad2eb9c8acaa9655c386fcd0cc599dea21867a82aa006a06d", kill_on_drop: false }`
[INFO] running `Command { std: "docker" "exec" "-e" "SOURCE_DIR=/opt/rustwide/workdir" "-e" "CARGO_HOME=/opt/rustwide/cargo-home" "-e" "RUSTUP_HOME=/opt/rustwide/rustup-home" "-e" "CARGO_TARGET_DIR=/opt/rustwide/target" "-e" "CARGO_INCREMENTAL=0" "-e" "RUST_BACKTRACE=full" "-e" "RUSTFLAGS=--cap-lints=warn" "-e" "RUSTDOCFLAGS=--cap-lints=warn" "-w" "/opt/rustwide/workdir" "--user" "0:0" "4040091d6d55885ad2eb9c8acaa9655c386fcd0cc599dea21867a82aa006a06d" "/opt/rustwide/cargo-home/bin/cargo" "+1.100.0-beta.1" "test" "--frozen" "--release", kill_on_drop: false }`
[INFO] [stderr]     Finished `release` profile [optimized] target(s) in 0.07s
[INFO] [stderr]      Running unittests src/lib.rs (/opt/rustwide/target/release/build/rust-zstd/bd259575b4ba8c2e/out/rust_zstd-bd259575b4ba8c2e)
[INFO] [stdout] 
[INFO] [stdout] running 202 tests
[INFO] [stdout] test compress::block::tests::end_block_applies_only_a_committed_candidate ... ok
[INFO] [stdout] test bitstream::tests::cstream_overflow_reports_zero ... ok
[INFO] [stdout] test bitstream::tests::bit_writer_basic ... ok
[INFO] [stdout] test bitstream::tests::cstream_c_layout ... ok
[INFO] [stdout] test bitstream::tests::cstream_sentinel_only ... ok
[INFO] [stdout] test compress::block::tests::load_prefix_indexes_only_the_table_sized_suffix ... ok
[INFO] [stdout] test compress::block::tests::chunks_bound_blocks_and_owe_the_header_from_the_second ... ok
[INFO] [stdout] test compress::block::tests::is_rle_matches_its_definition ... ok
[INFO] [stdout] test compress::block::tests::input_ends_bound_blocks_and_chunks_owe_the_header ... ok
[INFO] [stdout] test compress::block::tests::end_block_demotes_a_valid_offset_table ... ok
[INFO] [stdout] test compress::block::tests::block_splits_full_blocks_once_savings_reach_three ... ok
[INFO] [stdout] test compress::block::tests::next_unwritten_waits_only_when_least_savings_cannot_decide ... ok
[INFO] [stdout] test compress::block::tests::full_table_load_fills_only_empty_slots ... ok
[INFO] [stdout] test compress::block::tests::overlaps_needs_a_ready_second_block_of_min_overlap ... ok
[INFO] [stdout] test compress::common::tests::count_every_length_and_tail_shape ... ok
[INFO] [stdout] test compress::bt::tests::long_far_match_forward_is_capped ... ok
[INFO] [stdout] test compress::common::tests::hash_matches_libzstd_formulas ... ok
[INFO] [stdout] test compress::block::tests::split_block_resolves_repcodes_across_rle_and_raw_partitions ... ok
[INFO] [stdout] test compress::bt::tests::repetitive_run_is_skipped ... ok
[INFO] [stdout] test compress::bt::tests::update_tree_rejects_target_near_end - should panic ... ok
[INFO] [stdout] test compress::common::tests::count_levels_match_scalar ... ok
[INFO] [stdout] test compress::dfast::tests::rep_disabled_at_block_start_is_restored ... ok
[INFO] [stdout] test compress::bt::tests::children_are_ordered_by_suffix ... ok
[INFO] [stdout] test compress::dfast::tests::stale_table_entries_beyond_the_input_are_ignored ... ok
[INFO] [stdout] test compress::dict::tests::complete_tables_are_valid ... ok
[INFO] [stdout] test compress::dfast::tests::tiny_inputs_and_block_boundary ... ok
[INFO] [stdout] test compress::dict::tests::corrupted_dictionaries_are_rejected ... ok
[INFO] [stdout] test compress::dict::tests::frame_header_carries_the_dictionary_id ... ok
[INFO] [stdout] test compress::dfast::tests::window_limited_matches_stay_inside_the_window ... ok
[INFO] [stdout] test compress::dfast::tests::job_start_with_overlap_prefix_and_zero_reps ... ok
[INFO] [stdout] test compress::dict::tests::frame_window_counts_the_content_unless_attached ... ok
[INFO] [stdout] test compress::dfast::tests::every_mls_variant ... ok
[INFO] [stdout] test compress::dict::tests::insert_dictionary_follows_content_type ... ok
[INFO] [stdout] test compress::entropy::tests::load_copies_the_held_table ... ok
[INFO] [stdout] test compress::entropy::tests::commit_applies_each_next ... ok
[INFO] [stdout] test compress::entropy::tests::demote_valid_only_lowers_valid ... ok
[INFO] [stdout] test compress::fast::tests::rep_disabled_at_block_start_is_restored ... ok
[INFO] [stdout] test compress::dict::tests::ldm_loads_raw_content_of_loaded_tables ... ok
[INFO] [stdout] test compress::dict::tests::tables_short_of_a_symbol_are_check ... ok
[INFO] [stdout] test compress::fast::tests::job_start_with_overlap_prefix_and_zero_reps ... ok
[INFO] [stdout] test compress::fast::tests::stale_table_entries_beyond_the_input_are_ignored ... ok
[INFO] [stdout] test compress::fast::tests::tiny_inputs_and_block_boundary ... ok
[INFO] [stdout] test compress::fast::tests::window_limited_matches_stay_inside_the_window ... ok
[INFO] [stdout] test compress::dfast::tests::roundtrip_crate_sources_128k_blocks ... ok
[INFO] [stdout] test compress::fast::tests::roundtrip_crate_sources_128k_blocks ... ok
[INFO] [stdout] test compress::lazy::tests::bt_tiny_inputs ... ok
[INFO] [stdout] test compress::fast::tests::roundtrip_current_exe_128k_blocks ... ok
[INFO] [stdout] test compress::lazy::tests::default_search_method_follows_window_log ... ok
[INFO] [stdout] test compress::lazy::tests::default_search_method_of_btlazy2_is_the_tree ... ok
[INFO] [stdout] test compress::block::tests::prefix_of_hash_read_size_bytes_is_not_indexed ... ok
[INFO] [stdout] test compress::fast::tests::every_mls_step_and_cmov_variant ... ok
[INFO] [stdout] test compress::dfast::tests::roundtrip_current_exe_128k_blocks ... ok
[INFO] [stdout] test compress::lazy::tests::prefix_loaders_hash_like_the_searches ... ok
[INFO] [stdout] test compress::lazy::tests::rep_disabled_at_block_start_is_restored ... ok
[INFO] [stdout] test compress::lazy::tests::current_exe_reconstructs ... ok
[INFO] [stdout] test compress::lazy::tests::bt_small_tree_and_small_window_reconstruct ... ok
[INFO] [stdout] test compress::lazy::tests::job_start_with_prefix_and_zero_reps ... ok
[INFO] [stdout] test compress::lazy::tests::salt_and_hash_match_c_constants ... ok
[INFO] [stdout] test compress::lazy::tests::levels_13_to_15_reconstruct ... ok
[INFO] [stdout] test compress::lazy::tests::simd_masks_match_reference ... ok
[INFO] [stdout] test compress::lazy::tests::swar_mask_matches_reference ... ok
[INFO] [stdout] test compress::lazy::tests::tiny_inputs ... ok
[INFO] [stdout] test compress::ldm::tests::adjusted_derives_like_zstd ... ok
[INFO] [stdout] test compress::lazy::tests::reset_across_row_and_chain_levels_matches_fresh_context ... ok
[INFO] [stdout] test compress::ldm::tests::gear_reset_makes_splits_depend_on_the_input_alone ... ok
[INFO] [stdout] test compress::ldm::tests::generate_sequences_respects_window_and_low ... ok
[INFO] [stdout] test compress::ldm::tests::inserted_splits_depend_on_the_input_alone ... ok
[INFO] [stdout] test compress::ldm::tests::loaded_content_is_matched ... ok
[INFO] [stdout] test compress::ldm::tests::maybe_split_sequence_boundaries ... ok
[INFO] [stdout] test compress::ldm::tests::frequent_correction_keeps_sequences ... ok
[INFO] [stdout] test compress::ldm::tests::reduce_table_squashes_below_reducer ... ok
[INFO] [stdout] test compress::ldm::tests::opt_parser_takes_ldm_candidates ... ok
[INFO] [stdout] test compress::ldm::tests::requested_bounds_match_libzstd ... ok
[INFO] [stdout] test compress::ldm::tests::skip_raw_seq_store_bytes_boundaries ... ok
[INFO] [stdout] test compress::ldm::tests::unallocatable_hash_log_panics ... ok
[INFO] [stdout] test compress::ldm::tests::xxh64_reference_values ... ok
[INFO] [stdout] test compress::matchstate::tests::loaded_dictionary_stays_valid_for_a_window ... ok
[INFO] [stdout] test compress::matchstate::tests::lowest_match_index_stops_one_short_of_the_window ... ok
[INFO] [stdout] test compress::matchstate::tests::reduce_table_squashes_below_window_start ... ok
[INFO] [stdout] test compress::matchstate::tests::reset_continues_indices_over_kept_tables ... ok
[INFO] [stdout] test compress::matchstate::tests::reset_restarts_indices_close_to_max ... ok
[INFO] [stdout] test compress::matchstate::tests::reset_restarts_indices_when_tables_outgrow ... ok
[INFO] [stdout] test compress::lazy::tests::row_all_row_logs_and_capped_attempts_reconstruct ... ok
[INFO] [stdout] test compress::matchstate::tests::start_block_limits_update_after_long_match ... ok
[INFO] [stdout] test compress::matchstate::tests::lazy_tables_follow_the_search_method ... ok
[INFO] [stdout] test compress::matchstate::tests::window_correction_keeps_cycle_and_window ... ok
[INFO] [stdout] test compress::matchstate::tests::window_needs_correction_past_thresholds ... ok
[INFO] [stdout] test compress::matchstate::tests::workspace_zeroes_only_words_it_cannot_vouch_for ... ok
[INFO] [stdout] test compress::matchstate::tests::reset_shrinks_a_wasteful_workspace ... ok
[INFO] [stdout] test compress::matchstate::tests::tables_are_page_aligned_and_rows_stay_in_a_page ... ok
[INFO] [stdout] test compress::lazy::tests::levels_5_to_12_reconstruct ... ok
[INFO] [stdout] test compress::opt::tests::ultra_first_pass_is_forgotten ... ok
[INFO] [stdout] test compress::params::tests::btlazy2_rows_select_btlazy2_with_cycle_log ... ok
[INFO] [stdout] test compress::params::tests::cparam_bounds_match_libzstd ... ok
[INFO] [stdout] test compress::params::tests::dictionary_sizes_select_and_adjust ... ok
[INFO] [stdout] test compress::params::tests::level0_and_negative_levels ... ok
[INFO] [stdout] test compress::params::tests::level1_large_input_matches_c_table_row ... ok
[INFO] [stdout] test compress::params::tests::min_gain_follows_strategy ... ok
[INFO] [stdout] test compress::params::tests::opt_levels_select_the_bt_strategies ... ok
[INFO] [stdout] test compress::params::tests::small_input_shrinks_window_hash_and_chain ... ok
[INFO] [stdout] test compress::presplit::tests::by_chunks_cuts_at_the_first_differing_chunk ... ok
[INFO] [stdout] test compress::presplit::tests::from_borders_picks_the_side_the_middle_resembles ... ok
[INFO] [stdout] test compress::presplit::tests::record_counts_floor_of_limit_over_rate ... ok
[INFO] [stdout] test compress::presplit::tests::split_level_maps_auto_off_and_fixed ... ok
[INFO] [stdout] test compress::seqstore::tests::reconstruct_rep_and_offset_semantics ... ok
[INFO] [stdout] test compress::split::tests::auto_mode_splits_from_btopt ... ok
[INFO] [stdout] test compress::split::tests::partitions_cover_the_block ... ok
[INFO] [stdout] test compress::split::tests::resolve_off_codes_keeps_repcodes_of_equal_histories ... ok
[INFO] [stdout] test compress::split::tests::resolve_off_codes_rewrites_diverged_repcodes ... ok
[INFO] [stdout] test compress::tests::automatic_job_size ... ok
[INFO] [stdout] test compress::tests::compress_empty ... ok
[INFO] [stdout] test compress::tests::compress_real_data ... ok
[INFO] [stdout] test compress::tests::compress_repetitive ... ok
[INFO] [stdout] test compress::tests::compress_small ... ok
[INFO] [stdout] test compress::tests::context_pool_keeps_at_most_its_capacity ... ok
[INFO] [stdout] test compress::lazy::tests::reset_context_matches_fresh_context ... ok
[INFO] [stdout] test compress::tests::default_job_size_equals_explicit_for_single_job_input ... ok
[INFO] [stdout] test compress::tests::context_resize_frees_block_buffers ... ok
[INFO] [stdout] test compress::tests::frame_header_window_descriptor_for_large_input ... ok
[INFO] [stdout] test compress::lazy::tests::all_depths_and_mls_reconstruct ... ok
[INFO] [stdout] test compress::tests::job_bounds_match_libzstd ... ok
[INFO] [stdout] test compress::tests::job_ignores_a_prefix_under_8_bytes ... ok
[INFO] [stdout] test compress::tests::job_prefix_boundaries ... ok
[INFO] [stdout] test compress::tests::job_sizing ... ok
[INFO] [stdout] test compress::tests::frame_enters_rayon_only_with_work_for_it ... ok
[INFO] [stdout] test compress::lazy::tests::simd_and_scalar_produce_identical_sequences ... ok
[INFO] [stdout] test compress::opt::tests::small_window_bounds_every_match ... ok
[INFO] [stdout] test compress::tests::ldm_parameter_out_of_range_panics - should panic ... ok
[INFO] [stdout] test compress::tests::frequent_overflow_correction_keeps_frames ... ok
[INFO] [stdout] test compress::tests::new_boxed_context_is_default ... ok
[INFO] [stdout] test compress::tests::no_job_runs_inside_another ... ok
[INFO] [stdout] test compress::tests::one_worker_runs_every_job_on_one_context ... ok
[INFO] [stdout] test compress::tests::out_of_range_option_panics_before_output ... ok
[INFO] [stdout] test compress::lazy::tests::bt_all_mls_and_search_logs_reconstruct ... ok
[INFO] [stdout] test compress::tests::overlap_log_bounds_match_libzstd ... ok
[INFO] [stdout] test compress::tests::overlap_with_ldm ... ok
[INFO] [stdout] test compress::opt::tests::opt_levels_roundtrip_both_decoders ... ok
[INFO] [stdout] test compress::tests::ldm_switch_resolution ... ok
[INFO] [stdout] test compress::opt::tests::every_strategy_and_min_match_reconstructs ... ok
[INFO] [stdout] test compress::tests::parallel_preset_roundtrips ... ok
[INFO] [stdout] test compress::tests::raw_block_between_compressed_blocks_keeps_prev_state ... ok
[INFO] [stdout] test compress::tests::parallel_and_serial_job_loops_agree ... ok
[INFO] [stdout] test compress::tests::roundtrip_self_contained ... ok
[INFO] [stdout] test compress::tests::second_job_matches_into_overlap_of_first_job ... ok
[INFO] [stdout] test compress::tests::pipelined_split_blocks_match_serial ... ok
[INFO] [stdout] test compress::tests::stream_call_overlaps_its_blocks ... ok
[INFO] [stdout] test compress::tests::unallocatable_ldm_hash_log_panics_before_output ... ok
[INFO] [stdout] test decode::parallel::tests::cell_tickets_are_taken_once ... ok
[INFO] [stdout] test decode::parallel::tests::chain_takes_a_straddling_block ... ok
[INFO] [stdout] test decode::parallel::tests::failed_stage2_keeps_its_block_out ... ok
[INFO] [stdout] test decode::parallel::tests::gate_pools_at_its_block_floor ... ok
[INFO] [stdout] test decode::parallel::tests::gate_pools_at_its_thresholds ... ok
[INFO] [stdout] test decode::parallel::tests::pipeline_retires_planned_blocks_at_once ... ok
[INFO] [stdout] test compress::tests::ldm_parallel_and_serial_job_loops_agree ... ok
[INFO] [stdout] test decode::parallel::tests::relative_offsets_resolve_as_decode_sequence ... ok
[INFO] [stdout] test decode::parallel::tests::running_task_outlives_the_frame_on_its_own_copies ... ok
[INFO] [stdout] test decode::tests::build_from_probabilities_checks_counts ... ok
[INFO] [stdout] test decode::tests::copy_match_is_bytewise_copy ... ok
[INFO] [stdout] test decode::tests::execute_with_copies_follows_offsets_table ... ok
[INFO] [stdout] test decode::tests::huf_four_streams_follow_rfc_split ... ok
[INFO] [stdout] test decode::tests::huf_stats_match_libzstd ... ok
[INFO] [stdout] test decode::tests::huf_tables_match_definition ... ok
[INFO] [stdout] test decode::tests::huf_x1_x2_same_verdict ... ok
[INFO] [stdout] test decode::tests::match_reaches_into_ext_history ... ok
[INFO] [stdout] test decode::tests::predefined_mode_selects_shared_tables ... ok
[INFO] [stdout] test decode::tests::raw_weights_fill_both_tables ... ok
[INFO] [stdout] test decode::tests::read_le_short_matches_padded_read ... ok
[INFO] [stdout] test decode::tests::rebuilt_table_equals_fresh_build ... ok
[INFO] [stdout] test decode::tests::short_offset_share_counts_cells ... ok
[INFO] [stdout] test decode::tests::test_bad_magic ... ok
[INFO] [stdout] test decode::tests::test_empty_input ... ok
[INFO] [stdout] test decode::tests::test_roundtrip_larger ... ok
[INFO] [stdout] test decode::tests::test_roundtrip_raw ... ok
[INFO] [stdout] test decode::tests::test_roundtrip_rle ... ok
[INFO] [stdout] test decode::tests::test_roundtrip_with_compressor ... ok
[INFO] [stdout] test decode::tests::test_window_limit_is_one_shot_zstd ... ok
[INFO] [stdout] test decode::tests::vec_output_capacity_bound ... ok
[INFO] [stdout] test decode::tests::window_log_bounds_match_libzstd ... ok
[INFO] [stdout] test fse::tests::build_ll_default_table ... ok
[INFO] [stdout] test fse::tests::build_ml_default_table ... ok
[INFO] [stdout] test fse::tests::cost_path_repeats_previous_custom_table ... ok
[INFO] [stdout] test fse::tests::heuristic_path_never_repeats_check_tables ... ok
[INFO] [stdout] test fse::tests::heuristic_path_uses_basic_below_dynamic_fse_nb_seq_min ... ok
[INFO] [stdout] test fse::tests::init_state_in_range ... ok
[INFO] [stdout] test fse::tests::normalize_dominant_symbol_plus_rare ... ok
[INFO] [stdout] test fse::tests::normalize_fixture_count_vectors ... ok
[INFO] [stdout] test fse::tests::normalize_rejects_too_small_table_log ... ok
[INFO] [stdout] test fse::tests::normalize_rle_input_returns_zero ... ok
[INFO] [stdout] test fse::tests::optimal_table_log_matches_c ... ok
[INFO] [stdout] test fse::tests::rebuild_in_place_matches_fresh_build ... ok
[INFO] [stdout] test fse::tests::single_symbol_is_rle_unless_two_or_fewer ... ok
[INFO] [stdout] test fse::tests::write_ncount_matches_c_layout ... ok
[INFO] [stdout] test xxhash::tests::low_half_is_libzstds_content_checksum ... ok
[INFO] [stdout] test xxhash::tests::matches_libzstd_xxhash_h ... ok
[INFO] [stdout] test xxhash::tests::split_updates_match_one_update ... ok
[INFO] [stdout] test decode::parallel::tests::published_runs_execute_as_the_whole_block ... ok
[INFO] [stdout] test compress::tests::ldm_opt_frames_roundtrip ... ok
[INFO] [stdout] test compress::tests::second_job_starts_from_fresh_state ... ok
[INFO] [stdout] test compress::tests::ldm_frames_roundtrip_and_find_far_repeats ... ok
[INFO] [stdout] test compress::tests::overlap_log_boundaries_roundtrip ... ok
[INFO] [stdout] test compress::tests::pipelined_block_loop_matches_serial ... ok
[INFO] [stdout] test compress::tests::reused_compressor_matches_fresh_compress_with ... ok
[INFO] [stdout] 
[INFO] [stdout] test result: ok. 202 passed; 0 failed; 0 ignored; 0 measured; 0 filtered out; finished in 58.82s
[INFO] [stdout] 
[INFO] [stderr]      Running tests/context_reuse.rs (/opt/rustwide/target/release/build/rust-zstd/5bd48cffc0efcc72/out/context_reuse-5bd48cffc0efcc72)
[INFO] [stdout] 
[INFO] [stdout] running 3 tests
[INFO] [stdout] test frame_after_tiny_last_job_equals_fresh_frame ... ok
[INFO] [stdout] test frame_after_tiny_last_job_ignores_thread_count ... ok
[INFO] [stdout] test binary_tree_after_tiny_last_job_equals_fresh_frame ... ok
[INFO] [stdout] 
[INFO] [stdout] test result: ok. 3 passed; 0 failed; 0 ignored; 0 measured; 0 filtered out; finished in 1.69s
[INFO] [stdout] 
[INFO] [stderr]      Running tests/decode_bench.rs (/opt/rustwide/target/release/build/rust-zstd/0e16683ff8c1d4e3/out/decode_bench-0e16683ff8c1d4e3)
[INFO] [stdout] 
[INFO] [stdout] running 1 test
[INFO] [stdout] test decode_throughput ... ignored
[INFO] [stdout] 
[INFO] [stdout] test result: ok. 0 passed; 0 failed; 1 ignored; 0 measured; 0 filtered out; finished in 0.00s
[INFO] [stdout] 
[INFO] [stderr]      Running tests/decode_bench_mt.rs (/opt/rustwide/target/release/build/rust-zstd/67369fb05212b484/out/decode_bench_mt-67369fb05212b484)
[INFO] [stdout] 
[INFO] [stdout] running 1 test
[INFO] [stdout] test decode_throughput_threads ... ignored
[INFO] [stdout] 
[INFO] [stdout] test result: ok. 0 passed; 0 failed; 1 ignored; 0 measured; 0 filtered out; finished in 0.00s
[INFO] [stdout] 
[INFO] [stderr]      Running tests/decode_block_size_max.rs (/opt/rustwide/target/release/build/rust-zstd/d10ccc9c50d7ffc2/out/decode_block_size_max-d10ccc9c50d7ffc2)
[INFO] [stdout] 
[INFO] [stdout] running 5 tests
[INFO] [stdout] test single_segment_block_maximum_size_is_the_content_size ... ok
[INFO] [stdout] test decoded_size_is_at_most_block_maximum_size ... ok
[INFO] [stdout] test literals_size_is_at_most_block_maximum_size ... ok
[INFO] [stdout] test compressed_block_size_is_at_most_block_maximum_size ... ok
[INFO] [stdout] test raw_and_rle_block_size_is_at_most_block_maximum_size ... ok
[INFO] [stdout] 
[INFO] [stdout] test result: ok. 5 passed; 0 failed; 0 ignored; 0 measured; 0 filtered out; finished in 0.59s
[INFO] [stdout] 
[INFO] [stderr]      Running tests/decode_dict.rs (/opt/rustwide/target/release/build/rust-zstd/3e90d28479bd4d73/out/decode_dict-3e90d28479bd4d73)
[INFO] [stdout] 
[INFO] [stdout] running 19 tests
[INFO] [stdout] test corrupt_entropy_verdict_matches_libzstd ... ok
[INFO] [stdout] test formatted_dicts_parse_like_libzstd ... ok
[INFO] [stdout] test frame_without_dict_id_uses_supplied_dict ... ok
[INFO] [stdout] test held_dict_starts_every_frame ... ok
[INFO] [stdout] test offset_before_dict_start_is_an_error ... ok
[INFO] [stdout] test concatenated_dict_frames_decode ... ok
[INFO] [stdout] test dict_reach_ends_at_window_size ... ok
[INFO] [stdout] test interleaved_dict_and_plain_frames ... ok
[INFO] [stdout] test reused_decompressor_takes_each_calls_dict ... ok
[INFO] [stdout] test short_raw_content_dict_is_history ... ok
[INFO] [stdout] test dict_small_blocks_decode ... ok
[INFO] [stdout] test raw_content_dict_frames_decode ... ok
[INFO] [stdout] test truncated_dict_verdict_matches_libzstd ... ok
[INFO] [stdout] test wrong_or_missing_dict_is_an_error ... ok
[INFO] [stdout] test our_and_cdict_frames_decode ... ok
[INFO] [stdout] test dict_frames_past_small_windows ... ok
[INFO] [stdout] test truncated_dict_frames_verdict_matches_libzstd ... ok
[INFO] [stdout] test dict_frames_decode ... ok
[INFO] [stdout] test corrupt_dict_frames_verdict_matches_libzstd ... ok
[INFO] [stdout] 
[INFO] [stdout] test result: ok. 19 passed; 0 failed; 0 ignored; 0 measured; 0 filtered out; finished in 9.56s
[INFO] [stdout] 
[INFO] [stderr]      Running tests/decode_frame_checks.rs (/opt/rustwide/target/release/build/rust-zstd/7d03279ad1c3a70c/out/decode_frame_checks-7d03279ad1c3a70c)
[INFO] [stdout] 
[INFO] [stdout] running 8 tests
[INFO] [stdout] test skippable_frame_short_of_its_size ... ok
[INFO] [stdout] test dictionary_id_needs_a_dictionary ... ok
[INFO] [stdout] test repeat_mode_after_predefined_mode ... ok
[INFO] [stdout] test first_block_reuses_no_table ... ok
[INFO] [stdout] test reserved_bits_must_be_zero ... ok
[INFO] [stdout] test skippable_frame_of_any_32_bit_size_is_skipped ... ok
[INFO] [stdout] test every_input_byte_belongs_to_a_frame ... ok
[INFO] [stdout] test content_checksum_is_verified ... ok
[INFO] [stdout] 
[INFO] [stdout] test result: ok. 8 passed; 0 failed; 0 ignored; 0 measured; 0 filtered out; finished in 12.27s
[INFO] [stdout] 
[INFO] [stderr]      Running tests/decode_fse_tables.rs (/opt/rustwide/target/release/build/rust-zstd/b19785c0ce375b64/out/decode_fse_tables-b19785c0ce375b64)
[INFO] [stdout] 
[INFO] [stdout] running 2 tests
[INFO] [stdout] test one_symbol_fse_table_is_rejected ... ok
[INFO] [stdout] test weight_table_lists_symbols_up_to_11 ... ok
[INFO] [stdout] 
[INFO] [stdout] test result: ok. 2 passed; 0 failed; 0 ignored; 0 measured; 0 filtered out; finished in 0.03s
[INFO] [stdout] 
[INFO] [stderr]      Running tests/decode_header_alloc.rs (/opt/rustwide/target/release/build/rust-zstd/cad6f15967b58854/out/decode_header_alloc-cad6f15967b58854)
[INFO] [stdout] 
[INFO] [stdout] running 1 test
[INFO] [stdout] test claimed_sizes_allocate_what_the_blocks_hold ... ok
[INFO] [stdout] 
[INFO] [stdout] test result: ok. 1 passed; 0 failed; 0 ignored; 0 measured; 0 filtered out; finished in 0.03s
[INFO] [stdout] 
[INFO] [stderr]      Running tests/decode_huf_log12.rs (/opt/rustwide/target/release/build/rust-zstd/f1e7d49cbc1109b7/out/decode_huf_log12-f1e7d49cbc1109b7)
[INFO] [stdout] 
[INFO] [stdout] running 1 test
[INFO] [stdout] test twelve_bit_literals_are_rejected ... ok
[INFO] [stdout] 
[INFO] [stdout] test result: ok. 1 passed; 0 failed; 0 ignored; 0 measured; 0 filtered out; finished in 0.87s
[INFO] [stdout] 
[INFO] [stderr]      Running tests/decode_parallel.rs (/opt/rustwide/target/release/build/rust-zstd/937dc79739cbf6c4/out/decode_parallel-937dc79739cbf6c4)
[INFO] [stdout] 
[INFO] [stdout] running 14 tests
[INFO] [stdout] test mt_decodes_multi_job_frames_from_our_encoder ... FAILED
[INFO] [stdout] test mt_decodes_libzstd_streams_byte_exact ... FAILED
[INFO] [stdout] test mt_stream_replans_from_the_tables_before_a_changed_block ... ok
[INFO] [stdout] test mt_stream_takes_a_straddling_block_into_the_chain ... ok
[INFO] [stdout] test mt_stream_takes_blocks_decoded_ahead_only_where_input_matches ... ok
[INFO] [stdout] test mt_streams_match_serial_streams ... FAILED
[INFO] [stdout] test mt_path_forced_on_small_frames ... ok
[INFO] [stdout] test mt_stream_resets_with_blocks_in_flight ... ok
[INFO] [stdout] test mt_truncation_matches_serial_outcome ... ok
[INFO] [stdout] test mt_stream_takes_tasks_finished_before_or_during_the_next_call ... ok
[INFO] [stdout] test mt_corruption_matches_serial_outcome ... ok
[INFO] [stdout] test mt_streams_change_tables_between_batches ... ok
[INFO] [stdout] test mt_batches_either_side_of_the_gate ... ok
[INFO] [stdout] test mt_stream_verdicts_match_serial ... ok
[INFO] [stdout] 
[INFO] [stdout] failures:
[INFO] [stdout] 
[INFO] [stdout] ---- mt_decodes_multi_job_frames_from_our_encoder stdout ----
[INFO] [stdout] 
[INFO] [stdout] thread 'mt_decodes_multi_job_frames_from_our_encoder' (2041) panicked at tests/common/mod.rs:48:17:
[INFO] [stdout] /opt/rustwide/workdir/tests/fixtures/rust_src_8m.zst: No such file or directory (os error 2) (the fixtures are in the git repository, not the crate package)
[INFO] [stdout] stack backtrace:
[INFO] [stdout]    0:     0x60ba181b3381 - <<std[617be2ca0a6fd877]::sys::backtrace::BacktraceLock>::print::DisplayBacktrace as core[a373ad73a504971]::fmt::Display>::fmt
[INFO] [stdout]    1:     0x60ba181c7daa - core[a373ad73a504971]::fmt::write
[INFO] [stdout]    2:     0x60ba181b760c - <alloc[2e1b2a31b91974c5]::vec::Vec<u8> as core[a373ad73a504971]::io::write::Write>::write_fmt
[INFO] [stdout]    3:     0x60ba1818efb6 - std[617be2ca0a6fd877]::panicking::default_hook::{closure#0}
[INFO] [stdout]    4:     0x60ba181ab4a9 - std[617be2ca0a6fd877]::panicking::default_hook
[INFO] [stdout]    5:     0x60ba17eff230 - test[aada8e7e76ba119b]::test_main_inner::{closure#0}
[INFO] [stdout]    6:     0x60ba181ab7d2 - std[617be2ca0a6fd877]::panicking::panic_with_hook
[INFO] [stdout]    7:     0x60ba1818f062 - std[617be2ca0a6fd877]::panicking::panic_handler::{closure#0}
[INFO] [stdout]    8:     0x60ba18187be9 - std[617be2ca0a6fd877]::sys::backtrace::__rust_end_short_backtrace::<std[617be2ca0a6fd877]::panicking::panic_handler::{closure#0}, !>
[INFO] [stdout]    9:     0x60ba1818fc6d - __rustc[ea4f61d10b84890b]::rust_begin_unwind
[INFO] [stdout]   10:     0x60ba181c84dc - core[a373ad73a504971]::panicking::panic_fmt
[INFO] [stdout]   11:     0x60ba17eef649 - decode_parallel[b5c32b038d316948]::common::fixtures::{closure#0}::{closure#0}::{closure#0}
[INFO] [stdout]   12:     0x60ba17eefe00 - <&mut core[a373ad73a504971]::array::drain::Drain<&str, <core[a373ad73a504971]::ops::try_trait::NeverShortCircuit<alloc[2e1b2a31b91974c5]::vec::Vec<u8>>>::wrap_mut_1<&str, decode_parallel[b5c32b038d316948]::common::fixtures::{closure#0}::{closure#0}>::{closure#0}> as core[a373ad73a504971]::ops::function::FnMut<(usize,)>>::call_mut
[INFO] [stdout]   13:     0x60ba17ee5292 - <[&str; 3usize]>::try_map::<core[a373ad73a504971]::ops::try_trait::NeverShortCircuit<alloc[2e1b2a31b91974c5]::vec::Vec<u8>>, <core[a373ad73a504971]::ops::try_trait::NeverShortCircuit<alloc[2e1b2a31b91974c5]::vec::Vec<u8>>>::wrap_mut_1<&str, decode_parallel[b5c32b038d316948]::common::fixtures::{closure#0}::{closure#0}>::{closure#0}>
[INFO] [stdout]   14:     0x60ba17eed9ac - <std[617be2ca0a6fd877]::sync::once::Once>::call_once_force::<<std[617be2ca0a6fd877]::sync::once_lock::OnceLock<[alloc[2e1b2a31b91974c5]::vec::Vec<u8>; 3usize]>>::initialize<<std[617be2ca0a6fd877]::sync::once_lock::OnceLock<[alloc[2e1b2a31b91974c5]::vec::Vec<u8>; 3usize]>>::get_or_init<decode_parallel[b5c32b038d316948]::common::fixtures::{closure#0}>::{closure#0}, !>::{closure#0}>::{closure#0}
[INFO] [stdout]   15:     0x60ba18194cb9 - <std[617be2ca0a6fd877]::sys::sync::once::futex::Once>::call
[INFO] [stdout]   16:     0x60ba17eed8f2 - <std[617be2ca0a6fd877]::sync::once_lock::OnceLock<[alloc[2e1b2a31b91974c5]::vec::Vec<u8>; 3usize]>>::initialize::<<std[617be2ca0a6fd877]::sync::once_lock::OnceLock<[alloc[2e1b2a31b91974c5]::vec::Vec<u8>; 3usize]>>::get_or_init<decode_parallel[b5c32b038d316948]::common::fixtures::{closure#0}>::{closure#0}, !>
[INFO] [stdout]   17:     0x60ba17eeeb10 - decode_parallel[b5c32b038d316948]::common::datasets
[INFO] [stdout]   18:     0x60ba17ecbf10 - <decode_parallel[b5c32b038d316948]::mt_decodes_multi_job_frames_from_our_encoder::{closure#0} as core[a373ad73a504971]::ops::function::FnOnce<()>>::call_once
[INFO] [stdout]   19:     0x60ba17ef267b - test[aada8e7e76ba119b]::__rust_begin_short_backtrace::<core[a373ad73a504971]::result::Result<(), alloc[2e1b2a31b91974c5]::string::String>, fn() -> core[a373ad73a504971]::result::Result<(), alloc[2e1b2a31b91974c5]::string::String>>
[INFO] [stdout]   20:     0x60ba17eff855 - test[aada8e7e76ba119b]::run_test::{closure#0}
[INFO] [stdout]   21:     0x60ba17ef9144 - std[617be2ca0a6fd877]::sys::backtrace::__rust_begin_short_backtrace::<test[aada8e7e76ba119b]::run_test::{closure#1}, ()>
[INFO] [stdout]   22:     0x60ba17f028e2 - <std[617be2ca0a6fd877]::thread::lifecycle::spawn_unchecked<test[aada8e7e76ba119b]::run_test::{closure#1}, ()>::{closure#1} as core[a373ad73a504971]::ops::function::FnOnce<()>>::call_once::{shim:vtable#0}
[INFO] [stdout]   23:     0x60ba181b28bf - <std[617be2ca0a6fd877]::sys::thread::unix::Thread>::new::thread_start
[INFO] [stdout]   24:     0x703e9e13adfa - <unknown>
[INFO] [stdout]   25:     0x703e9e1ce3d4 - clone
[INFO] [stdout]   26:                0x0 - <unknown>
[INFO] [stdout] 
[INFO] [stdout] ---- mt_decodes_libzstd_streams_byte_exact stdout ----
[INFO] [stdout] 
[INFO] [stdout] thread 'mt_decodes_libzstd_streams_byte_exact' (2040) panicked at tests/common/mod.rs:48:17:
[INFO] [stdout] /opt/rustwide/workdir/tests/fixtures/rust_src_8m.zst: No such file or directory (os error 2) (the fixtures are in the git repository, not the crate package)
[INFO] [stdout] stack backtrace:
[INFO] [stdout]    0:     0x60ba181b3381 - <<std[617be2ca0a6fd877]::sys::backtrace::BacktraceLock>::print::DisplayBacktrace as core[a373ad73a504971]::fmt::Display>::fmt
[INFO] [stdout]    1:     0x60ba181c7daa - core[a373ad73a504971]::fmt::write
[INFO] [stdout]    2:     0x60ba181b760c - <alloc[2e1b2a31b91974c5]::vec::Vec<u8> as core[a373ad73a504971]::io::write::Write>::write_fmt
[INFO] [stdout]    3:     0x60ba1818efb6 - std[617be2ca0a6fd877]::panicking::default_hook::{closure#0}
[INFO] [stdout]    4:     0x60ba181ab4a9 - std[617be2ca0a6fd877]::panicking::default_hook
[INFO] [stdout]    5:     0x60ba17eff230 - test[aada8e7e76ba119b]::test_main_inner::{closure#0}
[INFO] [stdout]    6:     0x60ba181ab7d2 - std[617be2ca0a6fd877]::panicking::panic_with_hook
[INFO] [stdout]    7:     0x60ba1818f062 - std[617be2ca0a6fd877]::panicking::panic_handler::{closure#0}
[INFO] [stdout]    8:     0x60ba18187be9 - std[617be2ca0a6fd877]::sys::backtrace::__rust_end_short_backtrace::<std[617be2ca0a6fd877]::panicking::panic_handler::{closure#0}, !>
[INFO] [stdout]    9:     0x60ba1818fc6d - __rustc[ea4f61d10b84890b]::rust_begin_unwind
[INFO] [stdout]   10:     0x60ba181c84dc - core[a373ad73a504971]::panicking::panic_fmt
[INFO] [stdout]   11:     0x60ba17eef649 - decode_parallel[b5c32b038d316948]::common::fixtures::{closure#0}::{closure#0}::{closure#0}
[INFO] [stdout]   12:     0x60ba17eefe00 - <&mut core[a373ad73a504971]::array::drain::Drain<&str, <core[a373ad73a504971]::ops::try_trait::NeverShortCircuit<alloc[2e1b2a31b91974c5]::vec::Vec<u8>>>::wrap_mut_1<&str, decode_parallel[b5c32b038d316948]::common::fixtures::{closure#0}::{closure#0}>::{closure#0}> as core[a373ad73a504971]::ops::function::FnMut<(usize,)>>::call_mut
[INFO] [stdout]   13:     0x60ba17ee5292 - <[&str; 3usize]>::try_map::<core[a373ad73a504971]::ops::try_trait::NeverShortCircuit<alloc[2e1b2a31b91974c5]::vec::Vec<u8>>, <core[a373ad73a504971]::ops::try_trait::NeverShortCircuit<alloc[2e1b2a31b91974c5]::vec::Vec<u8>>>::wrap_mut_1<&str, decode_parallel[b5c32b038d316948]::common::fixtures::{closure#0}::{closure#0}>::{closure#0}>
[INFO] [stdout]   14:     0x60ba17eed9ac - <std[617be2ca0a6fd877]::sync::once::Once>::call_once_force::<<std[617be2ca0a6fd877]::sync::once_lock::OnceLock<[alloc[2e1b2a31b91974c5]::vec::Vec<u8>; 3usize]>>::initialize<<std[617be2ca0a6fd877]::sync::once_lock::OnceLock<[alloc[2e1b2a31b91974c5]::vec::Vec<u8>; 3usize]>>::get_or_init<decode_parallel[b5c32b038d316948]::common::fixtures::{closure#0}>::{closure#0}, !>::{closure#0}>::{closure#0}
[INFO] [stdout]   15:     0x60ba18194cb9 - <std[617be2ca0a6fd877]::sys::sync::once::futex::Once>::call
[INFO] [stdout]   16:     0x60ba17eed8f2 - <std[617be2ca0a6fd877]::sync::once_lock::OnceLock<[alloc[2e1b2a31b91974c5]::vec::Vec<u8>; 3usize]>>::initialize::<<std[617be2ca0a6fd877]::sync::once_lock::OnceLock<[alloc[2e1b2a31b91974c5]::vec::Vec<u8>; 3usize]>>::get_or_init<decode_parallel[b5c32b038d316948]::common::fixtures::{closure#0}>::{closure#0}, !>
[INFO] [stdout]   17:     0x60ba17eeeb10 - decode_parallel[b5c32b038d316948]::common::datasets
[INFO] [stdout]   18:     0x60ba17eca45e - <decode_parallel[b5c32b038d316948]::mt_decodes_libzstd_streams_byte_exact::{closure#0} as core[a373ad73a504971]::ops::function::FnOnce<()>>::call_once
[INFO] [stdout]   19:     0x60ba17ef267b - test[aada8e7e76ba119b]::__rust_begin_short_backtrace::<core[a373ad73a504971]::result::Result<(), alloc[2e1b2a31b91974c5]::string::String>, fn() -> core[a373ad73a504971]::result::Result<(), alloc[2e1b2a31b91974c5]::string::String>>
[INFO] [stdout]   20:     0x60ba17eff855 - test[aada8e7e76ba119b]::run_test::{closure#0}
[INFO] [stdout]   21:     0x60ba17ef9144 - std[617be2ca0a6fd877]::sys::backtrace::__rust_begin_short_backtrace::<test[aada8e7e76ba119b]::run_test::{closure#1}, ()>
[INFO] [stdout]   22:     0x60ba17f028e2 - <std[617be2ca0a6fd877]::thread::lifecycle::spawn_unchecked<test[aada8e7e76ba119b]::run_test::{closure#1}, ()>::{closure#1} as core[a373ad73a504971]::ops::function::FnOnce<()>>::call_once::{shim:vtable#0}
[INFO] [stdout]   23:     0x60ba181b28bf - <std[617be2ca0a6fd877]::sys::thread::unix::Thread>::new::thread_start
[INFO] [stdout]   24:     0x703e9e13adfa - <unknown>
[INFO] [stdout]   25:     0x703e9e1ce3d4 - clone
[INFO] [stdout]   26:                0x0 - <unknown>
[INFO] [stdout] 
[INFO] [stdout] ---- mt_streams_match_serial_streams stdout ----
[INFO] [stdout] 
[INFO] [stdout] thread 'mt_streams_match_serial_streams' (2111) panicked at tests/common/mod.rs:48:17:
[INFO] [stdout] /opt/rustwide/workdir/tests/fixtures/rust_src_8m.zst: No such file or directory (os error 2) (the fixtures are in the git repository, not the crate package)
[INFO] [stdout] stack backtrace:
[INFO] [stdout]    0:     0x60ba181b3381 - <<std[617be2ca0a6fd877]::sys::backtrace::BacktraceLock>::print::DisplayBacktrace as core[a373ad73a504971]::fmt::Display>::fmt
[INFO] [stdout]    1:     0x60ba181c7daa - core[a373ad73a504971]::fmt::write
[INFO] [stdout]    2:     0x60ba181b760c - <alloc[2e1b2a31b91974c5]::vec::Vec<u8> as core[a373ad73a504971]::io::write::Write>::write_fmt
[INFO] [stdout]    3:     0x60ba1818efb6 - std[617be2ca0a6fd877]::panicking::default_hook::{closure#0}
[INFO] [stdout]    4:     0x60ba181ab4a9 - std[617be2ca0a6fd877]::panicking::default_hook
[INFO] [stderr] error: test failed, to rerun pass `--test decode_parallel`
[INFO] [stdout]    5:     0x60ba17eff230 - test[aada8e7e76ba119b]::test_main_inner::{closure#0}
[INFO] [stdout]    6:     0x60ba181ab7d2 - std[617be2ca0a6fd877]::panicking::panic_with_hook
[INFO] [stdout]    7:     0x60ba1818f062 - std[617be2ca0a6fd877]::panicking::panic_handler::{closure#0}
[INFO] [stdout]    8:     0x60ba18187be9 - std[617be2ca0a6fd877]::sys::backtrace::__rust_end_short_backtrace::<std[617be2ca0a6fd877]::panicking::panic_handler::{closure#0}, !>
[INFO] [stdout]    9:     0x60ba1818fc6d - __rustc[ea4f61d10b84890b]::rust_begin_unwind
[INFO] [stdout]   10:     0x60ba181c84dc - core[a373ad73a504971]::panicking::panic_fmt
[INFO] [stdout]   11:     0x60ba17eef649 - decode_parallel[b5c32b038d316948]::common::fixtures::{closure#0}::{closure#0}::{closure#0}
[INFO] [stdout]   12:     0x60ba17eefe00 - <&mut core[a373ad73a504971]::array::drain::Drain<&str, <core[a373ad73a504971]::ops::try_trait::NeverShortCircuit<alloc[2e1b2a31b91974c5]::vec::Vec<u8>>>::wrap_mut_1<&str, decode_parallel[b5c32b038d316948]::common::fixtures::{closure#0}::{closure#0}>::{closure#0}> as core[a373ad73a504971]::ops::function::FnMut<(usize,)>>::call_mut
[INFO] [stdout]   13:     0x60ba17ee5292 - <[&str; 3usize]>::try_map::<core[a373ad73a504971]::ops::try_trait::NeverShortCircuit<alloc[2e1b2a31b91974c5]::vec::Vec<u8>>, <core[a373ad73a504971]::ops::try_trait::NeverShortCircuit<alloc[2e1b2a31b91974c5]::vec::Vec<u8>>>::wrap_mut_1<&str, decode_parallel[b5c32b038d316948]::common::fixtures::{closure#0}::{closure#0}>::{closure#0}>
[INFO] [stdout]   14:     0x60ba17eed9ac - <std[617be2ca0a6fd877]::sync::once::Once>::call_once_force::<<std[617be2ca0a6fd877]::sync::once_lock::OnceLock<[alloc[2e1b2a31b91974c5]::vec::Vec<u8>; 3usize]>>::initialize<<std[617be2ca0a6fd877]::sync::once_lock::OnceLock<[alloc[2e1b2a31b91974c5]::vec::Vec<u8>; 3usize]>>::get_or_init<decode_parallel[b5c32b038d316948]::common::fixtures::{closure#0}>::{closure#0}, !>::{closure#0}>::{closure#0}
[INFO] [stdout]   15:     0x60ba18194cb9 - <std[617be2ca0a6fd877]::sys::sync::once::futex::Once>::call
[INFO] [stdout]   16:     0x60ba17eed8f2 - <std[617be2ca0a6fd877]::sync::once_lock::OnceLock<[alloc[2e1b2a31b91974c5]::vec::Vec<u8>; 3usize]>>::initialize::<<std[617be2ca0a6fd877]::sync::once_lock::OnceLock<[alloc[2e1b2a31b91974c5]::vec::Vec<u8>; 3usize]>>::get_or_init<decode_parallel[b5c32b038d316948]::common::fixtures::{closure#0}>::{closure#0}, !>
[INFO] [stdout]   17:     0x60ba17eeeb10 - decode_parallel[b5c32b038d316948]::common::datasets
[INFO] [stdout]   18:     0x60ba17ec80be - <decode_parallel[b5c32b038d316948]::mt_streams_match_serial_streams::{closure#0} as core[a373ad73a504971]::ops::function::FnOnce<()>>::call_once
[INFO] [stdout]   19:     0x60ba17ef267b - test[aada8e7e76ba119b]::__rust_begin_short_backtrace::<core[a373ad73a504971]::result::Result<(), alloc[2e1b2a31b91974c5]::string::String>, fn() -> core[a373ad73a504971]::result::Result<(), alloc[2e1b2a31b91974c5]::string::String>>
[INFO] [stdout]   20:     0x60ba17eff855 - test[aada8e7e76ba119b]::run_test::{closure#0}
[INFO] [stdout]   21:     0x60ba17ef9144 - std[617be2ca0a6fd877]::sys::backtrace::__rust_begin_short_backtrace::<test[aada8e7e76ba119b]::run_test::{closure#1}, ()>
[INFO] [stdout]   22:     0x60ba17f028e2 - <std[617be2ca0a6fd877]::thread::lifecycle::spawn_unchecked<test[aada8e7e76ba119b]::run_test::{closure#1}, ()>::{closure#1} as core[a373ad73a504971]::ops::function::FnOnce<()>>::call_once::{shim:vtable#0}
[INFO] [stdout]   23:     0x60ba181b28bf - <std[617be2ca0a6fd877]::sys::thread::unix::Thread>::new::thread_start
[INFO] [stdout]   24:     0x703e9e13adfa - <unknown>
[INFO] [stdout]   25:     0x703e9e1ce3d4 - clone
[INFO] [stdout]   26:                0x0 - <unknown>
[INFO] [stdout] 
[INFO] [stdout] 
[INFO] [stdout] failures:
[INFO] [stdout]     mt_decodes_libzstd_streams_byte_exact
[INFO] [stdout]     mt_decodes_multi_job_frames_from_our_encoder
[INFO] [stdout]     mt_streams_match_serial_streams
[INFO] [stdout] 
[INFO] [stdout] test result: FAILED. 11 passed; 3 failed; 0 ignored; 0 measured; 0 filtered out; finished in 3.70s
[INFO] [stdout] 
[INFO] running `Command { std: "docker" "inspect" "4040091d6d55885ad2eb9c8acaa9655c386fcd0cc599dea21867a82aa006a06d", kill_on_drop: false }`
[INFO] running `Command { std: "docker" "rm" "-f" "4040091d6d55885ad2eb9c8acaa9655c386fcd0cc599dea21867a82aa006a06d", kill_on_drop: false }`
[INFO] [stdout] 4040091d6d55885ad2eb9c8acaa9655c386fcd0cc599dea21867a82aa006a06d
