[INFO] fetching crate rust-wechat-weapp 0.1.3...
[INFO] testing rust-wechat-weapp-0.1.3 against 1.100.0-beta.1+cargoflags=--release for beta-release-1.100-2
[INFO] extracting crate rust-wechat-weapp 0.1.3 into /workspace/builds/worker-1-tc2/source
[INFO] started tweaking crates.io crate rust-wechat-weapp 0.1.3
[INFO] removed 0 missing tests
[INFO] finished tweaking crates.io crate rust-wechat-weapp 0.1.3
[INFO] tweaked toml for crates.io crate rust-wechat-weapp 0.1.3 written to /workspace/builds/worker-1-tc2/source/Cargo.toml
[INFO] validating manifest of crates.io crate rust-wechat-weapp 0.1.3 on toolchain 1.100.0-beta.1
[INFO] running `Command { std: CARGO_HOME="/workspace/cargo-home" RUSTUP_HOME="/workspace/rustup-home" "/workspace/cargo-home/bin/cargo" "+1.100.0-beta.1" "metadata" "--manifest-path" "Cargo.toml" "--no-deps", kill_on_drop: false }`
[INFO] crate crates.io crate rust-wechat-weapp 0.1.3 already has a lockfile, it will not be regenerated
[INFO] running `Command { std: CARGO_HOME="/workspace/cargo-home" RUSTUP_HOME="/workspace/rustup-home" "/workspace/cargo-home/bin/cargo" "+1.100.0-beta.1" "fetch" "--manifest-path" "Cargo.toml", kill_on_drop: false }`
[INFO] running `Command { std: "docker" "create" "-v" "/var/lib/crater-agent-workspace/builds/worker-1-tc2/source:/opt/rustwide/workdir:ro,Z" "-v" "/var/lib/crater-agent-workspace/builds/worker-1-tc2/target:/opt/rustwide/target:rw,Z" "-v" "/var/lib/crater-agent-workspace/cargo-home:/opt/rustwide/cargo-home:ro,Z" "-v" "/var/lib/crater-agent-workspace/rustup-home:/opt/rustwide/rustup-home:ro,Z" "-m" "1610612736" "--network" "none" "ghcr.io/rust-lang/crates-build-env/linux@sha256:77db811e55d90add9212f6832c23229e3de5f1c1f9905e8cb07319ea15df73ac" "sleep" "infinity", kill_on_drop: false }`
[INFO] [stdout] e51ef17fc6944de3f7719fa99b9a22a8b91e1523a8f24eb5230e6cdd49ff11aa
[INFO] running `Command { std: "docker" "start" "e51ef17fc6944de3f7719fa99b9a22a8b91e1523a8f24eb5230e6cdd49ff11aa", kill_on_drop: false }`
[INFO] running `Command { std: "docker" "inspect" "e51ef17fc6944de3f7719fa99b9a22a8b91e1523a8f24eb5230e6cdd49ff11aa", kill_on_drop: false }`
[INFO] running `Command { std: "docker" "exec" "-e" "SOURCE_DIR=/opt/rustwide/workdir" "-e" "CARGO_HOME=/opt/rustwide/cargo-home" "-e" "RUSTUP_HOME=/opt/rustwide/rustup-home" "-e" "CARGO_TARGET_DIR=/opt/rustwide/target" "-w" "/opt/rustwide/workdir" "--user" "0:0" "e51ef17fc6944de3f7719fa99b9a22a8b91e1523a8f24eb5230e6cdd49ff11aa" "/opt/rustwide/cargo-home/bin/cargo" "+1.100.0-beta.1" "metadata" "--no-deps" "--format-version=1", kill_on_drop: false }`
[INFO] running `Command { std: "docker" "inspect" "e51ef17fc6944de3f7719fa99b9a22a8b91e1523a8f24eb5230e6cdd49ff11aa", kill_on_drop: false }`
[INFO] running `Command { std: "docker" "exec" "-e" "SOURCE_DIR=/opt/rustwide/workdir" "-e" "CARGO_HOME=/opt/rustwide/cargo-home" "-e" "RUSTUP_HOME=/opt/rustwide/rustup-home" "-e" "CARGO_TARGET_DIR=/opt/rustwide/target" "-e" "CARGO_INCREMENTAL=0" "-e" "RUST_BACKTRACE=full" "-e" "RUSTFLAGS=--cap-lints=warn" "-e" "RUSTDOCFLAGS=--cap-lints=warn" "-w" "/opt/rustwide/workdir" "--user" "0:0" "e51ef17fc6944de3f7719fa99b9a22a8b91e1523a8f24eb5230e6cdd49ff11aa" "/opt/rustwide/cargo-home/bin/cargo" "+1.100.0-beta.1" "build" "--frozen" "--message-format=json" "--release", kill_on_drop: false }`
[INFO] [stderr]    Compiling libc v0.2.172
[INFO] [stderr]    Compiling smallvec v1.15.0
[INFO] [stderr]    Compiling parking_lot_core v0.9.10
[INFO] [stderr]    Compiling lock_api v0.4.12
[INFO] [stderr]    Compiling bytes v1.10.1
[INFO] [stderr]    Compiling tracing-core v0.1.33
[INFO] [stderr]    Compiling unicase v2.8.1
[INFO] [stderr]    Compiling syn v2.0.101
[INFO] [stderr]    Compiling hashbrown v0.15.3
[INFO] [stderr]    Compiling futures-task v0.3.31
[INFO] [stderr]    Compiling form_urlencoded v1.2.1
[INFO] [stderr]    Compiling digest v0.10.7
[INFO] [stderr]    Compiling futures-channel v0.3.31
[INFO] [stderr]    Compiling memchr v2.7.4
[INFO] [stderr]    Compiling encoding_rs v0.8.35
[INFO] [stderr]    Compiling futures-util v0.3.31
[INFO] [stderr]    Compiling base64ct v1.7.3
[INFO] [stderr]    Compiling either v1.15.0
[INFO] [stderr]    Compiling mime_guess v2.0.5
[INFO] [stderr]    Compiling itertools v0.14.0
[INFO] [stderr]    Compiling http v0.2.12
[INFO] [stderr]    Compiling hmac v0.12.1
[INFO] [stderr]    Compiling md-5 v0.10.6
[INFO] [stderr]    Compiling sha2 v0.10.9
[INFO] [stderr]    Compiling tracing v0.1.41
[INFO] [stderr]    Compiling signal-hook-registry v1.4.5
[INFO] [stderr]    Compiling mio v1.0.3
[INFO] [stderr]    Compiling socket2 v0.5.9
[INFO] [stderr]    Compiling parking_lot v0.12.3
[INFO] [stderr]    Compiling indexmap v2.9.0
[INFO] [stderr]    Compiling http-body v0.4.6
[INFO] [stderr]    Compiling synstructure v0.13.2
[INFO] [stderr]    Compiling zerovec-derive v0.11.1
[INFO] [stderr]    Compiling displaydoc v0.2.5
[INFO] [stderr]    Compiling tokio-macros v2.5.0
[INFO] [stderr]    Compiling serde_derive v1.0.219
[INFO] [stderr]    Compiling thiserror-impl v2.0.12
[INFO] [stderr]    Compiling rust-wechat-codegen v0.1.0
[INFO] [stderr]    Compiling serde_repr v0.1.20
[INFO] [stderr]    Compiling zerofrom-derive v0.1.6
[INFO] [stderr]    Compiling yoke-derive v0.8.0
[INFO] [stderr]    Compiling tokio v1.45.0
[INFO] [stderr]    Compiling zerofrom v0.1.6
[INFO] [stderr]    Compiling yoke v0.8.0
[INFO] [stderr]    Compiling thiserror v2.0.12
[INFO] [stderr]    Compiling zerovec v0.11.2
[INFO] [stderr]    Compiling zerotrie v0.2.2
[INFO] [stderr]    Compiling tinystr v0.8.1
[INFO] [stderr]    Compiling potential_utf v0.1.2
[INFO] [stderr]    Compiling icu_collections v2.0.0
[INFO] [stderr]    Compiling icu_locale_core v2.0.0
[INFO] [stderr]    Compiling serde v1.0.219
[INFO] [stderr]    Compiling icu_provider v2.0.0
[INFO] [stderr]    Compiling icu_properties v2.0.0
[INFO] [stderr]    Compiling icu_normalizer v2.0.0
[INFO] [stderr]    Compiling idna_adapter v1.2.1
[INFO] [stderr]    Compiling idna v1.0.3
[INFO] [stderr]    Compiling url v2.5.4
[INFO] [stderr]    Compiling serde_urlencoded v0.7.1
[INFO] [stderr]    Compiling serde_json v1.0.140
[INFO] [stderr]    Compiling tokio-util v0.7.15
[INFO] [stderr]    Compiling h2 v0.3.26
[INFO] [stderr]    Compiling hyper v0.14.32
[INFO] [stderr]    Compiling reqwest v0.11.27
[INFO] [stderr]    Compiling rust-wechat-core v0.1.3
[INFO] [stderr]    Compiling rust-wechat-weapp v0.1.3 (/opt/rustwide/workdir)
[INFO] [stdout] warning: unused import: `serde_json::json`
[INFO] [stdout]  --> src/api/image_processing.rs:6:5
[INFO] [stdout]   |
[INFO] [stdout] 6 | use serde_json::json;
[INFO] [stdout]   |     ^^^^^^^^^^^^^^^^
[INFO] [stdout]   |
[INFO] [stdout]   = note: `#[warn(unused_imports)]` (part of `#[warn(unused)]`) on by default
[INFO] [stdout] 
[INFO] [stdout] 
[INFO] [stdout] warning: unused import: `serde_json::json`
[INFO] [stdout]  --> src/api/ocr.rs:7:5
[INFO] [stdout]   |
[INFO] [stdout] 7 | use serde_json::json;
[INFO] [stdout]   |     ^^^^^^^^^^^^^^^^
[INFO] [stdout] 
[INFO] [stdout] 
[INFO] [stdout] warning: unused import: `serde::ser::SerializeStruct`
[INFO] [stdout]  --> src/api/service_message.rs:6:5
[INFO] [stdout]   |
[INFO] [stdout] 6 | use serde::ser::SerializeStruct;
[INFO] [stdout]   |     ^^^^^^^^^^^^^^^^^^^^^^^^^^^
[INFO] [stdout] 
[INFO] [stdout] 
[INFO] [stdout] warning: unused import: `Serializer`
[INFO] [stdout]  --> src/api/service_message.rs:7:37
[INFO] [stdout]   |
[INFO] [stdout] 7 | use serde::{Deserialize, Serialize, Serializer};
[INFO] [stdout]   |                                     ^^^^^^^^^^
[INFO] [stdout] 
[INFO] [stdout] 
[INFO] [stdout] warning: unused import: `std::fmt::format`
[INFO] [stdout]  --> src/api/subscribe_message.rs:8:5
[INFO] [stdout]   |
[INFO] [stdout] 8 | use std::fmt::format;
[INFO] [stdout]   |     ^^^^^^^^^^^^^^^^
[INFO] [stdout] 
[INFO] [stdout] 
[INFO] [stdout] warning: constant `CREATE_WXA_QRCODE_URL` is never used
[INFO] [stdout]  --> src/api/qrcode.rs:8:7
[INFO] [stdout]   |
[INFO] [stdout] 8 | const CREATE_WXA_QRCODE_URL: &str = "https://api.weixin.qq.com/cgi-bin/wxaapp/createwxaqrcode";
[INFO] [stdout]   |       ^^^^^^^^^^^^^^^^^^^^^
[INFO] [stdout]   |
[INFO] [stdout]   = note: `#[warn(dead_code)]` (part of `#[warn(unused)]`) on by default
[INFO] [stdout] 
[INFO] [stdout] 
[INFO] [stderr]     Finished `release` profile [optimized] target(s) in 1m 03s
[INFO] running `Command { std: "docker" "inspect" "e51ef17fc6944de3f7719fa99b9a22a8b91e1523a8f24eb5230e6cdd49ff11aa", kill_on_drop: false }`
[INFO] running `Command { std: "docker" "exec" "-e" "SOURCE_DIR=/opt/rustwide/workdir" "-e" "CARGO_HOME=/opt/rustwide/cargo-home" "-e" "RUSTUP_HOME=/opt/rustwide/rustup-home" "-e" "CARGO_TARGET_DIR=/opt/rustwide/target" "-e" "CARGO_INCREMENTAL=0" "-e" "RUST_BACKTRACE=full" "-e" "RUSTFLAGS=--cap-lints=warn" "-e" "RUSTDOCFLAGS=--cap-lints=warn" "-w" "/opt/rustwide/workdir" "--user" "0:0" "e51ef17fc6944de3f7719fa99b9a22a8b91e1523a8f24eb5230e6cdd49ff11aa" "/opt/rustwide/cargo-home/bin/cargo" "+1.100.0-beta.1" "test" "--frozen" "--no-run" "--message-format=json" "--release", kill_on_drop: false }`
[INFO] [stdout] warning: unused import: `serde_json::json`
[INFO] [stdout]  --> src/api/image_processing.rs:6:5
[INFO] [stdout]   |
[INFO] [stdout] 6 | use serde_json::json;
[INFO] [stdout]   |     ^^^^^^^^^^^^^^^^
[INFO] [stdout]   |
[INFO] [stdout]   = note: `#[warn(unused_imports)]` (part of `#[warn(unused)]`) on by default
[INFO] [stdout] 
[INFO] [stdout] 
[INFO] [stdout] warning: unused import: `serde_json::json`
[INFO] [stdout]  --> src/api/ocr.rs:7:5
[INFO] [stdout]   |
[INFO] [stdout] 7 | use serde_json::json;
[INFO] [stdout]   |     ^^^^^^^^^^^^^^^^
[INFO] [stdout] 
[INFO] [stdout] 
[INFO] [stdout] warning: unused import: `serde::ser::SerializeStruct`
[INFO] [stdout]  --> src/api/service_message.rs:6:5
[INFO] [stdout]   |
[INFO] [stdout] 6 | use serde::ser::SerializeStruct;
[INFO] [stdout]   |     ^^^^^^^^^^^^^^^^^^^^^^^^^^^
[INFO] [stdout] 
[INFO] [stdout] 
[INFO] [stdout] warning: unused import: `Serializer`
[INFO] [stdout]  --> src/api/service_message.rs:7:37
[INFO] [stdout]   |
[INFO] [stdout] 7 | use serde::{Deserialize, Serialize, Serializer};
[INFO] [stdout]   |                                     ^^^^^^^^^^
[INFO] [stdout] 
[INFO] [stdout] 
[INFO] [stdout] warning: unused import: `std::fmt::format`
[INFO] [stdout]  --> src/api/subscribe_message.rs:8:5
[INFO] [stdout]   |
[INFO] [stdout] 8 | use std::fmt::format;
[INFO] [stdout]   |     ^^^^^^^^^^^^^^^^
[INFO] [stdout] 
[INFO] [stdout] 
[INFO] [stdout] warning: constant `CREATE_WXA_QRCODE_URL` is never used
[INFO] [stdout]  --> src/api/qrcode.rs:8:7
[INFO] [stdout]   |
[INFO] [stdout] 8 | const CREATE_WXA_QRCODE_URL: &str = "https://api.weixin.qq.com/cgi-bin/wxaapp/createwxaqrcode";
[INFO] [stdout]   |       ^^^^^^^^^^^^^^^^^^^^^
[INFO] [stdout]   |
[INFO] [stdout]   = note: `#[warn(dead_code)]` (part of `#[warn(unused)]`) on by default
[INFO] [stdout] 
[INFO] [stdout] 
[INFO] [stderr]    Compiling rust-wechat-weapp v0.1.3 (/opt/rustwide/workdir)
[INFO] [stdout] warning: unused import: `Code2Session`
[INFO] [stdout]  --> tests/code2session.rs:1:36
[INFO] [stdout]   |
[INFO] [stdout] 1 | use rust_wechat_weapp::api::auth::{Code2Session, Code2SessionResponse};
[INFO] [stdout]   |                                    ^^^^^^^^^^^^
[INFO] [stdout]   |
[INFO] [stdout]   = note: `#[warn(unused_imports)]` (part of `#[warn(unused)]`) on by default
[INFO] [stdout] 
[INFO] [stdout] 
[INFO] [stdout] warning: unused import: `serde_json::json`
[INFO] [stdout]  --> src/api/image_processing.rs:6:5
[INFO] [stdout]   |
[INFO] [stdout] 6 | use serde_json::json;
[INFO] [stdout]   |     ^^^^^^^^^^^^^^^^
[INFO] [stdout]   |
[INFO] [stdout]   = note: `#[warn(unused_imports)]` (part of `#[warn(unused)]`) on by default
[INFO] [stdout] 
[INFO] [stdout] 
[INFO] [stdout] warning: unused import: `serde_json::json`
[INFO] [stdout]  --> src/api/ocr.rs:7:5
[INFO] [stdout]   |
[INFO] [stdout] 7 | use serde_json::json;
[INFO] [stdout]   |     ^^^^^^^^^^^^^^^^
[INFO] [stdout] 
[INFO] [stdout] 
[INFO] [stdout] warning: unused import: `serde::ser::SerializeStruct`
[INFO] [stdout]  --> src/api/service_message.rs:6:5
[INFO] [stdout]   |
[INFO] [stdout] 6 | use serde::ser::SerializeStruct;
[INFO] [stdout]   |     ^^^^^^^^^^^^^^^^^^^^^^^^^^^
[INFO] [stdout] 
[INFO] [stdout] 
[INFO] [stdout] warning: unused import: `Serializer`
[INFO] [stdout]  --> src/api/service_message.rs:7:37
[INFO] [stdout]   |
[INFO] [stdout] 7 | use serde::{Deserialize, Serialize, Serializer};
[INFO] [stdout]   |                                     ^^^^^^^^^^
[INFO] [stdout] 
[INFO] [stdout] 
[INFO] [stdout] warning: unused import: `std::fmt::format`
[INFO] [stdout]  --> src/api/subscribe_message.rs:8:5
[INFO] [stdout]   |
[INFO] [stdout] 8 | use std::fmt::format;
[INFO] [stdout]   |     ^^^^^^^^^^^^^^^^
[INFO] [stdout] 
[INFO] [stdout] 
[INFO] [stdout] warning: constant `CREATE_WXA_QRCODE_URL` is never used
[INFO] [stdout]  --> src/api/qrcode.rs:8:7
[INFO] [stdout]   |
[INFO] [stdout] 8 | const CREATE_WXA_QRCODE_URL: &str = "https://api.weixin.qq.com/cgi-bin/wxaapp/createwxaqrcode";
[INFO] [stdout]   |       ^^^^^^^^^^^^^^^^^^^^^
[INFO] [stdout]   |
[INFO] [stdout]   = note: `#[warn(dead_code)]` (part of `#[warn(unused)]`) on by default
[INFO] [stdout] 
[INFO] [stdout] 
[INFO] [stderr]     Finished `release` profile [optimized] target(s) in 5.33s
[INFO] running `Command { std: "docker" "inspect" "e51ef17fc6944de3f7719fa99b9a22a8b91e1523a8f24eb5230e6cdd49ff11aa", kill_on_drop: false }`
[INFO] running `Command { std: "docker" "exec" "-e" "SOURCE_DIR=/opt/rustwide/workdir" "-e" "CARGO_HOME=/opt/rustwide/cargo-home" "-e" "RUSTUP_HOME=/opt/rustwide/rustup-home" "-e" "CARGO_TARGET_DIR=/opt/rustwide/target" "-e" "CARGO_INCREMENTAL=0" "-e" "RUST_BACKTRACE=full" "-e" "RUSTFLAGS=--cap-lints=warn" "-e" "RUSTDOCFLAGS=--cap-lints=warn" "-w" "/opt/rustwide/workdir" "--user" "0:0" "e51ef17fc6944de3f7719fa99b9a22a8b91e1523a8f24eb5230e6cdd49ff11aa" "/opt/rustwide/cargo-home/bin/cargo" "+1.100.0-beta.1" "test" "--frozen" "--release", kill_on_drop: false }`
[INFO] [stderr] warning: unused import: `serde_json::json`
[INFO] [stderr]  --> src/api/image_processing.rs:6:5
[INFO] [stderr]   |
[INFO] [stderr] 6 | use serde_json::json;
[INFO] [stderr]   |     ^^^^^^^^^^^^^^^^
[INFO] [stderr]   |
[INFO] [stderr]   = note: `#[warn(unused_imports)]` (part of `#[warn(unused)]`) on by default
[INFO] [stderr] 
[INFO] [stderr] warning: unused import: `serde_json::json`
[INFO] [stderr]  --> src/api/ocr.rs:7:5
[INFO] [stderr]   |
[INFO] [stderr] 7 | use serde_json::json;
[INFO] [stderr]   |     ^^^^^^^^^^^^^^^^
[INFO] [stderr] 
[INFO] [stderr] warning: unused import: `serde::ser::SerializeStruct`
[INFO] [stderr]  --> src/api/service_message.rs:6:5
[INFO] [stderr]   |
[INFO] [stderr] 6 | use serde::ser::SerializeStruct;
[INFO] [stderr]   |     ^^^^^^^^^^^^^^^^^^^^^^^^^^^
[INFO] [stderr] 
[INFO] [stderr] warning: unused import: `Serializer`
[INFO] [stderr]  --> src/api/service_message.rs:7:37
[INFO] [stderr]   |
[INFO] [stderr] 7 | use serde::{Deserialize, Serialize, Serializer};
[INFO] [stderr]   |                                     ^^^^^^^^^^
[INFO] [stderr] 
[INFO] [stderr] warning: unused import: `std::fmt::format`
[INFO] [stderr]  --> src/api/subscribe_message.rs:8:5
[INFO] [stderr]   |
[INFO] [stderr] 8 | use std::fmt::format;
[INFO] [stderr]   |     ^^^^^^^^^^^^^^^^
[INFO] [stderr] 
[INFO] [stderr] warning: constant `CREATE_WXA_QRCODE_URL` is never used
[INFO] [stderr]  --> src/api/qrcode.rs:8:7
[INFO] [stderr]   |
[INFO] [stderr] 8 | const CREATE_WXA_QRCODE_URL: &str = "https://api.weixin.qq.com/cgi-bin/wxaapp/createwxaqrcode";
[INFO] [stderr]   |       ^^^^^^^^^^^^^^^^^^^^^
[INFO] [stderr]   |
[INFO] [stderr]   = note: `#[warn(dead_code)]` (part of `#[warn(unused)]`) on by default
[INFO] [stderr] 
[INFO] [stderr] warning: `rust-wechat-weapp` (lib) generated 6 warnings (run `cargo fix --lib -p rust-wechat-weapp` to apply 5 suggestions)
[INFO] [stderr] warning: `rust-wechat-weapp` (lib test) generated 6 warnings (6 duplicates)
[INFO] [stderr] warning: unused import: `Code2Session`
[INFO] [stderr]  --> tests/code2session.rs:1:36
[INFO] [stderr]   |
[INFO] [stderr] 1 | use rust_wechat_weapp::api::auth::{Code2Session, Code2SessionResponse};
[INFO] [stderr]   |                                    ^^^^^^^^^^^^
[INFO] [stderr]   |
[INFO] [stderr]   = note: `#[warn(unused_imports)]` (part of `#[warn(unused)]`) on by default
[INFO] [stderr] 
[INFO] [stderr] warning: `rust-wechat-weapp` (test "test_code2session") generated 1 warning (run `cargo fix --test "test_code2session" -p rust-wechat-weapp` to apply 1 suggestion)
[INFO] [stderr]     Finished `release` profile [optimized] target(s) in 0.15s
[INFO] [stderr]      Running unittests src/lib.rs (/opt/rustwide/target/release/build/rust-wechat-weapp/7f8ff6a9f7f6850e/out/rust_wechat_weapp-7f8ff6a9f7f6850e)
[INFO] [stderr]      Running tests/code2session.rs (/opt/rustwide/target/release/build/rust-wechat-weapp/5203aebf237af87f/out/test_code2session-5203aebf237af87f)
[INFO] [stdout] 
[INFO] [stdout] running 0 tests
[INFO] [stdout] 
[INFO] [stdout] test result: ok. 0 passed; 0 failed; 0 ignored; 0 measured; 0 filtered out; finished in 0.00s
[INFO] [stdout] 
[INFO] [stdout] 
[INFO] [stdout] running 2 tests
[INFO] [stdout] test test_code2session ... FAILED
[INFO] [stdout] test test_serde ... ok
[INFO] [stdout] 
[INFO] [stdout] failures:
[INFO] [stdout] 
[INFO] [stdout] ---- test_code2session stdout ----
[INFO] [stdout] 
[INFO] [stdout] thread 'test_code2session' (1414) panicked at tests/code2session.rs:21:52:
[INFO] [stdout] called `Result::unwrap()` on an `Err` value: WechatError(RequestError(reqwest::Error { kind: Request, url: Url { scheme: "https", cannot_be_a_base: false, username: "", password: None, host: Some(Domain("api.weixin.qq.com")), port: None, path: "/sns/jscode2session", query: Some("grant_type=authorization_code&appid=wxe2410fe587598a28&secret=&js_code=0b35hNkl2jpizf4Ax4nl22Mtpv45hNk7"), fragment: None }, source: hyper::Error(Connect, "invalid URL, scheme is not http") }))
[INFO] [stdout] stack backtrace:
[INFO] [stdout]    0:     0x62713ea0bc81 - <<std[617be2ca0a6fd877]::sys::backtrace::BacktraceLock>::print::DisplayBacktrace as core[a373ad73a504971]::fmt::Display>::fmt
[INFO] [stdout]    1:     0x62713ea218ca - core[a373ad73a504971]::fmt::write
[INFO] [stdout]    2:     0x62713ea1051c - <alloc[2e1b2a31b91974c5]::vec::Vec<u8> as core[a373ad73a504971]::io::write::Write>::write_fmt
[INFO] [stdout]    3:     0x62713e9e70a6 - std[617be2ca0a6fd877]::panicking::default_hook::{closure#0}
[INFO] [stdout]    4:     0x62713ea03c99 - std[617be2ca0a6fd877]::panicking::default_hook
[INFO] [stdout]    5:     0x62713e861ad0 - test[aada8e7e76ba119b]::test_main_inner::{closure#0}
[INFO] [stdout]    6:     0x62713ea03fc2 - std[617be2ca0a6fd877]::panicking::panic_with_hook
[INFO] [stdout]    7:     0x62713e9e7152 - std[617be2ca0a6fd877]::panicking::panic_handler::{closure#0}
[INFO] [stdout]    8:     0x62713e9dfd89 - std[617be2ca0a6fd877]::sys::backtrace::__rust_end_short_backtrace::<std[617be2ca0a6fd877]::panicking::panic_handler::{closure#0}, !>
[INFO] [stdout]    9:     0x62713e9e7f4d - __rustc[ea4f61d10b84890b]::rust_begin_unwind
[INFO] [stdout]   10:     0x62713ea2202c - core[a373ad73a504971]::panicking::panic_fmt
[INFO] [stdout]   11:     0x62713ea21e02 - core[a373ad73a504971]::result::unwrap_failed
[INFO] [stdout]   12:     0x62713e8541f9 - test_code2session[a445557914508bbd]::test_code2session::{closure#0}
[INFO] [stdout]   13:     0x62713e84c483 - <tokio[ef6f53c447e8591d]::runtime::scheduler::current_thread::Context>::enter::<core[a373ad73a504971]::task::poll::Poll<()>, <tokio[ef6f53c447e8591d]::runtime::scheduler::current_thread::CoreGuard>::block_on<core[a373ad73a504971]::pin::Pin<&mut core[a373ad73a504971]::pin::Pin<&mut dyn core[a373ad73a504971]::future::future::Future<Output = ()>>>>::{closure#0}::{closure#0}>
[INFO] [stdout]   14:     0x62713e84732c - <tokio[ef6f53c447e8591d]::runtime::context::scoped::Scoped<tokio[ef6f53c447e8591d]::runtime::scheduler::Context>>::set::<<tokio[ef6f53c447e8591d]::runtime::scheduler::current_thread::CoreGuard>::enter<<tokio[ef6f53c447e8591d]::runtime::scheduler::current_thread::CoreGuard>::block_on<core[a373ad73a504971]::pin::Pin<&mut core[a373ad73a504971]::pin::Pin<&mut dyn core[a373ad73a504971]::future::future::Future<Output = ()>>>>::{closure#0}, core[a373ad73a504971]::option::Option<()>>::{closure#0}, (alloc[2e1b2a31b91974c5]::boxed::Box<tokio[ef6f53c447e8591d]::runtime::scheduler::current_thread::Core>, core[a373ad73a504971]::option::Option<()>)>
[INFO] [stdout]   15:     0x62713e84c7d7 - <tokio[ef6f53c447e8591d]::runtime::scheduler::current_thread::CoreGuard>::block_on::<core[a373ad73a504971]::pin::Pin<&mut core[a373ad73a504971]::pin::Pin<&mut dyn core[a373ad73a504971]::future::future::Future<Output = ()>>>>
[INFO] [stdout]   16:     0x62713e84b837 - tokio[ef6f53c447e8591d]::runtime::context::runtime::enter_runtime::<<tokio[ef6f53c447e8591d]::runtime::scheduler::current_thread::CurrentThread>::block_on<core[a373ad73a504971]::pin::Pin<&mut dyn core[a373ad73a504971]::future::future::Future<Output = ()>>>::{closure#0}, ()>
[INFO] [stdout]   17:     0x62713e84a9ca - <tokio[ef6f53c447e8591d]::runtime::runtime::Runtime>::block_on::<core[a373ad73a504971]::pin::Pin<&mut dyn core[a373ad73a504971]::future::future::Future<Output = ()>>>
[INFO] [stdout]   18:     0x62713e854dfe - <test_code2session[a445557914508bbd]::test_code2session::{closure#0} as core[a373ad73a504971]::ops::function::FnOnce<()>>::call_once
[INFO] [stdout]   19:     0x62713e854f1b - test[aada8e7e76ba119b]::__rust_begin_short_backtrace::<core[a373ad73a504971]::result::Result<(), alloc[2e1b2a31b91974c5]::string::String>, fn() -> core[a373ad73a504971]::result::Result<(), alloc[2e1b2a31b91974c5]::string::String>>
[INFO] [stdout]   20:     0x62713e8620f5 - test[aada8e7e76ba119b]::run_test::{closure#0}
[INFO] [stdout]   21:     0x62713e85b9e4 - std[617be2ca0a6fd877]::sys::backtrace::__rust_begin_short_backtrace::<test[aada8e7e76ba119b]::run_test::{closure#1}, ()>
[INFO] [stdout]   22:     0x62713e865182 - <std[617be2ca0a6fd877]::thread::lifecycle::spawn_unchecked<test[aada8e7e76ba119b]::run_test::{closure#1}, ()>::{closure#1} as core[a373ad73a504971]::ops::function::FnOnce<()>>::call_once::{shim:vtable#0}
[INFO] [stdout]   23:     0x62713ea0b12f - <std[617be2ca0a6fd877]::sys::thread::unix::Thread>::new::thread_start
[INFO] [stdout]   24:     0x7443b994fdfa - <unknown>
[INFO] [stdout]   25:     0x7443b99e33d4 - clone
[INFO] [stdout]   26:                0x0 - <unknown>
[INFO] [stdout] 
[INFO] [stdout] 
[INFO] [stdout] failures:
[INFO] [stdout]     test_code2session
[INFO] [stdout] 
[INFO] [stdout] test result: FAILED. 1 passed; 1 failed; 0 ignored; 0 measured; 0 filtered out; finished in 0.00s
[INFO] [stdout] 
[INFO] [stderr] error: test failed, to rerun pass `--test test_code2session`
[INFO] running `Command { std: "docker" "inspect" "e51ef17fc6944de3f7719fa99b9a22a8b91e1523a8f24eb5230e6cdd49ff11aa", kill_on_drop: false }`
[INFO] running `Command { std: "docker" "rm" "-f" "e51ef17fc6944de3f7719fa99b9a22a8b91e1523a8f24eb5230e6cdd49ff11aa", kill_on_drop: false }`
[INFO] [stdout] e51ef17fc6944de3f7719fa99b9a22a8b91e1523a8f24eb5230e6cdd49ff11aa
