[INFO] fetching crate rust-webx-core 0.5.1...
[INFO] testing rust-webx-core-0.5.1 against 1.99.0-beta.8+cargoflags=--release for beta-release-1.100-2
[INFO] extracting crate rust-webx-core 0.5.1 into /workspace/builds/worker-2-tc1/source
[INFO] started tweaking crates.io crate rust-webx-core 0.5.1
[INFO] removed 0 missing tests
[INFO] finished tweaking crates.io crate rust-webx-core 0.5.1
[INFO] tweaked toml for crates.io crate rust-webx-core 0.5.1 written to /workspace/builds/worker-2-tc1/source/Cargo.toml
[INFO] validating manifest of crates.io crate rust-webx-core 0.5.1 on toolchain 1.99.0-beta.8
[INFO] running `Command { std: CARGO_HOME="/workspace/cargo-home" RUSTUP_HOME="/workspace/rustup-home" "/workspace/cargo-home/bin/cargo" "+1.99.0-beta.8" "metadata" "--manifest-path" "Cargo.toml" "--no-deps", kill_on_drop: false }`
[INFO] crate crates.io crate rust-webx-core 0.5.1 already has a lockfile, it will not be regenerated
[INFO] running `Command { std: CARGO_HOME="/workspace/cargo-home" RUSTUP_HOME="/workspace/rustup-home" "/workspace/cargo-home/bin/cargo" "+1.99.0-beta.8" "fetch" "--manifest-path" "Cargo.toml", kill_on_drop: false }`
[INFO] [stderr]     Updating crates.io index
[INFO] [stderr]  Downloading crates ...
[INFO] [stderr]   Downloaded rust-dix v0.7.0
[INFO] [stderr]   Downloaded rust-dix-macros v0.7.0
[INFO] running `Command { std: "docker" "create" "-v" "/var/lib/crater-agent-workspace/builds/worker-2-tc1/source:/opt/rustwide/workdir:ro,Z" "-v" "/var/lib/crater-agent-workspace/builds/worker-2-tc1/target:/opt/rustwide/target:rw,Z" "-v" "/var/lib/crater-agent-workspace/cargo-home:/opt/rustwide/cargo-home:ro,Z" "-v" "/var/lib/crater-agent-workspace/rustup-home:/opt/rustwide/rustup-home:ro,Z" "-m" "1610612736" "--network" "none" "ghcr.io/rust-lang/crates-build-env/linux@sha256:77db811e55d90add9212f6832c23229e3de5f1c1f9905e8cb07319ea15df73ac" "sleep" "infinity", kill_on_drop: false }`
[INFO] [stdout] ab4924c3c0f1c9947be7b38057909fd37fce24e2a7f2943b13cee3ac2bdf4d4f
[INFO] running `Command { std: "docker" "start" "ab4924c3c0f1c9947be7b38057909fd37fce24e2a7f2943b13cee3ac2bdf4d4f", kill_on_drop: false }`
[INFO] running `Command { std: "docker" "inspect" "ab4924c3c0f1c9947be7b38057909fd37fce24e2a7f2943b13cee3ac2bdf4d4f", kill_on_drop: false }`
[INFO] running `Command { std: "docker" "exec" "-e" "SOURCE_DIR=/opt/rustwide/workdir" "-e" "CARGO_HOME=/opt/rustwide/cargo-home" "-e" "RUSTUP_HOME=/opt/rustwide/rustup-home" "-e" "CARGO_TARGET_DIR=/opt/rustwide/target" "-w" "/opt/rustwide/workdir" "--user" "0:0" "ab4924c3c0f1c9947be7b38057909fd37fce24e2a7f2943b13cee3ac2bdf4d4f" "/opt/rustwide/cargo-home/bin/cargo" "+1.99.0-beta.8" "metadata" "--no-deps" "--format-version=1", kill_on_drop: false }`
[INFO] running `Command { std: "docker" "inspect" "ab4924c3c0f1c9947be7b38057909fd37fce24e2a7f2943b13cee3ac2bdf4d4f", kill_on_drop: false }`
[INFO] running `Command { std: "docker" "exec" "-e" "SOURCE_DIR=/opt/rustwide/workdir" "-e" "CARGO_HOME=/opt/rustwide/cargo-home" "-e" "RUSTUP_HOME=/opt/rustwide/rustup-home" "-e" "CARGO_TARGET_DIR=/opt/rustwide/target" "-e" "CARGO_INCREMENTAL=0" "-e" "RUST_BACKTRACE=full" "-e" "RUSTFLAGS=--cap-lints=warn" "-e" "RUSTDOCFLAGS=--cap-lints=warn" "-w" "/opt/rustwide/workdir" "--user" "0:0" "ab4924c3c0f1c9947be7b38057909fd37fce24e2a7f2943b13cee3ac2bdf4d4f" "/opt/rustwide/cargo-home/bin/cargo" "+1.99.0-beta.8" "build" "--frozen" "--message-format=json" "--release", kill_on_drop: false }`
[INFO] [stderr]    Compiling inventory v0.3.24
[INFO] [stderr]    Compiling parking_lot_core v0.9.12
[INFO] [stderr]    Compiling rustix v1.1.4
[INFO] [stderr]    Compiling thiserror-impl v2.0.18
[INFO] [stderr]    Compiling tokio-macros v2.7.0
[INFO] [stderr]    Compiling rust-dix-macros v0.7.0
[INFO] [stderr]    Compiling async-trait v0.1.89
[INFO] [stderr]    Compiling serde_json v1.0.150
[INFO] [stderr]    Compiling futures-util v0.3.32
[INFO] [stderr]    Compiling serde v1.0.228
[INFO] [stderr]    Compiling parking_lot v0.12.5
[INFO] [stderr]    Compiling tokio v1.52.3
[INFO] [stderr]    Compiling thiserror v2.0.18
[INFO] [stderr]    Compiling tempfile v3.27.0
[INFO] [stderr]    Compiling futures-executor v0.3.32
[INFO] [stderr]    Compiling futures v0.3.32
[INFO] [stderr]    Compiling rust-dix v0.7.0
[INFO] [stderr]    Compiling rust-webx-core v0.5.1 (/opt/rustwide/workdir)
[INFO] [stderr]     Finished `release` profile [optimized] target(s) in 19.36s
[INFO] running `Command { std: "docker" "inspect" "ab4924c3c0f1c9947be7b38057909fd37fce24e2a7f2943b13cee3ac2bdf4d4f", kill_on_drop: false }`
[INFO] running `Command { std: "docker" "exec" "-e" "SOURCE_DIR=/opt/rustwide/workdir" "-e" "CARGO_HOME=/opt/rustwide/cargo-home" "-e" "RUSTUP_HOME=/opt/rustwide/rustup-home" "-e" "CARGO_TARGET_DIR=/opt/rustwide/target" "-e" "CARGO_INCREMENTAL=0" "-e" "RUST_BACKTRACE=full" "-e" "RUSTFLAGS=--cap-lints=warn" "-e" "RUSTDOCFLAGS=--cap-lints=warn" "-w" "/opt/rustwide/workdir" "--user" "0:0" "ab4924c3c0f1c9947be7b38057909fd37fce24e2a7f2943b13cee3ac2bdf4d4f" "/opt/rustwide/cargo-home/bin/cargo" "+1.99.0-beta.8" "test" "--frozen" "--no-run" "--message-format=json" "--release", kill_on_drop: false }`
[INFO] [stderr]    Compiling rust-webx-core v0.5.1 (/opt/rustwide/workdir)
[INFO] [stderr]     Finished `release` profile [optimized] target(s) in 7.19s
[INFO] running `Command { std: "docker" "inspect" "ab4924c3c0f1c9947be7b38057909fd37fce24e2a7f2943b13cee3ac2bdf4d4f", kill_on_drop: false }`
[INFO] running `Command { std: "docker" "exec" "-e" "SOURCE_DIR=/opt/rustwide/workdir" "-e" "CARGO_HOME=/opt/rustwide/cargo-home" "-e" "RUSTUP_HOME=/opt/rustwide/rustup-home" "-e" "CARGO_TARGET_DIR=/opt/rustwide/target" "-e" "CARGO_INCREMENTAL=0" "-e" "RUST_BACKTRACE=full" "-e" "RUSTFLAGS=--cap-lints=warn" "-e" "RUSTDOCFLAGS=--cap-lints=warn" "-w" "/opt/rustwide/workdir" "--user" "0:0" "ab4924c3c0f1c9947be7b38057909fd37fce24e2a7f2943b13cee3ac2bdf4d4f" "/opt/rustwide/cargo-home/bin/cargo" "+1.99.0-beta.8" "test" "--frozen" "--release", kill_on_drop: false }`
[INFO] [stderr]     Finished `release` profile [optimized] target(s) in 0.08s
[INFO] [stderr]      Running unittests src/lib.rs (/opt/rustwide/target/release/deps/webx_core-5544dd2e869f00f4)
[INFO] [stdout] 
[INFO] [stdout] running 22 tests
[INFO] [stdout] test config::tests::production_overlay_merge_keeps_explicit_cors_origins ... ok
[INFO] [stdout] test form::tests::form_lookup_helpers ... ok
[INFO] [stdout] test config::tests::cors_section_binds_pascal_case_from_appsettings ... ok
[INFO] [stdout] test form::tests::sanitize_caps_length ... ok
[INFO] [stdout] test config::tests::config_env_jwt_and_app_override_precedence ... ok
[INFO] [stdout] test form::de::tests::json_with_arbitrary_keys_is_rejected ... ok
[INFO] [stdout] test form::tests::sanitize_keeps_leading_dot_names ... ok
[INFO] [stdout] test form::de::tests::json_cannot_smuggle_a_file_handle ... ok
[INFO] [stdout] test form::de::tests::binds_unit_enum_variants ... ok
[INFO] [stdout] test form::de::tests::binds_memory_backed_file_parts ... ok
[INFO] [stdout] test form::de::tests::route_params_override_form_fields ... ok
[INFO] [stdout] test form::tests::builder_enforces_max_size ... ok
[INFO] [stdout] test form::de::tests::binds_text_fields_to_a_struct ... ok
[INFO] [stdout] test form::de::tests::reports_a_clear_error_for_bad_numbers ... ok
[INFO] [stdout] test form::tests::builder_keeps_small_files_in_memory ... ok
[INFO] [stdout] test form::de::tests::binds_repeated_file_parts_into_a_vec ... ok
[INFO] [stdout] test form::tests::sanitize_strips_path_traversal ... ok
[INFO] [stdout] test form::tests::sanitize_rejects_empty_and_dot_names ... ok
[INFO] [stdout] test form::tests::sanitize_replaces_reserved_characters ... ok
[INFO] [stdout] test form::tests::builder_spills_large_files_to_disk_and_cleans_up ... ok
[INFO] [stdout] test form::tests::save_as_writes_atomically ... ok
[INFO] [stdout] test form::de::tests::spooled_files_outlive_the_form ... ok
[INFO] [stdout] 
[INFO] [stdout] test result: ok. 22 passed; 0 failed; 0 ignored; 0 measured; 0 filtered out; finished in 0.01s
[INFO] [stdout] 
[INFO] [stderr]      Running tests/config_test.rs (/opt/rustwide/target/release/deps/config_test-0868eae0c24fec8e)
[INFO] [stdout] 
[INFO] [stdout] running 14 tests
[INFO] [stdout] test config_bind_section_extracts_nested ... ok
[INFO] [stdout] test config_bind_root_defaults_missing_fields ... ok
[INFO] [stdout] test config_bind_section_missing_returns_default ... ok
[INFO] [stdout] test config_cors_section_defaults ... ok
[INFO] [stdout] test config_cors_binds_pascal_case_origins ... ok
[INFO] [stdout] test config_app_options_defaults ... ok
[INFO] [stdout] test config_bind_empty_json_returns_default ... ok
[INFO] [stdout] test config_bind_root_parses_top_level ... ok
[INFO] [stdout] test config_env_override_bind_root_preserves_values ... ok
[INFO] [stdout] test config_merge_and_bind_root ... ok
[INFO] [stdout] test config_jwt_secret_env_override ... FAILED
[INFO] [stdout] test config_load_appsettings_development_mode_merges ... ok
[INFO] [stdout] test config_load_appsettings_production_mode ... ok
[INFO] [stdout] test config_app_jwt_secret_overrides_jwt_secret_env ... ok
[INFO] [stdout] 
[INFO] [stdout] failures:
[INFO] [stdout] 
[INFO] [stdout] ---- config_jwt_secret_env_override stdout ----
[INFO] [stdout] 
[INFO] [stdout] thread 'config_jwt_secret_env_override' (716) panicked at tests/config_test.rs:174:27:
[INFO] [stdout] expected config when JWT_SECRET set
[INFO] [stdout] stack backtrace:
[INFO] [stdout]    0:     0x5d6f8ee75641 - <<std[70759c8f55707aa4]::sys::backtrace::BacktraceLock>::print::DisplayBacktrace as core[df12db4294e9bfd3]::fmt::Display>::fmt
[INFO] [stdout]    1:     0x5d6f8ee8a55a - core[df12db4294e9bfd3]::fmt::write
[INFO] [stdout]    2:     0x5d6f8ee79f7c - <alloc[2182bb758b4b3781]::vec::Vec<u8> as core[df12db4294e9bfd3]::io::write::Write>::write_fmt
[INFO] [stdout]    3:     0x5d6f8ee50d76 - std[70759c8f55707aa4]::panicking::default_hook::{closure#0}
[INFO] [stdout]    4:     0x5d6f8ee6d4f9 - std[70759c8f55707aa4]::panicking::default_hook
[INFO] [stdout]    5:     0x5d6f8edf98d0 - test[9d35eded1c95d3be]::test_main_inner::<test[9d35eded1c95d3be]::test_main_static::{closure#0}>::{closure#0}
[INFO] [stdout]    6:     0x5d6f8ee6d6b2 - std[70759c8f55707aa4]::panicking::panic_with_hook
[INFO] [stdout]    7:     0x5d6f8ee50e22 - std[70759c8f55707aa4]::panicking::panic_handler::{closure#0}
[INFO] [stdout]    8:     0x5d6f8ee49739 - std[70759c8f55707aa4]::sys::backtrace::__rust_end_short_backtrace::<std[70759c8f55707aa4]::panicking::panic_handler::{closure#0}, !>
[INFO] [stdout]    9:     0x5d6f8ee51c3d - __rustc[8fa7c3cbc660c2b3]::rust_begin_unwind
[INFO] [stdout]   10:     0x5d6f8ee8acbc - core[df12db4294e9bfd3]::panicking::panic_fmt
[INFO] [stdout]   11:     0x5d6f8ee8aa14 - core[df12db4294e9bfd3]::option::expect_failed
[INFO] [stdout]   12:     0x5d6f8eddfecd - <config_test[9bb281355c6202b8]::config_jwt_secret_env_override::{closure#0} as core[df12db4294e9bfd3]::ops::function::FnOnce<()>>::call_once
[INFO] [stdout]   13:     0x5d6f8edecbbb - test[9d35eded1c95d3be]::__rust_begin_short_backtrace::<core[df12db4294e9bfd3]::result::Result<(), alloc[2182bb758b4b3781]::string::String>, fn() -> core[df12db4294e9bfd3]::result::Result<(), alloc[2182bb758b4b3781]::string::String>>
[INFO] [stdout]   14:     0x5d6f8edfa225 - test[9d35eded1c95d3be]::run_test::{closure#0}
[INFO] [stdout]   15:     0x5d6f8edf3ae4 - std[70759c8f55707aa4]::sys::backtrace::__rust_begin_short_backtrace::<test[9d35eded1c95d3be]::run_test::{closure#1}, ()>
[INFO] [stdout]   16:     0x5d6f8edfd382 - <std[70759c8f55707aa4]::thread::lifecycle::spawn_unchecked<test[9d35eded1c95d3be]::run_test::{closure#1}, ()>::{closure#1} as core[df12db4294e9bfd3]::ops::function::FnOnce<()>>::call_once::{shim:vtable#0}
[INFO] [stdout]   17:     0x5d6f8ee74b79 - <std[70759c8f55707aa4]::sys::thread::unix::Thread>::new::thread_start
[INFO] [stdout]   18:     0x79b762579dfa - <unknown>
[INFO] [stdout]   19:     0x79b76260d3d4 - clone
[INFO] [stdout]   20:                0x0 - <unknown>
[INFO] [stdout] 
[INFO] [stdout] 
[INFO] [stdout] failures:
[INFO] [stdout]     config_jwt_secret_env_override
[INFO] [stdout] 
[INFO] [stdout] test result: FAILED. 13 passed; 1 failed; 0 ignored; 0 measured; 0 filtered out; finished in 0.06s
[INFO] [stdout] 
[INFO] [stderr] error: test failed, to rerun pass `--test config_test`
[INFO] running `Command { std: "docker" "inspect" "ab4924c3c0f1c9947be7b38057909fd37fce24e2a7f2943b13cee3ac2bdf4d4f", kill_on_drop: false }`
[INFO] running `Command { std: "docker" "rm" "-f" "ab4924c3c0f1c9947be7b38057909fd37fce24e2a7f2943b13cee3ac2bdf4d4f", kill_on_drop: false }`
[INFO] [stdout] ab4924c3c0f1c9947be7b38057909fd37fce24e2a7f2943b13cee3ac2bdf4d4f
