[INFO] fetching crate rust-utils 0.16.0...
[INFO] testing rust-utils-0.16.0 against 1.99.0-beta.8+cargoflags=--release for beta-release-1.100-2
[INFO] extracting crate rust-utils 0.16.0 into /workspace/builds/worker-3-tc1/source
[INFO] started tweaking crates.io crate rust-utils 0.16.0
[INFO] finished tweaking crates.io crate rust-utils 0.16.0
[INFO] tweaked toml for crates.io crate rust-utils 0.16.0 written to /workspace/builds/worker-3-tc1/source/Cargo.toml
[INFO] validating manifest of crates.io crate rust-utils 0.16.0 on toolchain 1.99.0-beta.8
[INFO] running `Command { std: CARGO_HOME="/workspace/cargo-home" RUSTUP_HOME="/workspace/rustup-home" "/workspace/cargo-home/bin/cargo" "+1.99.0-beta.8" "metadata" "--manifest-path" "Cargo.toml" "--no-deps", kill_on_drop: false }`
[INFO] crate crates.io crate rust-utils 0.16.0 already has a lockfile, it will not be regenerated
[INFO] running `Command { std: CARGO_HOME="/workspace/cargo-home" RUSTUP_HOME="/workspace/rustup-home" "/workspace/cargo-home/bin/cargo" "+1.99.0-beta.8" "fetch" "--manifest-path" "Cargo.toml", kill_on_drop: false }`
[INFO] [stderr]     Updating crates.io index
[INFO] [stderr]  Downloading crates ...
[INFO] [stderr]   Downloaded quote v1.0.36
[INFO] [stderr]   Downloaded if_chain v1.0.2
[INFO] [stderr]   Downloaded rust-utils-macros v0.1.0
[INFO] [stderr]   Downloaded addr2line v0.22.0
[INFO] [stderr]   Downloaded serde v1.0.204
[INFO] [stderr]   Downloaded serde_derive v1.0.204
[INFO] [stderr]   Downloaded toml_edit v0.22.20
[INFO] [stderr]   Downloaded cc v1.1.7
[INFO] [stderr]   Downloaded backtrace v0.3.73
[INFO] [stderr]   Downloaded indexmap v2.3.0
[INFO] [stderr]   Downloaded syn v2.0.72
[INFO] [stderr]   Downloaded regex v1.10.5
[INFO] [stderr]   Downloaded gimli v0.29.0
[INFO] [stderr]   Downloaded object v0.36.2
[INFO] [stderr]   Downloaded libc v0.2.155
[INFO] [stderr]   Downloaded tokio v1.39.2
[INFO] running `Command { std: "docker" "create" "-v" "/var/lib/crater-agent-workspace/builds/worker-3-tc1/source:/opt/rustwide/workdir:ro,Z" "-v" "/var/lib/crater-agent-workspace/builds/worker-3-tc1/target:/opt/rustwide/target:rw,Z" "-v" "/var/lib/crater-agent-workspace/cargo-home:/opt/rustwide/cargo-home:ro,Z" "-v" "/var/lib/crater-agent-workspace/rustup-home:/opt/rustwide/rustup-home:ro,Z" "-m" "1610612736" "--network" "none" "ghcr.io/rust-lang/crates-build-env/linux@sha256:77db811e55d90add9212f6832c23229e3de5f1c1f9905e8cb07319ea15df73ac" "sleep" "infinity", kill_on_drop: false }`
[INFO] [stdout] 148ce854fea9e8425ba43563a9ad0d178abad3620530d275a3e981c8f1a8f878
[INFO] running `Command { std: "docker" "start" "148ce854fea9e8425ba43563a9ad0d178abad3620530d275a3e981c8f1a8f878", kill_on_drop: false }`
[INFO] running `Command { std: "docker" "inspect" "148ce854fea9e8425ba43563a9ad0d178abad3620530d275a3e981c8f1a8f878", kill_on_drop: false }`
[INFO] running `Command { std: "docker" "exec" "-e" "SOURCE_DIR=/opt/rustwide/workdir" "-e" "CARGO_HOME=/opt/rustwide/cargo-home" "-e" "RUSTUP_HOME=/opt/rustwide/rustup-home" "-e" "CARGO_TARGET_DIR=/opt/rustwide/target" "-w" "/opt/rustwide/workdir" "--user" "0:0" "148ce854fea9e8425ba43563a9ad0d178abad3620530d275a3e981c8f1a8f878" "/opt/rustwide/cargo-home/bin/cargo" "+1.99.0-beta.8" "metadata" "--no-deps" "--format-version=1", kill_on_drop: false }`
[INFO] running `Command { std: "docker" "inspect" "148ce854fea9e8425ba43563a9ad0d178abad3620530d275a3e981c8f1a8f878", kill_on_drop: false }`
[INFO] running `Command { std: "docker" "exec" "-e" "SOURCE_DIR=/opt/rustwide/workdir" "-e" "CARGO_HOME=/opt/rustwide/cargo-home" "-e" "RUSTUP_HOME=/opt/rustwide/rustup-home" "-e" "CARGO_TARGET_DIR=/opt/rustwide/target" "-e" "CARGO_INCREMENTAL=0" "-e" "RUST_BACKTRACE=full" "-e" "RUSTFLAGS=--cap-lints=warn" "-e" "RUSTDOCFLAGS=--cap-lints=warn" "-w" "/opt/rustwide/workdir" "--user" "0:0" "148ce854fea9e8425ba43563a9ad0d178abad3620530d275a3e981c8f1a8f878" "/opt/rustwide/cargo-home/bin/cargo" "+1.99.0-beta.8" "build" "--frozen" "--message-format=json" "--release", kill_on_drop: false }`
[INFO] [stderr]    Compiling proc-macro2 v1.0.86
[INFO] [stderr]    Compiling serde v1.0.204
[INFO] [stderr]    Compiling cc v1.1.7
[INFO] [stderr]    Compiling hashbrown v0.14.5
[INFO] [stderr]    Compiling libc v0.2.155
[INFO] [stderr]    Compiling gimli v0.29.0
[INFO] [stderr]    Compiling num-traits v0.2.19
[INFO] [stderr]    Compiling adler v1.0.2
[INFO] [stderr]    Compiling winnow v0.6.18
[INFO] [stderr]    Compiling miniz_oxide v0.7.4
[INFO] [stderr]    Compiling indexmap v2.3.0
[INFO] [stderr]    Compiling object v0.36.2
[INFO] [stderr]    Compiling quote v1.0.36
[INFO] [stderr]    Compiling if_chain v1.0.2
[INFO] [stderr]    Compiling rustc-demangle v0.1.24
[INFO] [stderr]    Compiling syn v2.0.72
[INFO] [stderr]    Compiling iana-time-zone v0.1.60
[INFO] [stderr]    Compiling backtrace v0.3.73
[INFO] [stderr]    Compiling chrono v0.4.38
[INFO] [stderr]    Compiling colored v2.1.0
[INFO] [stderr]    Compiling addr2line v0.22.0
[INFO] [stderr]    Compiling serde_derive v1.0.204
[INFO] [stderr]    Compiling rust-utils-macros v0.1.0
[INFO] [stderr]    Compiling toml_datetime v0.6.8
[INFO] [stderr]    Compiling serde_spanned v0.6.7
[INFO] [stderr]    Compiling bitflags v2.6.0
[INFO] [stderr]    Compiling ron v0.8.1
[INFO] [stderr]    Compiling toml_edit v0.22.20
[INFO] [stderr]    Compiling toml v0.8.19
[INFO] [stderr]    Compiling rust-utils v0.16.0 (/opt/rustwide/workdir)
[INFO] [stderr]     Finished `release` profile [optimized] target(s) in 58.40s
[INFO] running `Command { std: "docker" "inspect" "148ce854fea9e8425ba43563a9ad0d178abad3620530d275a3e981c8f1a8f878", kill_on_drop: false }`
[INFO] running `Command { std: "docker" "exec" "-e" "SOURCE_DIR=/opt/rustwide/workdir" "-e" "CARGO_HOME=/opt/rustwide/cargo-home" "-e" "RUSTUP_HOME=/opt/rustwide/rustup-home" "-e" "CARGO_TARGET_DIR=/opt/rustwide/target" "-e" "CARGO_INCREMENTAL=0" "-e" "RUST_BACKTRACE=full" "-e" "RUSTFLAGS=--cap-lints=warn" "-e" "RUSTDOCFLAGS=--cap-lints=warn" "-w" "/opt/rustwide/workdir" "--user" "0:0" "148ce854fea9e8425ba43563a9ad0d178abad3620530d275a3e981c8f1a8f878" "/opt/rustwide/cargo-home/bin/cargo" "+1.99.0-beta.8" "test" "--frozen" "--no-run" "--message-format=json" "--release", kill_on_drop: false }`
[INFO] [stderr]    Compiling aho-corasick v1.1.3
[INFO] [stderr]    Compiling regex-syntax v0.8.4
[INFO] [stderr]    Compiling regex-automata v0.4.7
[INFO] [stderr]    Compiling regex v1.10.5
[INFO] [stderr]    Compiling rust-utils v0.16.0 (/opt/rustwide/workdir)
[INFO] [stderr]     Finished `release` profile [optimized] target(s) in 34.43s
[INFO] running `Command { std: "docker" "inspect" "148ce854fea9e8425ba43563a9ad0d178abad3620530d275a3e981c8f1a8f878", kill_on_drop: false }`
[INFO] running `Command { std: "docker" "exec" "-e" "SOURCE_DIR=/opt/rustwide/workdir" "-e" "CARGO_HOME=/opt/rustwide/cargo-home" "-e" "RUSTUP_HOME=/opt/rustwide/rustup-home" "-e" "CARGO_TARGET_DIR=/opt/rustwide/target" "-e" "CARGO_INCREMENTAL=0" "-e" "RUST_BACKTRACE=full" "-e" "RUSTFLAGS=--cap-lints=warn" "-e" "RUSTDOCFLAGS=--cap-lints=warn" "-w" "/opt/rustwide/workdir" "--user" "0:0" "148ce854fea9e8425ba43563a9ad0d178abad3620530d275a3e981c8f1a8f878" "/opt/rustwide/cargo-home/bin/cargo" "+1.99.0-beta.8" "test" "--frozen" "--release", kill_on_drop: false }`
[INFO] [stderr]     Finished `release` profile [optimized] target(s) in 0.09s
[INFO] [stderr]      Running unittests src/lib.rs (/opt/rustwide/target/release/deps/rust_utils-9c3acd33529ed67a)
[INFO] [stdout] 
[INFO] [stdout] running 15 tests
[INFO] [stdout] test tests::get_execname ... ok
[INFO] [stdout] test tests::get_filename ... ok
[INFO] [stdout] test tests::alphabetize ... ok
[INFO] [stdout] test tests::encapsulated_macro ... ok
[INFO] [stdout] test tests::capitalize ... ok
[INFO] [stdout] test tests::chainable_macro ... ok
[INFO] [stdout] test tests::get_parent ... FAILED
[INFO] [stdout] test tests::map_macro ... ok
[INFO] [stdout] test tests::new_macro ... ok
[INFO] [stdout] test tests::config_test ... ok
[INFO] [stdout] test tests::user_input ... ok
[INFO] [stdout] test tests::logging_panic_test - should panic ... ok
[INFO] [stdout] test tests::spawn_proc_test ... FAILED
[INFO] [stdout] test tests::run_cmd_test ... FAILED
[INFO] [stderr] error: test failed, to rerun pass `--lib`
[INFO] [stdout] test tests::logging_test ... ok
[INFO] [stdout] 
[INFO] [stdout] failures:
[INFO] [stdout] 
[INFO] [stdout] ---- tests::get_parent stdout ----
[INFO] [stdout] get_parent() test:
[INFO] [stdout] /root/
[INFO] [stdout] 
[INFO] [stdout] thread 'tests::get_parent' (861) panicked at src/tests.rs:47:5:
[INFO] [stdout] assertion `left == right` failed
[INFO] [stdout]   left: "/"
[INFO] [stdout]  right: "/home"
[INFO] [stdout] stack backtrace:
[INFO] [stdout]    0:     0x55841c674b31 - <<std[70759c8f55707aa4]::sys::backtrace::BacktraceLock>::print::DisplayBacktrace as core[df12db4294e9bfd3]::fmt::Display>::fmt
[INFO] [stdout]    1:     0x55841c68bfda - core[df12db4294e9bfd3]::fmt::write
[INFO] [stdout]    2:     0x55841c67926c - <alloc[2182bb758b4b3781]::vec::Vec<u8> as core[df12db4294e9bfd3]::io::write::Write>::write_fmt
[INFO] [stdout]    3:     0x55841c64ea16 - std[70759c8f55707aa4]::panicking::default_hook::{closure#0}
[INFO] [stdout]    4:     0x55841c66bf19 - std[70759c8f55707aa4]::panicking::default_hook
[INFO] [stdout]    5:     0x55841c502e20 - test[9d35eded1c95d3be]::test_main_inner::<test[9d35eded1c95d3be]::test_main_static::{closure#0}>::{closure#0}
[INFO] [stdout]    6:     0x55841c66c0d2 - std[70759c8f55707aa4]::panicking::panic_with_hook
[INFO] [stdout]    7:     0x55841c64eac2 - std[70759c8f55707aa4]::panicking::panic_handler::{closure#0}
[INFO] [stdout]    8:     0x55841c647519 - std[70759c8f55707aa4]::sys::backtrace::__rust_end_short_backtrace::<std[70759c8f55707aa4]::panicking::panic_handler::{closure#0}, !>
[INFO] [stdout]    9:     0x55841c64f73d - __rustc[8fa7c3cbc660c2b3]::rust_begin_unwind
[INFO] [stdout]   10:     0x55841c68c7bc - core[df12db4294e9bfd3]::panicking::panic_fmt
[INFO] [stdout]   11:     0x55841c68c6d3 - core[df12db4294e9bfd3]::panicking::assert_failed_inner
[INFO] [stdout]   12:     0x55841c4b800a - core[df12db4294e9bfd3]::panicking::assert_failed::<alloc[2182bb758b4b3781]::string::String, &str>
[INFO] [stdout]   13:     0x55841c49d677 - rust_utils[85152ec61966fd1a]::tests::get_parent
[INFO] [stdout]   14:     0x55841c4b7729 - <rust_utils[85152ec61966fd1a]::tests::get_parent::{closure#0} as core[df12db4294e9bfd3]::ops::function::FnOnce<()>>::call_once
[INFO] [stdout]   15:     0x55841c4f610b - test[9d35eded1c95d3be]::__rust_begin_short_backtrace::<core[df12db4294e9bfd3]::result::Result<(), alloc[2182bb758b4b3781]::string::String>, fn() -> core[df12db4294e9bfd3]::result::Result<(), alloc[2182bb758b4b3781]::string::String>>
[INFO] [stdout]   16:     0x55841c503775 - test[9d35eded1c95d3be]::run_test::{closure#0}
[INFO] [stdout]   17:     0x55841c4fd034 - std[70759c8f55707aa4]::sys::backtrace::__rust_begin_short_backtrace::<test[9d35eded1c95d3be]::run_test::{closure#1}, ()>
[INFO] [stdout]   18:     0x55841c5068d2 - <std[70759c8f55707aa4]::thread::lifecycle::spawn_unchecked<test[9d35eded1c95d3be]::run_test::{closure#1}, ()>::{closure#1} as core[df12db4294e9bfd3]::ops::function::FnOnce<()>>::call_once::{shim:vtable#0}
[INFO] [stdout]   19:     0x55841c673b89 - <std[70759c8f55707aa4]::sys::thread::unix::Thread>::new::thread_start
[INFO] [stdout]   20:     0x7c5d4c8b8dfa - <unknown>
[INFO] [stdout]   21:     0x7c5d4c94c3d4 - clone
[INFO] [stdout]   22:                0x0 - <unknown>
[INFO] [stdout] 
[INFO] [stdout] ---- tests::spawn_proc_test stdout ----
[INFO] [stdout] [16:01:39] [FATAL]: Thread 'tests::spawn_proc_test' panicked at src/tests.rs:215:5
[INFO] [stdout] [16:01:39] [FATAL]: Error: called `Result::unwrap()` on an `Err` value: Os { code: 2, kind: NotFound, message: "No such file or directory" }
[INFO] [stdout] [16:01:39] [FATAL]: Backtrace:
[INFO] [stdout] [16:01:39] [FATAL]:    0: rust_utils::logging::panic_handler
[INFO] [stdout] [16:01:39] [FATAL]:    1: std::panicking::panic_with_hook
[INFO] [stdout] [16:01:39] [FATAL]:    2: std::panicking::panic_handler::{closure#0}
[INFO] [stdout] [16:01:39] [FATAL]:    3: std::sys::backtrace::__rust_end_short_backtrace::<std::panicking::panic_handler::{closure#0}, !>
[INFO] [stdout] [16:01:39] [FATAL]:    4: __rustc::rust_begin_unwind
[INFO] [stdout] [16:01:39] [FATAL]:    5: core::panicking::panic_fmt
[INFO] [stdout] [16:01:39] [FATAL]:    6: core::result::unwrap_failed
[INFO] [stdout] [16:01:39] [FATAL]:    7: rust_utils::utils::spawn_process::<[&str; 1], &str>
[INFO] [stdout] [16:01:39] [FATAL]:    8: rust_utils::tests::spawn_proc_test
[INFO] [stdout] [16:01:39] [FATAL]:    9: <rust_utils::tests::spawn_proc_test::{closure#0} as core::ops::function::FnOnce<()>>::call_once
[INFO] [stdout] [16:01:39] [FATAL]:   10: test::__rust_begin_short_backtrace::<core::result::Result<(), alloc::string::String>, fn() -> core::result::Result<(), alloc::string::String>>
[INFO] [stdout] [16:01:39] [FATAL]:   11: test::run_test::{closure#0}
[INFO] [stdout] [16:01:39] [FATAL]:   12: std::sys::backtrace::__rust_begin_short_backtrace::<test::run_test::{closure#1}, ()>
[INFO] [stdout] [16:01:39] [FATAL]:   13: <std::thread::lifecycle::spawn_unchecked<test::run_test::{closure#1}, ()>::{closure#1} as core::ops::function::FnOnce<()>>::call_once::{shim:vtable#0}
[INFO] [stdout] [16:01:39] [FATAL]:   14: <std::sys::thread::unix::Thread>::new::thread_start
[INFO] [stdout] [16:01:39] [FATAL]:   15: <unknown>
[INFO] [stdout] [16:01:39] [FATAL]:   16: clone
[INFO] [stdout] 
[INFO] [stdout] ---- tests::run_cmd_test stdout ----
[INFO] [stdout] [16:01:39] [FATAL]: Thread 'tests::run_cmd_test' panicked at src/tests.rs:207:5
[INFO] [stdout] [16:01:39] [FATAL]: Error: assertion `left == right` failed
[INFO] [stdout] [16:01:39] [FATAL]:   left: "No such file or directory (os error 2)"
[INFO] [stdout] [16:01:39] [FATAL]:  right: "full"
[INFO] [stdout] [16:01:39] [FATAL]: Backtrace:
[INFO] [stdout] [16:01:39] [FATAL]:    0: rust_utils::logging::panic_handler
[INFO] [stdout] [16:01:39] [FATAL]:    1: std::panicking::panic_with_hook
[INFO] [stdout] [16:01:39] [FATAL]:    2: std::panicking::panic_handler::{closure#0}
[INFO] [stdout] [16:01:39] [FATAL]:    3: std::sys::backtrace::__rust_end_short_backtrace::<std::panicking::panic_handler::{closure#0}, !>
[INFO] [stdout] [16:01:39] [FATAL]:    4: __rustc::rust_begin_unwind
[INFO] [stdout] [16:01:39] [FATAL]:    5: core::panicking::panic_fmt
[INFO] [stdout] [16:01:39] [FATAL]:    6: core::panicking::assert_failed_inner
[INFO] [stdout] [16:01:39] [FATAL]:    7: core::panicking::assert_failed::<alloc::string::String, &str>
[INFO] [stdout] [16:01:39] [FATAL]:    8: rust_utils::tests::run_cmd_test
[INFO] [stdout] [16:01:39] [FATAL]:    9: <rust_utils::tests::run_cmd_test::{closure#0} as core::ops::function::FnOnce<()>>::call_once
[INFO] [stdout] [16:01:39] [FATAL]:   10: test::__rust_begin_short_backtrace::<core::result::Result<(), alloc::string::String>, fn() -> core::result::Result<(), alloc::string::String>>
[INFO] [stdout] [16:01:39] [FATAL]:   11: test::run_test::{closure#0}
[INFO] [stdout] [16:01:39] [FATAL]:   12: std::sys::backtrace::__rust_begin_short_backtrace::<test::run_test::{closure#1}, ()>
[INFO] [stdout] [16:01:39] [FATAL]:   13: <std::thread::lifecycle::spawn_unchecked<test::run_test::{closure#1}, ()>::{closure#1} as core::ops::function::FnOnce<()>>::call_once::{shim:vtable#0}
[INFO] [stdout] [16:01:39] [FATAL]:   14: <std::sys::thread::unix::Thread>::new::thread_start
[INFO] [stdout] [16:01:39] [FATAL]:   15: <unknown>
[INFO] [stdout] [16:01:39] [FATAL]:   16: clone
[INFO] [stdout] 
[INFO] [stdout] 
[INFO] [stdout] failures:
[INFO] [stdout]     tests::get_parent
[INFO] [stdout]     tests::run_cmd_test
[INFO] [stdout]     tests::spawn_proc_test
[INFO] [stdout] 
[INFO] [stdout] test result: FAILED. 12 passed; 3 failed; 0 ignored; 0 measured; 0 filtered out; finished in 0.13s
[INFO] [stdout] 
[INFO] running `Command { std: "docker" "inspect" "148ce854fea9e8425ba43563a9ad0d178abad3620530d275a3e981c8f1a8f878", kill_on_drop: false }`
[INFO] running `Command { std: "docker" "rm" "-f" "148ce854fea9e8425ba43563a9ad0d178abad3620530d275a3e981c8f1a8f878", kill_on_drop: false }`
[INFO] [stdout] 148ce854fea9e8425ba43563a9ad0d178abad3620530d275a3e981c8f1a8f878
