[INFO] fetching crate rust-toolkit-xtask 0.4.1...
[INFO] testing rust-toolkit-xtask-0.4.1 against 1.100.0-beta.1+cargoflags=--release for beta-release-1.100-2
[INFO] extracting crate rust-toolkit-xtask 0.4.1 into /workspace/builds/worker-4-tc2/source
[INFO] started tweaking crates.io crate rust-toolkit-xtask 0.4.1
[INFO] removed 0 missing tests
[INFO] finished tweaking crates.io crate rust-toolkit-xtask 0.4.1
[INFO] tweaked toml for crates.io crate rust-toolkit-xtask 0.4.1 written to /workspace/builds/worker-4-tc2/source/Cargo.toml
[INFO] validating manifest of crates.io crate rust-toolkit-xtask 0.4.1 on toolchain 1.100.0-beta.1
[INFO] running `Command { std: CARGO_HOME="/workspace/cargo-home" RUSTUP_HOME="/workspace/rustup-home" "/workspace/cargo-home/bin/cargo" "+1.100.0-beta.1" "metadata" "--manifest-path" "Cargo.toml" "--no-deps", kill_on_drop: false }`
[INFO] crate crates.io crate rust-toolkit-xtask 0.4.1 already has a lockfile, it will not be regenerated
[INFO] running `Command { std: CARGO_HOME="/workspace/cargo-home" RUSTUP_HOME="/workspace/rustup-home" "/workspace/cargo-home/bin/cargo" "+1.100.0-beta.1" "fetch" "--manifest-path" "Cargo.toml", kill_on_drop: false }`
[INFO] running `Command { std: "docker" "create" "-v" "/var/lib/crater-agent-workspace/builds/worker-4-tc2/source:/opt/rustwide/workdir:ro,Z" "-v" "/var/lib/crater-agent-workspace/builds/worker-4-tc2/target:/opt/rustwide/target:rw,Z" "-v" "/var/lib/crater-agent-workspace/cargo-home:/opt/rustwide/cargo-home:ro,Z" "-v" "/var/lib/crater-agent-workspace/rustup-home:/opt/rustwide/rustup-home:ro,Z" "-m" "1610612736" "--network" "none" "ghcr.io/rust-lang/crates-build-env/linux@sha256:77db811e55d90add9212f6832c23229e3de5f1c1f9905e8cb07319ea15df73ac" "sleep" "infinity", kill_on_drop: false }`
[INFO] [stdout] 154a7f6254b92d8eb731f34bf341d2ec6b8d9ef1398741857b374707a4e5237b
[INFO] running `Command { std: "docker" "start" "154a7f6254b92d8eb731f34bf341d2ec6b8d9ef1398741857b374707a4e5237b", kill_on_drop: false }`
[INFO] running `Command { std: "docker" "inspect" "154a7f6254b92d8eb731f34bf341d2ec6b8d9ef1398741857b374707a4e5237b", kill_on_drop: false }`
[INFO] running `Command { std: "docker" "exec" "-e" "SOURCE_DIR=/opt/rustwide/workdir" "-e" "CARGO_HOME=/opt/rustwide/cargo-home" "-e" "RUSTUP_HOME=/opt/rustwide/rustup-home" "-e" "CARGO_TARGET_DIR=/opt/rustwide/target" "-w" "/opt/rustwide/workdir" "--user" "0:0" "154a7f6254b92d8eb731f34bf341d2ec6b8d9ef1398741857b374707a4e5237b" "/opt/rustwide/cargo-home/bin/cargo" "+1.100.0-beta.1" "metadata" "--no-deps" "--format-version=1", kill_on_drop: false }`
[INFO] running `Command { std: "docker" "inspect" "154a7f6254b92d8eb731f34bf341d2ec6b8d9ef1398741857b374707a4e5237b", kill_on_drop: false }`
[INFO] running `Command { std: "docker" "exec" "-e" "SOURCE_DIR=/opt/rustwide/workdir" "-e" "CARGO_HOME=/opt/rustwide/cargo-home" "-e" "RUSTUP_HOME=/opt/rustwide/rustup-home" "-e" "CARGO_TARGET_DIR=/opt/rustwide/target" "-e" "CARGO_INCREMENTAL=0" "-e" "RUST_BACKTRACE=full" "-e" "RUSTFLAGS=--cap-lints=warn" "-e" "RUSTDOCFLAGS=--cap-lints=warn" "-w" "/opt/rustwide/workdir" "--user" "0:0" "154a7f6254b92d8eb731f34bf341d2ec6b8d9ef1398741857b374707a4e5237b" "/opt/rustwide/cargo-home/bin/cargo" "+1.100.0-beta.1" "build" "--frozen" "--message-format=json" "--release", kill_on_drop: false }`
[INFO] [stderr]    Compiling serde v1.0.228
[INFO] [stderr]    Compiling proc-macro2 v1.0.106
[INFO] [stderr]    Compiling hashbrown v0.17.0
[INFO] [stderr]    Compiling regex-syntax v0.8.10
[INFO] [stderr]    Compiling pulldown-cmark v0.10.3
[INFO] [stderr]    Compiling pulldown-cmark-escape v0.10.1
[INFO] [stderr]    Compiling quote v1.0.45
[INFO] [stderr]    Compiling getopts v0.2.24
[INFO] [stderr]    Compiling unicase v2.9.0
[INFO] [stderr]    Compiling bitflags v2.11.1
[INFO] [stderr]    Compiling serde_json v1.0.149
[INFO] [stderr]    Compiling indexmap v2.14.0
[INFO] [stderr]    Compiling toml_datetime v0.6.11
[INFO] [stderr]    Compiling serde_spanned v0.6.9
[INFO] [stderr]    Compiling syn v2.0.117
[INFO] [stderr]    Compiling toml_edit v0.22.27
[INFO] [stderr]    Compiling regex-automata v0.4.14
[INFO] [stderr]    Compiling toml v0.8.23
[INFO] [stderr]    Compiling regex v1.12.3
[INFO] [stderr]    Compiling rust-toolkit-xtask v0.4.1 (/opt/rustwide/workdir)
[INFO] [stderr]     Finished `release` profile [optimized] target(s) in 1m 13s
[INFO] running `Command { std: "docker" "inspect" "154a7f6254b92d8eb731f34bf341d2ec6b8d9ef1398741857b374707a4e5237b", kill_on_drop: false }`
[INFO] running `Command { std: "docker" "exec" "-e" "SOURCE_DIR=/opt/rustwide/workdir" "-e" "CARGO_HOME=/opt/rustwide/cargo-home" "-e" "RUSTUP_HOME=/opt/rustwide/rustup-home" "-e" "CARGO_TARGET_DIR=/opt/rustwide/target" "-e" "CARGO_INCREMENTAL=0" "-e" "RUST_BACKTRACE=full" "-e" "RUSTFLAGS=--cap-lints=warn" "-e" "RUSTDOCFLAGS=--cap-lints=warn" "-w" "/opt/rustwide/workdir" "--user" "0:0" "154a7f6254b92d8eb731f34bf341d2ec6b8d9ef1398741857b374707a4e5237b" "/opt/rustwide/cargo-home/bin/cargo" "+1.100.0-beta.1" "test" "--frozen" "--no-run" "--message-format=json" "--release", kill_on_drop: false }`
[INFO] [stderr]    Compiling rust-toolkit-xtask v0.4.1 (/opt/rustwide/workdir)
[INFO] [stderr]     Finished `release` profile [optimized] target(s) in 7.82s
[INFO] running `Command { std: "docker" "inspect" "154a7f6254b92d8eb731f34bf341d2ec6b8d9ef1398741857b374707a4e5237b", kill_on_drop: false }`
[INFO] running `Command { std: "docker" "exec" "-e" "SOURCE_DIR=/opt/rustwide/workdir" "-e" "CARGO_HOME=/opt/rustwide/cargo-home" "-e" "RUSTUP_HOME=/opt/rustwide/rustup-home" "-e" "CARGO_TARGET_DIR=/opt/rustwide/target" "-e" "CARGO_INCREMENTAL=0" "-e" "RUST_BACKTRACE=full" "-e" "RUSTFLAGS=--cap-lints=warn" "-e" "RUSTDOCFLAGS=--cap-lints=warn" "-w" "/opt/rustwide/workdir" "--user" "0:0" "154a7f6254b92d8eb731f34bf341d2ec6b8d9ef1398741857b374707a4e5237b" "/opt/rustwide/cargo-home/bin/cargo" "+1.100.0-beta.1" "test" "--frozen" "--release", kill_on_drop: false }`
[INFO] [stderr]     Finished `release` profile [optimized] target(s) in 0.06s
[INFO] [stderr]      Running unittests src/lib.rs (/opt/rustwide/target/release/build/rust-toolkit-xtask/f9e95cf1ddb42e26/out/rust_toolkit_xtask-f9e95cf1ddb42e26)
[INFO] [stdout] 
[INFO] [stdout] running 15 tests
[INFO] [stdout] test checks::ci_assurance_lanes::tests::parses_recipe_bodies ... ok
[INFO] [stdout] test checks::ci_assurance_lanes::tests::ci_assurance_lanes_reports_clean_contracts ... ok
[INFO] [stdout] test checks::workspace_hygiene::tests::workspace_hygiene_detects_lonely_mod_rs ... ok
[INFO] [stdout] test checks::text_formatting::tests::text_formatting_flags_emoji_but_not_symbols ... ok
[INFO] [stdout] test checks::workspace_hygiene::tests::workspace_hygiene_detects_empty_directory ... ok
[INFO] [stdout] test checks::lean_style::tests::lean_style_reports_banned_import_and_missing_todo_for_sorry ... ok
[INFO] [stdout] test checks::docs_semantic_drift::tests::semantic_drift_recognizes_common_paths ... ok
[INFO] [stdout] test checks::docs_semantic_drift::tests::semantic_drift_only_treats_identifier_like_snippets_as_symbols ... ok
[INFO] [stdout] test checks::lean_style::tests::lean_style_can_forbid_sorry_entirely ... ok
[INFO] [stdout] test checks::docs_semantic_drift::tests::semantic_drift_skips_math_and_wildcards ... ok
[INFO] [stdout] test checks::lean_style::tests::lean_style_reports_missing_docstring_and_top_of_file_structure_violation ... ok
[INFO] [stdout] test checks::lean_style::tests::lean_style_allows_exempt_long_file_and_marked_long_block ... ok
[INFO] [stdout] test checks::lean_style::tests::lean_style_reports_missing_problem_statement ... ok
[INFO] [stderr] hint: Using 'master' as the name for the initial branch. This default branch name
[INFO] [stderr] hint: will change to "main" in Git 3.0. To configure the initial branch name
[INFO] [stderr] hint: to use in all of your new repositories, which will suppress this warning,
[INFO] [stderr] hint: call:
[INFO] [stderr] hint:
[INFO] [stderr] hint: 	git config --global init.defaultBranch <name>
[INFO] [stderr] hint:
[INFO] [stderr] hint: Names commonly chosen instead of 'master' are 'main', 'trunk' and
[INFO] [stderr] hint: 'development'. The just-created branch can be renamed via this command:
[INFO] [stderr] hint:
[INFO] [stderr] hint: 	git branch -m <name>
[INFO] [stderr] hint:
[INFO] [stderr] hint: Disable this message with "git config set advice.defaultBranchName false"
[INFO] [stderr] hint: Using 'master' as the name for the initial branch. This default branch name
[INFO] [stdout] Initialized empty Git repository in /tmp/toolkit-git-pins-pass-727-1792339357713506416/dep/.git/
[INFO] [stderr] hint: will change to "main" in Git 3.0. To configure the initial branch name
[INFO] [stdout] Initialized empty Git repository in /tmp/toolkit-git-pins-fail-727-1792339357713972216/dep/.git/
[INFO] [stderr] hint: to use in all of your new repositories, which will suppress this warning,
[INFO] [stderr] hint: call:
[INFO] [stderr] hint:
[INFO] [stderr] hint: 	git config --global init.defaultBranch <name>
[INFO] [stderr] hint:
[INFO] [stderr] hint: Names commonly chosen instead of 'master' are 'main', 'trunk' and
[INFO] [stderr] hint: 'development'. The just-created branch can be renamed via this command:
[INFO] [stderr] hint:
[INFO] [stderr] hint: 	git branch -m <name>
[INFO] [stderr] hint:
[INFO] [stderr] hint: Disable this message with "git config set advice.defaultBranchName false"
[INFO] [stdout] [master (root-commit) 3582546] init
[INFO] [stdout]  1 file changed, 1 insertion(+)
[INFO] [stdout]  create mode 100644 README.md
[INFO] [stdout] [master (root-commit) 3582546] init
[INFO] [stdout]  1 file changed, 1 insertion(+)
[INFO] [stdout]  create mode 100644 README.md
[INFO] [stdout] test checks::git_dependency_pins::tests::git_dependency_pins_reports_mismatch ... ok
[INFO] [stdout] test checks::git_dependency_pins::tests::git_dependency_pins_reports_clean_repo ... ok
[INFO] [stdout] 
[INFO] [stdout] test result: ok. 15 passed; 0 failed; 0 ignored; 0 measured; 0 filtered out; finished in 0.07s
[INFO] [stdout] 
[INFO] [stderr]      Running unittests src/main.rs (/opt/rustwide/target/release/build/rust-toolkit-xtask/29b8ac7dcc2f5e7d/out/rust_toolkit_xtask-29b8ac7dcc2f5e7d)
[INFO] [stdout] 
[INFO] [stdout] running 0 tests
[INFO] [stdout] 
[INFO] [stdout] test result: ok. 0 passed; 0 failed; 0 ignored; 0 measured; 0 filtered out; finished in 0.00s
[INFO] [stdout] 
[INFO] [stderr]      Running tests/check_fixtures.rs (/opt/rustwide/target/release/build/rust-toolkit-xtask/73e522363f21dfc1/out/check_fixtures-73e522363f21dfc1)
[INFO] [stdout] 
[INFO] [stdout] running 2 tests
[INFO] [stdout] test pass_fixture_reports_no_findings ... FAILED
[INFO] [stdout] test fail_fixture_reports_expected_findings ... FAILED
[INFO] [stdout] 
[INFO] [stdout] failures:
[INFO] [stdout] 
[INFO] [stdout] ---- pass_fixture_reports_no_findings stdout ----
[INFO] [stdout] 
[INFO] [stdout] thread 'pass_fixture_reports_no_findings' (763) panicked at tests/check_fixtures.rs:10:10:
[INFO] [stdout] fixture root: Os { code: 2, kind: NotFound, message: "No such file or directory" }
[INFO] [stdout] stack backtrace:
[INFO] [stdout]    0:     0x64b96f21d521 - <<std[617be2ca0a6fd877]::sys::backtrace::BacktraceLock>::print::DisplayBacktrace as core[a373ad73a504971]::fmt::Display>::fmt
[INFO] [stdout]    1:     0x64b96f233cda - core[a373ad73a504971]::fmt::write
[INFO] [stdout]    2:     0x64b96f221f9c - <alloc[2e1b2a31b91974c5]::vec::Vec<u8> as core[a373ad73a504971]::io::write::Write>::write_fmt
[INFO] [stdout]    3:     0x64b96f1f7b76 - std[617be2ca0a6fd877]::panicking::default_hook::{closure#0}
[INFO] [stdout]    4:     0x64b96f215249 - std[617be2ca0a6fd877]::panicking::default_hook
[INFO] [stdout]    5:     0x64b96ee15150 - test[aada8e7e76ba119b]::test_main_inner::{closure#0}
[INFO] [stdout]    6:     0x64b96f215572 - std[617be2ca0a6fd877]::panicking::panic_with_hook
[INFO] [stdout]    7:     0x64b96f1f7c22 - std[617be2ca0a6fd877]::panicking::panic_handler::{closure#0}
[INFO] [stdout]    8:     0x64b96f1f0179 - std[617be2ca0a6fd877]::sys::backtrace::__rust_end_short_backtrace::<std[617be2ca0a6fd877]::panicking::panic_handler::{closure#0}, !>
[INFO] [stdout]    9:     0x64b96f1f893d - __rustc[ea4f61d10b84890b]::rust_begin_unwind
[INFO] [stdout]   10:     0x64b96f2344bc - core[a373ad73a504971]::panicking::panic_fmt
[INFO] [stdout]   11:     0x64b96f234292 - core[a373ad73a504971]::result::unwrap_failed
[INFO] [stdout]   12:     0x64b96edfb524 - check_fixtures[298deb46e01ea4e8]::fixture_root
[INFO] [stdout]   13:     0x64b96ee04048 - <check_fixtures[298deb46e01ea4e8]::pass_fixture_reports_no_findings::{closure#0} as core[a373ad73a504971]::ops::function::FnOnce<()>>::call_once
[INFO] [stdout]   14:     0x64b96ee0859b - test[aada8e7e76ba119b]::__rust_begin_short_backtrace::<core[a373ad73a504971]::result::Result<(), alloc[2e1b2a31b91974c5]::string::String>, fn() -> core[a373ad73a504971]::result::Result<(), alloc[2e1b2a31b91974c5]::string::String>>
[INFO] [stdout]   15:     0x64b96ee15775 - test[aada8e7e76ba119b]::run_test::{closure#0}
[INFO] [stdout]   16:     0x64b96ee0f064 - std[617be2ca0a6fd877]::sys::backtrace::__rust_begin_short_backtrace::<test[aada8e7e76ba119b]::run_test::{closure#1}, ()>
[INFO] [stdout]   17:     0x64b96ee18802 - <std[617be2ca0a6fd877]::thread::lifecycle::spawn_unchecked<test[aada8e7e76ba119b]::run_test::{closure#1}, ()>::{closure#1} as core[a373ad73a504971]::ops::function::FnOnce<()>>::call_once::{shim:vtable#0}
[INFO] [stdout]   18:     0x64b96f21ca0f - <std[617be2ca0a6fd877]::sys::thread::unix::Thread>::new::thread_start
[INFO] [stdout]   19:     0x7a5b877dbdfa - <unknown>
[INFO] [stdout]   20:     0x7a5b8786f3d4 - clone
[INFO] [stdout]   21:                0x0 - <unknown>
[INFO] [stdout] 
[INFO] [stdout] ---- fail_fixture_reports_expected_findings stdout ----
[INFO] [stdout] 
[INFO] [stdout] thread 'fail_fixture_reports_expected_findings' (762) panicked at tests/check_fixtures.rs:10:10:
[INFO] [stdout] fixture root: Os { code: 2, kind: NotFound, message: "No such file or directory" }
[INFO] [stdout] stack backtrace:
[INFO] [stdout]    0:     0x64b96f21d521 - <<std[617be2ca0a6fd877]::sys::backtrace::BacktraceLock>::print::DisplayBacktrace as core[a373ad73a504971]::fmt::Display>::fmt
[INFO] [stdout]    1:     0x64b96f233cda - core[a373ad73a504971]::fmt::write
[INFO] [stdout]    2:     0x64b96f221f9c - <alloc[2e1b2a31b91974c5]::vec::Vec<u8> as core[a373ad73a504971]::io::write::Write>::write_fmt
[INFO] [stdout]    3:     0x64b96f1f7b76 - std[617be2ca0a6fd877]::panicking::default_hook::{closure#0}
[INFO] [stdout]    4:     0x64b96f215249 - std[617be2ca0a6fd877]::panicking::default_hook
[INFO] [stdout]    5:     0x64b96ee15150 - test[aada8e7e76ba119b]::test_main_inner::{closure#0}
[INFO] [stdout]    6:     0x64b96f215572 - std[617be2ca0a6fd877]::panicking::panic_with_hook
[INFO] [stdout]    7:     0x64b96f1f7c22 - std[617be2ca0a6fd877]::panicking::panic_handler::{closure#0}
[INFO] [stdout]    8:     0x64b96f1f0179 - std[617be2ca0a6fd877]::sys::backtrace::__rust_end_short_backtrace::<std[617be2ca0a6fd877]::panicking::panic_handler::{closure#0}, !>
[INFO] [stdout]    9:     0x64b96f1f893d - __rustc[ea4f61d10b84890b]::rust_begin_unwind
[INFO] [stdout]   10:     0x64b96f2344bc - core[a373ad73a504971]::panicking::panic_fmt
[INFO] [stdout]   11:     0x64b96f234292 - core[a373ad73a504971]::result::unwrap_failed
[INFO] [stdout]   12:     0x64b96edfb524 - check_fixtures[298deb46e01ea4e8]::fixture_root
[INFO] [stdout]   13:     0x64b96edfb6d4 - check_fixtures[298deb46e01ea4e8]::fail_fixture_reports_expected_findings
[INFO] [stdout]   14:     0x64b96ee07199 - <check_fixtures[298deb46e01ea4e8]::fail_fixture_reports_expected_findings::{closure#0} as core[a373ad73a504971]::ops::function::FnOnce<()>>::call_once
[INFO] [stdout]   15:     0x64b96ee0859b - test[aada8e7e76ba119b]::__rust_begin_short_backtrace::<core[a373ad73a504971]::result::Result<(), alloc[2e1b2a31b91974c5]::string::String>, fn() -> core[a373ad73a504971]::result::Result<(), alloc[2e1b2a31b91974c5]::string::String>>
[INFO] [stdout]   16:     0x64b96ee15775 - test[aada8e7e76ba119b]::run_test::{closure#0}
[INFO] [stdout]   17:     0x64b96ee0f064 - std[617be2ca0a6fd877]::sys::backtrace::__rust_begin_short_backtrace::<test[aada8e7e76ba119b]::run_test::{closure#1}, ()>
[INFO] [stdout]   18:     0x64b96ee18802 - <std[617be2ca0a6fd877]::thread::lifecycle::spawn_unchecked<test[aada8e7e76ba119b]::run_test::{closure#1}, ()>::{closure#1} as core[a373ad73a504971]::ops::function::FnOnce<()>>::call_once::{shim:vtable#0}
[INFO] [stdout]   19:     0x64b96f21ca0f - <std[617be2ca0a6fd877]::sys::thread::unix::Thread>::new::thread_start
[INFO] [stdout]   20:     0x7a5b877dbdfa - <unknown>
[INFO] [stdout]   21:     0x7a5b8786f3d4 - clone
[INFO] [stdout]   22:                0x0 - <unknown>
[INFO] [stdout] 
[INFO] [stdout] 
[INFO] [stdout] failures:
[INFO] [stdout]     fail_fixture_reports_expected_findings
[INFO] [stdout]     pass_fixture_reports_no_findings
[INFO] [stdout] 
[INFO] [stdout] test result: FAILED. 0 passed; 2 failed; 0 ignored; 0 measured; 0 filtered out; finished in 0.00s
[INFO] [stdout] 
[INFO] [stderr] error: test failed, to rerun pass `--test check_fixtures`
[INFO] running `Command { std: "docker" "inspect" "154a7f6254b92d8eb731f34bf341d2ec6b8d9ef1398741857b374707a4e5237b", kill_on_drop: false }`
[INFO] running `Command { std: "docker" "rm" "-f" "154a7f6254b92d8eb731f34bf341d2ec6b8d9ef1398741857b374707a4e5237b", kill_on_drop: false }`
[INFO] [stdout] 154a7f6254b92d8eb731f34bf341d2ec6b8d9ef1398741857b374707a4e5237b
