[INFO] fetching crate rust-tdx 0.1.7...
[INFO] testing rust-tdx-0.1.7 against 1.99.0-beta.8+cargoflags=--release for beta-release-1.100-2
[INFO] extracting crate rust-tdx 0.1.7 into /workspace/builds/worker-1-tc1/source
[INFO] started tweaking crates.io crate rust-tdx 0.1.7
[INFO] removed 0 missing tests
[INFO] finished tweaking crates.io crate rust-tdx 0.1.7
[INFO] tweaked toml for crates.io crate rust-tdx 0.1.7 written to /workspace/builds/worker-1-tc1/source/Cargo.toml
[INFO] validating manifest of crates.io crate rust-tdx 0.1.7 on toolchain 1.99.0-beta.8
[INFO] running `Command { std: CARGO_HOME="/workspace/cargo-home" RUSTUP_HOME="/workspace/rustup-home" "/workspace/cargo-home/bin/cargo" "+1.99.0-beta.8" "metadata" "--manifest-path" "Cargo.toml" "--no-deps", kill_on_drop: false }`
[INFO] crate crates.io crate rust-tdx 0.1.7 already has a lockfile, it will not be regenerated
[INFO] running `Command { std: CARGO_HOME="/workspace/cargo-home" RUSTUP_HOME="/workspace/rustup-home" "/workspace/cargo-home/bin/cargo" "+1.99.0-beta.8" "fetch" "--manifest-path" "Cargo.toml", kill_on_drop: false }`
[INFO] [stderr]  Downloading crates ...
[INFO] [stderr]   Downloaded ecb v0.1.2
[INFO] [stderr]   Downloaded jiff-static v0.2.29
[INFO] [stderr]   Downloaded time v0.3.51
[INFO] [stderr]   Downloaded jiff v0.2.29
[INFO] running `Command { std: "docker" "create" "-v" "/var/lib/crater-agent-workspace/builds/worker-1-tc1/source:/opt/rustwide/workdir:ro,Z" "-v" "/var/lib/crater-agent-workspace/builds/worker-1-tc1/target:/opt/rustwide/target:rw,Z" "-v" "/var/lib/crater-agent-workspace/cargo-home:/opt/rustwide/cargo-home:ro,Z" "-v" "/var/lib/crater-agent-workspace/rustup-home:/opt/rustwide/rustup-home:ro,Z" "-m" "1610612736" "--network" "none" "ghcr.io/rust-lang/crates-build-env/linux@sha256:77db811e55d90add9212f6832c23229e3de5f1c1f9905e8cb07319ea15df73ac" "sleep" "infinity", kill_on_drop: false }`
[INFO] [stdout] e98452b84fd59e31f2e05bb90ec70587155ea08eee34f692a77598bf42022806
[INFO] running `Command { std: "docker" "start" "e98452b84fd59e31f2e05bb90ec70587155ea08eee34f692a77598bf42022806", kill_on_drop: false }`
[INFO] running `Command { std: "docker" "inspect" "e98452b84fd59e31f2e05bb90ec70587155ea08eee34f692a77598bf42022806", kill_on_drop: false }`
[INFO] running `Command { std: "docker" "exec" "-e" "SOURCE_DIR=/opt/rustwide/workdir" "-e" "CARGO_HOME=/opt/rustwide/cargo-home" "-e" "RUSTUP_HOME=/opt/rustwide/rustup-home" "-e" "CARGO_TARGET_DIR=/opt/rustwide/target" "-w" "/opt/rustwide/workdir" "--user" "0:0" "e98452b84fd59e31f2e05bb90ec70587155ea08eee34f692a77598bf42022806" "/opt/rustwide/cargo-home/bin/cargo" "+1.99.0-beta.8" "metadata" "--no-deps" "--format-version=1", kill_on_drop: false }`
[INFO] running `Command { std: "docker" "inspect" "e98452b84fd59e31f2e05bb90ec70587155ea08eee34f692a77598bf42022806", kill_on_drop: false }`
[INFO] running `Command { std: "docker" "exec" "-e" "SOURCE_DIR=/opt/rustwide/workdir" "-e" "CARGO_HOME=/opt/rustwide/cargo-home" "-e" "RUSTUP_HOME=/opt/rustwide/rustup-home" "-e" "CARGO_TARGET_DIR=/opt/rustwide/target" "-e" "CARGO_INCREMENTAL=0" "-e" "RUST_BACKTRACE=full" "-e" "RUSTFLAGS=--cap-lints=warn" "-e" "RUSTDOCFLAGS=--cap-lints=warn" "-w" "/opt/rustwide/workdir" "--user" "0:0" "e98452b84fd59e31f2e05bb90ec70587155ea08eee34f692a77598bf42022806" "/opt/rustwide/cargo-home/bin/cargo" "+1.99.0-beta.8" "build" "--frozen" "--message-format=json" "--release", kill_on_drop: false }`
[INFO] [stderr]    Compiling simd-adler32 v0.3.9
[INFO] [stderr]    Compiling cc v1.2.65
[INFO] [stderr]    Compiling regex-automata v0.4.14
[INFO] [stderr]    Compiling syn v2.0.118
[INFO] [stderr]    Compiling block-padding v0.3.3
[INFO] [stderr]    Compiling zip v2.4.2
[INFO] [stderr]    Compiling deranged v0.5.8
[INFO] [stderr]    Compiling digest v0.10.7
[INFO] [stderr]    Compiling lzma-rs v0.3.0
[INFO] [stderr]    Compiling getrandom v0.3.4
[INFO] [stderr]    Compiling csv-core v0.1.13
[INFO] [stderr]    Compiling jiff v0.2.29
[INFO] [stderr]    Compiling deflate64 v0.1.12
[INFO] [stderr]    Compiling serde_json v1.0.150
[INFO] [stderr]    Compiling inout v0.1.4
[INFO] [stderr]    Compiling cipher v0.4.4
[INFO] [stderr]    Compiling csv v1.4.0
[INFO] [stderr]    Compiling hmac v0.12.1
[INFO] [stderr]    Compiling sha1 v0.10.6
[INFO] [stderr]    Compiling miniz_oxide v0.8.9
[INFO] [stderr]    Compiling zopfli v0.8.3
[INFO] [stderr]    Compiling pbkdf2 v0.12.2
[INFO] [stderr]    Compiling aes v0.8.4
[INFO] [stderr]    Compiling ecb v0.1.2
[INFO] [stderr]    Compiling cbc v0.1.2
[INFO] [stderr]    Compiling flate2 v1.1.9
[INFO] [stderr]    Compiling time v0.3.51
[INFO] [stderr]    Compiling zstd-sys v2.0.16+zstd.1.5.7
[INFO] [stderr]    Compiling bzip2-sys v0.1.13+1.0.8
[INFO] [stderr]    Compiling lzma-sys v0.1.20
[INFO] [stderr]    Compiling bzip2 v0.5.2
[INFO] [stderr]    Compiling xz2 v0.1.7
[INFO] [stderr]    Compiling regex v1.12.4
[INFO] [stderr]    Compiling env_filter v1.0.1
[INFO] [stderr]    Compiling env_logger v0.11.10
[INFO] [stderr]    Compiling serde_derive v1.0.228
[INFO] [stderr]    Compiling zeroize_derive v1.5.0
[INFO] [stderr]    Compiling thiserror-impl v2.0.18
[INFO] [stderr]    Compiling displaydoc v0.2.6
[INFO] [stderr]    Compiling zeroize v1.9.0
[INFO] [stderr]    Compiling thiserror v2.0.18
[INFO] [stderr]    Compiling serde v1.0.228
[INFO] [stderr]    Compiling chrono v0.4.45
[INFO] [stderr]    Compiling zstd-safe v7.2.4
[INFO] [stderr]    Compiling zstd v0.13.3
[INFO] [stderr]    Compiling rust-tdx v0.1.7 (/opt/rustwide/workdir)
[INFO] [stdout] warning: field `dll_loaded` is never read
[INFO] [stdout]    --> src/trade/mod.rs:153:5
[INFO] [stdout]     |
[INFO] [stdout] 151 | pub struct TdxTradeClient {
[INFO] [stdout]     |            -------------- field in this struct
[INFO] [stdout] 152 |     connected: bool,
[INFO] [stdout] 153 |     dll_loaded: bool,
[INFO] [stdout]     |     ^^^^^^^^^^
[INFO] [stdout]     |
[INFO] [stdout]     = note: `#[warn(dead_code)]` (part of `#[warn(unused)]`) on by default
[INFO] [stdout] 
[INFO] [stdout] 
[INFO] [stderr]     Finished `release` profile [optimized] target(s) in 59.12s
[INFO] running `Command { std: "docker" "inspect" "e98452b84fd59e31f2e05bb90ec70587155ea08eee34f692a77598bf42022806", kill_on_drop: false }`
[INFO] running `Command { std: "docker" "exec" "-e" "SOURCE_DIR=/opt/rustwide/workdir" "-e" "CARGO_HOME=/opt/rustwide/cargo-home" "-e" "RUSTUP_HOME=/opt/rustwide/rustup-home" "-e" "CARGO_TARGET_DIR=/opt/rustwide/target" "-e" "CARGO_INCREMENTAL=0" "-e" "RUST_BACKTRACE=full" "-e" "RUSTFLAGS=--cap-lints=warn" "-e" "RUSTDOCFLAGS=--cap-lints=warn" "-w" "/opt/rustwide/workdir" "--user" "0:0" "e98452b84fd59e31f2e05bb90ec70587155ea08eee34f692a77598bf42022806" "/opt/rustwide/cargo-home/bin/cargo" "+1.99.0-beta.8" "test" "--frozen" "--no-run" "--message-format=json" "--release", kill_on_drop: false }`
[INFO] [stdout] warning: field `dll_loaded` is never read
[INFO] [stdout]    --> src/trade/mod.rs:153:5
[INFO] [stdout]     |
[INFO] [stdout] 151 | pub struct TdxTradeClient {
[INFO] [stdout]     |            -------------- field in this struct
[INFO] [stdout] 152 |     connected: bool,
[INFO] [stdout] 153 |     dll_loaded: bool,
[INFO] [stdout]     |     ^^^^^^^^^^
[INFO] [stdout]     |
[INFO] [stdout]     = note: `#[warn(dead_code)]` (part of `#[warn(unused)]`) on by default
[INFO] [stdout] 
[INFO] [stdout] 
[INFO] [stderr]    Compiling rust-tdx v0.1.7 (/opt/rustwide/workdir)
[INFO] [stdout] warning: unused variable: `vr`
[INFO] [stdout]   --> tests/test_bars_method.rs:56:17
[INFO] [stdout]    |
[INFO] [stdout] 56 |             let vr = u32::from_le_bytes([r[pos], r[pos+1], r[pos+2], r[pos+3]]); pos += 4;
[INFO] [stdout]    |                 ^^ help: if this is intentional, prefix it with an underscore: `_vr`
[INFO] [stdout]    |
[INFO] [stdout]    = note: `#[warn(unused_variables)]` (part of `#[warn(unused)]`) on by default
[INFO] [stdout] 
[INFO] [stdout] 
[INFO] [stdout] warning: unused variable: `ar`
[INFO] [stdout]   --> tests/test_bars_method.rs:57:17
[INFO] [stdout]    |
[INFO] [stdout] 57 |             let ar = u32::from_le_bytes([r[pos], r[pos+1], r[pos+2], r[pos+3]]); pos += 4;
[INFO] [stdout]    |                 ^^ help: if this is intentional, prefix it with an underscore: `_ar`
[INFO] [stdout] 
[INFO] [stdout] 
[INFO] [stdout] warning: unused import: `AdjustableBar`
[INFO] [stdout]   --> tests/integration.rs:80:50
[INFO] [stdout]    |
[INFO] [stdout] 80 |     use rust_tdx::adjust::{Adjuster, XdxrRecord, AdjustableBar};
[INFO] [stdout]    |                                                  ^^^^^^^^^^^^^
[INFO] [stdout]    |
[INFO] [stdout]    = note: `#[warn(unused_imports)]` (part of `#[warn(unused)]`) on by default
[INFO] [stdout] 
[INFO] [stdout] 
[INFO] [stdout] warning: unused import: `AdjustableBar`
[INFO] [stdout]    --> tests/integration.rs:108:50
[INFO] [stdout]     |
[INFO] [stdout] 108 |     use rust_tdx::adjust::{Adjuster, XdxrRecord, AdjustableBar};
[INFO] [stdout]     |                                                  ^^^^^^^^^^^^^
[INFO] [stdout] 
[INFO] [stdout] 
[INFO] [stdout] warning: unused import: `rust_tdx::quotes::*`
[INFO] [stdout]  --> tests/full_verify.rs:5:5
[INFO] [stdout]   |
[INFO] [stdout] 5 | use rust_tdx::quotes::*;
[INFO] [stdout]   |     ^^^^^^^^^^^^^^^^^^^
[INFO] [stdout]   |
[INFO] [stdout]   = note: `#[warn(unused_imports)]` (part of `#[warn(unused)]`) on by default
[INFO] [stdout] 
[INFO] [stdout] 
[INFO] [stdout] warning: variable does not need to be mutable
[INFO] [stdout]    --> tests/integration.rs:220:9
[INFO] [stdout]     |
[INFO] [stdout] 220 |     let mut bar = || {
[INFO] [stdout]     |         ----^^^
[INFO] [stdout]     |         |
[INFO] [stdout]     |         help: remove this `mut`
[INFO] [stdout]     |
[INFO] [stdout]     = note: `#[warn(unused_mut)]` (part of `#[warn(unused)]`) on by default
[INFO] [stdout] 
[INFO] [stdout] 
[INFO] [stdout] warning: field `dll_loaded` is never read
[INFO] [stdout]    --> src/trade/mod.rs:153:5
[INFO] [stdout]     |
[INFO] [stdout] 151 | pub struct TdxTradeClient {
[INFO] [stdout]     |            -------------- field in this struct
[INFO] [stdout] 152 |     connected: bool,
[INFO] [stdout] 153 |     dll_loaded: bool,
[INFO] [stdout]     |     ^^^^^^^^^^
[INFO] [stdout]     |
[INFO] [stdout]     = note: `#[warn(dead_code)]` (part of `#[warn(unused)]`) on by default
[INFO] [stdout] 
[INFO] [stdout] 
[INFO] [stderr]     Finished `release` profile [optimized] target(s) in 2.82s
[INFO] running `Command { std: "docker" "inspect" "e98452b84fd59e31f2e05bb90ec70587155ea08eee34f692a77598bf42022806", kill_on_drop: false }`
[INFO] running `Command { std: "docker" "exec" "-e" "SOURCE_DIR=/opt/rustwide/workdir" "-e" "CARGO_HOME=/opt/rustwide/cargo-home" "-e" "RUSTUP_HOME=/opt/rustwide/rustup-home" "-e" "CARGO_TARGET_DIR=/opt/rustwide/target" "-e" "CARGO_INCREMENTAL=0" "-e" "RUST_BACKTRACE=full" "-e" "RUSTFLAGS=--cap-lints=warn" "-e" "RUSTDOCFLAGS=--cap-lints=warn" "-w" "/opt/rustwide/workdir" "--user" "0:0" "e98452b84fd59e31f2e05bb90ec70587155ea08eee34f692a77598bf42022806" "/opt/rustwide/cargo-home/bin/cargo" "+1.99.0-beta.8" "test" "--frozen" "--release", kill_on_drop: false }`
[INFO] [stderr] warning: field `dll_loaded` is never read
[INFO] [stderr]    --> src/trade/mod.rs:153:5
[INFO] [stderr]     |
[INFO] [stderr] 151 | pub struct TdxTradeClient {
[INFO] [stderr]     |            -------------- field in this struct
[INFO] [stderr] 152 |     connected: bool,
[INFO] [stderr] 153 |     dll_loaded: bool,
[INFO] [stderr]     |     ^^^^^^^^^^
[INFO] [stderr]     |
[INFO] [stderr]     = note: `#[warn(dead_code)]` (part of `#[warn(unused)]`) on by default
[INFO] [stderr] 
[INFO] [stderr] warning: `rust-tdx` (lib) generated 1 warning
[INFO] [stderr] warning: `rust-tdx` (lib test) generated 1 warning (1 duplicate)
[INFO] [stderr] warning: unused variable: `vr`
[INFO] [stderr]   --> tests/test_bars_method.rs:56:17
[INFO] [stderr]    |
[INFO] [stderr] 56 |             let vr = u32::from_le_bytes([r[pos], r[pos+1], r[pos+2], r[pos+3]]); pos += 4;
[INFO] [stderr]    |                 ^^ help: if this is intentional, prefix it with an underscore: `_vr`
[INFO] [stderr]    |
[INFO] [stderr]    = note: `#[warn(unused_variables)]` (part of `#[warn(unused)]`) on by default
[INFO] [stderr] 
[INFO] [stderr] warning: unused variable: `ar`
[INFO] [stderr]   --> tests/test_bars_method.rs:57:17
[INFO] [stderr]    |
[INFO] [stderr] 57 |             let ar = u32::from_le_bytes([r[pos], r[pos+1], r[pos+2], r[pos+3]]); pos += 4;
[INFO] [stderr]    |                 ^^ help: if this is intentional, prefix it with an underscore: `_ar`
[INFO] [stderr] 
[INFO] [stderr] warning: unused import: `AdjustableBar`
[INFO] [stderr]   --> tests/integration.rs:80:50
[INFO] [stderr]    |
[INFO] [stderr] 80 |     use rust_tdx::adjust::{Adjuster, XdxrRecord, AdjustableBar};
[INFO] [stderr]    |                                                  ^^^^^^^^^^^^^
[INFO] [stderr]    |
[INFO] [stderr]    = note: `#[warn(unused_imports)]` (part of `#[warn(unused)]`) on by default
[INFO] [stderr] 
[INFO] [stderr] warning: unused import: `AdjustableBar`
[INFO] [stderr]    --> tests/integration.rs:108:50
[INFO] [stderr]     |
[INFO] [stderr] 108 |     use rust_tdx::adjust::{Adjuster, XdxrRecord, AdjustableBar};
[INFO] [stderr]     |                                                  ^^^^^^^^^^^^^
[INFO] [stderr] 
[INFO] [stderr] warning: variable does not need to be mutable
[INFO] [stderr]    --> tests/integration.rs:220:9
[INFO] [stderr]     |
[INFO] [stderr] 220 |     let mut bar = || {
[INFO] [stderr]     |         ----^^^
[INFO] [stderr]     |         |
[INFO] [stderr]     |         help: remove this `mut`
[INFO] [stderr]     |
[INFO] [stderr]     = note: `#[warn(unused_mut)]` (part of `#[warn(unused)]`) on by default
[INFO] [stderr] 
[INFO] [stderr] warning: unused import: `rust_tdx::quotes::*`
[INFO] [stderr]  --> tests/full_verify.rs:5:5
[INFO] [stderr]   |
[INFO] [stderr] 5 | use rust_tdx::quotes::*;
[INFO] [stderr]   |     ^^^^^^^^^^^^^^^^^^^
[INFO] [stderr]   |
[INFO] [stderr]   = note: `#[warn(unused_imports)]` (part of `#[warn(unused)]`) on by default
[INFO] [stderr] 
[INFO] [stderr] warning: `rust-tdx` (test "test_bars_method") generated 2 warnings (run `cargo fix --test "test_bars_method" -p rust-tdx` to apply 2 suggestions)
[INFO] [stderr] warning: `rust-tdx` (test "integration") generated 3 warnings (run `cargo fix --test "integration" -p rust-tdx` to apply 1 suggestion)
[INFO] [stderr] warning: `rust-tdx` (test "full_verify") generated 1 warning (run `cargo fix --test "full_verify" -p rust-tdx` to apply 1 suggestion)
[INFO] [stderr]     Finished `release` profile [optimized] target(s) in 0.10s
[INFO] [stderr]      Running unittests src/lib.rs (/opt/rustwide/target/release/deps/rust_tdx-45ba22682eb848e4)
[INFO] [stdout] 
[INFO] [stdout] running 25 tests
[INFO] [stdout] test block_reader::tests::test_read_nonexistent_file ... ok
[INFO] [stdout] test encrypt::tests::test_ecb_roundtrip ... ok
[INFO] [stdout] test encrypt::tests::test_empty_data ... ok
[INFO] [stdout] test encrypt::tests::test_encrypt_hex ... ok
[INFO] [stdout] test encrypt::tests::test_encrypt_decrypt_roundtrip ... ok
[INFO] [stdout] test encrypt::tests::test_invalid_unpad ... ok
[INFO] [stdout] test encrypt::tests::test_long_data ... ok
[INFO] [stdout] test encrypt::tests::test_pkcs7_padding ... ok
[INFO] [stdout] test encrypt::tests::test_not_empty_without_feature ... ok
[INFO] [stdout] test financial::crawler::tests::test_crawler_creation ... ok
[INFO] [stdout] test financial::tests::test_financial_data_defaults ... ok
[INFO] [stdout] test pool::tests::test_pool_config_default ... ok
[INFO] [stdout] test pool::tests::test_pool_creation ... ok
[INFO] [stdout] test pool::tests::test_traffic_stats_default ... ok
[INFO] [stdout] test quotes::tdx_helper::tests::test_price_negative ... ok
[INFO] [stdout] test quotes::tdx_helper::tests::test_price_positive ... ok
[INFO] [stdout] test quotes::tdx_helper::tests::test_volume_zero ... ok
[INFO] [stdout] test reader::tests::test_find_path_sh ... ok
[INFO] [stdout] test reader::tests::test_find_path_sz ... ok
[INFO] [stdout] test trade::tests::test_create ... ok
[INFO] [stdout] test util::tests::test_format_code ... ok
[INFO] [stdout] test pool::tests::test_pool_guard_creation ... ok
[INFO] [stdout] test util::tests::test_is_trading_day ... ok
[INFO] [stdout] test financial::tests::test_parse_empty ... ok
[INFO] [stdout] test trade::tests::test_query_before_connect ... ok
[INFO] [stdout] 
[INFO] [stdout] test result: ok. 25 passed; 0 failed; 0 ignored; 0 measured; 0 filtered out; finished in 0.00s
[INFO] [stdout] 
[INFO] [stderr]      Running unittests src/bin/hqget.rs (/opt/rustwide/target/release/deps/hqget-7de369a8a4abfe26)
[INFO] [stdout] 
[INFO] [stdout] running 0 tests
[INFO] [stdout] 
[INFO] [stdout] test result: ok. 0 passed; 0 failed; 0 ignored; 0 measured; 0 filtered out; finished in 0.00s
[INFO] [stdout] 
[INFO] [stderr]      Running tests/debug_bars.rs (/opt/rustwide/target/release/deps/debug_bars-75bfa46f659b5a5f)
[INFO] [stdout] 
[INFO] [stdout] running 1 test
[INFO] [stdout] test test_bars_raw ... FAILED
[INFO] [stdout] 
[INFO] [stdout] failures:
[INFO] [stdout] 
[INFO] [stdout] ---- test_bars_raw stdout ----
[INFO] [stdout] 
[INFO] [stdout] thread 'test_bars_raw' (1541) panicked at tests/debug_bars.rs:11:7:
[INFO] [stdout] called `Result::unwrap()` on an `Err` value: Os { code: 101, kind: NetworkUnreachable, message: "Network is unreachable" }
[INFO] [stdout] stack backtrace:
[INFO] [stdout]    0:     0x5a12aa9b9be1 - <<std[70759c8f55707aa4]::sys::backtrace::BacktraceLock>::print::DisplayBacktrace as core[df12db4294e9bfd3]::fmt::Display>::fmt
[INFO] [stdout]    1:     0x5a12aa9ced6a - core[df12db4294e9bfd3]::fmt::write
[INFO] [stdout]    2:     0x5a12aa9be07c - <alloc[2182bb758b4b3781]::vec::Vec<u8> as core[df12db4294e9bfd3]::io::write::Write>::write_fmt
[INFO] [stdout]    3:     0x5a12aa9959f6 - std[70759c8f55707aa4]::panicking::default_hook::{closure#0}
[INFO] [stdout]    4:     0x5a12aa9b2349 - std[70759c8f55707aa4]::panicking::default_hook
[INFO] [stdout]    5:     0x5a12aa94dff0 - test[9d35eded1c95d3be]::test_main_inner::<test[9d35eded1c95d3be]::test_main_static::{closure#0}>::{closure#0}
[INFO] [stdout]    6:     0x5a12aa9b2502 - std[70759c8f55707aa4]::panicking::panic_with_hook
[INFO] [stdout]    7:     0x5a12aa995aa2 - std[70759c8f55707aa4]::panicking::panic_handler::{closure#0}
[INFO] [stdout]    8:     0x5a12aa98e829 - std[70759c8f55707aa4]::sys::backtrace::__rust_end_short_backtrace::<std[70759c8f55707aa4]::panicking::panic_handler::{closure#0}, !>
[INFO] [stdout]    9:     0x5a12aa99669d - __rustc[8fa7c3cbc660c2b3]::rust_begin_unwind
[INFO] [stdout]   10:     0x5a12aa9cf49c - core[df12db4294e9bfd3]::panicking::panic_fmt
[INFO] [stdout]   11:     0x5a12aa9cf272 - core[df12db4294e9bfd3]::result::unwrap_failed
[INFO] [stdout]   12:     0x5a12aa93c368 - <debug_bars[8ae009aadc272361]::test_bars_raw::{closure#0} as core[df12db4294e9bfd3]::ops::function::FnOnce<()>>::call_once
[INFO] [stdout]   13:     0x5a12aa9412db - test[9d35eded1c95d3be]::__rust_begin_short_backtrace::<core[df12db4294e9bfd3]::result::Result<(), alloc[2182bb758b4b3781]::string::String>, fn() -> core[df12db4294e9bfd3]::result::Result<(), alloc[2182bb758b4b3781]::string::String>>
[INFO] [stdout]   14:     0x5a12aa94e945 - test[9d35eded1c95d3be]::run_test::{closure#0}
[INFO] [stdout]   15:     0x5a12aa948204 - std[70759c8f55707aa4]::sys::backtrace::__rust_begin_short_backtrace::<test[9d35eded1c95d3be]::run_test::{closure#1}, ()>
[INFO] [stdout]   16:     0x5a12aa951aa2 - <std[70759c8f55707aa4]::thread::lifecycle::spawn_unchecked<test[9d35eded1c95d3be]::run_test::{closure#1}, ()>::{closure#1} as core[df12db4294e9bfd3]::ops::function::FnOnce<()>>::call_once::{shim:vtable#0}
[INFO] [stdout]   17:     0x5a12aa9b94b9 - <std[70759c8f55707aa4]::sys::thread::unix::Thread>::new::thread_start
[INFO] [stdout]   18:     0x7646daefddfa - <unknown>
[INFO] [stdout]   19:     0x7646daf913d4 - clone
[INFO] [stdout]   20:                0x0 - <unknown>
[INFO] [stdout] 
[INFO] [stdout] 
[INFO] [stdout] failures:
[INFO] [stdout]     test_bars_raw
[INFO] [stdout] 
[INFO] [stdout] test result: FAILED. 0 passed; 1 failed; 0 ignored; 0 measured; 0 filtered out; finished in 0.00s
[INFO] [stdout] 
[INFO] [stderr] error: test failed, to rerun pass `--test debug_bars`
[INFO] running `Command { std: "docker" "inspect" "e98452b84fd59e31f2e05bb90ec70587155ea08eee34f692a77598bf42022806", kill_on_drop: false }`
[INFO] running `Command { std: "docker" "rm" "-f" "e98452b84fd59e31f2e05bb90ec70587155ea08eee34f692a77598bf42022806", kill_on_drop: false }`
[INFO] [stdout] e98452b84fd59e31f2e05bb90ec70587155ea08eee34f692a77598bf42022806
