[INFO] fetching crate rust-stdf 1.1.0...
[INFO] testing rust-stdf-1.1.0 against 1.100.0-beta.1+cargoflags=--release for beta-release-1.100-2
[INFO] extracting crate rust-stdf 1.1.0 into /workspace/builds/worker-0-tc2/source
[INFO] started tweaking crates.io crate rust-stdf 1.1.0
[INFO] removed 0 missing examples
[INFO] removed 0 missing tests
[INFO] finished tweaking crates.io crate rust-stdf 1.1.0
[INFO] tweaked toml for crates.io crate rust-stdf 1.1.0 written to /workspace/builds/worker-0-tc2/source/Cargo.toml
[INFO] validating manifest of crates.io crate rust-stdf 1.1.0 on toolchain 1.100.0-beta.1
[INFO] running `Command { std: CARGO_HOME="/workspace/cargo-home" RUSTUP_HOME="/workspace/rustup-home" "/workspace/cargo-home/bin/cargo" "+1.100.0-beta.1" "metadata" "--manifest-path" "Cargo.toml" "--no-deps", kill_on_drop: false }`
[INFO] crate crates.io crate rust-stdf 1.1.0 already has a lockfile, it will not be regenerated
[INFO] running `Command { std: CARGO_HOME="/workspace/cargo-home" RUSTUP_HOME="/workspace/rustup-home" "/workspace/cargo-home/bin/cargo" "+1.100.0-beta.1" "fetch" "--manifest-path" "Cargo.toml", kill_on_drop: false }`
[INFO] running `Command { std: "docker" "create" "-v" "/var/lib/crater-agent-workspace/builds/worker-0-tc2/source:/opt/rustwide/workdir:ro,Z" "-v" "/var/lib/crater-agent-workspace/builds/worker-0-tc2/target:/opt/rustwide/target:rw,Z" "-v" "/var/lib/crater-agent-workspace/cargo-home:/opt/rustwide/cargo-home:ro,Z" "-v" "/var/lib/crater-agent-workspace/rustup-home:/opt/rustwide/rustup-home:ro,Z" "-m" "1610612736" "--network" "none" "ghcr.io/rust-lang/crates-build-env/linux@sha256:77db811e55d90add9212f6832c23229e3de5f1c1f9905e8cb07319ea15df73ac" "sleep" "infinity", kill_on_drop: false }`
[INFO] [stdout] 072c8514732588876ec36dc2cdc65ef839318890c7084d60bfca7d17d864037f
[INFO] running `Command { std: "docker" "start" "072c8514732588876ec36dc2cdc65ef839318890c7084d60bfca7d17d864037f", kill_on_drop: false }`
[INFO] running `Command { std: "docker" "inspect" "072c8514732588876ec36dc2cdc65ef839318890c7084d60bfca7d17d864037f", kill_on_drop: false }`
[INFO] running `Command { std: "docker" "exec" "-e" "SOURCE_DIR=/opt/rustwide/workdir" "-e" "CARGO_HOME=/opt/rustwide/cargo-home" "-e" "RUSTUP_HOME=/opt/rustwide/rustup-home" "-e" "CARGO_TARGET_DIR=/opt/rustwide/target" "-w" "/opt/rustwide/workdir" "--user" "0:0" "072c8514732588876ec36dc2cdc65ef839318890c7084d60bfca7d17d864037f" "/opt/rustwide/cargo-home/bin/cargo" "+1.100.0-beta.1" "metadata" "--no-deps" "--format-version=1", kill_on_drop: false }`
[INFO] running `Command { std: "docker" "inspect" "072c8514732588876ec36dc2cdc65ef839318890c7084d60bfca7d17d864037f", kill_on_drop: false }`
[INFO] running `Command { std: "docker" "exec" "-e" "SOURCE_DIR=/opt/rustwide/workdir" "-e" "CARGO_HOME=/opt/rustwide/cargo-home" "-e" "RUSTUP_HOME=/opt/rustwide/rustup-home" "-e" "CARGO_TARGET_DIR=/opt/rustwide/target" "-e" "CARGO_INCREMENTAL=0" "-e" "RUST_BACKTRACE=full" "-e" "RUSTFLAGS=--cap-lints=warn" "-e" "RUSTDOCFLAGS=--cap-lints=warn" "-w" "/opt/rustwide/workdir" "--user" "0:0" "072c8514732588876ec36dc2cdc65ef839318890c7084d60bfca7d17d864037f" "/opt/rustwide/cargo-home/bin/cargo" "+1.100.0-beta.1" "build" "--frozen" "--message-format=json" "--release", kill_on_drop: false }`
[INFO] [stderr]    Compiling proc-macro2 v1.0.107
[INFO] [stderr]    Compiling quote v1.0.47
[INFO] [stderr]    Compiling unicode-ident v1.0.24
[INFO] [stderr]    Compiling syn v1.0.109
[INFO] [stderr]    Compiling crc32fast v1.5.0
[INFO] [stderr]    Compiling simd-adler32 v0.3.10
[INFO] [stderr]    Compiling cfg-if v1.0.4
[INFO] [stderr]    Compiling adler2 v2.0.1
[INFO] [stderr]    Compiling libbz2-rs-sys v0.2.5
[INFO] [stderr]    Compiling miniz_oxide v0.8.9
[INFO] [stderr]    Compiling bzip2 v0.6.1
[INFO] [stderr]    Compiling flate2 v1.1.9
[INFO] [stderr]    Compiling syn v2.0.119
[INFO] [stderr]    Compiling smart-default v0.6.0
[INFO] [stderr]    Compiling rust-stdf-derive v1.1.0
[INFO] [stderr]    Compiling rust-stdf v1.1.0 (/opt/rustwide/workdir)
[INFO] [stderr]     Finished `release` profile [optimized] target(s) in 10.08s
[INFO] running `Command { std: "docker" "inspect" "072c8514732588876ec36dc2cdc65ef839318890c7084d60bfca7d17d864037f", kill_on_drop: false }`
[INFO] running `Command { std: "docker" "exec" "-e" "SOURCE_DIR=/opt/rustwide/workdir" "-e" "CARGO_HOME=/opt/rustwide/cargo-home" "-e" "RUSTUP_HOME=/opt/rustwide/rustup-home" "-e" "CARGO_TARGET_DIR=/opt/rustwide/target" "-e" "CARGO_INCREMENTAL=0" "-e" "RUST_BACKTRACE=full" "-e" "RUSTFLAGS=--cap-lints=warn" "-e" "RUSTDOCFLAGS=--cap-lints=warn" "-w" "/opt/rustwide/workdir" "--user" "0:0" "072c8514732588876ec36dc2cdc65ef839318890c7084d60bfca7d17d864037f" "/opt/rustwide/cargo-home/bin/cargo" "+1.100.0-beta.1" "test" "--frozen" "--no-run" "--message-format=json" "--release", kill_on_drop: false }`
[INFO] [stderr]    Compiling libc v0.2.189
[INFO] [stderr]    Compiling simd-adler32 v0.3.10
[INFO] [stderr]    Compiling zerocopy v0.8.56
[INFO] [stderr]    Compiling getrandom v0.4.3
[INFO] [stderr]    Compiling rustix v1.1.4
[INFO] [stderr]    Compiling thiserror v2.0.20
[INFO] [stderr]    Compiling serde_core v1.0.229
[INFO] [stderr]    Compiling log v0.4.33
[INFO] [stderr]    Compiling bitflags v2.13.1
[INFO] [stderr]    Compiling hashbrown v0.17.1
[INFO] [stderr]    Compiling zmij v1.0.23
[INFO] [stderr]    Compiling memchr v2.8.3
[INFO] [stderr]    Compiling syn v3.0.3
[INFO] [stderr]    Compiling linux-raw-sys v0.12.1
[INFO] [stderr]    Compiling bumpalo v3.20.3
[INFO] [stderr]    Compiling equivalent v1.0.2
[INFO] [stderr]    Compiling zip v2.4.2
[INFO] [stderr]    Compiling fastrand v2.5.0
[INFO] [stderr]    Compiling serde_json v1.0.151
[INFO] [stderr]    Compiling once_cell v1.21.4
[INFO] [stderr]    Compiling miniz_oxide v0.8.9
[INFO] [stderr]    Compiling zopfli v0.8.3
[INFO] [stderr]    Compiling itoa v1.0.18
[INFO] [stderr]    Compiling flate2 v1.1.9
[INFO] [stderr]    Compiling indexmap v2.14.0
[INFO] [stderr]    Compiling getrandom v0.2.17
[INFO] [stderr]    Compiling rand_core v0.6.4
[INFO] [stderr]    Compiling rust-stdf v1.1.0 (/opt/rustwide/workdir)
[INFO] [stderr]    Compiling tempfile v3.27.0
[INFO] [stderr]    Compiling thiserror-impl v2.0.20
[INFO] [stderr]    Compiling displaydoc v0.2.7
[INFO] [stderr]    Compiling ppv-lite86 v0.2.21
[INFO] [stderr]    Compiling rand_chacha v0.3.1
[INFO] [stderr]    Compiling rand v0.8.7
[INFO] [stderr]    Compiling rust_xlsxwriter v0.84.1
[INFO] [stderr]     Finished `release` profile [optimized] target(s) in 2m 38s
[INFO] running `Command { std: "docker" "inspect" "072c8514732588876ec36dc2cdc65ef839318890c7084d60bfca7d17d864037f", kill_on_drop: false }`
[INFO] running `Command { std: "docker" "exec" "-e" "SOURCE_DIR=/opt/rustwide/workdir" "-e" "CARGO_HOME=/opt/rustwide/cargo-home" "-e" "RUSTUP_HOME=/opt/rustwide/rustup-home" "-e" "CARGO_TARGET_DIR=/opt/rustwide/target" "-e" "CARGO_INCREMENTAL=0" "-e" "RUST_BACKTRACE=full" "-e" "RUSTFLAGS=--cap-lints=warn" "-e" "RUSTDOCFLAGS=--cap-lints=warn" "-w" "/opt/rustwide/workdir" "--user" "0:0" "072c8514732588876ec36dc2cdc65ef839318890c7084d60bfca7d17d864037f" "/opt/rustwide/cargo-home/bin/cargo" "+1.100.0-beta.1" "test" "--frozen" "--release", kill_on_drop: false }`
[INFO] [stderr]     Finished `release` profile [optimized] target(s) in 0.11s
[INFO] [stderr]      Running unittests src/lib.rs (/opt/rustwide/target/release/build/rust-stdf/262c65bd378075b4/out/rust_stdf-262c65bd378075b4)
[INFO] [stdout] 
[INFO] [stdout] running 45 tests
[INFO] [stdout] test stdf_codec::primitive_validate::tests::string_and_byte_caps ... ok
[INFO] [stdout] test tests::test_read_cf ... ok
[INFO] [stdout] test stdf_codec::primitive_validate::tests::c1_and_n1_ranges ... ok
[INFO] [stdout] test stdf_codec::primitive_write::tests::variable_write_read_roundtrip ... ok
[INFO] [stdout] test stdf_codec::primitive_validate::tests::kx_counts_and_elements ... ok
[INFO] [stdout] test stdf_codec::primitive_validate::tests::dn_bit_data_length ... ok
[INFO] [stdout] test stdf_codec::primitive_validate::tests::vn_recursive_validation ... ok
[INFO] [stdout] test stdf_codec::primitive_write::tests::kx_write_read_roundtrip ... ok
[INFO] [stdout] test stdf_codec::primitive_write::tests::leaf_helpers_write_to_scratch ... ok
[INFO] [stdout] test stdf_codec::primitive_write::tests::vn_write_read_roundtrip ... ok
[INFO] [stdout] test tests::test_read_bn ... ok
[INFO] [stdout] test tests::test_read_cn ... ok
[INFO] [stdout] test tests::test_read_dn ... ok
[INFO] [stdout] test stdf_codec::primitive_write::tests::scalar_write_read_roundtrip ... ok
[INFO] [stdout] test tests::test_read_kx_u4 ... ok
[INFO] [stdout] test tests::test_read_kx_u8 ... ok
[INFO] [stdout] test tests::test_read_kx_sn ... ok
[INFO] [stdout] test tests::test_read_kx_u2 ... ok
[INFO] [stdout] test tests::test_read_kx_u1 ... ok
[INFO] [stdout] test tests::test_read_kx_cf ... ok
[INFO] [stdout] test tests::test_read_i2_le ... ok
[INFO] [stdout] test tests::test_read_i4_be ... ok
[INFO] [stdout] test tests::test_read_kx_cn ... ok
[INFO] [stdout] test tests::test_read_i4_le ... ok
[INFO] [stdout] test tests::test_read_kx_r4 ... ok
[INFO] [stdout] test tests::test_read_sn_be ... ok
[INFO] [stdout] test tests::test_read_u2_be ... ok
[INFO] [stdout] test tests::test_read_u2_le ... ok
[INFO] [stdout] test tests::test_read_u4_le ... ok
[INFO] [stdout] test tests::test_read_r4_be ... ok
[INFO] [stdout] test tests::test_read_u4_be ... ok
[INFO] [stdout] test tests::test_read_u8_be ... ok
[INFO] [stdout] test stdf_codec::primitive_validate::tests::kx_uf_width_and_cf_fixed_width ... ok
[INFO] [stdout] test tests::test_read_i2_be ... ok
[INFO] [stdout] test tests::test_read_r4_le ... ok
[INFO] [stderr]      Running tests/record_serialize_test.rs (/opt/rustwide/target/release/build/rust-stdf/9c655107be8b26cf/out/record_serialize_test-9c655107be8b26cf)
[INFO] [stdout] test tests::test_read_kx_n1 ... ok
[INFO] [stdout] test tests::test_read_r8_be ... ok
[INFO] [stdout] test tests::test_read_sn_le ... ok
[INFO] [stdout] test tests::test_read_kx_uf ... ok
[INFO] [stdout] test tests::test_read_r8_le ... ok
[INFO] [stdout] test tests::test_read_i1 ... ok
[INFO] [stdout] test tests::test_read_u8_le ... ok
[INFO] [stdout] test tests::test_read_uint8 ... ok
[INFO] [stdout] test tests::test_read_vn ... ok
[INFO] [stdout] test tests::test_record_type ... ok
[INFO] [stdout] 
[INFO] [stdout] test result: ok. 45 passed; 0 failed; 0 ignored; 0 measured; 0 filtered out; finished in 0.01s
[INFO] [stdout] 
[INFO] [stdout] 
[INFO] [stdout] running 0 tests
[INFO] [stdout] 
[INFO] [stdout] test result: ok. 0 passed; 0 failed; 0 ignored; 0 measured; 0 filtered out; finished in 0.00s
[INFO] [stdout] 
[INFO] [stderr]      Running tests/stdf_file_tests.rs (/opt/rustwide/target/release/build/rust-stdf/03a7ffce9b063c2f/out/stdf_file_tests-03a7ffce9b063c2f)
[INFO] [stdout] 
[INFO] [stdout] running 10 tests
[INFO] [stdout] test truncated_body_yields_io_error ... ok
[INFO] [stdout] test stream_constructor_detects_endianness ... ok
[INFO] [stdout] test rawdata_element_view_conversions ... ok
[INFO] [stdout] test reader_rejects_invalid_inputs ... ok
[INFO] [stdout] test iterator_stops_at_eof ... ok
[INFO] [stdout] test rawdata_element_conversions ... ok
[INFO] [stdout] test compressed_files_match_uncompressed ... FAILED
[INFO] [stdout] test supported_stdf_file_test ... FAILED
[INFO] [stdout] test record_iter_matches_rawdata_iter ... FAILED
[INFO] [stdout] test view_iter_matches_rawdata_iter ... FAILED
[INFO] [stdout] 
[INFO] [stdout] failures:
[INFO] [stdout] 
[INFO] [stdout] ---- compressed_files_match_uncompressed stdout ----
[INFO] [stdout] 
[INFO] [stdout] thread 'compressed_files_match_uncompressed' (1319) panicked at tests/stdf_file_tests.rs:48:10:
[INFO] [stdout] called `Result::unwrap()` on an `Err` value: Os { code: 2, kind: NotFound, message: "No such file or directory" }
[INFO] [stdout] stack backtrace:
[INFO] [stdout]    0:     0x5eafe58347e7 - <<std[617be2ca0a6fd877]::sys::backtrace::BacktraceLock>::print::DisplayBacktrace as core[a373ad73a504971]::fmt::Display>::fmt
[INFO] [stdout]    1:     0x5eafe580de3a - core[a373ad73a504971]::fmt::write
[INFO] [stdout]    2:     0x5eafe5833d9b - <alloc[2e1b2a31b91974c5]::vec::Vec<u8> as core[a373ad73a504971]::io::write::Write>::write_fmt
[INFO] [stdout]    3:     0x5eafe583387f - std[617be2ca0a6fd877]::panicking::default_hook::{closure#0}
[INFO] [stdout]    4:     0x5eafe58334aa - std[617be2ca0a6fd877]::panicking::default_hook
[INFO] [stdout]    5:     0x5eafe5832fe5 - std[617be2ca0a6fd877]::panicking::panic_with_hook
[INFO] [stdout]    6:     0x5eafe5859d91 - std[617be2ca0a6fd877]::panicking::panic_handler::{closure#0}
[INFO] [stdout]    7:     0x5eafe5859d49 - std[617be2ca0a6fd877]::sys::backtrace::__rust_end_short_backtrace::<std[617be2ca0a6fd877]::panicking::panic_handler::{closure#0}, !>
[INFO] [stdout]    8:     0x5eafe585a24c - __rustc[ea4f61d10b84890b]::rust_begin_unwind
[INFO] [stdout]    9:     0x5eafe580dccb - core[a373ad73a504971]::panicking::panic_fmt
[INFO] [stdout]   10:     0x5eafe58116a1 - core[a373ad73a504971]::result::unwrap_failed
[INFO] [stdout]   11:     0x5eafe56fdd97 - stdf_file_tests[26254461241e213f]::get_test_stdf_files
[INFO] [stdout]   12:     0x5eafe580a1f1 - <stdf_file_tests[26254461241e213f]::compressed_files_match_uncompressed::{closure#0} as core[a373ad73a504971]::ops::function::FnOnce<()>>::call_once
[INFO] [stdout]   13:     0x5eafe5872bfb - test[aada8e7e76ba119b]::__rust_begin_short_backtrace::<core[a373ad73a504971]::result::Result<(), alloc[2e1b2a31b91974c5]::string::String>, fn() -> core[a373ad73a504971]::result::Result<(), alloc[2e1b2a31b91974c5]::string::String>>
[INFO] [stdout]   14:     0x5eafe586e05f - test[aada8e7e76ba119b]::run_test::{closure#0}
[INFO] [stdout]   15:     0x5eafe586dadc - std[617be2ca0a6fd877]::sys::backtrace::__rust_begin_short_backtrace::<test[aada8e7e76ba119b]::run_test::{closure#1}, ()>
[INFO] [stdout]   16:     0x5eafe588e04c - <std[617be2ca0a6fd877]::thread::lifecycle::spawn_unchecked<test[aada8e7e76ba119b]::run_test::{closure#1}, ()>::{closure#1} as core[a373ad73a504971]::ops::function::FnOnce<()>>::call_once::{shim:vtable#0}
[INFO] [stdout]   17:     0x5eafe585ba24 - <std[617be2ca0a6fd877]::sys::thread::unix::Thread>::new::thread_start
[INFO] [stdout]   18:     0x7eb52205edfa - <unknown>
[INFO] [stdout]   19:     0x7eb5220f23d4 - clone
[INFO] [stdout]   20:                0x0 - <unknown>
[INFO] [stdout] 
[INFO] [stdout] ---- supported_stdf_file_test stdout ----
[INFO] [stdout] 
[INFO] [stdout] thread 'supported_stdf_file_test' (1326) panicked at tests/stdf_file_tests.rs:48:10:
[INFO] [stdout] called `Result::unwrap()` on an `Err` value: Os { code: 2, kind: NotFound, message: "No such file or directory" }
[INFO] [stdout] stack backtrace:
[INFO] [stdout]    0:     0x5eafe58347e7 - <<std[617be2ca0a6fd877]::sys::backtrace::BacktraceLock>::print::DisplayBacktrace as core[a373ad73a504971]::fmt::Display>::fmt
[INFO] [stdout]    1:     0x5eafe580de3a - core[a373ad73a504971]::fmt::write
[INFO] [stdout]    2:     0x5eafe5833d9b - <alloc[2e1b2a31b91974c5]::vec::Vec<u8> as core[a373ad73a504971]::io::write::Write>::write_fmt
[INFO] [stdout]    3:     0x5eafe583387f - std[617be2ca0a6fd877]::panicking::default_hook::{closure#0}
[INFO] [stdout]    4:     0x5eafe58334aa - std[617be2ca0a6fd877]::panicking::default_hook
[INFO] [stdout]    5:     0x5eafe5832fe5 - std[617be2ca0a6fd877]::panicking::panic_with_hook
[INFO] [stdout]    6:     0x5eafe5859d91 - std[617be2ca0a6fd877]::panicking::panic_handler::{closure#0}
[INFO] [stdout]    7:     0x5eafe5859d49 - std[617be2ca0a6fd877]::sys::backtrace::__rust_end_short_backtrace::<std[617be2ca0a6fd877]::panicking::panic_handler::{closure#0}, !>
[INFO] [stdout]    8:     0x5eafe585a24c - __rustc[ea4f61d10b84890b]::rust_begin_unwind
[INFO] [stdout]    9:     0x5eafe580dccb - core[a373ad73a504971]::panicking::panic_fmt
[INFO] [stdout]   10:     0x5eafe58116a1 - core[a373ad73a504971]::result::unwrap_failed
[INFO] [stdout]   11:     0x5eafe56fdd97 - stdf_file_tests[26254461241e213f]::get_test_stdf_files
[INFO] [stdout]   12:     0x5eafe5700c5d - stdf_file_tests[26254461241e213f]::supported_stdf_file_test
[INFO] [stdout]   13:     0x5eafe5805aa9 - <stdf_file_tests[26254461241e213f]::supported_stdf_file_test::{closure#0} as core[a373ad73a504971]::ops::function::FnOnce<()>>::call_once
[INFO] [stdout]   14:     0x5eafe5872bfb - test[aada8e7e76ba119b]::__rust_begin_short_backtrace::<core[a373ad73a504971]::result::Result<(), alloc[2e1b2a31b91974c5]::string::String>, fn() -> core[a373ad73a504971]::result::Result<(), alloc[2e1b2a31b91974c5]::string::String>>
[INFO] [stdout]   15:     0x5eafe586e05f - test[aada8e7e76ba119b]::run_test::{closure#0}
[INFO] [stdout]   16:     0x5eafe586dadc - std[617be2ca0a6fd877]::sys::backtrace::__rust_begin_short_backtrace::<test[aada8e7e76ba119b]::run_test::{closure#1}, ()>
[INFO] [stdout]   17:     0x5eafe588e04c - <std[617be2ca0a6fd877]::thread::lifecycle::spawn_unchecked<test[aada8e7e76ba119b]::run_test::{closure#1}, ()>::{closure#1} as core[a373ad73a504971]::ops::function::FnOnce<()>>::call_once::{shim:vtable#0}
[INFO] [stdout]   18:     0x5eafe585ba24 - <std[617be2ca0a6fd877]::sys::thread::unix::Thread>::new::thread_start
[INFO] [stdout]   19:     0x7eb52205edfa - <unknown>
[INFO] [stdout]   20:     0x7eb5220f23d4 - clone
[INFO] [stdout]   21:                0x0 - <unknown>
[INFO] [stdout] 
[INFO] [stdout] ---- record_iter_matches_rawdata_iter stdout ----
[INFO] [stdout] 
[INFO] [stdout] thread 'record_iter_matches_rawdata_iter' (1324) panicked at tests/stdf_file_tests.rs:48:10:
[INFO] [stdout] called `Result::unwrap()` on an `Err` value: Os { code: 2, kind: NotFound, message: "No such file or directory" }
[INFO] [stdout] stack backtrace:
[INFO] [stdout]    0:     0x5eafe58347e7 - <<std[617be2ca0a6fd877]::sys::backtrace::BacktraceLock>::print::DisplayBacktrace as core[a373ad73a504971]::fmt::Display>::fmt
[INFO] [stdout]    1:     0x5eafe580de3a - core[a373ad73a504971]::fmt::write
[INFO] [stdout]    2:     0x5eafe5833d9b - <alloc[2e1b2a31b91974c5]::vec::Vec<u8> as core[a373ad73a504971]::io::write::Write>::write_fmt
[INFO] [stdout]    3:     0x5eafe583387f - std[617be2ca0a6fd877]::panicking::default_hook::{closure#0}
[INFO] [stdout]    4:     0x5eafe58334aa - std[617be2ca0a6fd877]::panicking::default_hook
[INFO] [stdout]    5:     0x5eafe5832fe5 - std[617be2ca0a6fd877]::panicking::panic_with_hook
[INFO] [stdout]    6:     0x5eafe5859d91 - std[617be2ca0a6fd877]::panicking::panic_handler::{closure#0}
[INFO] [stdout]    7:     0x5eafe5859d49 - std[617be2ca0a6fd877]::sys::backtrace::__rust_end_short_backtrace::<std[617be2ca0a6fd877]::panicking::panic_handler::{closure#0}, !>
[INFO] [stdout]    8:     0x5eafe585a24c - __rustc[ea4f61d10b84890b]::rust_begin_unwind
[INFO] [stdout]    9:     0x5eafe580dccb - core[a373ad73a504971]::panicking::panic_fmt
[INFO] [stdout]   10:     0x5eafe58116a1 - core[a373ad73a504971]::result::unwrap_failed
[INFO] [stdout]   11:     0x5eafe56fdd97 - stdf_file_tests[26254461241e213f]::get_test_stdf_files
[INFO] [stdout]   12:     0x5eafe58077a6 - <stdf_file_tests[26254461241e213f]::record_iter_matches_rawdata_iter::{closure#0} as core[a373ad73a504971]::ops::function::FnOnce<()>>::call_once
[INFO] [stdout]   13:     0x5eafe5872bfb - test[aada8e7e76ba119b]::__rust_begin_short_backtrace::<core[a373ad73a504971]::result::Result<(), alloc[2e1b2a31b91974c5]::string::String>, fn() -> core[a373ad73a504971]::result::Result<(), alloc[2e1b2a31b91974c5]::string::String>>
[INFO] [stdout]   14:     0x5eafe586e05f - test[aada8e7e76ba119b]::run_test::{closure#0}
[INFO] [stdout]   15:     0x5eafe586dadc - std[617be2ca0a6fd877]::sys::backtrace::__rust_begin_short_backtrace::<test[aada8e7e76ba119b]::run_test::{closure#1}, ()>
[INFO] [stdout]   16:     0x5eafe588e04c - <std[617be2ca0a6fd877]::thread::lifecycle::spawn_unchecked<test[aada8e7e76ba119b]::run_test::{closure#1}, ()>::{closure#1} as core[a373ad73a504971]::ops::function::FnOnce<()>>::call_once::{shim:vtable#0}
[INFO] [stdout]   17:     0x5eafe585ba24 - <std[617be2ca0a6fd877]::sys::thread::unix::Thread>::new::thread_start
[INFO] [stdout]   18:     0x7eb52205edfa - <unknown>
[INFO] [stdout]   19:     0x7eb5220f23d4 - clone
[INFO] [stdout]   20:                0x0 - <unknown>
[INFO] [stdout] 
[INFO] [stdout] ---- view_iter_matches_rawdata_iter stdout ----
[INFO] [stdout] 
[INFO] [stdout] thread 'view_iter_matches_rawdata_iter' (1328) panicked at tests/stdf_file_tests.rs:48:10:
[INFO] [stdout] called `Result::unwrap()` on an `Err` value: Os { code: 2, kind: NotFound, message: "No such file or directory" }
[INFO] [stdout] stack backtrace:
[INFO] [stdout]    0:     0x5eafe58347e7 - <<std[617be2ca0a6fd877]::sys::backtrace::BacktraceLock>::print::DisplayBacktrace as core[a373ad73a504971]::fmt::Display>::fmt
[INFO] [stdout]    1:     0x5eafe580de3a - core[a373ad73a504971]::fmt::write
[INFO] [stdout]    2:     0x5eafe5833d9b - <alloc[2e1b2a31b91974c5]::vec::Vec<u8> as core[a373ad73a504971]::io::write::Write>::write_fmt
[INFO] [stdout]    3:     0x5eafe583387f - std[617be2ca0a6fd877]::panicking::default_hook::{closure#0}
[INFO] [stdout]    4:     0x5eafe58334aa - std[617be2ca0a6fd877]::panicking::default_hook
[INFO] [stdout]    5:     0x5eafe5832fe5 - std[617be2ca0a6fd877]::panicking::panic_with_hook
[INFO] [stdout]    6:     0x5eafe5859d91 - std[617be2ca0a6fd877]::panicking::panic_handler::{closure#0}
[INFO] [stdout]    7:     0x5eafe5859d49 - std[617be2ca0a6fd877]::sys::backtrace::__rust_end_short_backtrace::<std[617be2ca0a6fd877]::panicking::panic_handler::{closure#0}, !>
[INFO] [stdout]    8:     0x5eafe585a24c - __rustc[ea4f61d10b84890b]::rust_begin_unwind
[INFO] [stdout]    9:     0x5eafe580dccb - core[a373ad73a504971]::panicking::panic_fmt
[INFO] [stdout]   10:     0x5eafe58116a1 - core[a373ad73a504971]::result::unwrap_failed
[INFO] [stdout]   11:     0x5eafe56fdd97 - stdf_file_tests[26254461241e213f]::get_test_stdf_files
[INFO] [stdout]   12:     0x5eafe575ce3e - stdf_file_tests[26254461241e213f]::view_iter_matches_rawdata_iter
[INFO] [stdout]   13:     0x5eafe5807749 - <stdf_file_tests[26254461241e213f]::view_iter_matches_rawdata_iter::{closure#0} as core[a373ad73a504971]::ops::function::FnOnce<()>>::call_once
[INFO] [stdout]   14:     0x5eafe5872bfb - test[aada8e7e76ba119b]::__rust_begin_short_backtrace::<core[a373ad73a504971]::result::Result<(), alloc[2e1b2a31b91974c5]::string::String>, fn() -> core[a373ad73a504971]::result::Result<(), alloc[2e1b2a31b91974c5]::string::String>>
[INFO] [stdout]   15:     0x5eafe586e05f - test[aada8e7e76ba119b]::run_test::{closure#0}
[INFO] [stdout]   16:     0x5eafe586dadc - std[617be2ca0a6fd877]::sys::backtrace::__rust_begin_short_backtrace::<test[aada8e7e76ba119b]::run_test::{closure#1}, ()>
[INFO] [stdout]   17:     0x5eafe588e04c - <std[617be2ca0a6fd877]::thread::lifecycle::spawn_unchecked<test[aada8e7e76ba119b]::run_test::{closure#1}, ()>::{closure#1} as core[a373ad73a504971]::ops::function::FnOnce<()>>::call_once::{shim:vtable#0}
[INFO] [stdout]   18:     0x5eafe585ba24 - <std[617be2ca0a6fd877]::sys::thread::unix::Thread>::new::thread_start
[INFO] [stdout]   19:     0x7eb52205edfa - <unknown>
[INFO] [stdout]   20:     0x7eb5220f23d4 - clone
[INFO] [stdout]   21:                0x0 - <unknown>
[INFO] [stdout] 
[INFO] [stdout] 
[INFO] [stdout] failures:
[INFO] [stdout]     compressed_files_match_uncompressed
[INFO] [stdout]     record_iter_matches_rawdata_iter
[INFO] [stdout]     supported_stdf_file_test
[INFO] [stdout]     view_iter_matches_rawdata_iter
[INFO] [stdout] 
[INFO] [stdout] test result: FAILED. 6 passed; 4 failed; 0 ignored; 0 measured; 0 filtered out; finished in 0.01s
[INFO] [stdout] 
[INFO] [stderr] error: test failed, to rerun pass `--test stdf_file_tests`
[INFO] running `Command { std: "docker" "inspect" "072c8514732588876ec36dc2cdc65ef839318890c7084d60bfca7d17d864037f", kill_on_drop: false }`
[INFO] running `Command { std: "docker" "rm" "-f" "072c8514732588876ec36dc2cdc65ef839318890c7084d60bfca7d17d864037f", kill_on_drop: false }`
[INFO] [stdout] 072c8514732588876ec36dc2cdc65ef839318890c7084d60bfca7d17d864037f
