[INFO] fetching crate rust-saas-boilerplate 0.1.0...
[INFO] testing rust-saas-boilerplate-0.1.0 against 1.99.0-beta.8+cargoflags=--release for beta-release-1.100-2
[INFO] extracting crate rust-saas-boilerplate 0.1.0 into /workspace/builds/worker-2-tc1/source
[INFO] started tweaking crates.io crate rust-saas-boilerplate 0.1.0
[INFO] finished tweaking crates.io crate rust-saas-boilerplate 0.1.0
[INFO] tweaked toml for crates.io crate rust-saas-boilerplate 0.1.0 written to /workspace/builds/worker-2-tc1/source/Cargo.toml
[INFO] validating manifest of crates.io crate rust-saas-boilerplate 0.1.0 on toolchain 1.99.0-beta.8
[INFO] running `Command { std: CARGO_HOME="/workspace/cargo-home" RUSTUP_HOME="/workspace/rustup-home" "/workspace/cargo-home/bin/cargo" "+1.99.0-beta.8" "metadata" "--manifest-path" "Cargo.toml" "--no-deps", kill_on_drop: false }`
[INFO] crate crates.io crate rust-saas-boilerplate 0.1.0 already has a lockfile, it will not be regenerated
[INFO] running `Command { std: CARGO_HOME="/workspace/cargo-home" RUSTUP_HOME="/workspace/rustup-home" "/workspace/cargo-home/bin/cargo" "+1.99.0-beta.8" "fetch" "--manifest-path" "Cargo.toml", kill_on_drop: false }`
[INFO] [stderr]  Downloading crates ...
[INFO] [stderr]   Downloaded json5 v0.4.1
[INFO] [stderr]   Downloaded zmij v1.0.16
[INFO] [stderr]   Downloaded erased-serde v0.4.9
[INFO] [stderr]   Downloaded config v0.15.19
[INFO] [stderr]   Downloaded pest_generator v2.8.5
[INFO] [stderr]   Downloaded pest_derive v2.8.5
[INFO] [stderr]   Downloaded pest_meta v2.8.5
[INFO] [stderr]   Downloaded yaml-rust2 v0.10.4
[INFO] [stderr]   Downloaded pest v2.8.5
[INFO] [stderr]   Downloaded tracing-subscriber v0.3.22
[INFO] running `Command { std: "docker" "create" "-v" "/var/lib/crater-agent-workspace/builds/worker-2-tc1/source:/opt/rustwide/workdir:ro,Z" "-v" "/var/lib/crater-agent-workspace/builds/worker-2-tc1/target:/opt/rustwide/target:rw,Z" "-v" "/var/lib/crater-agent-workspace/cargo-home:/opt/rustwide/cargo-home:ro,Z" "-v" "/var/lib/crater-agent-workspace/rustup-home:/opt/rustwide/rustup-home:ro,Z" "-m" "1610612736" "--network" "none" "ghcr.io/rust-lang/crates-build-env/linux@sha256:77db811e55d90add9212f6832c23229e3de5f1c1f9905e8cb07319ea15df73ac" "sleep" "infinity", kill_on_drop: false }`
[INFO] [stdout] 10c0e7cc0287c7290fe84e657e9a0841bd63ff3cff7288f602586c5749347961
[INFO] running `Command { std: "docker" "start" "10c0e7cc0287c7290fe84e657e9a0841bd63ff3cff7288f602586c5749347961", kill_on_drop: false }`
[INFO] running `Command { std: "docker" "inspect" "10c0e7cc0287c7290fe84e657e9a0841bd63ff3cff7288f602586c5749347961", kill_on_drop: false }`
[INFO] running `Command { std: "docker" "exec" "-e" "SOURCE_DIR=/opt/rustwide/workdir" "-e" "CARGO_HOME=/opt/rustwide/cargo-home" "-e" "RUSTUP_HOME=/opt/rustwide/rustup-home" "-e" "CARGO_TARGET_DIR=/opt/rustwide/target" "-w" "/opt/rustwide/workdir" "--user" "0:0" "10c0e7cc0287c7290fe84e657e9a0841bd63ff3cff7288f602586c5749347961" "/opt/rustwide/cargo-home/bin/cargo" "+1.99.0-beta.8" "metadata" "--no-deps" "--format-version=1", kill_on_drop: false }`
[INFO] running `Command { std: "docker" "inspect" "10c0e7cc0287c7290fe84e657e9a0841bd63ff3cff7288f602586c5749347961", kill_on_drop: false }`
[INFO] running `Command { std: "docker" "exec" "-e" "SOURCE_DIR=/opt/rustwide/workdir" "-e" "CARGO_HOME=/opt/rustwide/cargo-home" "-e" "RUSTUP_HOME=/opt/rustwide/rustup-home" "-e" "CARGO_TARGET_DIR=/opt/rustwide/target" "-e" "CARGO_INCREMENTAL=0" "-e" "RUST_BACKTRACE=full" "-e" "RUSTFLAGS=--cap-lints=warn" "-e" "RUSTDOCFLAGS=--cap-lints=warn" "-w" "/opt/rustwide/workdir" "--user" "0:0" "10c0e7cc0287c7290fe84e657e9a0841bd63ff3cff7288f602586c5749347961" "/opt/rustwide/cargo-home/bin/cargo" "+1.99.0-beta.8" "build" "--frozen" "--message-format=json" "--release", kill_on_drop: false }`
[INFO] [stderr]    Compiling libc v0.2.180
[INFO] [stderr]    Compiling crunchy v0.2.4
[INFO] [stderr]    Compiling tracing-core v0.1.36
[INFO] [stderr]    Compiling syn v2.0.114
[INFO] [stderr]    Compiling tiny-keccak v2.0.2
[INFO] [stderr]    Compiling ucd-trie v0.1.7
[INFO] [stderr]    Compiling memchr v2.7.6
[INFO] [stderr]    Compiling typeid v1.0.3
[INFO] [stderr]    Compiling zmij v1.0.16
[INFO] [stderr]    Compiling once_cell v1.21.3
[INFO] [stderr]    Compiling serde_json v1.0.149
[INFO] [stderr]    Compiling erased-serde v0.4.9
[INFO] [stderr]    Compiling pest v2.8.5
[INFO] [stderr]    Compiling hashbrown v0.15.5
[INFO] [stderr]    Compiling bitflags v2.10.0
[INFO] [stderr]    Compiling regex-syntax v0.8.8
[INFO] [stderr]    Compiling sync_wrapper v1.0.2
[INFO] [stderr]    Compiling hashbrown v0.14.5
[INFO] [stderr]    Compiling hashlink v0.10.0
[INFO] [stderr]    Compiling getrandom v0.2.17
[INFO] [stderr]    Compiling pest_meta v2.8.5
[INFO] [stderr]    Compiling const-random-macro v0.1.16
[INFO] [stderr]    Compiling const-random v0.1.18
[INFO] [stderr]    Compiling toml_parser v1.0.6+spec-1.1.0
[INFO] [stderr]    Compiling dlv-list v0.5.2
[INFO] [stderr]    Compiling ordered-multimap v0.7.3
[INFO] [stderr]    Compiling regex-automata v0.4.13
[INFO] [stderr]    Compiling toml_datetime v0.7.5+spec-1.1.0
[INFO] [stderr]    Compiling serde_spanned v1.0.4
[INFO] [stderr]    Compiling anyhow v1.0.100
[INFO] [stderr]    Compiling unicode-ident v1.0.22
[INFO] [stderr]    Compiling unicode-segmentation v1.12.0
[INFO] [stderr]    Compiling arraydeque v0.5.1
[INFO] [stderr]    Compiling toml v0.9.11+spec-1.1.0
[INFO] [stderr]    Compiling serde-untagged v0.1.9
[INFO] [stderr]    Compiling yaml-rust2 v0.10.4
[INFO] [stderr]    Compiling convert_case v0.6.0
[INFO] [stderr]    Compiling pest_generator v2.8.5
[INFO] [stderr]    Compiling rust-ini v0.21.3
[INFO] [stderr]    Compiling tracing-log v0.2.0
[INFO] [stderr]    Compiling serde_path_to_error v0.1.20
[INFO] [stderr]    Compiling matchit v0.8.4
[INFO] [stderr]    Compiling pathdiff v0.2.3
[INFO] [stderr]    Compiling dotenvy v0.15.7
[INFO] [stderr]    Compiling matchers v0.2.0
[INFO] [stderr]    Compiling serde_derive v1.0.228
[INFO] [stderr]    Compiling tracing-attributes v0.1.31
[INFO] [stderr]    Compiling tokio-macros v2.6.0
[INFO] [stderr]    Compiling pest_derive v2.8.5
[INFO] [stderr]    Compiling async-trait v0.1.89
[INFO] [stderr]    Compiling thiserror-impl v2.0.18
[INFO] [stderr]    Compiling tokio v1.49.0
[INFO] [stderr]    Compiling tracing v0.1.44
[INFO] [stderr]    Compiling axum-core v0.5.6
[INFO] [stderr]    Compiling tower-http v0.6.8
[INFO] [stderr]    Compiling thiserror v2.0.18
[INFO] [stderr]    Compiling serde v1.0.228
[INFO] [stderr]    Compiling serde_urlencoded v0.7.1
[INFO] [stderr]    Compiling json5 v0.4.1
[INFO] [stderr]    Compiling tracing-serde v0.2.0
[INFO] [stderr]    Compiling ron v0.12.0
[INFO] [stderr]    Compiling tracing-subscriber v0.3.22
[INFO] [stderr]    Compiling config v0.15.19
[INFO] [stderr]    Compiling hyper v1.8.1
[INFO] [stderr]    Compiling tower v0.5.3
[INFO] [stderr]    Compiling hyper-util v0.1.19
[INFO] [stderr]    Compiling axum v0.8.8
[INFO] [stderr]    Compiling rust-saas-boilerplate v0.1.0 (/opt/rustwide/workdir)
[INFO] [stderr]     Finished `release` profile [optimized] target(s) in 2m 19s
[INFO] running `Command { std: "docker" "inspect" "10c0e7cc0287c7290fe84e657e9a0841bd63ff3cff7288f602586c5749347961", kill_on_drop: false }`
[INFO] running `Command { std: "docker" "exec" "-e" "SOURCE_DIR=/opt/rustwide/workdir" "-e" "CARGO_HOME=/opt/rustwide/cargo-home" "-e" "RUSTUP_HOME=/opt/rustwide/rustup-home" "-e" "CARGO_TARGET_DIR=/opt/rustwide/target" "-e" "CARGO_INCREMENTAL=0" "-e" "RUST_BACKTRACE=full" "-e" "RUSTFLAGS=--cap-lints=warn" "-e" "RUSTDOCFLAGS=--cap-lints=warn" "-w" "/opt/rustwide/workdir" "--user" "0:0" "10c0e7cc0287c7290fe84e657e9a0841bd63ff3cff7288f602586c5749347961" "/opt/rustwide/cargo-home/bin/cargo" "+1.99.0-beta.8" "test" "--frozen" "--no-run" "--message-format=json" "--release", kill_on_drop: false }`
[INFO] [stderr]    Compiling rust-saas-boilerplate v0.1.0 (/opt/rustwide/workdir)
[INFO] [stderr]     Finished `release` profile [optimized] target(s) in 1.15s
[INFO] running `Command { std: "docker" "inspect" "10c0e7cc0287c7290fe84e657e9a0841bd63ff3cff7288f602586c5749347961", kill_on_drop: false }`
[INFO] running `Command { std: "docker" "exec" "-e" "SOURCE_DIR=/opt/rustwide/workdir" "-e" "CARGO_HOME=/opt/rustwide/cargo-home" "-e" "RUSTUP_HOME=/opt/rustwide/rustup-home" "-e" "CARGO_TARGET_DIR=/opt/rustwide/target" "-e" "CARGO_INCREMENTAL=0" "-e" "RUST_BACKTRACE=full" "-e" "RUSTFLAGS=--cap-lints=warn" "-e" "RUSTDOCFLAGS=--cap-lints=warn" "-w" "/opt/rustwide/workdir" "--user" "0:0" "10c0e7cc0287c7290fe84e657e9a0841bd63ff3cff7288f602586c5749347961" "/opt/rustwide/cargo-home/bin/cargo" "+1.99.0-beta.8" "test" "--frozen" "--release", kill_on_drop: false }`
[INFO] [stderr]     Finished `release` profile [optimized] target(s) in 0.13s
[INFO] [stderr]      Running unittests src/lib.rs (/opt/rustwide/target/release/deps/rust_saas_boilerplate-048029fa3266cd7e)
[INFO] [stdout] 
[INFO] [stdout] running 0 tests
[INFO] [stdout] 
[INFO] [stdout] test result: ok. 0 passed; 0 failed; 0 ignored; 0 measured; 0 filtered out; finished in 0.00s
[INFO] [stdout] 
[INFO] [stderr]      Running unittests src/main.rs (/opt/rustwide/target/release/deps/rust_saas_boilerplate-be81abbcb57545ca)
[INFO] [stdout] 
[INFO] [stdout] running 0 tests
[INFO] [stdout] 
[INFO] [stdout] test result: ok. 0 passed; 0 failed; 0 ignored; 0 measured; 0 filtered out; finished in 0.00s
[INFO] [stdout] 
[INFO] [stderr]    Doc-tests rust_saas_boilerplate
[INFO] [stdout] 
[INFO] [stdout] running 4 tests
[INFO] [stdout] test src/lib.rs - create_app (line 86) - compile ... ok
[INFO] [stdout] test src/lib.rs - init_logging (line 57) - compile ... ok
[INFO] [stdout] test src/lib.rs - (line 27) - compile ... ok
[INFO] [stdout] test src/error.rs - error::AppError (line 16) ... FAILED
[INFO] [stdout] 
[INFO] [stdout] failures:
[INFO] [stdout] 
[INFO] [stdout] ---- src/error.rs - error::AppError (line 16) stdout ----
[INFO] [stdout] error[E0428]: the name `handler` is defined multiple times
[INFO] [stdout]   --> src/error.rs:23:1
[INFO] [stdout]    |
[INFO] [stdout] 18 | pub async fn handler() -> AppError {
[INFO] [stdout]    | ---------------------------------- previous definition of the value `handler` here
[INFO] [stdout] ...
[INFO] [stdout] 23 | pub async fn handler() -> AppResult<String> {
[INFO] [stdout]    | ^^^^^^^^^^^^^^^^^^^^^^^^^^^^^^^^^^^^^^^^^^^ `handler` redefined here
[INFO] [stdout]    |
[INFO] [stdout]    = note: `handler` must be defined only once in the value namespace of this block
[INFO] [stdout] 
[INFO] [stdout] error[E0428]: the name `handler` is defined multiple times
[INFO] [stdout]   --> src/error.rs:29:1
[INFO] [stdout]    |
[INFO] [stdout] 18 | pub async fn handler() -> AppError {
[INFO] [stdout]    | ---------------------------------- previous definition of the value `handler` here
[INFO] [stdout] ...
[INFO] [stdout] 29 | pub async fn handler() -> AppResult<String> {
[INFO] [stdout]    | ^^^^^^^^^^^^^^^^^^^^^^^^^^^^^^^^^^^^^^^^^^^ `handler` redefined here
[INFO] [stdout]    |
[INFO] [stdout]    = note: `handler` must be defined only once in the value namespace of this block
[INFO] [stdout] 
[INFO] [stdout] error[E0425]: cannot find type `AppError` in this scope
[INFO] [stdout]   --> src/error.rs:18:27
[INFO] [stdout]    |
[INFO] [stdout] 18 | pub async fn handler() -> AppError {
[INFO] [stdout]    |                           ^^^^^^^^ not found in this scope
[INFO] [stdout] 
[INFO] [stdout] error[E0425]: cannot find type `AppResult` in this scope
[INFO] [stdout]   --> src/error.rs:23:27
[INFO] [stdout]    |
[INFO] [stdout] 23 | pub async fn handler() -> AppResult<String> {
[INFO] [stdout]    |                           ^^^^^^^^^
[INFO] [stdout]    |
[INFO] [stdout]   --> /rustc/dfb0accb7f508ae8be965d8629557221c889dd98/library/core/src/result.rs:558:0
[INFO] [stdout]    |
[INFO] [stdout]    = note: similarly named enum `Result` defined here
[INFO] [stdout] help: an enum with a similar name exists
[INFO] [stdout]    |
[INFO] [stdout] 23 - pub async fn handler() -> AppResult<String> {
[INFO] [stdout] 23 + pub async fn handler() -> Result<String> {
[INFO] [stdout]    |
[INFO] [stdout] 
[INFO] [stdout] error[E0425]: cannot find type `AppResult` in this scope
[INFO] [stdout]   --> src/error.rs:29:27
[INFO] [stdout]    |
[INFO] [stdout] 29 | pub async fn handler() -> AppResult<String> {
[INFO] [stdout]    |                           ^^^^^^^^^
[INFO] [stdout]    |
[INFO] [stdout]   --> /rustc/dfb0accb7f508ae8be965d8629557221c889dd98/library/core/src/result.rs:558:0
[INFO] [stdout]    |
[INFO] [stdout]    = note: similarly named enum `Result` defined here
[INFO] [stdout] help: an enum with a similar name exists
[INFO] [stdout]    |
[INFO] [stdout] 29 - pub async fn handler() -> AppResult<String> {
[INFO] [stdout] 29 + pub async fn handler() -> Result<String> {
[INFO] [stdout]    |
[INFO] [stdout] 
[INFO] [stdout] error[E0433]: cannot find type `AppError` in this scope
[INFO] [stdout]   --> src/error.rs:19:5
[INFO] [stdout]    |
[INFO] [stdout] 19 |     AppError::NotFound("User not found".to_string())
[INFO] [stdout]    |     ^^^^^^^^ use of undeclared type `AppError`
[INFO] [stdout] 
[INFO] [stdout] error[E0425]: cannot find function `some_operation` in this scope
[INFO] [stdout]   --> src/error.rs:24:42
[INFO] [stdout]    |
[INFO] [stdout] 24 |     let result: Result<String, String> = some_operation()?;
[INFO] [stdout]    |                                          ^^^^^^^^^^^^^^ not found in this scope
[INFO] [stdout] 
[INFO] [stdout] error[E0425]: cannot find function `some_anyhow_operation` in this scope
[INFO] [stdout]   --> src/error.rs:30:25
[INFO] [stdout]    |
[INFO] [stdout] 30 |     let value: String = some_anyhow_operation().map_err(AppError::from)?;
[INFO] [stdout]    |                         ^^^^^^^^^^^^^^^^^^^^^ not found in this scope
[INFO] [stdout] 
[INFO] [stdout] error[E0433]: cannot find type `AppError` in this scope
[INFO] [stdout]   --> src/error.rs:30:57
[INFO] [stdout]    |
[INFO] [stdout] 30 |     let value: String = some_anyhow_operation().map_err(AppError::from)?;
[INFO] [stdout]    |                                                         ^^^^^^^^ use of undeclared type `AppError`
[INFO] [stdout] 
[INFO] [stdout] error: aborting due to 9 previous errors
[INFO] [stdout] 
[INFO] [stdout] Some errors have detailed explanations: E0425, E0428, E0433.
[INFO] [stdout] For more information about an error, try `rustc --explain E0425`.
[INFO] [stdout] Couldn't compile the test.
[INFO] [stdout] 
[INFO] [stdout] failures:
[INFO] [stdout]     src/error.rs - error::AppError (line 16)
[INFO] [stdout] 
[INFO] [stdout] test result: FAILED. 3 passed; 1 failed; 0 ignored; 0 measured; 0 filtered out; finished in 0.29s
[INFO] [stdout] 
[INFO] [stderr] error: doctest failed, to rerun pass `--doc`
[INFO] running `Command { std: "docker" "inspect" "10c0e7cc0287c7290fe84e657e9a0841bd63ff3cff7288f602586c5749347961", kill_on_drop: false }`
[INFO] running `Command { std: "docker" "rm" "-f" "10c0e7cc0287c7290fe84e657e9a0841bd63ff3cff7288f602586c5749347961", kill_on_drop: false }`
[INFO] [stdout] 10c0e7cc0287c7290fe84e657e9a0841bd63ff3cff7288f602586c5749347961
