[INFO] fetching crate rust-rel8 0.2.2...
[INFO] testing rust-rel8-0.2.2 against 1.99.0-beta.8+cargoflags=--release for beta-release-1.100-2
[INFO] extracting crate rust-rel8 0.2.2 into /workspace/builds/worker-4-tc1/source
[INFO] started tweaking crates.io crate rust-rel8 0.2.2
[INFO] removed 0 missing tests
[INFO] finished tweaking crates.io crate rust-rel8 0.2.2
[INFO] tweaked toml for crates.io crate rust-rel8 0.2.2 written to /workspace/builds/worker-4-tc1/source/Cargo.toml
[INFO] validating manifest of crates.io crate rust-rel8 0.2.2 on toolchain 1.99.0-beta.8
[INFO] running `Command { std: CARGO_HOME="/workspace/cargo-home" RUSTUP_HOME="/workspace/rustup-home" "/workspace/cargo-home/bin/cargo" "+1.99.0-beta.8" "metadata" "--manifest-path" "Cargo.toml" "--no-deps", kill_on_drop: false }`
[INFO] crate crates.io crate rust-rel8 0.2.2 already has a lockfile, it will not be regenerated
[INFO] running `Command { std: CARGO_HOME="/workspace/cargo-home" RUSTUP_HOME="/workspace/rustup-home" "/workspace/cargo-home/bin/cargo" "+1.99.0-beta.8" "fetch" "--manifest-path" "Cargo.toml", kill_on_drop: false }`
[INFO] [stderr]     Updating crates.io index
[INFO] [stderr]  Downloading crates ...
[INFO] [stderr]   Downloaded type-equalities v0.3.1
[INFO] [stderr]   Downloaded target-triple v1.0.0
[INFO] [stderr]   Downloaded zmij v1.0.15
[INFO] [stderr]   Downloaded trybuild v1.0.114
[INFO] [stderr]   Downloaded sea-query-sqlx v0.8.0-rc.11
[INFO] [stderr]   Downloaded cps v0.2.3
[INFO] [stderr]   Downloaded perfect-derive v0.1.5
[INFO] [stderr]   Downloaded rust-rel8-derive v0.2.1
[INFO] [stderr]   Downloaded sea-query v1.0.0-rc.29
[INFO] running `Command { std: "docker" "create" "-v" "/var/lib/crater-agent-workspace/builds/worker-4-tc1/source:/opt/rustwide/workdir:ro,Z" "-v" "/var/lib/crater-agent-workspace/builds/worker-4-tc1/target:/opt/rustwide/target:rw,Z" "-v" "/var/lib/crater-agent-workspace/cargo-home:/opt/rustwide/cargo-home:ro,Z" "-v" "/var/lib/crater-agent-workspace/rustup-home:/opt/rustwide/rustup-home:ro,Z" "-m" "1610612736" "--network" "none" "ghcr.io/rust-lang/crates-build-env/linux@sha256:77db811e55d90add9212f6832c23229e3de5f1c1f9905e8cb07319ea15df73ac" "sleep" "infinity", kill_on_drop: false }`
[INFO] [stdout] 8cfa01721abe10625de570c03bf2d3ecc83f9af7484a7ceb5dec73d05751329f
[INFO] running `Command { std: "docker" "start" "8cfa01721abe10625de570c03bf2d3ecc83f9af7484a7ceb5dec73d05751329f", kill_on_drop: false }`
[INFO] running `Command { std: "docker" "inspect" "8cfa01721abe10625de570c03bf2d3ecc83f9af7484a7ceb5dec73d05751329f", kill_on_drop: false }`
[INFO] running `Command { std: "docker" "exec" "-e" "SOURCE_DIR=/opt/rustwide/workdir" "-e" "CARGO_HOME=/opt/rustwide/cargo-home" "-e" "RUSTUP_HOME=/opt/rustwide/rustup-home" "-e" "CARGO_TARGET_DIR=/opt/rustwide/target" "-w" "/opt/rustwide/workdir" "--user" "0:0" "8cfa01721abe10625de570c03bf2d3ecc83f9af7484a7ceb5dec73d05751329f" "/opt/rustwide/cargo-home/bin/cargo" "+1.99.0-beta.8" "metadata" "--no-deps" "--format-version=1", kill_on_drop: false }`
[INFO] running `Command { std: "docker" "inspect" "8cfa01721abe10625de570c03bf2d3ecc83f9af7484a7ceb5dec73d05751329f", kill_on_drop: false }`
[INFO] running `Command { std: "docker" "exec" "-e" "SOURCE_DIR=/opt/rustwide/workdir" "-e" "CARGO_HOME=/opt/rustwide/cargo-home" "-e" "RUSTUP_HOME=/opt/rustwide/rustup-home" "-e" "CARGO_TARGET_DIR=/opt/rustwide/target" "-e" "CARGO_INCREMENTAL=0" "-e" "RUST_BACKTRACE=full" "-e" "RUSTFLAGS=--cap-lints=warn" "-e" "RUSTDOCFLAGS=--cap-lints=warn" "-w" "/opt/rustwide/workdir" "--user" "0:0" "8cfa01721abe10625de570c03bf2d3ecc83f9af7484a7ceb5dec73d05751329f" "/opt/rustwide/cargo-home/bin/cargo" "+1.99.0-beta.8" "build" "--frozen" "--message-format=json" "--release", kill_on_drop: false }`
[INFO] [stderr]    Compiling proc-macro2 v1.0.106
[INFO] [stderr]    Compiling zmij v1.0.15
[INFO] [stderr]    Compiling serde_core v1.0.228
[INFO] [stderr]    Compiling serde v1.0.228
[INFO] [stderr]    Compiling libc v0.2.180
[INFO] [stderr]    Compiling litemap v0.8.1
[INFO] [stderr]    Compiling writeable v0.6.2
[INFO] [stderr]    Compiling serde_json v1.0.149
[INFO] [stderr]    Compiling icu_normalizer_data v2.1.1
[INFO] [stderr]    Compiling icu_properties_data v2.1.2
[INFO] [stderr]    Compiling subtle v2.6.1
[INFO] [stderr]    Compiling crossbeam-utils v0.8.21
[INFO] [stderr]    Compiling crypto-common v0.1.7
[INFO] [stderr]    Compiling zerocopy v0.8.33
[INFO] [stderr]    Compiling futures-core v0.3.31
[INFO] [stderr]    Compiling tinyvec_macros v0.1.1
[INFO] [stderr]    Compiling futures-sink v0.3.31
[INFO] [stderr]    Compiling digest v0.10.7
[INFO] [stderr]    Compiling percent-encoding v2.3.2
[INFO] [stderr]    Compiling memchr v2.7.6
[INFO] [stderr]    Compiling tracing-core v0.1.36
[INFO] [stderr]    Compiling tinyvec v1.10.0
[INFO] [stderr]    Compiling num-traits v0.2.19
[INFO] [stderr]    Compiling thiserror v2.0.18
[INFO] [stderr]    Compiling itoa v1.0.17
[INFO] [stderr]    Compiling crc-catalog v2.4.0
[INFO] [stderr]    Compiling form_urlencoded v1.2.2
[INFO] [stderr]    Compiling futures-io v0.3.31
[INFO] [stderr]    Compiling slab v0.4.11
[INFO] [stderr]    Compiling parking v2.2.1
[INFO] [stderr]    Compiling futures-task v0.3.31
[INFO] [stderr]    Compiling pin-utils v0.1.0
[INFO] [stderr]    Compiling log v0.4.29
[INFO] [stderr]    Compiling crc v3.4.0
[INFO] [stderr]    Compiling sha2 v0.10.9
[INFO] [stderr]    Compiling hmac v0.12.1
[INFO] [stderr]    Compiling hashlink v0.10.0
[INFO] [stderr]    Compiling getrandom v0.2.17
[INFO] [stderr]    Compiling unicode-bidi v0.3.18
[INFO] [stderr]    Compiling base64 v0.22.1
[INFO] [stderr]    Compiling unicode-properties v0.1.4
[INFO] [stderr]    Compiling quote v1.0.44
[INFO] [stderr]    Compiling unicode-normalization v0.1.25
[INFO] [stderr]    Compiling concurrent-queue v2.5.0
[INFO] [stderr]    Compiling crossbeam-queue v0.3.12
[INFO] [stderr]    Compiling syn v2.0.114
[INFO] [stderr]    Compiling bytes v1.11.0
[INFO] [stderr]    Compiling rand_core v0.6.4
[INFO] [stderr]    Compiling hkdf v0.12.4
[INFO] [stderr]    Compiling md-5 v0.10.6
[INFO] [stderr]    Compiling futures-util v0.3.31
[INFO] [stderr]    Compiling futures-channel v0.3.31
[INFO] [stderr]    Compiling bitflags v2.10.0
[INFO] [stderr]    Compiling byteorder v1.5.0
[INFO] [stderr]    Compiling whoami v1.6.1
[INFO] [stderr]    Compiling home v0.5.12
[INFO] [stderr]    Compiling event-listener v5.4.1
[INFO] [stderr]    Compiling dotenvy v0.15.7
[INFO] [stderr]    Compiling atoi v2.0.0
[INFO] [stderr]    Compiling stringprep v0.1.5
[INFO] [stderr]    Compiling rand_chacha v0.3.1
[INFO] [stderr]    Compiling ppv-lite86 v0.2.21
[INFO] [stderr]    Compiling rand v0.8.5
[INFO] [stderr]    Compiling type-equalities v0.3.1
[INFO] [stderr]    Compiling syn v1.0.109
[INFO] [stderr]    Compiling litrs v0.2.3
[INFO] [stderr]    Compiling cps v0.2.3
[INFO] [stderr]    Compiling synstructure v0.13.2
[INFO] [stderr]    Compiling darling_core v0.23.0
[INFO] [stderr]    Compiling zerofrom-derive v0.1.6
[INFO] [stderr]    Compiling yoke-derive v0.8.1
[INFO] [stderr]    Compiling zerovec-derive v0.11.2
[INFO] [stderr]    Compiling serde_derive v1.0.228
[INFO] [stderr]    Compiling displaydoc v0.2.5
[INFO] [stderr]    Compiling tracing-attributes v0.1.31
[INFO] [stderr]    Compiling thiserror-impl v2.0.18
[INFO] [stderr]    Compiling inherent v1.0.13
[INFO] [stderr]    Compiling bytemuck_derive v1.10.2
[INFO] [stderr]    Compiling variadics_please v1.1.0
[INFO] [stderr]    Compiling perfect-derive v0.1.5
[INFO] [stderr]    Compiling sea-query v1.0.0-rc.29
[INFO] [stderr]    Compiling zerofrom v0.1.6
[INFO] [stderr]    Compiling yoke v0.8.1
[INFO] [stderr]    Compiling zerovec v0.11.5
[INFO] [stderr]    Compiling zerotrie v0.2.3
[INFO] [stderr]    Compiling bytemuck v1.24.0
[INFO] [stderr]    Compiling tracing v0.1.44
[INFO] [stderr]    Compiling darling_macro v0.23.0
[INFO] [stderr]    Compiling tinystr v0.8.2
[INFO] [stderr]    Compiling potential_utf v0.1.4
[INFO] [stderr]    Compiling darling v0.23.0
[INFO] [stderr]    Compiling icu_collections v2.1.1
[INFO] [stderr]    Compiling rust-rel8-derive v0.2.1
[INFO] [stderr]    Compiling icu_locale_core v2.1.1
[INFO] [stderr]    Compiling icu_provider v2.1.1
[INFO] [stderr]    Compiling smallvec v1.15.1
[INFO] [stderr]    Compiling either v1.15.0
[INFO] [stderr]    Compiling icu_properties v2.1.2
[INFO] [stderr]    Compiling icu_normalizer v2.1.1
[INFO] [stderr]    Compiling parking_lot_core v0.9.12
[INFO] [stderr]    Compiling parking_lot v0.12.5
[INFO] [stderr]    Compiling futures-intrusive v0.5.0
[INFO] [stderr]    Compiling itertools v0.14.0
[INFO] [stderr]    Compiling idna_adapter v1.2.1
[INFO] [stderr]    Compiling idna v1.1.0
[INFO] [stderr]    Compiling url v2.5.8
[INFO] [stderr]    Compiling sqlx-core v0.8.6
[INFO] [stderr]    Compiling sqlx-postgres v0.8.6
[INFO] [stderr]    Compiling sqlx-macros-core v0.8.6
[INFO] [stderr]    Compiling sqlx-macros v0.8.6
[INFO] [stderr]    Compiling sqlx v0.8.6
[INFO] [stderr]    Compiling sea-query-sqlx v0.8.0-rc.11
[INFO] [stderr]    Compiling rust-rel8 v0.2.2 (/opt/rustwide/workdir)
[INFO] [stderr]     Finished `release` profile [optimized] target(s) in 54.51s
[INFO] running `Command { std: "docker" "inspect" "8cfa01721abe10625de570c03bf2d3ecc83f9af7484a7ceb5dec73d05751329f", kill_on_drop: false }`
[INFO] running `Command { std: "docker" "exec" "-e" "SOURCE_DIR=/opt/rustwide/workdir" "-e" "CARGO_HOME=/opt/rustwide/cargo-home" "-e" "RUSTUP_HOME=/opt/rustwide/rustup-home" "-e" "CARGO_TARGET_DIR=/opt/rustwide/target" "-e" "CARGO_INCREMENTAL=0" "-e" "RUST_BACKTRACE=full" "-e" "RUSTFLAGS=--cap-lints=warn" "-e" "RUSTDOCFLAGS=--cap-lints=warn" "-w" "/opt/rustwide/workdir" "--user" "0:0" "8cfa01721abe10625de570c03bf2d3ecc83f9af7484a7ceb5dec73d05751329f" "/opt/rustwide/cargo-home/bin/cargo" "+1.99.0-beta.8" "test" "--frozen" "--no-run" "--message-format=json" "--release", kill_on_drop: false }`
[INFO] [stderr]    Compiling rustix v1.1.3
[INFO] [stderr]    Compiling crossbeam-utils v0.8.21
[INFO] [stderr]    Compiling futures-core v0.3.31
[INFO] [stderr]    Compiling async-io v2.6.0
[INFO] [stderr]    Compiling io-lifetimes v1.0.11
[INFO] [stderr]    Compiling polling v2.8.0
[INFO] [stderr]    Compiling rustix v0.37.28
[INFO] [stderr]    Compiling async-io v1.13.0
[INFO] [stderr]    Compiling value-bag v1.12.0
[INFO] [stderr]    Compiling bitflags v2.10.0
[INFO] [stderr]    Compiling linux-raw-sys v0.11.0
[INFO] [stderr]    Compiling event-listener v5.4.1
[INFO] [stderr]    Compiling async-task v4.7.1
[INFO] [stderr]    Compiling atomic-waker v1.1.2
[INFO] [stderr]    Compiling event-listener v2.5.3
[INFO] [stderr]    Compiling futures-lite v2.6.1
[INFO] [stderr]    Compiling piper v0.2.4
[INFO] [stderr]    Compiling log v0.4.29
[INFO] [stderr]    Compiling fastrand v1.9.0
[INFO] [stderr]    Compiling linux-raw-sys v0.3.8
[INFO] [stderr]    Compiling event-listener-strategy v0.5.4
[INFO] [stderr]    Compiling waker-fn v1.2.0
[INFO] [stderr]    Compiling async-lock v2.8.0
[INFO] [stderr]    Compiling async-channel v2.5.0
[INFO] [stderr]    Compiling futures-lite v1.13.0
[INFO] [stderr]    Compiling socket2 v0.4.10
[INFO] [stderr]    Compiling futures-util v0.3.31
[INFO] [stderr]    Compiling concurrent-queue v2.5.0
[INFO] [stderr]    Compiling crossbeam-queue v0.3.12
[INFO] [stderr]    Compiling kv-log-macro v1.0.7
[INFO] [stderr]    Compiling async-channel v1.9.0
[INFO] [stderr]    Compiling tracing v0.1.44
[INFO] [stderr]    Compiling async-lock v3.4.2
[INFO] [stderr]    Compiling futures-intrusive v0.5.0
[INFO] [stderr]    Compiling futures-channel v0.3.31
[INFO] [stderr]    Compiling blocking v1.6.2
[INFO] [stderr]    Compiling async-executor v1.13.3
[INFO] [stderr]    Compiling async-attributes v1.1.2
[INFO] [stderr]    Compiling target-triple v1.0.0
[INFO] [stderr]    Compiling serde_spanned v1.0.4
[INFO] [stderr]    Compiling toml_datetime v0.7.5+spec-1.1.0
[INFO] [stderr]    Compiling toml v0.9.11+spec-1.1.0
[INFO] [stderr]    Compiling trybuild v1.0.114
[INFO] [stderr]    Compiling polling v3.11.0
[INFO] [stderr]    Compiling async-global-executor v2.4.1
[INFO] [stderr]    Compiling async-std v1.13.2
[INFO] [stderr]    Compiling sqlx-core v0.8.6
[INFO] [stderr]    Compiling sqlx-postgres v0.8.6
[INFO] [stderr]    Compiling sqlx-macros-core v0.8.6
[INFO] [stderr]    Compiling sqlx-macros v0.8.6
[INFO] [stderr]    Compiling sqlx v0.8.6
[INFO] [stderr]    Compiling sea-query-sqlx v0.8.0-rc.11
[INFO] [stderr]    Compiling rust-rel8 v0.2.2 (/opt/rustwide/workdir)
[INFO] [stdout] warning: associated constant `SCHEMA` is never used
[INFO] [stdout]   --> tests/queries.rs:33:11
[INFO] [stdout]    |
[INFO] [stdout] 32 | impl<'scope> Post<'scope, NameMode> {
[INFO] [stdout]    | ----------------------------------- associated constant in this implementation
[INFO] [stdout] 33 |     const SCHEMA: TableSchema<Self> = TableSchema {
[INFO] [stdout]    |           ^^^^^^
[INFO] [stdout]    |
[INFO] [stdout]    = note: `#[warn(dead_code)]` (part of `#[warn(unused)]`) on by default
[INFO] [stdout] 
[INFO] [stdout] 
[INFO] [stderr]     Finished `release` profile [optimized] target(s) in 1m 12s
[INFO] running `Command { std: "docker" "inspect" "8cfa01721abe10625de570c03bf2d3ecc83f9af7484a7ceb5dec73d05751329f", kill_on_drop: false }`
[INFO] running `Command { std: "docker" "exec" "-e" "SOURCE_DIR=/opt/rustwide/workdir" "-e" "CARGO_HOME=/opt/rustwide/cargo-home" "-e" "RUSTUP_HOME=/opt/rustwide/rustup-home" "-e" "CARGO_TARGET_DIR=/opt/rustwide/target" "-e" "CARGO_INCREMENTAL=0" "-e" "RUST_BACKTRACE=full" "-e" "RUSTFLAGS=--cap-lints=warn" "-e" "RUSTDOCFLAGS=--cap-lints=warn" "-w" "/opt/rustwide/workdir" "--user" "0:0" "8cfa01721abe10625de570c03bf2d3ecc83f9af7484a7ceb5dec73d05751329f" "/opt/rustwide/cargo-home/bin/cargo" "+1.99.0-beta.8" "test" "--frozen" "--release", kill_on_drop: false }`
[INFO] [stderr] warning: associated constant `SCHEMA` is never used
[INFO] [stderr]   --> tests/queries.rs:33:11
[INFO] [stderr]    |
[INFO] [stderr] 32 | impl<'scope> Post<'scope, NameMode> {
[INFO] [stderr]    | ----------------------------------- associated constant in this implementation
[INFO] [stderr] 33 |     const SCHEMA: TableSchema<Self> = TableSchema {
[INFO] [stderr]    |           ^^^^^^
[INFO] [stderr]    |
[INFO] [stderr]    = note: `#[warn(dead_code)]` (part of `#[warn(unused)]`) on by default
[INFO] [stderr] 
[INFO] [stderr] warning: `rust-rel8` (test "queries") generated 1 warning
[INFO] [stderr]     Finished `release` profile [optimized] target(s) in 0.38s
[INFO] [stderr]      Running unittests src/lib.rs (/opt/rustwide/target/release/deps/rust_rel8-36138e76f7f7fe35)
[INFO] [stdout] 
[INFO] [stdout] running 0 tests
[INFO] [stdout] 
[INFO] [stdout] test result: ok. 0 passed; 0 failed; 0 ignored; 0 measured; 0 filtered out; finished in 0.00s
[INFO] [stdout] 
[INFO] [stderr]      Running tests/queries.rs (/opt/rustwide/target/release/deps/queries-07fbf7541bd7aaa0)
[INFO] [stdout] 
[INFO] [stdout] running 15 tests
[INFO] [stdout] test does_it_work ... ok
[INFO] [stdout] test join_example_many ... FAILED
[INFO] [stdout] test join_example_optional ... FAILED
[INFO] [stdout] test windows_simple ... FAILED
[INFO] [stdout] test aggregations_simple ... FAILED
[INFO] [stdout] test and_filters ... FAILED
[INFO] [stdout] test optionals ... FAILED
[INFO] [stdout] test join_example ... FAILED
[INFO] [stdout] test test_each_with_inc ... FAILED
[INFO] [stdout] test nested ... FAILED
[INFO] [stdout] test my_table ... FAILED
[INFO] [stdout] test nextval_stuff ... FAILED
[INFO] [stdout] test double_nested ... FAILED
[INFO] [stdout] test optionals_maybe ... FAILED
[INFO] [stdout] test no_queries ... FAILED
[INFO] [stdout] 
[INFO] [stdout] failures:
[INFO] [stdout] 
[INFO] [stdout] ---- join_example_many stdout ----
[INFO] [stdout] 
[INFO] [stdout] thread 'join_example_many' (3584) panicked at tests/queries.rs:800:31:
[INFO] [stdout] called `Result::unwrap()` on an `Err` value: NotPresent
[INFO] [stdout] stack backtrace:
[INFO] [stdout]    0:     0x576f0315b411 - <<std[70759c8f55707aa4]::sys::backtrace::BacktraceLock>::print::DisplayBacktrace as core[df12db4294e9bfd3]::fmt::Display>::fmt
[INFO] [stdout]    1:     0x576f03172f5a - core[df12db4294e9bfd3]::fmt::write
[INFO] [stdout]    2:     0x576f0315fcec - <alloc[2182bb758b4b3781]::vec::Vec<u8> as core[df12db4294e9bfd3]::io::write::Write>::write_fmt
[INFO] [stdout]    3:     0x576f03136586 - std[70759c8f55707aa4]::panicking::default_hook::{closure#0}
[INFO] [stdout]    4:     0x576f031532e9 - std[70759c8f55707aa4]::panicking::default_hook
[INFO] [stdout]    5:     0x576f0302e8d0 - test[9d35eded1c95d3be]::test_main_inner::<test[9d35eded1c95d3be]::test_main_static::{closure#0}>::{closure#0}
[INFO] [stdout]    6:     0x576f03153612 - std[70759c8f55707aa4]::panicking::panic_with_hook
[INFO] [stdout]    7:     0x576f03136632 - std[70759c8f55707aa4]::panicking::panic_handler::{closure#0}
[INFO] [stdout]    8:     0x576f0312f2d9 - std[70759c8f55707aa4]::sys::backtrace::__rust_end_short_backtrace::<std[70759c8f55707aa4]::panicking::panic_handler::{closure#0}, !>
[INFO] [stdout]    9:     0x576f0313741d - __rustc[8fa7c3cbc660c2b3]::rust_begin_unwind
[INFO] [stdout]   10:     0x576f031736bc - core[df12db4294e9bfd3]::panicking::panic_fmt
[INFO] [stdout]   11:     0x576f03173492 - core[df12db4294e9bfd3]::result::unwrap_failed
[INFO] [stdout]   12:     0x576f02f2738e - <std[70759c8f55707aa4]::thread::local::LocalKey<core[df12db4294e9bfd3]::cell::Cell<*const async_std[4065222cda23df65]::task::task_locals_wrapper::TaskLocalsWrapper>>>::with::<<async_std[4065222cda23df65]::task::task_locals_wrapper::TaskLocalsWrapper>::set_current<<async_std[4065222cda23df65]::task::builder::SupportTaskLocals<queries[959aa4f77c7a47b5]::join_example_many::{closure#0}> as core[df12db4294e9bfd3]::future::future::Future>::poll::{closure#0}, core[df12db4294e9bfd3]::task::poll::Poll<()>>::{closure#0}, core[df12db4294e9bfd3]::task::poll::Poll<()>>
[INFO] [stdout]   13:     0x576f03021160 - <futures_lite[e4eeefeb7e276825]::future::Or<async_std[4065222cda23df65]::task::builder::SupportTaskLocals<queries[959aa4f77c7a47b5]::join_example_many::{closure#0}>, <async_executor[547b2eaad4838cc6]::State>::run<(), async_std[4065222cda23df65]::task::builder::SupportTaskLocals<queries[959aa4f77c7a47b5]::join_example_many::{closure#0}>>::{closure#0}::{closure#0}> as core[df12db4294e9bfd3]::future::future::Future>::poll
[INFO] [stdout]   14:     0x576f02f38964 - <std[70759c8f55707aa4]::thread::local::LocalKey<core[df12db4294e9bfd3]::cell::RefCell<(parking[bb0b0b8fa49f1c1a]::Parker, core[df12db4294e9bfd3]::task::wake::Waker, alloc[2182bb758b4b3781]::sync::Arc<core[df12db4294e9bfd3]::sync::atomic::Atomic<bool>>)>>>::with::<async_io[9db9bd3d13e64070]::driver::block_on<(), <async_executor[547b2eaad4838cc6]::LocalExecutor>::run<(), async_std[4065222cda23df65]::task::builder::SupportTaskLocals<queries[959aa4f77c7a47b5]::join_example_many::{closure#0}>>::{closure#0}>::{closure#1}, ()>
[INFO] [stdout]   15:     0x576f02f3134e - <std[70759c8f55707aa4]::thread::local::LocalKey<core[df12db4294e9bfd3]::cell::Cell<usize>>>::with::<<async_std[4065222cda23df65]::task::builder::Builder>::blocking<queries[959aa4f77c7a47b5]::join_example_many::{closure#0}, ()>::{closure#0}, ()>
[INFO] [stdout]   16:     0x576f0300efcb - <async_std[4065222cda23df65]::task::builder::Builder>::blocking::<queries[959aa4f77c7a47b5]::join_example_many::{closure#0}, ()>
[INFO] [stdout]   17:     0x576f02fea458 - <queries[959aa4f77c7a47b5]::join_example_many::{closure#0} as core[df12db4294e9bfd3]::ops::function::FnOnce<()>>::call_once
[INFO] [stdout]   18:     0x576f03021bbb - test[9d35eded1c95d3be]::__rust_begin_short_backtrace::<core[df12db4294e9bfd3]::result::Result<(), alloc[2182bb758b4b3781]::string::String>, fn() -> core[df12db4294e9bfd3]::result::Result<(), alloc[2182bb758b4b3781]::string::String>>
[INFO] [stdout]   19:     0x576f0302f225 - test[9d35eded1c95d3be]::run_test::{closure#0}
[INFO] [stdout]   20:     0x576f03028ae4 - std[70759c8f55707aa4]::sys::backtrace::__rust_begin_short_backtrace::<test[9d35eded1c95d3be]::run_test::{closure#1}, ()>
[INFO] [stdout]   21:     0x576f03032382 - <std[70759c8f55707aa4]::thread::lifecycle::spawn_unchecked<test[9d35eded1c95d3be]::run_test::{closure#1}, ()>::{closure#1} as core[df12db4294e9bfd3]::ops::function::FnOnce<()>>::call_once::{shim:vtable#0}
[INFO] [stdout]   22:     0x576f0315a939 - <std[70759c8f55707aa4]::sys::thread::unix::Thread>::new::thread_start
[INFO] [stdout]   23:     0x7383b65d2dfa - <unknown>
[INFO] [stdout]   24:     0x7383b66663d4 - clone
[INFO] [stdout]   25:                0x0 - <unknown>
[INFO] [stdout] 
[INFO] [stdout] ---- join_example_optional stdout ----
[INFO] [stdout] 
[INFO] [stdout] thread 'join_example_optional' (3585) panicked at tests/queries.rs:551:31:
[INFO] [stdout] called `Result::unwrap()` on an `Err` value: NotPresent
[INFO] [stdout] stack backtrace:
[INFO] [stdout]    0:     0x576f0315b411 - <<std[70759c8f55707aa4]::sys::backtrace::BacktraceLock>::print::DisplayBacktrace as core[df12db4294e9bfd3]::fmt::Display>::fmt
[INFO] [stdout]    1:     0x576f03172f5a - core[df12db4294e9bfd3]::fmt::write
[INFO] [stdout]    2:     0x576f0315fcec - <alloc[2182bb758b4b3781]::vec::Vec<u8> as core[df12db4294e9bfd3]::io::write::Write>::write_fmt
[INFO] [stdout]    3:     0x576f03136586 - std[70759c8f55707aa4]::panicking::default_hook::{closure#0}
[INFO] [stdout]    4:     0x576f031532e9 - std[70759c8f55707aa4]::panicking::default_hook
[INFO] [stdout]    5:     0x576f0302e8d0 - test[9d35eded1c95d3be]::test_main_inner::<test[9d35eded1c95d3be]::test_main_static::{closure#0}>::{closure#0}
[INFO] [stdout]    6:     0x576f03153612 - std[70759c8f55707aa4]::panicking::panic_with_hook
[INFO] [stdout]    7:     0x576f03136632 - std[70759c8f55707aa4]::panicking::panic_handler::{closure#0}
[INFO] [stdout]    8:     0x576f0312f2d9 - std[70759c8f55707aa4]::sys::backtrace::__rust_end_short_backtrace::<std[70759c8f55707aa4]::panicking::panic_handler::{closure#0}, !>
[INFO] [stdout]    9:     0x576f0313741d - __rustc[8fa7c3cbc660c2b3]::rust_begin_unwind
[INFO] [stdout]   10:     0x576f031736bc - core[df12db4294e9bfd3]::panicking::panic_fmt
[INFO] [stdout]   11:     0x576f03173492 - core[df12db4294e9bfd3]::result::unwrap_failed
[INFO] [stdout]   12:     0x576f02f2aac0 - <std[70759c8f55707aa4]::thread::local::LocalKey<core[df12db4294e9bfd3]::cell::Cell<*const async_std[4065222cda23df65]::task::task_locals_wrapper::TaskLocalsWrapper>>>::with::<<async_std[4065222cda23df65]::task::task_locals_wrapper::TaskLocalsWrapper>::set_current<<async_std[4065222cda23df65]::task::builder::SupportTaskLocals<queries[959aa4f77c7a47b5]::join_example_optional::{closure#0}> as core[df12db4294e9bfd3]::future::future::Future>::poll::{closure#0}, core[df12db4294e9bfd3]::task::poll::Poll<()>>::{closure#0}, core[df12db4294e9bfd3]::task::poll::Poll<()>>
[INFO] [stdout]   13:     0x576f03021500 - <futures_lite[e4eeefeb7e276825]::future::Or<async_std[4065222cda23df65]::task::builder::SupportTaskLocals<queries[959aa4f77c7a47b5]::join_example_optional::{closure#0}>, <async_executor[547b2eaad4838cc6]::State>::run<(), async_std[4065222cda23df65]::task::builder::SupportTaskLocals<queries[959aa4f77c7a47b5]::join_example_optional::{closure#0}>>::{closure#0}::{closure#0}> as core[df12db4294e9bfd3]::future::future::Future>::poll
[INFO] [stdout]   14:     0x576f02f3aad4 - <std[70759c8f55707aa4]::thread::local::LocalKey<core[df12db4294e9bfd3]::cell::RefCell<(parking[bb0b0b8fa49f1c1a]::Parker, core[df12db4294e9bfd3]::task::wake::Waker, alloc[2182bb758b4b3781]::sync::Arc<core[df12db4294e9bfd3]::sync::atomic::Atomic<bool>>)>>>::with::<async_io[9db9bd3d13e64070]::driver::block_on<(), <async_executor[547b2eaad4838cc6]::LocalExecutor>::run<(), async_std[4065222cda23df65]::task::builder::SupportTaskLocals<queries[959aa4f77c7a47b5]::join_example_optional::{closure#0}>>::{closure#0}>::{closure#1}, ()>
[INFO] [stdout]   15:     0x576f02f31bbe - <std[70759c8f55707aa4]::thread::local::LocalKey<core[df12db4294e9bfd3]::cell::Cell<usize>>>::with::<<async_std[4065222cda23df65]::task::builder::Builder>::blocking<queries[959aa4f77c7a47b5]::join_example_optional::{closure#0}, ()>::{closure#0}, ()>
[INFO] [stdout]   16:     0x576f0300f76b - <async_std[4065222cda23df65]::task::builder::Builder>::blocking::<queries[959aa4f77c7a47b5]::join_example_optional::{closure#0}, ()>
[INFO] [stdout]   17:     0x576f02fea518 - <queries[959aa4f77c7a47b5]::join_example_optional::{closure#0} as core[df12db4294e9bfd3]::ops::function::FnOnce<()>>::call_once
[INFO] [stdout]   18:     0x576f03021bbb - test[9d35eded1c95d3be]::__rust_begin_short_backtrace::<core[df12db4294e9bfd3]::result::Result<(), alloc[2182bb758b4b3781]::string::String>, fn() -> core[df12db4294e9bfd3]::result::Result<(), alloc[2182bb758b4b3781]::string::String>>
[INFO] [stdout]   19:     0x576f0302f225 - test[9d35eded1c95d3be]::run_test::{closure#0}
[INFO] [stdout]   20:     0x576f03028ae4 - std[70759c8f55707aa4]::sys::backtrace::__rust_begin_short_backtrace::<test[9d35eded1c95d3be]::run_test::{closure#1}, ()>
[INFO] [stdout]   21:     0x576f03032382 - <std[70759c8f55707aa4]::thread::lifecycle::spawn_unchecked<test[9d35eded1c95d3be]::run_test::{closure#1}, ()>::{closure#1} as core[df12db4294e9bfd3]::ops::function::FnOnce<()>>::call_once::{shim:vtable#0}
[INFO] [stdout]   22:     0x576f0315a939 - <std[70759c8f55707aa4]::sys::thread::unix::Thread>::new::thread_start
[INFO] [stdout]   23:     0x7383b65d2dfa - <unknown>
[INFO] [stdout]   24:     0x7383b66663d4 - clone
[INFO] [stdout]   25:                0x0 - <unknown>
[INFO] [stdout] 
[INFO] [stdout] ---- windows_simple stdout ----
[INFO] [stdout] 
[INFO] [stdout] thread 'windows_simple' (3597) panicked at tests/queries.rs:752:31:
[INFO] [stdout] called `Result::unwrap()` on an `Err` value: NotPresent
[INFO] [stdout] stack backtrace:
[INFO] [stdout]    0:     0x576f0315b411 - <<std[70759c8f55707aa4]::sys::backtrace::BacktraceLock>::print::DisplayBacktrace as core[df12db4294e9bfd3]::fmt::Display>::fmt
[INFO] [stdout]    1:     0x576f03172f5a - core[df12db4294e9bfd3]::fmt::write
[INFO] [stdout]    2:     0x576f0315fcec - <alloc[2182bb758b4b3781]::vec::Vec<u8> as core[df12db4294e9bfd3]::io::write::Write>::write_fmt
[INFO] [stdout]    3:     0x576f03136586 - std[70759c8f55707aa4]::panicking::default_hook::{closure#0}
[INFO] [stdout]    4:     0x576f031532e9 - std[70759c8f55707aa4]::panicking::default_hook
[INFO] [stdout]    5:     0x576f0302e8d0 - test[9d35eded1c95d3be]::test_main_inner::<test[9d35eded1c95d3be]::test_main_static::{closure#0}>::{closure#0}
[INFO] [stdout]    6:     0x576f03153612 - std[70759c8f55707aa4]::panicking::panic_with_hook
[INFO] [stdout]    7:     0x576f03136632 - std[70759c8f55707aa4]::panicking::panic_handler::{closure#0}
[INFO] [stdout]    8:     0x576f0312f2d9 - std[70759c8f55707aa4]::sys::backtrace::__rust_end_short_backtrace::<std[70759c8f55707aa4]::panicking::panic_handler::{closure#0}, !>
[INFO] [stdout]    9:     0x576f0313741d - __rustc[8fa7c3cbc660c2b3]::rust_begin_unwind
[INFO] [stdout]   10:     0x576f031736bc - core[df12db4294e9bfd3]::panicking::panic_fmt
[INFO] [stdout]   11:     0x576f03173492 - core[df12db4294e9bfd3]::result::unwrap_failed
[INFO] [stdout]   12:     0x576f02f253cc - <std[70759c8f55707aa4]::thread::local::LocalKey<core[df12db4294e9bfd3]::cell::Cell<*const async_std[4065222cda23df65]::task::task_locals_wrapper::TaskLocalsWrapper>>>::with::<<async_std[4065222cda23df65]::task::task_locals_wrapper::TaskLocalsWrapper>::set_current<<async_std[4065222cda23df65]::task::builder::SupportTaskLocals<queries[959aa4f77c7a47b5]::windows_simple::{closure#0}> as core[df12db4294e9bfd3]::future::future::Future>::poll::{closure#0}, core[df12db4294e9bfd3]::task::poll::Poll<()>>::{closure#0}, core[df12db4294e9bfd3]::task::poll::Poll<()>>
[INFO] [stdout]   13:     0x576f03020f00 - <futures_lite[e4eeefeb7e276825]::future::Or<async_std[4065222cda23df65]::task::builder::SupportTaskLocals<queries[959aa4f77c7a47b5]::windows_simple::{closure#0}>, <async_executor[547b2eaad4838cc6]::State>::run<(), async_std[4065222cda23df65]::task::builder::SupportTaskLocals<queries[959aa4f77c7a47b5]::windows_simple::{closure#0}>>::{closure#0}::{closure#0}> as core[df12db4294e9bfd3]::future::future::Future>::poll
[INFO] [stdout]   14:     0x576f02f37344 - <std[70759c8f55707aa4]::thread::local::LocalKey<core[df12db4294e9bfd3]::cell::RefCell<(parking[bb0b0b8fa49f1c1a]::Parker, core[df12db4294e9bfd3]::task::wake::Waker, alloc[2182bb758b4b3781]::sync::Arc<core[df12db4294e9bfd3]::sync::atomic::Atomic<bool>>)>>>::with::<async_io[9db9bd3d13e64070]::driver::block_on<(), <async_executor[547b2eaad4838cc6]::LocalExecutor>::run<(), async_std[4065222cda23df65]::task::builder::SupportTaskLocals<queries[959aa4f77c7a47b5]::windows_simple::{closure#0}>>::{closure#0}>::{closure#1}, ()>
[INFO] [stdout]   15:     0x576f02f30dde - <std[70759c8f55707aa4]::thread::local::LocalKey<core[df12db4294e9bfd3]::cell::Cell<usize>>>::with::<<async_std[4065222cda23df65]::task::builder::Builder>::blocking<queries[959aa4f77c7a47b5]::windows_simple::{closure#0}, ()>::{closure#0}, ()>
[INFO] [stdout]   16:     0x576f0300eabb - <async_std[4065222cda23df65]::task::builder::Builder>::blocking::<queries[959aa4f77c7a47b5]::windows_simple::{closure#0}, ()>
[INFO] [stdout]   17:     0x576f02fea3d8 - <queries[959aa4f77c7a47b5]::windows_simple::{closure#0} as core[df12db4294e9bfd3]::ops::function::FnOnce<()>>::call_once
[INFO] [stdout]   18:     0x576f03021bbb - test[9d35eded1c95d3be]::__rust_begin_short_backtrace::<core[df12db4294e9bfd3]::result::Result<(), alloc[2182bb758b4b3781]::string::String>, fn() -> core[df12db4294e9bfd3]::result::Result<(), alloc[2182bb758b4b3781]::string::String>>
[INFO] [stdout]   19:     0x576f0302f225 - test[9d35eded1c95d3be]::run_test::{closure#0}
[INFO] [stdout]   20:     0x576f03028ae4 - std[70759c8f55707aa4]::sys::backtrace::__rust_begin_short_backtrace::<test[9d35eded1c95d3be]::run_test::{closure#1}, ()>
[INFO] [stdout]   21:     0x576f03032382 - <std[70759c8f55707aa4]::thread::lifecycle::spawn_unchecked<test[9d35eded1c95d3be]::run_test::{closure#1}, ()>::{closure#1} as core[df12db4294e9bfd3]::ops::function::FnOnce<()>>::call_once::{shim:vtable#0}
[INFO] [stdout]   22:     0x576f0315a939 - <std[70759c8f55707aa4]::sys::thread::unix::Thread>::new::thread_start
[INFO] [stdout]   23:     0x7383b65d2dfa - <unknown>
[INFO] [stdout]   24:     0x7383b66663d4 - clone
[INFO] [stdout]   25:                0x0 - <unknown>
[INFO] [stdout] 
[INFO] [stdout] ---- aggregations_simple stdout ----
[INFO] [stdout] 
[INFO] [stdout] thread 'aggregations_simple' (3579) panicked at tests/queries.rs:687:31:
[INFO] [stdout] called `Result::unwrap()` on an `Err` value: NotPresent
[INFO] [stdout] stack backtrace:
[INFO] [stdout]    0:     0x576f0315b411 - <<std[70759c8f55707aa4]::sys::backtrace::BacktraceLock>::print::DisplayBacktrace as core[df12db4294e9bfd3]::fmt::Display>::fmt
[INFO] [stdout]    1:     0x576f03172f5a - core[df12db4294e9bfd3]::fmt::write
[INFO] [stdout]    2:     0x576f0315fcec - <alloc[2182bb758b4b3781]::vec::Vec<u8> as core[df12db4294e9bfd3]::io::write::Write>::write_fmt
[INFO] [stdout]    3:     0x576f03136586 - std[70759c8f55707aa4]::panicking::default_hook::{closure#0}
[INFO] [stdout]    4:     0x576f031532e9 - std[70759c8f55707aa4]::panicking::default_hook
[INFO] [stdout]    5:     0x576f0302e8d0 - test[9d35eded1c95d3be]::test_main_inner::<test[9d35eded1c95d3be]::test_main_static::{closure#0}>::{closure#0}
[INFO] [stdout]    6:     0x576f03153612 - std[70759c8f55707aa4]::panicking::panic_with_hook
[INFO] [stdout]    7:     0x576f03136632 - std[70759c8f55707aa4]::panicking::panic_handler::{closure#0}
[INFO] [stdout]    8:     0x576f0312f2d9 - std[70759c8f55707aa4]::sys::backtrace::__rust_end_short_backtrace::<std[70759c8f55707aa4]::panicking::panic_handler::{closure#0}, !>
[INFO] [stdout]    9:     0x576f0313741d - __rustc[8fa7c3cbc660c2b3]::rust_begin_unwind
[INFO] [stdout]   10:     0x576f031736bc - core[df12db4294e9bfd3]::panicking::panic_fmt
[INFO] [stdout]   11:     0x576f03173492 - core[df12db4294e9bfd3]::result::unwrap_failed
[INFO] [stdout]   12:     0x576f02f295af - <std[70759c8f55707aa4]::thread::local::LocalKey<core[df12db4294e9bfd3]::cell::Cell<*const async_std[4065222cda23df65]::task::task_locals_wrapper::TaskLocalsWrapper>>>::with::<<async_std[4065222cda23df65]::task::task_locals_wrapper::TaskLocalsWrapper>::set_current<<async_std[4065222cda23df65]::task::builder::SupportTaskLocals<queries[959aa4f77c7a47b5]::aggregations_simple::{closure#0}> as core[df12db4294e9bfd3]::future::future::Future>::poll::{closure#0}, core[df12db4294e9bfd3]::task::poll::Poll<()>>::{closure#0}, core[df12db4294e9bfd3]::task::poll::Poll<()>>
[INFO] [stdout]   13:     0x576f030213b2 - <futures_lite[e4eeefeb7e276825]::future::Or<async_std[4065222cda23df65]::task::builder::SupportTaskLocals<queries[959aa4f77c7a47b5]::aggregations_simple::{closure#0}>, <async_executor[547b2eaad4838cc6]::State>::run<(), async_std[4065222cda23df65]::task::builder::SupportTaskLocals<queries[959aa4f77c7a47b5]::aggregations_simple::{closure#0}>>::{closure#0}::{closure#0}> as core[df12db4294e9bfd3]::future::future::Future>::poll
[INFO] [stdout]   14:     0x576f02f39fb3 - <std[70759c8f55707aa4]::thread::local::LocalKey<core[df12db4294e9bfd3]::cell::RefCell<(parking[bb0b0b8fa49f1c1a]::Parker, core[df12db4294e9bfd3]::task::wake::Waker, alloc[2182bb758b4b3781]::sync::Arc<core[df12db4294e9bfd3]::sync::atomic::Atomic<bool>>)>>>::with::<async_io[9db9bd3d13e64070]::driver::block_on<(), <async_executor[547b2eaad4838cc6]::LocalExecutor>::run<(), async_std[4065222cda23df65]::task::builder::SupportTaskLocals<queries[959aa4f77c7a47b5]::aggregations_simple::{closure#0}>>::{closure#0}>::{closure#1}, ()>
[INFO] [stdout]   15:     0x576f02f31903 - <std[70759c8f55707aa4]::thread::local::LocalKey<core[df12db4294e9bfd3]::cell::Cell<usize>>>::with::<<async_std[4065222cda23df65]::task::builder::Builder>::blocking<queries[959aa4f77c7a47b5]::aggregations_simple::{closure#0}, ()>::{closure#0}, ()>
[INFO] [stdout]   16:     0x576f0300f4ea - <async_std[4065222cda23df65]::task::builder::Builder>::blocking::<queries[959aa4f77c7a47b5]::aggregations_simple::{closure#0}, ()>
[INFO] [stdout]   17:     0x576f02fea4d8 - <queries[959aa4f77c7a47b5]::aggregations_simple::{closure#0} as core[df12db4294e9bfd3]::ops::function::FnOnce<()>>::call_once
[INFO] [stdout]   18:     0x576f03021bbb - test[9d35eded1c95d3be]::__rust_begin_short_backtrace::<core[df12db4294e9bfd3]::result::Result<(), alloc[2182bb758b4b3781]::string::String>, fn() -> core[df12db4294e9bfd3]::result::Result<(), alloc[2182bb758b4b3781]::string::String>>
[INFO] [stdout]   19:     0x576f0302f225 - test[9d35eded1c95d3be]::run_test::{closure#0}
[INFO] [stdout]   20:     0x576f03028ae4 - std[70759c8f55707aa4]::sys::backtrace::__rust_begin_short_backtrace::<test[9d35eded1c95d3be]::run_test::{closure#1}, ()>
[INFO] [stdout]   21:     0x576f03032382 - <std[70759c8f55707aa4]::thread::lifecycle::spawn_unchecked<test[9d35eded1c95d3be]::run_test::{closure#1}, ()>::{closure#1} as core[df12db4294e9bfd3]::ops::function::FnOnce<()>>::call_once::{shim:vtable#0}
[INFO] [stdout]   22:     0x576f0315a939 - <std[70759c8f55707aa4]::sys::thread::unix::Thread>::new::thread_start
[INFO] [stdout]   23:     0x7383b65d2dfa - <unknown>
[INFO] [stdout]   24:     0x7383b66663d4 - clone
[INFO] [stdout]   25:                0x0 - <unknown>
[INFO] [stdout] 
[INFO] [stdout] ---- and_filters stdout ----
[INFO] [stdout] 
[INFO] [stdout] thread 'and_filters' (3580) panicked at tests/queries.rs:129:31:
[INFO] [stdout] called `Result::unwrap()` on an `Err` value: NotPresent
[INFO] [stdout] stack backtrace:
[INFO] [stdout]    0:     0x576f0315b411 - <<std[70759c8f55707aa4]::sys::backtrace::BacktraceLock>::print::DisplayBacktrace as core[df12db4294e9bfd3]::fmt::Display>::fmt
[INFO] [stdout]    1:     0x576f03172f5a - core[df12db4294e9bfd3]::fmt::write
[INFO] [stdout]    2:     0x576f0315fcec - <alloc[2182bb758b4b3781]::vec::Vec<u8> as core[df12db4294e9bfd3]::io::write::Write>::write_fmt
[INFO] [stdout]    3:     0x576f03136586 - std[70759c8f55707aa4]::panicking::default_hook::{closure#0}
[INFO] [stdout]    4:     0x576f031532e9 - std[70759c8f55707aa4]::panicking::default_hook
[INFO] [stdout]    5:     0x576f0302e8d0 - test[9d35eded1c95d3be]::test_main_inner::<test[9d35eded1c95d3be]::test_main_static::{closure#0}>::{closure#0}
[INFO] [stdout]    6:     0x576f03153612 - std[70759c8f55707aa4]::panicking::panic_with_hook
[INFO] [stdout]    7:     0x576f03136632 - std[70759c8f55707aa4]::panicking::panic_handler::{closure#0}
[INFO] [stdout]    8:     0x576f0312f2d9 - std[70759c8f55707aa4]::sys::backtrace::__rust_end_short_backtrace::<std[70759c8f55707aa4]::panicking::panic_handler::{closure#0}, !>
[INFO] [stdout]    9:     0x576f0313741d - __rustc[8fa7c3cbc660c2b3]::rust_begin_unwind
[INFO] [stdout]   10:     0x576f031736bc - core[df12db4294e9bfd3]::panicking::panic_fmt
[INFO] [stdout]   11:     0x576f03173492 - core[df12db4294e9bfd3]::result::unwrap_failed
[INFO] [stdout]   12:     0x576f02f20ecb - <std[70759c8f55707aa4]::thread::local::LocalKey<core[df12db4294e9bfd3]::cell::Cell<*const async_std[4065222cda23df65]::task::task_locals_wrapper::TaskLocalsWrapper>>>::with::<<async_std[4065222cda23df65]::task::task_locals_wrapper::TaskLocalsWrapper>::set_current<<async_std[4065222cda23df65]::task::builder::SupportTaskLocals<queries[959aa4f77c7a47b5]::and_filters::{closure#0}> as core[df12db4294e9bfd3]::future::future::Future>::poll::{closure#0}, core[df12db4294e9bfd3]::task::poll::Poll<()>>::{closure#0}, core[df12db4294e9bfd3]::task::poll::Poll<()>>
[INFO] [stdout]   13:     0x576f03020a52 - <futures_lite[e4eeefeb7e276825]::future::Or<async_std[4065222cda23df65]::task::builder::SupportTaskLocals<queries[959aa4f77c7a47b5]::and_filters::{closure#0}>, <async_executor[547b2eaad4838cc6]::State>::run<(), async_std[4065222cda23df65]::task::builder::SupportTaskLocals<queries[959aa4f77c7a47b5]::and_filters::{closure#0}>>::{closure#0}::{closure#0}> as core[df12db4294e9bfd3]::future::future::Future>::poll
[INFO] [stdout]   14:     0x576f02f346f8 - <std[70759c8f55707aa4]::thread::local::LocalKey<core[df12db4294e9bfd3]::cell::RefCell<(parking[bb0b0b8fa49f1c1a]::Parker, core[df12db4294e9bfd3]::task::wake::Waker, alloc[2182bb758b4b3781]::sync::Arc<core[df12db4294e9bfd3]::sync::atomic::Atomic<bool>>)>>>::with::<async_io[9db9bd3d13e64070]::driver::block_on<(), <async_executor[547b2eaad4838cc6]::LocalExecutor>::run<(), async_std[4065222cda23df65]::task::builder::SupportTaskLocals<queries[959aa4f77c7a47b5]::and_filters::{closure#0}>>::{closure#0}>::{closure#1}, ()>
[INFO] [stdout]   15:     0x576f02f30303 - <std[70759c8f55707aa4]::thread::local::LocalKey<core[df12db4294e9bfd3]::cell::Cell<usize>>>::with::<<async_std[4065222cda23df65]::task::builder::Builder>::blocking<queries[959aa4f77c7a47b5]::and_filters::{closure#0}, ()>::{closure#0}, ()>
[INFO] [stdout]   16:     0x576f0300e0aa - <async_std[4065222cda23df65]::task::builder::Builder>::blocking::<queries[959aa4f77c7a47b5]::and_filters::{closure#0}, ()>
[INFO] [stdout]   17:     0x576f02fea228 - <queries[959aa4f77c7a47b5]::and_filters::{closure#0} as core[df12db4294e9bfd3]::ops::function::FnOnce<()>>::call_once
[INFO] [stdout]   18:     0x576f03021bbb - test[9d35eded1c95d3be]::__rust_begin_short_backtrace::<core[df12db4294e9bfd3]::result::Result<(), alloc[2182bb758b4b3781]::string::String>, fn() -> core[df12db4294e9bfd3]::result::Result<(), alloc[2182bb758b4b3781]::string::String>>
[INFO] [stdout]   19:     0x576f0302f225 - test[9d35eded1c95d3be]::run_test::{closure#0}
[INFO] [stdout]   20:     0x576f03028ae4 - std[70759c8f55707aa4]::sys::backtrace::__rust_begin_short_backtrace::<test[9d35eded1c95d3be]::run_test::{closure#1}, ()>
[INFO] [stdout]   21:     0x576f03032382 - <std[70759c8f55707aa4]::thread::lifecycle::spawn_unchecked<test[9d35eded1c95d3be]::run_test::{closure#1}, ()>::{closure#1} as core[df12db4294e9bfd3]::ops::function::FnOnce<()>>::call_once::{shim:vtable#0}
[INFO] [stdout]   22:     0x576f0315a939 - <std[70759c8f55707aa4]::sys::thread::unix::Thread>::new::thread_start
[INFO] [stdout]   23:     0x7383b65d2dfa - <unknown>
[INFO] [stdout]   24:     0x7383b66663d4 - clone
[INFO] [stdout]   25:                0x0 - <unknown>
[INFO] [stdout] 
[INFO] [stdout] ---- optionals stdout ----
[INFO] [stdout] 
[INFO] [stdout] thread 'optionals' (3592) panicked at tests/queries.rs:194:31:
[INFO] [stdout] called `Result::unwrap()` on an `Err` value: NotPresent
[INFO] [stdout] stack backtrace:
[INFO] [stdout]    0:     0x576f0315b411 - <<std[70759c8f55707aa4]::sys::backtrace::BacktraceLock>::print::DisplayBacktrace as core[df12db4294e9bfd3]::fmt::Display>::fmt
[INFO] [stdout]    1:     0x576f03172f5a - core[df12db4294e9bfd3]::fmt::write
[INFO] [stdout]    2:     0x576f0315fcec - <alloc[2182bb758b4b3781]::vec::Vec<u8> as core[df12db4294e9bfd3]::io::write::Write>::write_fmt
[INFO] [stdout]    3:     0x576f03136586 - std[70759c8f55707aa4]::panicking::default_hook::{closure#0}
[INFO] [stdout]    4:     0x576f031532e9 - std[70759c8f55707aa4]::panicking::default_hook
[INFO] [stdout]    5:     0x576f0302e8d0 - test[9d35eded1c95d3be]::test_main_inner::<test[9d35eded1c95d3be]::test_main_static::{closure#0}>::{closure#0}
[INFO] [stdout]    6:     0x576f03153612 - std[70759c8f55707aa4]::panicking::panic_with_hook
[INFO] [stdout]    7:     0x576f03136632 - std[70759c8f55707aa4]::panicking::panic_handler::{closure#0}
[INFO] [stdout]    8:     0x576f0312f2d9 - std[70759c8f55707aa4]::sys::backtrace::__rust_end_short_backtrace::<std[70759c8f55707aa4]::panicking::panic_handler::{closure#0}, !>
[INFO] [stdout]    9:     0x576f0313741d - __rustc[8fa7c3cbc660c2b3]::rust_begin_unwind
[INFO] [stdout]   10:     0x576f031736bc - core[df12db4294e9bfd3]::panicking::panic_fmt
[INFO] [stdout]   11:     0x576f03173492 - core[df12db4294e9bfd3]::result::unwrap_failed
[INFO] [stdout]   12:     0x576f02f2e02a - <std[70759c8f55707aa4]::thread::local::LocalKey<core[df12db4294e9bfd3]::cell::Cell<*const async_std[4065222cda23df65]::task::task_locals_wrapper::TaskLocalsWrapper>>>::with::<<async_std[4065222cda23df65]::task::task_locals_wrapper::TaskLocalsWrapper>::set_current<<async_std[4065222cda23df65]::task::builder::SupportTaskLocals<queries[959aa4f77c7a47b5]::optionals::{closure#0}> as core[df12db4294e9bfd3]::future::future::Future>::poll::{closure#0}, core[df12db4294e9bfd3]::task::poll::Poll<()>>::{closure#0}, core[df12db4294e9bfd3]::task::poll::Poll<()>>
[INFO] [stdout]   13:     0x576f03021852 - <futures_lite[e4eeefeb7e276825]::future::Or<async_std[4065222cda23df65]::task::builder::SupportTaskLocals<queries[959aa4f77c7a47b5]::optionals::{closure#0}>, <async_executor[547b2eaad4838cc6]::State>::run<(), async_std[4065222cda23df65]::task::builder::SupportTaskLocals<queries[959aa4f77c7a47b5]::optionals::{closure#0}>>::{closure#0}::{closure#0}> as core[df12db4294e9bfd3]::future::future::Future>::poll
[INFO] [stdout]   14:     0x576f02f3cc08 - <std[70759c8f55707aa4]::thread::local::LocalKey<core[df12db4294e9bfd3]::cell::RefCell<(parking[bb0b0b8fa49f1c1a]::Parker, core[df12db4294e9bfd3]::task::wake::Waker, alloc[2182bb758b4b3781]::sync::Arc<core[df12db4294e9bfd3]::sync::atomic::Atomic<bool>>)>>>::with::<async_io[9db9bd3d13e64070]::driver::block_on<(), <async_executor[547b2eaad4838cc6]::LocalExecutor>::run<(), async_std[4065222cda23df65]::task::builder::SupportTaskLocals<queries[959aa4f77c7a47b5]::optionals::{closure#0}>>::{closure#0}>::{closure#1}, ()>
[INFO] [stdout]   15:     0x576f02f32400 - <std[70759c8f55707aa4]::thread::local::LocalKey<core[df12db4294e9bfd3]::cell::Cell<usize>>>::with::<<async_std[4065222cda23df65]::task::builder::Builder>::blocking<queries[959aa4f77c7a47b5]::optionals::{closure#0}, ()>::{closure#0}, ()>
[INFO] [stdout]   16:     0x576f0300ff09 - <async_std[4065222cda23df65]::task::builder::Builder>::blocking::<queries[959aa4f77c7a47b5]::optionals::{closure#0}, ()>
[INFO] [stdout]   17:     0x576f02fea5e7 - <queries[959aa4f77c7a47b5]::optionals::{closure#0} as core[df12db4294e9bfd3]::ops::function::FnOnce<()>>::call_once
[INFO] [stdout]   18:     0x576f03021bbb - test[9d35eded1c95d3be]::__rust_begin_short_backtrace::<core[df12db4294e9bfd3]::result::Result<(), alloc[2182bb758b4b3781]::string::String>, fn() -> core[df12db4294e9bfd3]::result::Result<(), alloc[2182bb758b4b3781]::string::String>>
[INFO] [stdout]   19:     0x576f0302f225 - test[9d35eded1c95d3be]::run_test::{closure#0}
[INFO] [stdout]   20:     0x576f03028ae4 - std[70759c8f55707aa4]::sys::backtrace::__rust_begin_short_backtrace::<test[9d35eded1c95d3be]::run_test::{closure#1}, ()>
[INFO] [stdout]   21:     0x576f03032382 - <std[70759c8f55707aa4]::thread::lifecycle::spawn_unchecked<test[9d35eded1c95d3be]::run_test::{closure#1}, ()>::{closure#1} as core[df12db4294e9bfd3]::ops::function::FnOnce<()>>::call_once::{shim:vtable#0}
[INFO] [stdout]   22:     0x576f0315a939 - <std[70759c8f55707aa4]::sys::thread::unix::Thread>::new::thread_start
[INFO] [stdout]   23:     0x7383b65d2dfa - <unknown>
[INFO] [stdout]   24:     0x7383b66663d4 - clone
[INFO] [stdout]   25:                0x0 - <unknown>
[INFO] [stdout] 
[INFO] [stdout] ---- join_example stdout ----
[INFO] [stdout] 
[INFO] [stdout] thread 'join_example' (3583) panicked at tests/queries.rs:476:31:
[INFO] [stdout] called `Result::unwrap()` on an `Err` value: NotPresent
[INFO] [stdout] stack backtrace:
[INFO] [stdout]    0:     0x576f0315b411 - <<std[70759c8f55707aa4]::sys::backtrace::BacktraceLock>::print::DisplayBacktrace as core[df12db4294e9bfd3]::fmt::Display>::fmt
[INFO] [stdout]    1:     0x576f03172f5a - core[df12db4294e9bfd3]::fmt::write
[INFO] [stdout]    2:     0x576f0315fcec - <alloc[2182bb758b4b3781]::vec::Vec<u8> as core[df12db4294e9bfd3]::io::write::Write>::write_fmt
[INFO] [stdout]    3:     0x576f03136586 - std[70759c8f55707aa4]::panicking::default_hook::{closure#0}
[INFO] [stdout]    4:     0x576f031532e9 - std[70759c8f55707aa4]::panicking::default_hook
[INFO] [stdout]    5:     0x576f0302e8d0 - test[9d35eded1c95d3be]::test_main_inner::<test[9d35eded1c95d3be]::test_main_static::{closure#0}>::{closure#0}
[INFO] [stdout]    6:     0x576f03153612 - std[70759c8f55707aa4]::panicking::panic_with_hook
[INFO] [stdout]    7:     0x576f03136632 - std[70759c8f55707aa4]::panicking::panic_handler::{closure#0}
[INFO] [stdout]    8:     0x576f0312f2d9 - std[70759c8f55707aa4]::sys::backtrace::__rust_end_short_backtrace::<std[70759c8f55707aa4]::panicking::panic_handler::{closure#0}, !>
[INFO] [stdout]    9:     0x576f0313741d - __rustc[8fa7c3cbc660c2b3]::rust_begin_unwind
[INFO] [stdout]   10:     0x576f031736bc - core[df12db4294e9bfd3]::panicking::panic_fmt
[INFO] [stdout]   11:     0x576f03173492 - core[df12db4294e9bfd3]::result::unwrap_failed
[INFO] [stdout]   12:     0x576f02f220bf - <std[70759c8f55707aa4]::thread::local::LocalKey<core[df12db4294e9bfd3]::cell::Cell<*const async_std[4065222cda23df65]::task::task_locals_wrapper::TaskLocalsWrapper>>>::with::<<async_std[4065222cda23df65]::task::task_locals_wrapper::TaskLocalsWrapper>::set_current<<async_std[4065222cda23df65]::task::builder::SupportTaskLocals<queries[959aa4f77c7a47b5]::join_example::{closure#0}> as core[df12db4294e9bfd3]::future::future::Future>::poll::{closure#0}, core[df12db4294e9bfd3]::task::poll::Poll<()>>::{closure#0}, core[df12db4294e9bfd3]::task::poll::Poll<()>>
[INFO] [stdout]   13:     0x576f03020ba0 - <futures_lite[e4eeefeb7e276825]::future::Or<async_std[4065222cda23df65]::task::builder::SupportTaskLocals<queries[959aa4f77c7a47b5]::join_example::{closure#0}>, <async_executor[547b2eaad4838cc6]::State>::run<(), async_std[4065222cda23df65]::task::builder::SupportTaskLocals<queries[959aa4f77c7a47b5]::join_example::{closure#0}>>::{closure#0}::{closure#0}> as core[df12db4294e9bfd3]::future::future::Future>::poll
[INFO] [stdout]   14:     0x576f02f35224 - <std[70759c8f55707aa4]::thread::local::LocalKey<core[df12db4294e9bfd3]::cell::RefCell<(parking[bb0b0b8fa49f1c1a]::Parker, core[df12db4294e9bfd3]::task::wake::Waker, alloc[2182bb758b4b3781]::sync::Arc<core[df12db4294e9bfd3]::sync::atomic::Atomic<bool>>)>>>::with::<async_io[9db9bd3d13e64070]::driver::block_on<(), <async_executor[547b2eaad4838cc6]::LocalExecutor>::run<(), async_std[4065222cda23df65]::task::builder::SupportTaskLocals<queries[959aa4f77c7a47b5]::join_example::{closure#0}>>::{closure#0}>::{closure#1}, ()>
[INFO] [stdout]   15:     0x576f02f305be - <std[70759c8f55707aa4]::thread::local::LocalKey<core[df12db4294e9bfd3]::cell::Cell<usize>>>::with::<<async_std[4065222cda23df65]::task::builder::Builder>::blocking<queries[959aa4f77c7a47b5]::join_example::{closure#0}, ()>::{closure#0}, ()>
[INFO] [stdout]   16:     0x576f0300e32b - <async_std[4065222cda23df65]::task::builder::Builder>::blocking::<queries[959aa4f77c7a47b5]::join_example::{closure#0}, ()>
[INFO] [stdout]   17:     0x576f02fea318 - <queries[959aa4f77c7a47b5]::join_example::{closure#0} as core[df12db4294e9bfd3]::ops::function::FnOnce<()>>::call_once
[INFO] [stdout]   18:     0x576f03021bbb - test[9d35eded1c95d3be]::__rust_begin_short_backtrace::<core[df12db4294e9bfd3]::result::Result<(), alloc[2182bb758b4b3781]::string::String>, fn() -> core[df12db4294e9bfd3]::result::Result<(), alloc[2182bb758b4b3781]::string::String>>
[INFO] [stdout]   19:     0x576f0302f225 - test[9d35eded1c95d3be]::run_test::{closure#0}
[INFO] [stdout]   20:     0x576f03028ae4 - std[70759c8f55707aa4]::sys::backtrace::__rust_begin_short_backtrace::<test[9d35eded1c95d3be]::run_test::{closure#1}, ()>
[INFO] [stdout]   21:     0x576f03032382 - <std[70759c8f55707aa4]::thread::lifecycle::spawn_unchecked<test[9d35eded1c95d3be]::run_test::{closure#1}, ()>::{closure#1} as core[df12db4294e9bfd3]::ops::function::FnOnce<()>>::call_once::{shim:vtable#0}
[INFO] [stdout]   22:     0x576f0315a939 - <std[70759c8f55707aa4]::sys::thread::unix::Thread>::new::thread_start
[INFO] [stdout]   23:     0x7383b65d2dfa - <unknown>
[INFO] [stdout]   24:     0x7383b66663d4 - clone
[INFO] [stdout]   25:                0x0 - <unknown>
[INFO] [stdout] 
[INFO] [stdout] ---- test_each_with_inc stdout ----
[INFO] [stdout] 
[INFO] [stdout] thread 'test_each_with_inc' (3596) panicked at tests/queries.rs:106:31:
[INFO] [stdout] called `Result::unwrap()` on an `Err` value: NotPresent
[INFO] [stdout] stack backtrace:
[INFO] [stdout]    0:     0x576f0315b411 - <<std[70759c8f55707aa4]::sys::backtrace::BacktraceLock>::print::DisplayBacktrace as core[df12db4294e9bfd3]::fmt::Display>::fmt
[INFO] [stdout]    1:     0x576f03172f5a - core[df12db4294e9bfd3]::fmt::write
[INFO] [stdout]    2:     0x576f0315fcec - <alloc[2182bb758b4b3781]::vec::Vec<u8> as core[df12db4294e9bfd3]::io::write::Write>::write_fmt
[INFO] [stdout]    3:     0x576f03136586 - std[70759c8f55707aa4]::panicking::default_hook::{closure#0}
[INFO] [stdout]    4:     0x576f031532e9 - std[70759c8f55707aa4]::panicking::default_hook
[INFO] [stdout]    5:     0x576f0302e8d0 - test[9d35eded1c95d3be]::test_main_inner::<test[9d35eded1c95d3be]::test_main_static::{closure#0}>::{closure#0}
[INFO] [stdout]    6:     0x576f03153612 - std[70759c8f55707aa4]::panicking::panic_with_hook
[INFO] [stdout]    7:     0x576f03136632 - std[70759c8f55707aa4]::panicking::panic_handler::{closure#0}
[INFO] [stdout]    8:     0x576f0312f2d9 - std[70759c8f55707aa4]::sys::backtrace::__rust_end_short_backtrace::<std[70759c8f55707aa4]::panicking::panic_handler::{closure#0}, !>
[INFO] [stdout]    9:     0x576f0313741d - __rustc[8fa7c3cbc660c2b3]::rust_begin_unwind
[INFO] [stdout]   10:     0x576f031736bc - core[df12db4294e9bfd3]::panicking::panic_fmt
[INFO] [stdout]   11:     0x576f03173492 - core[df12db4294e9bfd3]::result::unwrap_failed
[INFO] [stdout]   12:     0x576f02f27f7f - <std[70759c8f55707aa4]::thread::local::LocalKey<core[df12db4294e9bfd3]::cell::Cell<*const async_std[4065222cda23df65]::task::task_locals_wrapper::TaskLocalsWrapper>>>::with::<<async_std[4065222cda23df65]::task::task_locals_wrapper::TaskLocalsWrapper>::set_current<<async_std[4065222cda23df65]::task::builder::SupportTaskLocals<queries[959aa4f77c7a47b5]::test_each_with_inc::{closure#0}> as core[df12db4294e9bfd3]::future::future::Future>::poll::{closure#0}, core[df12db4294e9bfd3]::task::poll::Poll<()>>::{closure#0}, core[df12db4294e9bfd3]::task::poll::Poll<()>>
[INFO] [stdout]   13:     0x576f03021272 - <futures_lite[e4eeefeb7e276825]::future::Or<async_std[4065222cda23df65]::task::builder::SupportTaskLocals<queries[959aa4f77c7a47b5]::test_each_with_inc::{closure#0}>, <async_executor[547b2eaad4838cc6]::State>::run<(), async_std[4065222cda23df65]::task::builder::SupportTaskLocals<queries[959aa4f77c7a47b5]::test_each_with_inc::{closure#0}>>::{closure#0}::{closure#0}> as core[df12db4294e9bfd3]::future::future::Future>::poll
[INFO] [stdout]   14:     0x576f02f39481 - <std[70759c8f55707aa4]::thread::local::LocalKey<core[df12db4294e9bfd3]::cell::RefCell<(parking[bb0b0b8fa49f1c1a]::Parker, core[df12db4294e9bfd3]::task::wake::Waker, alloc[2182bb758b4b3781]::sync::Arc<core[df12db4294e9bfd3]::sync::atomic::Atomic<bool>>)>>>::with::<async_io[9db9bd3d13e64070]::driver::block_on<(), <async_executor[547b2eaad4838cc6]::LocalExecutor>::run<(), async_std[4065222cda23df65]::task::builder::SupportTaskLocals<queries[959aa4f77c7a47b5]::test_each_with_inc::{closure#0}>>::{closure#0}>::{closure#1}, ()>
[INFO] [stdout]   15:     0x576f02f31649 - <std[70759c8f55707aa4]::thread::local::LocalKey<core[df12db4294e9bfd3]::cell::Cell<usize>>>::with::<<async_std[4065222cda23df65]::task::builder::Builder>::blocking<queries[959aa4f77c7a47b5]::test_each_with_inc::{closure#0}, ()>::{closure#0}, ()>
[INFO] [stdout]   16:     0x576f0300f25a - <async_std[4065222cda23df65]::task::builder::Builder>::blocking::<queries[959aa4f77c7a47b5]::test_each_with_inc::{closure#0}, ()>
[INFO] [stdout]   17:     0x576f02fea498 - <queries[959aa4f77c7a47b5]::test_each_with_inc::{closure#0} as core[df12db4294e9bfd3]::ops::function::FnOnce<()>>::call_once
[INFO] [stdout]   18:     0x576f03021bbb - test[9d35eded1c95d3be]::__rust_begin_short_backtrace::<core[df12db4294e9bfd3]::result::Result<(), alloc[2182bb758b4b3781]::string::String>, fn() -> core[df12db4294e9bfd3]::result::Result<(), alloc[2182bb758b4b3781]::string::String>>
[INFO] [stdout]   19:     0x576f0302f225 - test[9d35eded1c95d3be]::run_test::{closure#0}
[INFO] [stdout]   20:     0x576f03028ae4 - std[70759c8f55707aa4]::sys::backtrace::__rust_begin_short_backtrace::<test[9d35eded1c95d3be]::run_test::{closure#1}, ()>
[INFO] [stdout]   21:     0x576f03032382 - <std[70759c8f55707aa4]::thread::lifecycle::spawn_unchecked<test[9d35eded1c95d3be]::run_test::{closure#1}, ()>::{closure#1} as core[df12db4294e9bfd3]::ops::function::FnOnce<()>>::call_once::{shim:vtable#0}
[INFO] [stdout]   22:     0x576f0315a939 - <std[70759c8f55707aa4]::sys::thread::unix::Thread>::new::thread_start
[INFO] [stdout]   23:     0x7383b65d2dfa - <unknown>
[INFO] [stdout]   24:     0x7383b66663d4 - clone
[INFO] [stdout]   25:                0x0 - <unknown>
[INFO] [stdout] 
[INFO] [stdout] ---- nested stdout ----
[INFO] [stdout] 
[INFO] [stdout] thread 'nested' (3587) panicked at tests/queries.rs:624:31:
[INFO] [stdout] called `Result::unwrap()` on an `Err` value: NotPresent
[INFO] [stdout] stack backtrace:
[INFO] [stdout]    0:     0x576f0315b411 - <<std[70759c8f55707aa4]::sys::backtrace::BacktraceLock>::print::DisplayBacktrace as core[df12db4294e9bfd3]::fmt::Display>::fmt
[INFO] [stdout]    1:     0x576f03172f5a - core[df12db4294e9bfd3]::fmt::write
[INFO] [stdout]    2:     0x576f0315fcec - <alloc[2182bb758b4b3781]::vec::Vec<u8> as core[df12db4294e9bfd3]::io::write::Write>::write_fmt
[INFO] [stdout]    3:     0x576f03136586 - std[70759c8f55707aa4]::panicking::default_hook::{closure#0}
[INFO] [stdout]    4:     0x576f031532e9 - std[70759c8f55707aa4]::panicking::default_hook
[INFO] [stdout]    5:     0x576f0302e8d0 - test[9d35eded1c95d3be]::test_main_inner::<test[9d35eded1c95d3be]::test_main_static::{closure#0}>::{closure#0}
[INFO] [stdout]    6:     0x576f03153612 - std[70759c8f55707aa4]::panicking::panic_with_hook
[INFO] [stdout]    7:     0x576f03136632 - std[70759c8f55707aa4]::panicking::panic_handler::{closure#0}
[INFO] [stdout]    8:     0x576f0312f2d9 - std[70759c8f55707aa4]::sys::backtrace::__rust_end_short_backtrace::<std[70759c8f55707aa4]::panicking::panic_handler::{closure#0}, !>
[INFO] [stdout]    9:     0x576f0313741d - __rustc[8fa7c3cbc660c2b3]::rust_begin_unwind
[INFO] [stdout]   10:     0x576f031736bc - core[df12db4294e9bfd3]::panicking::panic_fmt
[INFO] [stdout]   11:     0x576f03173492 - core[df12db4294e9bfd3]::result::unwrap_failed
[INFO] [stdout]   12:     0x576f02f2bbd4 - <std[70759c8f55707aa4]::thread::local::LocalKey<core[df12db4294e9bfd3]::cell::Cell<*const async_std[4065222cda23df65]::task::task_locals_wrapper::TaskLocalsWrapper>>>::with::<<async_std[4065222cda23df65]::task::task_locals_wrapper::TaskLocalsWrapper>::set_current<<async_std[4065222cda23df65]::task::builder::SupportTaskLocals<queries[959aa4f77c7a47b5]::nested::{closure#0}> as core[df12db4294e9bfd3]::future::future::Future>::poll::{closure#0}, core[df12db4294e9bfd3]::task::poll::Poll<()>>::{closure#0}, core[df12db4294e9bfd3]::task::poll::Poll<()>>
[INFO] [stdout]   13:     0x576f03021620 - <futures_lite[e4eeefeb7e276825]::future::Or<async_std[4065222cda23df65]::task::builder::SupportTaskLocals<queries[959aa4f77c7a47b5]::nested::{closure#0}>, <async_executor[547b2eaad4838cc6]::State>::run<(), async_std[4065222cda23df65]::task::builder::SupportTaskLocals<queries[959aa4f77c7a47b5]::nested::{closure#0}>>::{closure#0}::{closure#0}> as core[df12db4294e9bfd3]::future::future::Future>::poll
[INFO] [stdout]   14:     0x576f02f3b5f4 - <std[70759c8f55707aa4]::thread::local::LocalKey<core[df12db4294e9bfd3]::cell::RefCell<(parking[bb0b0b8fa49f1c1a]::Parker, core[df12db4294e9bfd3]::task::wake::Waker, alloc[2182bb758b4b3781]::sync::Arc<core[df12db4294e9bfd3]::sync::atomic::Atomic<bool>>)>>>::with::<async_io[9db9bd3d13e64070]::driver::block_on<(), <async_executor[547b2eaad4838cc6]::LocalExecutor>::run<(), async_std[4065222cda23df65]::task::builder::SupportTaskLocals<queries[959aa4f77c7a47b5]::nested::{closure#0}>>::{closure#0}>::{closure#1}, ()>
[INFO] [stdout]   15:     0x576f02f31e6e - <std[70759c8f55707aa4]::thread::local::LocalKey<core[df12db4294e9bfd3]::cell::Cell<usize>>>::with::<<async_std[4065222cda23df65]::task::builder::Builder>::blocking<queries[959aa4f77c7a47b5]::nested::{closure#0}, ()>::{closure#0}, ()>
[INFO] [stdout]   16:     0x576f0300f9eb - <async_std[4065222cda23df65]::task::builder::Builder>::blocking::<queries[959aa4f77c7a47b5]::nested::{closure#0}, ()>
[INFO] [stdout]   17:     0x576f02fea558 - <queries[959aa4f77c7a47b5]::nested::{closure#0} as core[df12db4294e9bfd3]::ops::function::FnOnce<()>>::call_once
[INFO] [stdout]   18:     0x576f03021bbb - test[9d35eded1c95d3be]::__rust_begin_short_backtrace::<core[df12db4294e9bfd3]::result::Result<(), alloc[2182bb758b4b3781]::string::String>, fn() -> core[df12db4294e9bfd3]::result::Result<(), alloc[2182bb758b4b3781]::string::String>>
[INFO] [stdout]   19:     0x576f0302f225 - test[9d35eded1c95d3be]::run_test::{closure#0}
[INFO] [stdout]   20:     0x576f03028ae4 - std[70759c8f55707aa4]::sys::backtrace::__rust_begin_short_backtrace::<test[9d35eded1c95d3be]::run_test::{closure#1}, ()>
[INFO] [stdout]   21:     0x576f03032382 - <std[70759c8f55707aa4]::thread::lifecycle::spawn_unchecked<test[9d35eded1c95d3be]::run_test::{closure#1}, ()>::{closure#1} as core[df12db4294e9bfd3]::ops::function::FnOnce<()>>::call_once::{shim:vtable#0}
[INFO] [stdout]   22:     0x576f0315a939 - <std[70759c8f55707aa4]::sys::thread::unix::Thread>::new::thread_start
[INFO] [stdout]   23:     0x7383b65d2dfa - <unknown>
[INFO] [stdout]   24:     0x7383b66663d4 - clone
[INFO] [stdout]   25:                0x0 - <unknown>
[INFO] [stdout] 
[INFO] [stdout] ---- my_table stdout ----
[INFO] [stdout] 
[INFO] [stdout] thread 'my_table' (3586) panicked at tests/queries.rs:347:31:
[INFO] [stdout] called `Result::unwrap()` on an `Err` value: NotPresent
[INFO] [stdout] stack backtrace:
[INFO] [stdout]    0:     0x576f0315b411 - <<std[70759c8f55707aa4]::sys::backtrace::BacktraceLock>::print::DisplayBacktrace as core[df12db4294e9bfd3]::fmt::Display>::fmt
[INFO] [stdout]    1:     0x576f03172f5a - core[df12db4294e9bfd3]::fmt::write
[INFO] [stdout]    2:     0x576f0315fcec - <alloc[2182bb758b4b3781]::vec::Vec<u8> as core[df12db4294e9bfd3]::io::write::Write>::write_fmt
[INFO] [stdout]    3:     0x576f03136586 - std[70759c8f55707aa4]::panicking::default_hook::{closure#0}
[INFO] [stdout]    4:     0x576f031532e9 - std[70759c8f55707aa4]::panicking::default_hook
[INFO] [stdout]    5:     0x576f0302e8d0 - test[9d35eded1c95d3be]::test_main_inner::<test[9d35eded1c95d3be]::test_main_static::{closure#0}>::{closure#0}
[INFO] [stdout]    6:     0x576f03153612 - std[70759c8f55707aa4]::panicking::panic_with_hook
[INFO] [stdout]    7:     0x576f03136632 - std[70759c8f55707aa4]::panicking::panic_handler::{closure#0}
[INFO] [stdout]    8:     0x576f0312f2d9 - std[70759c8f55707aa4]::sys::backtrace::__rust_end_short_backtrace::<std[70759c8f55707aa4]::panicking::panic_handler::{closure#0}, !>
[INFO] [stdout]    9:     0x576f0313741d - __rustc[8fa7c3cbc660c2b3]::rust_begin_unwind
[INFO] [stdout]   10:     0x576f031736bc - core[df12db4294e9bfd3]::panicking::panic_fmt
[INFO] [stdout]   11:     0x576f03173492 - core[df12db4294e9bfd3]::result::unwrap_failed
[INFO] [stdout]   12:     0x576f02f2cda2 - <std[70759c8f55707aa4]::thread::local::LocalKey<core[df12db4294e9bfd3]::cell::Cell<*const async_std[4065222cda23df65]::task::task_locals_wrapper::TaskLocalsWrapper>>>::with::<<async_std[4065222cda23df65]::task::task_locals_wrapper::TaskLocalsWrapper>::set_current<<async_std[4065222cda23df65]::task::builder::SupportTaskLocals<queries[959aa4f77c7a47b5]::my_table::{closure#0}> as core[df12db4294e9bfd3]::future::future::Future>::poll::{closure#0}, core[df12db4294e9bfd3]::task::poll::Poll<()>>::{closure#0}, core[df12db4294e9bfd3]::task::poll::Poll<()>>
[INFO] [stdout]   13:     0x576f03021740 - <futures_lite[e4eeefeb7e276825]::future::Or<async_std[4065222cda23df65]::task::builder::SupportTaskLocals<queries[959aa4f77c7a47b5]::my_table::{closure#0}>, <async_executor[547b2eaad4838cc6]::State>::run<(), async_std[4065222cda23df65]::task::builder::SupportTaskLocals<queries[959aa4f77c7a47b5]::my_table::{closure#0}>>::{closure#0}::{closure#0}> as core[df12db4294e9bfd3]::future::future::Future>::poll
[INFO] [stdout]   14:     0x576f02f3c114 - <std[70759c8f55707aa4]::thread::local::LocalKey<core[df12db4294e9bfd3]::cell::RefCell<(parking[bb0b0b8fa49f1c1a]::Parker, core[df12db4294e9bfd3]::task::wake::Waker, alloc[2182bb758b4b3781]::sync::Arc<core[df12db4294e9bfd3]::sync::atomic::Atomic<bool>>)>>>::with::<async_io[9db9bd3d13e64070]::driver::block_on<(), <async_executor[547b2eaad4838cc6]::LocalExecutor>::run<(), async_std[4065222cda23df65]::task::builder::SupportTaskLocals<queries[959aa4f77c7a47b5]::my_table::{closure#0}>>::{closure#0}>::{closure#1}, ()>
[INFO] [stdout]   15:     0x576f02f3211e - <std[70759c8f55707aa4]::thread::local::LocalKey<core[df12db4294e9bfd3]::cell::Cell<usize>>>::with::<<async_std[4065222cda23df65]::task::builder::Builder>::blocking<queries[959aa4f77c7a47b5]::my_table::{closure#0}, ()>::{closure#0}, ()>
[INFO] [stdout]   16:     0x576f0300fc6b - <async_std[4065222cda23df65]::task::builder::Builder>::blocking::<queries[959aa4f77c7a47b5]::my_table::{closure#0}, ()>
[INFO] [stdout]   17:     0x576f02fea598 - <queries[959aa4f77c7a47b5]::my_table::{closure#0} as core[df12db4294e9bfd3]::ops::function::FnOnce<()>>::call_once
[INFO] [stdout]   18:     0x576f03021bbb - test[9d35eded1c95d3be]::__rust_begin_short_backtrace::<core[df12db4294e9bfd3]::result::Result<(), alloc[2182bb758b4b3781]::string::String>, fn() -> core[df12db4294e9bfd3]::result::Result<(), alloc[2182bb758b4b3781]::string::String>>
[INFO] [stdout]   19:     0x576f0302f225 - test[9d35eded1c95d3be]::run_test::{closure#0}
[INFO] [stdout]   20:     0x576f03028ae4 - std[70759c8f55707aa4]::sys::backtrace::__rust_begin_short_backtrace::<test[9d35eded1c95d3be]::run_test::{closure#1}, ()>
[INFO] [stdout]   21:     0x576f03032382 - <std[70759c8f55707aa4]::thread::lifecycle::spawn_unchecked<test[9d35eded1c95d3be]::run_test::{closure#1}, ()>::{closure#1} as core[df12db4294e9bfd3]::ops::function::FnOnce<()>>::call_once::{shim:vtable#0}
[INFO] [stdout]   22:     0x576f0315a939 - <std[70759c8f55707aa4]::sys::thread::unix::Thread>::new::thread_start
[INFO] [stdout]   23:     0x7383b65d2dfa - <unknown>
[INFO] [stdout]   24:     0x7383b66663d4 - clone
[INFO] [stdout]   25:                0x0 - <unknown>
[INFO] [stdout] 
[INFO] [stdout] ---- nextval_stuff stdout ----
[INFO] [stdout] 
[INFO] [stdout] thread 'nextval_stuff' (3588) panicked at tests/queries.rs:393:31:
[INFO] [stdout] called `Result::unwrap()` on an `Err` value: NotPresent
[INFO] [stdout] stack backtrace:
[INFO] [stdout]    0:     0x576f0315b411 - <<std[70759c8f55707aa4]::sys::backtrace::BacktraceLock>::print::DisplayBacktrace as core[df12db4294e9bfd3]::fmt::Display>::fmt
[INFO] [stdout]    1:     0x576f03172f5a - core[df12db4294e9bfd3]::fmt::write
[INFO] [stdout]    2:     0x576f0315fcec - <alloc[2182bb758b4b3781]::vec::Vec<u8> as core[df12db4294e9bfd3]::io::write::Write>::write_fmt
[INFO] [stdout]    3:     0x576f03136586 - std[70759c8f55707aa4]::panicking::default_hook::{closure#0}
[INFO] [stdout]    4:     0x576f031532e9 - std[70759c8f55707aa4]::panicking::default_hook
[INFO] [stdout]    5:     0x576f0302e8d0 - test[9d35eded1c95d3be]::test_main_inner::<test[9d35eded1c95d3be]::test_main_static::{closure#0}>::{closure#0}
[INFO] [stdout]    6:     0x576f03153612 - std[70759c8f55707aa4]::panicking::panic_with_hook
[INFO] [stdout]    7:     0x576f03136632 - std[70759c8f55707aa4]::panicking::panic_handler::{closure#0}
[INFO] [stdout]    8:     0x576f0312f2d9 - std[70759c8f55707aa4]::sys::backtrace::__rust_end_short_backtrace::<std[70759c8f55707aa4]::panicking::panic_handler::{closure#0}, !>
[INFO] [stdout]    9:     0x576f0313741d - __rustc[8fa7c3cbc660c2b3]::rust_begin_unwind
[INFO] [stdout]   10:     0x576f031736bc - core[df12db4294e9bfd3]::panicking::panic_fmt
[INFO] [stdout]   11:     0x576f03173492 - core[df12db4294e9bfd3]::result::unwrap_failed
[INFO] [stdout]   12:     0x576f02f242a4 - <std[70759c8f55707aa4]::thread::local::LocalKey<core[df12db4294e9bfd3]::cell::Cell<*const async_std[4065222cda23df65]::task::task_locals_wrapper::TaskLocalsWrapper>>>::with::<<async_std[4065222cda23df65]::task::task_locals_wrapper::TaskLocalsWrapper>::set_current<<async_std[4065222cda23df65]::task::builder::SupportTaskLocals<queries[959aa4f77c7a47b5]::nextval_stuff::{closure#0}> as core[df12db4294e9bfd3]::future::future::Future>::poll::{closure#0}, core[df12db4294e9bfd3]::task::poll::Poll<()>>::{closure#0}, core[df12db4294e9bfd3]::task::poll::Poll<()>>
[INFO] [stdout]   13:     0x576f03020de0 - <futures_lite[e4eeefeb7e276825]::future::Or<async_std[4065222cda23df65]::task::builder::SupportTaskLocals<queries[959aa4f77c7a47b5]::nextval_stuff::{closure#0}>, <async_executor[547b2eaad4838cc6]::State>::run<(), async_std[4065222cda23df65]::task::builder::SupportTaskLocals<queries[959aa4f77c7a47b5]::nextval_stuff::{closure#0}>>::{closure#0}::{closure#0}> as core[df12db4294e9bfd3]::future::future::Future>::poll
[INFO] [stdout]   14:     0x576f02f36828 - <std[70759c8f55707aa4]::thread::local::LocalKey<core[df12db4294e9bfd3]::cell::RefCell<(parking[bb0b0b8fa49f1c1a]::Parker, core[df12db4294e9bfd3]::task::wake::Waker, alloc[2182bb758b4b3781]::sync::Arc<core[df12db4294e9bfd3]::sync::atomic::Atomic<bool>>)>>>::with::<async_io[9db9bd3d13e64070]::driver::block_on<(), <async_executor[547b2eaad4838cc6]::LocalExecutor>::run<(), async_std[4065222cda23df65]::task::builder::SupportTaskLocals<queries[959aa4f77c7a47b5]::nextval_stuff::{closure#0}>>::{closure#0}>::{closure#1}, ()>
[INFO] [stdout]   15:     0x576f02f30b2d - <std[70759c8f55707aa4]::thread::local::LocalKey<core[df12db4294e9bfd3]::cell::Cell<usize>>>::with::<<async_std[4065222cda23df65]::task::builder::Builder>::blocking<queries[959aa4f77c7a47b5]::nextval_stuff::{closure#0}, ()>::{closure#0}, ()>
[INFO] [stdout]   16:     0x576f0300e83a - <async_std[4065222cda23df65]::task::builder::Builder>::blocking::<queries[959aa4f77c7a47b5]::nextval_stuff::{closure#0}, ()>
[INFO] [stdout]   17:     0x576f02fea39b - <queries[959aa4f77c7a47b5]::nextval_stuff::{closure#0} as core[df12db4294e9bfd3]::ops::function::FnOnce<()>>::call_once
[INFO] [stdout]   18:     0x576f03021bbb - test[9d35eded1c95d3be]::__rust_begin_short_backtrace::<core[df12db4294e9bfd3]::result::Result<(), alloc[2182bb758b4b3781]::string::String>, fn() -> core[df12db4294e9bfd3]::result::Result<(), alloc[2182bb758b4b3781]::string::String>>
[INFO] [stdout]   19:     0x576f0302f225 - test[9d35eded1c95d3be]::run_test::{closure#0}
[INFO] [stdout]   20:     0x576f03028ae4 - std[70759c8f55707aa4]::sys::backtrace::__rust_begin_short_backtrace::<test[9d35eded1c95d3be]::run_test::{closure#1}, ()>
[INFO] [stdout]   21:     0x576f03032382 - <std[70759c8f55707aa4]::thread::lifecycle::spawn_unchecked<test[9d35eded1c95d3be]::run_test::{closure#1}, ()>::{closure#1} as core[df12db4294e9bfd3]::ops::function::FnOnce<()>>::call_once::{shim:vtable#0}
[INFO] [stdout]   22:     0x576f0315a939 - <std[70759c8f55707aa4]::sys::thread::unix::Thread>::new::thread_start
[INFO] [stdout]   23:     0x7383b65d2dfa - <unknown>
[INFO] [stdout]   24:     0x7383b66663d4 - clone
[INFO] [stdout]   25:                0x0 - <unknown>
[INFO] [stdout] 
[INFO] [stdout] ---- double_nested stdout ----
[INFO] [stdout] 
[INFO] [stdout] thread 'double_nested' (3582) panicked at tests/queries.rs:156:31:
[INFO] [stdout] called `Result::unwrap()` on an `Err` value: NotPresent
[INFO] [stdout] stack backtrace:
[INFO] [stdout]    0:     0x576f0315b411 - <<std[70759c8f55707aa4]::sys::backtrace::BacktraceLock>::print::DisplayBacktrace as core[df12db4294e9bfd3]::fmt::Display>::fmt
[INFO] [stdout]    1:     0x576f03172f5a - core[df12db4294e9bfd3]::fmt::write
[INFO] [stdout]    2:     0x576f0315fcec - <alloc[2182bb758b4b3781]::vec::Vec<u8> as core[df12db4294e9bfd3]::io::write::Write>::write_fmt
[INFO] [stdout]    3:     0x576f03136586 - std[70759c8f55707aa4]::panicking::default_hook::{closure#0}
[INFO] [stdout]    4:     0x576f031532e9 - std[70759c8f55707aa4]::panicking::default_hook
[INFO] [stdout]    5:     0x576f0302e8d0 - test[9d35eded1c95d3be]::test_main_inner::<test[9d35eded1c95d3be]::test_main_static::{closure#0}>::{closure#0}
[INFO] [stdout]    6:     0x576f03153612 - std[70759c8f55707aa4]::panicking::panic_with_hook
[INFO] [stdout]    7:     0x576f03136632 - std[70759c8f55707aa4]::panicking::panic_handler::{closure#0}
[INFO] [stdout]    8:     0x576f0312f2d9 - std[70759c8f55707aa4]::sys::backtrace::__rust_end_short_backtrace::<std[70759c8f55707aa4]::panicking::panic_handler::{closure#0}, !>
[INFO] [stdout]    9:     0x576f0313741d - __rustc[8fa7c3cbc660c2b3]::rust_begin_unwind
[INFO] [stdout]   10:     0x576f031736bc - core[df12db4294e9bfd3]::panicking::panic_fmt
[INFO] [stdout]   11:     0x576f03173492 - core[df12db4294e9bfd3]::result::unwrap_failed
[INFO] [stdout]   12:     0x576f02f22eec - <std[70759c8f55707aa4]::thread::local::LocalKey<core[df12db4294e9bfd3]::cell::Cell<*const async_std[4065222cda23df65]::task::task_locals_wrapper::TaskLocalsWrapper>>>::with::<<async_std[4065222cda23df65]::task::task_locals_wrapper::TaskLocalsWrapper>::set_current<<async_std[4065222cda23df65]::task::builder::SupportTaskLocals<queries[959aa4f77c7a47b5]::double_nested::{closure#0}> as core[df12db4294e9bfd3]::future::future::Future>::poll::{closure#0}, core[df12db4294e9bfd3]::task::poll::Poll<()>>::{closure#0}, core[df12db4294e9bfd3]::task::poll::Poll<()>>
[INFO] [stdout]   13:     0x576f03020cc0 - <futures_lite[e4eeefeb7e276825]::future::Or<async_std[4065222cda23df65]::task::builder::SupportTaskLocals<queries[959aa4f77c7a47b5]::double_nested::{closure#0}>, <async_executor[547b2eaad4838cc6]::State>::run<(), async_std[4065222cda23df65]::task::builder::SupportTaskLocals<queries[959aa4f77c7a47b5]::double_nested::{closure#0}>>::{closure#0}::{closure#0}> as core[df12db4294e9bfd3]::future::future::Future>::poll
[INFO] [stdout]   14:     0x576f02f35d44 - <std[70759c8f55707aa4]::thread::local::LocalKey<core[df12db4294e9bfd3]::cell::RefCell<(parking[bb0b0b8fa49f1c1a]::Parker, core[df12db4294e9bfd3]::task::wake::Waker, alloc[2182bb758b4b3781]::sync::Arc<core[df12db4294e9bfd3]::sync::atomic::Atomic<bool>>)>>>::with::<async_io[9db9bd3d13e64070]::driver::block_on<(), <async_executor[547b2eaad4838cc6]::LocalExecutor>::run<(), async_std[4065222cda23df65]::task::builder::SupportTaskLocals<queries[959aa4f77c7a47b5]::double_nested::{closure#0}>>::{closure#0}>::{closure#1}, ()>
[INFO] [stdout]   15:     0x576f02f3086e - <std[70759c8f55707aa4]::thread::local::LocalKey<core[df12db4294e9bfd3]::cell::Cell<usize>>>::with::<<async_std[4065222cda23df65]::task::builder::Builder>::blocking<queries[959aa4f77c7a47b5]::double_nested::{closure#0}, ()>::{closure#0}, ()>
[INFO] [stdout]   16:     0x576f0300e5ab - <async_std[4065222cda23df65]::task::builder::Builder>::blocking::<queries[959aa4f77c7a47b5]::double_nested::{closure#0}, ()>
[INFO] [stdout]   17:     0x576f02fea358 - <queries[959aa4f77c7a47b5]::double_nested::{closure#0} as core[df12db4294e9bfd3]::ops::function::FnOnce<()>>::call_once
[INFO] [stdout]   18:     0x576f03021bbb - test[9d35eded1c95d3be]::__rust_begin_short_backtrace::<core[df12db4294e9bfd3]::result::Result<(), alloc[2182bb758b4b3781]::string::String>, fn() -> core[df12db4294e9bfd3]::result::Result<(), alloc[2182bb758b4b3781]::string::String>>
[INFO] [stdout]   19:     0x576f0302f225 - test[9d35eded1c95d3be]::run_test::{closure#0}
[INFO] [stdout]   20:     0x576f03028ae4 - std[70759c8f55707aa4]::sys::backtrace::__rust_begin_short_backtrace::<test[9d35eded1c95d3be]::run_test::{closure#1}, ()>
[INFO] [stdout]   21:     0x576f03032382 - <std[70759c8f55707aa4]::thread::lifecycle::spawn_unchecked<test[9d35eded1c95d3be]::run_test::{closure#1}, ()>::{closure#1} as core[df12db4294e9bfd3]::ops::function::FnOnce<()>>::call_once::{shim:vtable#0}
[INFO] [stdout]   22:     0x576f0315a939 - <std[70759c8f55707aa4]::sys::thread::unix::Thread>::new::thread_start
[INFO] [stdout]   23:     0x7383b65d2dfa - <unknown>
[INFO] [stdout]   24:     0x7383b66663d4 - clone
[INFO] [stdout]   25:                0x0 - <unknown>
[INFO] [stdout] 
[INFO] [stdout] ---- optionals_maybe stdout ----
[INFO] [stdout] 
[INFO] [stdout] thread 'optionals_maybe' (3594) panicked at tests/queries.rs:292:31:
[INFO] [stdout] called `Result::unwrap()` on an `Err` value: NotPresent
[INFO] [stdout] stack backtrace:
[INFO] [stdout]    0:     0x576f0315b411 - <<std[70759c8f55707aa4]::sys::backtrace::BacktraceLock>::print::DisplayBacktrace as core[df12db4294e9bfd3]::fmt::Display>::fmt
[INFO] [stdout]    1:     0x576f03172f5a - core[df12db4294e9bfd3]::fmt::write
[INFO] [stdout]    2:     0x576f0315fcec - <alloc[2182bb758b4b3781]::vec::Vec<u8> as core[df12db4294e9bfd3]::io::write::Write>::write_fmt
[INFO] [stdout]    3:     0x576f03136586 - std[70759c8f55707aa4]::panicking::default_hook::{closure#0}
[INFO] [stdout]    4:     0x576f031532e9 - std[70759c8f55707aa4]::panicking::default_hook
[INFO] [stdout]    5:     0x576f0302e8d0 - test[9d35eded1c95d3be]::test_main_inner::<test[9d35eded1c95d3be]::test_main_static::{closure#0}>::{closure#0}
[INFO] [stdout]    6:     0x576f03153612 - std[70759c8f55707aa4]::panicking::panic_with_hook
[INFO] [stdout]    7:     0x576f03136632 - std[70759c8f55707aa4]::panicking::panic_handler::{closure#0}
[INFO] [stdout]    8:     0x576f0312f2d9 - std[70759c8f55707aa4]::sys::backtrace::__rust_end_short_backtrace::<std[70759c8f55707aa4]::panicking::panic_handler::{closure#0}, !>
[INFO] [stdout]    9:     0x576f0313741d - __rustc[8fa7c3cbc660c2b3]::rust_begin_unwind
[INFO] [stdout]   10:     0x576f031736bc - core[df12db4294e9bfd3]::panicking::panic_fmt
[INFO] [stdout]   11:     0x576f03173492 - core[df12db4294e9bfd3]::result::unwrap_failed
[INFO] [stdout]   12:     0x576f02f25ee3 - <std[70759c8f55707aa4]::thread::local::LocalKey<core[df12db4294e9bfd3]::cell::Cell<*const async_std[4065222cda23df65]::task::task_locals_wrapper::TaskLocalsWrapper>>>::with::<<async_std[4065222cda23df65]::task::task_locals_wrapper::TaskLocalsWrapper>::set_current<<async_std[4065222cda23df65]::task::builder::SupportTaskLocals<queries[959aa4f77c7a47b5]::optionals_maybe::{closure#0}> as core[df12db4294e9bfd3]::future::future::Future>::poll::{closure#0}, core[df12db4294e9bfd3]::task::poll::Poll<()>>::{closure#0}, core[df12db4294e9bfd3]::task::poll::Poll<()>>
[INFO] [stdout]   13:     0x576f03021012 - <futures_lite[e4eeefeb7e276825]::future::Or<async_std[4065222cda23df65]::task::builder::SupportTaskLocals<queries[959aa4f77c7a47b5]::optionals_maybe::{closure#0}>, <async_executor[547b2eaad4838cc6]::State>::run<(), async_std[4065222cda23df65]::task::builder::SupportTaskLocals<queries[959aa4f77c7a47b5]::optionals_maybe::{closure#0}>>::{closure#0}::{closure#0}> as core[df12db4294e9bfd3]::future::future::Future>::poll
[INFO] [stdout]   14:     0x576f02f37e38 - <std[70759c8f55707aa4]::thread::local::LocalKey<core[df12db4294e9bfd3]::cell::RefCell<(parking[bb0b0b8fa49f1c1a]::Parker, core[df12db4294e9bfd3]::task::wake::Waker, alloc[2182bb758b4b3781]::sync::Arc<core[df12db4294e9bfd3]::sync::atomic::Atomic<bool>>)>>>::with::<async_io[9db9bd3d13e64070]::driver::block_on<(), <async_executor[547b2eaad4838cc6]::LocalExecutor>::run<(), async_std[4065222cda23df65]::task::builder::SupportTaskLocals<queries[959aa4f77c7a47b5]::optionals_maybe::{closure#0}>>::{closure#0}>::{closure#1}, ()>
[INFO] [stdout]   15:     0x576f02f31093 - <std[70759c8f55707aa4]::thread::local::LocalKey<core[df12db4294e9bfd3]::cell::Cell<usize>>>::with::<<async_std[4065222cda23df65]::task::builder::Builder>::blocking<queries[959aa4f77c7a47b5]::optionals_maybe::{closure#0}, ()>::{closure#0}, ()>
[INFO] [stdout]   16:     0x576f0300ed4a - <async_std[4065222cda23df65]::task::builder::Builder>::blocking::<queries[959aa4f77c7a47b5]::optionals_maybe::{closure#0}, ()>
[INFO] [stdout]   17:     0x576f02fea418 - <queries[959aa4f77c7a47b5]::optionals_maybe::{closure#0} as core[df12db4294e9bfd3]::ops::function::FnOnce<()>>::call_once
[INFO] [stdout]   18:     0x576f03021bbb - test[9d35eded1c95d3be]::__rust_begin_short_backtrace::<core[df12db4294e9bfd3]::result::Result<(), alloc[2182bb758b4b3781]::string::String>, fn() -> core[df12db4294e9bfd3]::result::Result<(), alloc[2182bb758b4b3781]::string::String>>
[INFO] [stdout]   19:     0x576f0302f225 - test[9d35eded1c95d3be]::run_test::{closure#0}
[INFO] [stdout]   20:     0x576f03028ae4 - std[70759c8f55707aa4]::sys::backtrace::__rust_begin_short_backtrace::<test[9d35eded1c95d3be]::run_test::{closure#1}, ()>
[INFO] [stdout]   21:     0x576f03032382 - <std[70759c8f55707aa4]::thread::lifecycle::spawn_unchecked<test[9d35eded1c95d3be]::run_test::{closure#1}, ()>::{closure#1} as core[df12db4294e9bfd3]::ops::function::FnOnce<()>>::call_once::{shim:vtable#0}
[INFO] [stdout]   22:     0x576f0315a939 - <std[70759c8f55707aa4]::sys::thread::unix::Thread>::new::thread_start
[INFO] [stdout]   23:     0x7383b65d2dfa - <unknown>
[INFO] [stdout]   24:     0x7383b66663d4 - clone
[INFO] [stdout]   25:                0x0 - <unknown>
[INFO] [stdout] 
[INFO] [stdout] ---- no_queries stdout ----
[INFO] [stdout] 
[INFO] [stdout] thread 'no_queries' (3590) panicked at tests/queries.rs:76:31:
[INFO] [stdout] called `Result::unwrap()` on an `Err` value: NotPresent
[INFO] [stdout] stack backtrace:
[INFO] [stdout]    0:     0x576f0315b411 - <<std[70759c8f55707aa4]::sys::backtrace::BacktraceLock>::print::DisplayBacktrace as core[df12db4294e9bfd3]::fmt::Display>::fmt
[INFO] [stdout]    1:     0x576f03172f5a - core[df12db4294e9bfd3]::fmt::write
[INFO] [stdout]    2:     0x576f0315fcec - <alloc[2182bb758b4b3781]::vec::Vec<u8> as core[df12db4294e9bfd3]::io::write::Write>::write_fmt
[INFO] [stdout]    3:     0x576f03136586 - std[70759c8f55707aa4]::panicking::default_hook::{closure#0}
[INFO] [stdout]    4:     0x576f031532e9 - std[70759c8f55707aa4]::panicking::default_hook
[INFO] [stdout]    5:     0x576f0302e8d0 - test[9d35eded1c95d3be]::test_main_inner::<test[9d35eded1c95d3be]::test_main_static::{closure#0}>::{closure#0}
[INFO] [stdout]    6:     0x576f03153612 - std[70759c8f55707aa4]::panicking::panic_with_hook
[INFO] [stdout]    7:     0x576f03136632 - std[70759c8f55707aa4]::panicking::panic_handler::{closure#0}
[INFO] [stdout]    8:     0x576f0312f2d9 - std[70759c8f55707aa4]::sys::backtrace::__rust_end_short_backtrace::<std[70759c8f55707aa4]::panicking::panic_handler::{closure#0}, !>
[INFO] [stdout]    9:     0x576f0313741d - __rustc[8fa7c3cbc660c2b3]::rust_begin_unwind
[INFO] [stdout]   10:     0x576f031736bc - core[df12db4294e9bfd3]::panicking::panic_fmt
[INFO] [stdout]   11:     0x576f03173492 - core[df12db4294e9bfd3]::result::unwrap_failed
[INFO] [stdout]   12:     0x576f02f203d8 - <std[70759c8f55707aa4]::thread::local::LocalKey<core[df12db4294e9bfd3]::cell::Cell<*const async_std[4065222cda23df65]::task::task_locals_wrapper::TaskLocalsWrapper>>>::with::<<async_std[4065222cda23df65]::task::task_locals_wrapper::TaskLocalsWrapper>::set_current<<async_std[4065222cda23df65]::task::builder::SupportTaskLocals<queries[959aa4f77c7a47b5]::no_queries::{closure#0}> as core[df12db4294e9bfd3]::future::future::Future>::poll::{closure#0}, core[df12db4294e9bfd3]::task::poll::Poll<()>>::{closure#0}, core[df12db4294e9bfd3]::task::poll::Poll<()>>
[INFO] [stdout]   13:     0x576f03020912 - <futures_lite[e4eeefeb7e276825]::future::Or<async_std[4065222cda23df65]::task::builder::SupportTaskLocals<queries[959aa4f77c7a47b5]::no_queries::{closure#0}>, <async_executor[547b2eaad4838cc6]::State>::run<(), async_std[4065222cda23df65]::task::builder::SupportTaskLocals<queries[959aa4f77c7a47b5]::no_queries::{closure#0}>>::{closure#0}::{closure#0}> as core[df12db4294e9bfd3]::future::future::Future>::poll
[INFO] [stdout]   14:     0x576f02f33c17 - <std[70759c8f55707aa4]::thread::local::LocalKey<core[df12db4294e9bfd3]::cell::RefCell<(parking[bb0b0b8fa49f1c1a]::Parker, core[df12db4294e9bfd3]::task::wake::Waker, alloc[2182bb758b4b3781]::sync::Arc<core[df12db4294e9bfd3]::sync::atomic::Atomic<bool>>)>>>::with::<async_io[9db9bd3d13e64070]::driver::block_on<(), <async_executor[547b2eaad4838cc6]::LocalExecutor>::run<(), async_std[4065222cda23df65]::task::builder::SupportTaskLocals<queries[959aa4f77c7a47b5]::no_queries::{closure#0}>>::{closure#0}>::{closure#1}, ()>
[INFO] [stdout]   15:     0x576f02f30043 - <std[70759c8f55707aa4]::thread::local::LocalKey<core[df12db4294e9bfd3]::cell::Cell<usize>>>::with::<<async_std[4065222cda23df65]::task::builder::Builder>::blocking<queries[959aa4f77c7a47b5]::no_queries::{closure#0}, ()>::{closure#0}, ()>
[INFO] [stdout]   16:     0x576f0300de1a - <async_std[4065222cda23df65]::task::builder::Builder>::blocking::<queries[959aa4f77c7a47b5]::no_queries::{closure#0}, ()>
[INFO] [stdout]   17:     0x576f02fea1e8 - <queries[959aa4f77c7a47b5]::no_queries::{closure#0} as core[df12db4294e9bfd3]::ops::function::FnOnce<()>>::call_once
[INFO] [stdout]   18:     0x576f03021bbb - test[9d35eded1c95d3be]::__rust_begin_short_backtrace::<core[df12db4294e9bfd3]::result::Result<(), alloc[2182bb758b4b3781]::string::String>, fn() -> core[df12db4294e9bfd3]::result::Result<(), alloc[2182bb758b4b3781]::string::String>>
[INFO] [stdout]   19:     0x576f0302f225 - test[9d35eded1c95d3be]::run_test::{closure#0}
[INFO] [stdout]   20:     0x576f03028ae4 - std[70759c8f55707aa4]::sys::backtrace::__rust_begin_short_backtrace::<test[9d35eded1c95d3be]::run_test::{closure#1}, ()>
[INFO] [stdout]   21:     0x576f03032382 - <std[70759c8f55707aa4]::thread::lifecycle::spawn_unchecked<test[9d35eded1c95d3be]::run_test::{closure#1}, ()>::{closure#1} as core[df12db4294e9bfd3]::ops::function::FnOnce<()>>::call_once::{shim:vtable#0}
[INFO] [stdout]   22:     0x576f0315a939 - <std[70759c8f55707aa4]::sys::thread::unix::Thread>::new::thread_start
[INFO] [stdout]   23:     0x7383b65d2dfa - <unknown>
[INFO] [stdout]   24:     0x7383b66663d4 - clone
[INFO] [stdout]   25:                0x0 - <unknown>
[INFO] [stdout] 
[INFO] [stdout] 
[INFO] [stdout] failures:
[INFO] [stdout]     aggregations_simple
[INFO] [stdout]     and_filters
[INFO] [stdout]     double_nested
[INFO] [stdout]     join_example
[INFO] [stdout]     join_example_many
[INFO] [stdout]     join_example_optional
[INFO] [stdout]     my_table
[INFO] [stdout]     nested
[INFO] [stdout]     nextval_stuff
[INFO] [stdout]     no_queries
[INFO] [stdout]     optionals
[INFO] [stdout]     optionals_maybe
[INFO] [stdout]     test_each_with_inc
[INFO] [stdout]     windows_simple
[INFO] [stdout] 
[INFO] [stdout] test result: FAILED. 1 passed; 14 failed; 0 ignored; 0 measured; 0 filtered out; finished in 0.01s
[INFO] [stdout] 
[INFO] [stderr] error: test failed, to rerun pass `--test queries`
[INFO] running `Command { std: "docker" "inspect" "8cfa01721abe10625de570c03bf2d3ecc83f9af7484a7ceb5dec73d05751329f", kill_on_drop: false }`
[INFO] running `Command { std: "docker" "rm" "-f" "8cfa01721abe10625de570c03bf2d3ecc83f9af7484a7ceb5dec73d05751329f", kill_on_drop: false }`
[INFO] [stdout] 8cfa01721abe10625de570c03bf2d3ecc83f9af7484a7ceb5dec73d05751329f
