[INFO] fetching crate rust-powered-lego 0.2.0...
[INFO] testing rust-powered-lego-0.2.0 against 1.100.0-beta.1+cargoflags=--release for beta-release-1.100-2
[INFO] extracting crate rust-powered-lego 0.2.0 into /workspace/builds/worker-6-tc2/source
[INFO] started tweaking crates.io crate rust-powered-lego 0.2.0
[INFO] finished tweaking crates.io crate rust-powered-lego 0.2.0
[INFO] tweaked toml for crates.io crate rust-powered-lego 0.2.0 written to /workspace/builds/worker-6-tc2/source/Cargo.toml
[INFO] validating manifest of crates.io crate rust-powered-lego 0.2.0 on toolchain 1.100.0-beta.1
[INFO] running `Command { std: CARGO_HOME="/workspace/cargo-home" RUSTUP_HOME="/workspace/rustup-home" "/workspace/cargo-home/bin/cargo" "+1.100.0-beta.1" "metadata" "--manifest-path" "Cargo.toml" "--no-deps", kill_on_drop: false }`
[INFO] crate crates.io crate rust-powered-lego 0.2.0 already has a lockfile, it will not be regenerated
[INFO] running `Command { std: CARGO_HOME="/workspace/cargo-home" RUSTUP_HOME="/workspace/rustup-home" "/workspace/cargo-home/bin/cargo" "+1.100.0-beta.1" "fetch" "--manifest-path" "Cargo.toml", kill_on_drop: false }`
[INFO] [stderr] warning: `package.homepage` is redundant with `package.repository`
[INFO] [stderr]   --> Cargo.toml:40:12
[INFO] [stderr]    |
[INFO] [stderr] 40 | homepage = "https://github.com/blu3c0ral/rust-powered-lego/"
[INFO] [stderr]    |            ^^^^^^^^^^^^^^^^^^^^^^^^^^^^^^^^^^^^^^^^^^^^^^^^^
[INFO] [stderr] ...
[INFO] [stderr] 44 | repository = "https://github.com/blu3c0ral/rust-powered-lego/"
[INFO] [stderr]    |              -------------------------------------------------
[INFO] [stderr]    |
[INFO] [stderr]    = note: `cargo::redundant_homepage` is set to `warn` by default
[INFO] [stderr] help: consider removing `package.homepage`
[INFO] [stderr] warning: `rust-powered-lego` (manifest) generated 1 warning
[INFO] running `Command { std: "docker" "create" "-v" "/var/lib/crater-agent-workspace/builds/worker-6-tc2/source:/opt/rustwide/workdir:ro,Z" "-v" "/var/lib/crater-agent-workspace/builds/worker-6-tc2/target:/opt/rustwide/target:rw,Z" "-v" "/var/lib/crater-agent-workspace/cargo-home:/opt/rustwide/cargo-home:ro,Z" "-v" "/var/lib/crater-agent-workspace/rustup-home:/opt/rustwide/rustup-home:ro,Z" "-m" "1610612736" "--network" "none" "ghcr.io/rust-lang/crates-build-env/linux@sha256:77db811e55d90add9212f6832c23229e3de5f1c1f9905e8cb07319ea15df73ac" "sleep" "infinity", kill_on_drop: false }`
[INFO] [stdout] bb60a28ed7fcf3c1a55b06941f19d6b7c8ce85115f0b49332a5d8f4f1b2c48b7
[INFO] running `Command { std: "docker" "start" "bb60a28ed7fcf3c1a55b06941f19d6b7c8ce85115f0b49332a5d8f4f1b2c48b7", kill_on_drop: false }`
[INFO] running `Command { std: "docker" "inspect" "bb60a28ed7fcf3c1a55b06941f19d6b7c8ce85115f0b49332a5d8f4f1b2c48b7", kill_on_drop: false }`
[INFO] running `Command { std: "docker" "exec" "-e" "SOURCE_DIR=/opt/rustwide/workdir" "-e" "CARGO_HOME=/opt/rustwide/cargo-home" "-e" "RUSTUP_HOME=/opt/rustwide/rustup-home" "-e" "CARGO_TARGET_DIR=/opt/rustwide/target" "-w" "/opt/rustwide/workdir" "--user" "0:0" "bb60a28ed7fcf3c1a55b06941f19d6b7c8ce85115f0b49332a5d8f4f1b2c48b7" "/opt/rustwide/cargo-home/bin/cargo" "+1.100.0-beta.1" "metadata" "--no-deps" "--format-version=1", kill_on_drop: false }`
[INFO] running `Command { std: "docker" "inspect" "bb60a28ed7fcf3c1a55b06941f19d6b7c8ce85115f0b49332a5d8f4f1b2c48b7", kill_on_drop: false }`
[INFO] running `Command { std: "docker" "exec" "-e" "SOURCE_DIR=/opt/rustwide/workdir" "-e" "CARGO_HOME=/opt/rustwide/cargo-home" "-e" "RUSTUP_HOME=/opt/rustwide/rustup-home" "-e" "CARGO_TARGET_DIR=/opt/rustwide/target" "-e" "CARGO_INCREMENTAL=0" "-e" "RUST_BACKTRACE=full" "-e" "RUSTFLAGS=--cap-lints=warn" "-e" "RUSTDOCFLAGS=--cap-lints=warn" "-w" "/opt/rustwide/workdir" "--user" "0:0" "bb60a28ed7fcf3c1a55b06941f19d6b7c8ce85115f0b49332a5d8f4f1b2c48b7" "/opt/rustwide/cargo-home/bin/cargo" "+1.100.0-beta.1" "build" "--frozen" "--message-format=json" "--release", kill_on_drop: false }`
[INFO] [stderr] warning: `package.homepage` is redundant with `package.repository`
[INFO] [stderr]   --> Cargo.toml:40:12
[INFO] [stderr]    |
[INFO] [stderr] 40 | homepage = "https://github.com/blu3c0ral/rust-powered-lego/"
[INFO] [stderr]    |            ^^^^^^^^^^^^^^^^^^^^^^^^^^^^^^^^^^^^^^^^^^^^^^^^^
[INFO] [stderr] ...
[INFO] [stderr] 44 | repository = "https://github.com/blu3c0ral/rust-powered-lego/"
[INFO] [stderr]    |              -------------------------------------------------
[INFO] [stderr]    |
[INFO] [stderr]    = note: `cargo::redundant_homepage` is set to `warn` by default
[INFO] [stderr] help: consider removing `package.homepage`
[INFO] [stderr] warning: `rust-powered-lego` (manifest) generated 1 warning
[INFO] [stderr]    Compiling proc-macro2 v1.0.47
[INFO] [stderr]    Compiling unicode-ident v1.0.5
[INFO] [stderr]    Compiling quote v1.0.21
[INFO] [stderr]    Compiling libc v0.2.137
[INFO] [stderr]    Compiling pkg-config v0.3.26
[INFO] [stderr]    Compiling syn v1.0.103
[INFO] [stderr]    Compiling smallvec v1.10.0
[INFO] [stderr]    Compiling cc v1.0.76
[INFO] [stderr]    Compiling futures-core v0.3.25
[INFO] [stderr]    Compiling futures-sink v0.3.25
[INFO] [stderr]    Compiling parking_lot_core v0.9.4
[INFO] [stderr]    Compiling log v0.4.17
[INFO] [stderr]    Compiling lock_api v0.4.9
[INFO] [stderr]    Compiling xml-rs v0.8.4
[INFO] [stderr]    Compiling slab v0.4.7
[INFO] [stderr]    Compiling futures-task v0.3.25
[INFO] [stderr]    Compiling futures-channel v0.3.25
[INFO] [stderr]    Compiling libloading v0.7.4
[INFO] [stderr]    Compiling thiserror v1.0.37
[INFO] [stderr]    Compiling futures-util v0.3.25
[INFO] [stderr]    Compiling once_cell v1.15.0
[INFO] [stderr]    Compiling futures-io v0.3.25
[INFO] [stderr]    Compiling tokio v1.21.2
[INFO] [stderr]    Compiling serde_derive v1.0.147
[INFO] [stderr]    Compiling slotmap v1.0.6
[INFO] [stderr]    Compiling bytes v1.2.1
[INFO] [stderr]    Compiling downcast-rs v1.2.0
[INFO] [stderr]    Compiling cmake v0.1.49
[INFO] [stderr]    Compiling dlib v0.5.0
[INFO] [stderr]    Compiling serde v1.0.147
[INFO] [stderr]    Compiling nom v7.1.1
[INFO] [stderr]    Compiling miniz_oxide v0.5.4
[INFO] [stderr]    Compiling bytemuck v1.12.3
[INFO] [stderr]    Compiling miniz_oxide v0.6.2
[INFO] [stderr]    Compiling foreign-types-shared v0.3.1
[INFO] [stderr]    Compiling arrayref v0.3.6
[INFO] [stderr]    Compiling async-trait v0.1.58
[INFO] [stderr]    Compiling arrayvec v0.5.2
[INFO] [stderr]    Compiling either v1.8.0
[INFO] [stderr]    Compiling anyhow v1.0.66
[INFO] [stderr]    Compiling hashbrown v0.12.3
[INFO] [stderr]    Compiling wayland-sys v0.29.5
[INFO] [stderr]    Compiling libdbus-sys v0.2.2
[INFO] [stderr]    Compiling servo-fontconfig-sys v5.1.0
[INFO] [stderr]    Compiling crossfont v0.5.1
[INFO] [stderr]    Compiling smithay-client-toolkit v0.16.0
[INFO] [stderr]    Compiling tiny-skia-path v0.7.0
[INFO] [stderr]    Compiling freetype-sys v0.13.1
[INFO] [stderr]    Compiling expat-sys v2.1.6
[INFO] [stderr]    Compiling flate2 v1.0.24
[INFO] [stderr]    Compiling safe_arch v0.5.2
[INFO] [stderr]    Compiling x11-dl v2.20.0
[INFO] [stderr]    Compiling wayland-scanner v0.29.5
[INFO] [stderr]    Compiling itertools v0.10.5
[INFO] [stderr]    Compiling raw-window-handle v0.5.0
[INFO] [stderr]    Compiling instant v0.1.12
[INFO] [stderr]    Compiling percent-encoding v2.2.0
[INFO] [stderr]    Compiling png v0.17.7
[INFO] [stderr]    Compiling nix v0.24.2
[INFO] [stderr]    Compiling mio v0.8.5
[INFO] [stderr]    Compiling getrandom v0.2.8
[INFO] [stderr]    Compiling parking_lot v0.12.1
[INFO] [stderr]    Compiling socket2 v0.4.7
[INFO] [stderr]    Compiling num_cpus v1.13.1
[INFO] [stderr]    Compiling signal-hook-registry v1.4.0
[INFO] [stderr]    Compiling rand_core v0.6.4
[INFO] [stderr]    Compiling servo-fontconfig v0.5.1
[INFO] [stderr]    Compiling freetype-rs v0.26.0
[INFO] [stderr]    Compiling rand_chacha v0.3.1
[INFO] [stderr]    Compiling memmap2 v0.5.8
[INFO] [stderr]    Compiling dashmap v5.4.0
[INFO] [stderr]    Compiling rand v0.8.5
[INFO] [stderr]    Compiling wayland-client v0.29.5
[INFO] [stderr]    Compiling wayland-protocols v0.29.5
[INFO] [stderr]    Compiling tiny-skia v0.7.0
[INFO] [stderr]    Compiling xcursor v0.3.4
[INFO] [stderr]    Compiling wayland-commons v0.29.5
[INFO] [stderr]    Compiling futures-macro v0.3.25
[INFO] [stderr]    Compiling thiserror-impl v1.0.37
[INFO] [stderr]    Compiling tokio-macros v1.8.0
[INFO] [stderr]    Compiling foreign-types-macros v0.2.2
[INFO] [stderr]    Compiling uuid-macro-internal v1.2.1
[INFO] [stderr]    Compiling num-derive v0.3.3
[INFO] [stderr]    Compiling uuid v1.2.1
[INFO] [stderr]    Compiling foreign-types v0.5.0
[INFO] [stderr]    Compiling wayland-cursor v0.29.5
[INFO] [stderr]    Compiling calloop v0.10.2
[INFO] [stderr]    Compiling dbus v0.9.6
[INFO] [stderr]    Compiling futures-executor v0.3.25
[INFO] [stderr]    Compiling futures v0.3.25
[INFO] [stderr]    Compiling tokio-util v0.7.4
[INFO] [stderr]    Compiling serde-xml-rs v0.5.1
[INFO] [stderr]    Compiling bincode v1.3.3
[INFO] [stderr]    Compiling tokio-stream v0.1.11
[INFO] [stderr]    Compiling dbus-tokio v0.7.5
[INFO] [stderr]    Compiling bluez-generated v0.2.1
[INFO] [stderr]    Compiling bluez-async v0.6.0
[INFO] [stderr]    Compiling btleplug v0.10.1
[INFO] [stderr]    Compiling sctk-adwaita v0.4.3
[INFO] [stderr]    Compiling winit v0.27.5
[INFO] [stderr]    Compiling rust-powered-lego v0.2.0 (/opt/rustwide/workdir)
[INFO] [stdout] warning: hiding a lifetime that's named elsewhere is confusing
[INFO] [stdout]   --> src/lib.rs:89:54
[INFO] [stdout]    |
[INFO] [stdout] 89 |     async fn get_motor(&self, port_id: u8) -> Result<Motor>;
[INFO] [stdout]    |     ----- the lifetime is named here                 ^^^^^ the same lifetime is hidden here
[INFO] [stdout]    |
[INFO] [stdout]    = help: the same lifetime is referred to in inconsistent ways, making the signature confusing
[INFO] [stdout]    = note: `#[warn(mismatched_lifetime_syntaxes)]` on by default
[INFO] [stdout] help: consistently use `'life0`
[INFO] [stdout]    |
[INFO] [stdout] 89 |     async fn get_motor(&self, port_id: u8) -> Result<Motor<'life0>>;
[INFO] [stdout]    |                                                           ++++++++
[INFO] [stdout] 
[INFO] [stdout] 
[INFO] [stdout] warning: hiding a lifetime that's named elsewhere is confusing
[INFO] [stdout]    --> src/hub.rs:174:54
[INFO] [stdout]     |
[INFO] [stdout] 174 |     async fn get_motor(&self, port_id: u8) -> Result<Motor> {
[INFO] [stdout]     |     ----- the lifetime is named here                 ^^^^^ the same lifetime is hidden here
[INFO] [stdout]     |
[INFO] [stdout]     = help: the same lifetime is referred to in inconsistent ways, making the signature confusing
[INFO] [stdout] help: consistently use `'life0`
[INFO] [stdout]     |
[INFO] [stdout] 174 |     async fn get_motor(&self, port_id: u8) -> Result<Motor<'life0>> {
[INFO] [stdout]     |                                                           ++++++++
[INFO] [stdout] 
[INFO] [stdout] 
[INFO] [stdout] warning: non-local `impl` definition, `impl` blocks should be written at the same level as their item
[INFO] [stdout]  --> src/lego/message_types.rs:8:45
[INFO] [stdout]   |
[INFO] [stdout] 8 | #[derive(Copy, Clone, Debug, PartialEq, Eq, FromPrimitive)]
[INFO] [stdout]   |                                             ^------------
[INFO] [stdout]   |                                             |
[INFO] [stdout]   |                                             `FromPrimitive` is not local
[INFO] [stdout]   |                                             move the `impl` block outside of this constant `_IMPL_NUM_FromPrimitive_FOR_MessageTypes`
[INFO] [stdout] 9 | pub enum MessageTypes {                             //  Comm.        Rply2   Notes
[INFO] [stdout]   |          ------------ `MessageTypes` is not local
[INFO] [stdout]   |
[INFO] [stdout]   = note: the derive macro `FromPrimitive` defines the non-local `impl`, and may need to be changed
[INFO] [stdout]   = note: the derive macro `FromPrimitive` may come from an old version of the `num_derive` crate, try updating your dependency with `cargo update -p num_derive`
[INFO] [stdout]   = note: an `impl` is never scoped, even when it is nested inside an item, as it may impact type checking outside of that item, which can be the case if neither the trait or the self type are at the same nesting level as the `impl`
[INFO] [stdout]   = note: items in an anonymous const item (`const _: () = { ... }`) are treated as in the same scope as the anonymous const's declaration for the purpose of this lint
[INFO] [stdout]   = note: `#[warn(non_local_definitions)]` on by default
[INFO] [stdout]   = note: this warning originates in the derive macro `FromPrimitive` (in Nightly builds, run with -Z macro-backtrace for more info)
[INFO] [stdout] 
[INFO] [stdout] 
[INFO] [stdout] warning: non-local `impl` definition, `impl` blocks should be written at the same level as their item
[INFO] [stdout]   --> src/lego/consts.rs:44:17
[INFO] [stdout]    |
[INFO] [stdout] 44 | #[derive(Debug, FromPrimitive, PartialEq, Clone, Copy)]
[INFO] [stdout]    |                 ^------------
[INFO] [stdout]    |                 |
[INFO] [stdout]    |                 `FromPrimitive` is not local
[INFO] [stdout]    |                 move the `impl` block outside of this constant `_IMPL_NUM_FromPrimitive_FOR_PortType`
[INFO] [stdout] 45 | pub enum PortType {
[INFO] [stdout]    |          -------- `PortType` is not local
[INFO] [stdout]    |
[INFO] [stdout]    = note: the derive macro `FromPrimitive` defines the non-local `impl`, and may need to be changed
[INFO] [stdout]    = note: the derive macro `FromPrimitive` may come from an old version of the `num_derive` crate, try updating your dependency with `cargo update -p num_derive`
[INFO] [stdout]    = note: an `impl` is never scoped, even when it is nested inside an item, as it may impact type checking outside of that item, which can be the case if neither the trait or the self type are at the same nesting level as the `impl`
[INFO] [stdout]    = note: items in an anonymous const item (`const _: () = { ... }`) are treated as in the same scope as the anonymous const's declaration for the purpose of this lint
[INFO] [stdout]    = note: this warning originates in the derive macro `FromPrimitive` (in Nightly builds, run with -Z macro-backtrace for more info)
[INFO] [stdout] 
[INFO] [stdout] 
[INFO] [stdout] warning: non-local `impl` definition, `impl` blocks should be written at the same level as their item
[INFO] [stdout]    --> src/lego/consts.rs:125:45
[INFO] [stdout]     |
[INFO] [stdout] 125 | #[derive(Copy, Clone, Debug, PartialEq, Eq, FromPrimitive)]
[INFO] [stdout]     |                                             ^------------
[INFO] [stdout]     |                                             |
[INFO] [stdout]     |                                             `FromPrimitive` is not local
[INFO] [stdout]     |                                             move the `impl` block outside of this constant `_IMPL_NUM_FromPrimitive_FOR_LegoErrorTypes`
[INFO] [stdout] 126 | pub enum LegoErrorTypes {
[INFO] [stdout]     |          -------------- `LegoErrorTypes` is not local
[INFO] [stdout]     |
[INFO] [stdout]     = note: the derive macro `FromPrimitive` defines the non-local `impl`, and may need to be changed
[INFO] [stdout]     = note: the derive macro `FromPrimitive` may come from an old version of the `num_derive` crate, try updating your dependency with `cargo update -p num_derive`
[INFO] [stdout]     = note: an `impl` is never scoped, even when it is nested inside an item, as it may impact type checking outside of that item, which can be the case if neither the trait or the self type are at the same nesting level as the `impl`
[INFO] [stdout]     = note: items in an anonymous const item (`const _: () = { ... }`) are treated as in the same scope as the anonymous const's declaration for the purpose of this lint
[INFO] [stdout]     = note: this warning originates in the derive macro `FromPrimitive` (in Nightly builds, run with -Z macro-backtrace for more info)
[INFO] [stdout] 
[INFO] [stdout] 
[INFO] [stderr] warning: unused dependency `bincode`
[INFO] [stderr]  --> Cargo.toml:7:15
[INFO] [stderr]   |
[INFO] [stderr] 7 | [dependencies.bincode]
[INFO] [stderr]   |               ^^^^^^^^
[INFO] [stderr]   |
[INFO] [stderr]   = note: `cargo::unused_dependencies` is set to `warn` by default
[INFO] [stderr] help: consider removing the dependency on `bincode`
[INFO] [stderr] warning: unused dependency `winit`
[INFO] [stderr]   --> Cargo.toml:34:15
[INFO] [stderr]    |
[INFO] [stderr] 34 | [dependencies.winit]
[INFO] [stderr]    |               ^^^^^^
[INFO] [stderr]    |
[INFO] [stderr] help: consider removing the dependency on `winit`
[INFO] [stderr] warning: `rust-powered-lego` (manifest) generated 2 warnings
[INFO] [stderr]     Finished `release` profile [optimized] target(s) in 1m 51s
[INFO] running `Command { std: "docker" "inspect" "bb60a28ed7fcf3c1a55b06941f19d6b7c8ce85115f0b49332a5d8f4f1b2c48b7", kill_on_drop: false }`
[INFO] running `Command { std: "docker" "exec" "-e" "SOURCE_DIR=/opt/rustwide/workdir" "-e" "CARGO_HOME=/opt/rustwide/cargo-home" "-e" "RUSTUP_HOME=/opt/rustwide/rustup-home" "-e" "CARGO_TARGET_DIR=/opt/rustwide/target" "-e" "CARGO_INCREMENTAL=0" "-e" "RUST_BACKTRACE=full" "-e" "RUSTFLAGS=--cap-lints=warn" "-e" "RUSTDOCFLAGS=--cap-lints=warn" "-w" "/opt/rustwide/workdir" "--user" "0:0" "bb60a28ed7fcf3c1a55b06941f19d6b7c8ce85115f0b49332a5d8f4f1b2c48b7" "/opt/rustwide/cargo-home/bin/cargo" "+1.100.0-beta.1" "test" "--frozen" "--no-run" "--message-format=json" "--release", kill_on_drop: false }`
[INFO] [stderr] warning: `package.homepage` is redundant with `package.repository`
[INFO] [stderr]   --> Cargo.toml:40:12
[INFO] [stderr]    |
[INFO] [stderr] 40 | homepage = "https://github.com/blu3c0ral/rust-powered-lego/"
[INFO] [stderr]    |            ^^^^^^^^^^^^^^^^^^^^^^^^^^^^^^^^^^^^^^^^^^^^^^^^^
[INFO] [stderr] ...
[INFO] [stderr] 44 | repository = "https://github.com/blu3c0ral/rust-powered-lego/"
[INFO] [stderr]    |              -------------------------------------------------
[INFO] [stderr]    |
[INFO] [stderr]    = note: `cargo::redundant_homepage` is set to `warn` by default
[INFO] [stderr] help: consider removing `package.homepage`
[INFO] [stderr] warning: `rust-powered-lego` (manifest) generated 1 warning
[INFO] [stdout] warning: hiding a lifetime that's named elsewhere is confusing
[INFO] [stdout]   --> src/lib.rs:89:54
[INFO] [stdout]    |
[INFO] [stdout] 89 |     async fn get_motor(&self, port_id: u8) -> Result<Motor>;
[INFO] [stdout]    |     ----- the lifetime is named here                 ^^^^^ the same lifetime is hidden here
[INFO] [stdout]    |
[INFO] [stdout]    = help: the same lifetime is referred to in inconsistent ways, making the signature confusing
[INFO] [stdout]    = note: `#[warn(mismatched_lifetime_syntaxes)]` on by default
[INFO] [stdout] help: consistently use `'life0`
[INFO] [stdout]    |
[INFO] [stdout] 89 |     async fn get_motor(&self, port_id: u8) -> Result<Motor<'life0>>;
[INFO] [stdout]    |                                                           ++++++++
[INFO] [stdout] 
[INFO] [stdout] 
[INFO] [stdout] warning: hiding a lifetime that's named elsewhere is confusing
[INFO] [stdout]    --> src/hub.rs:174:54
[INFO] [stdout]     |
[INFO] [stdout] 174 |     async fn get_motor(&self, port_id: u8) -> Result<Motor> {
[INFO] [stdout]     |     ----- the lifetime is named here                 ^^^^^ the same lifetime is hidden here
[INFO] [stdout]     |
[INFO] [stdout]     = help: the same lifetime is referred to in inconsistent ways, making the signature confusing
[INFO] [stdout] help: consistently use `'life0`
[INFO] [stdout]     |
[INFO] [stdout] 174 |     async fn get_motor(&self, port_id: u8) -> Result<Motor<'life0>> {
[INFO] [stdout]     |                                                           ++++++++
[INFO] [stdout] 
[INFO] [stdout] 
[INFO] [stdout] warning: non-local `impl` definition, `impl` blocks should be written at the same level as their item
[INFO] [stdout]  --> src/lego/message_types.rs:8:45
[INFO] [stdout]   |
[INFO] [stdout] 8 | #[derive(Copy, Clone, Debug, PartialEq, Eq, FromPrimitive)]
[INFO] [stdout]   |                                             ^------------
[INFO] [stdout]   |                                             |
[INFO] [stdout]   |                                             `FromPrimitive` is not local
[INFO] [stdout]   |                                             move the `impl` block outside of this constant `_IMPL_NUM_FromPrimitive_FOR_MessageTypes`
[INFO] [stdout] 9 | pub enum MessageTypes {                             //  Comm.        Rply2   Notes
[INFO] [stdout]   |          ------------ `MessageTypes` is not local
[INFO] [stdout]   |
[INFO] [stdout]   = note: the derive macro `FromPrimitive` defines the non-local `impl`, and may need to be changed
[INFO] [stdout]   = note: the derive macro `FromPrimitive` may come from an old version of the `num_derive` crate, try updating your dependency with `cargo update -p num_derive`
[INFO] [stdout]   = note: an `impl` is never scoped, even when it is nested inside an item, as it may impact type checking outside of that item, which can be the case if neither the trait or the self type are at the same nesting level as the `impl`
[INFO] [stdout]   = note: items in an anonymous const item (`const _: () = { ... }`) are treated as in the same scope as the anonymous const's declaration for the purpose of this lint
[INFO] [stdout]   = note: `#[warn(non_local_definitions)]` on by default
[INFO] [stdout]   = note: this warning originates in the derive macro `FromPrimitive` (in Nightly builds, run with -Z macro-backtrace for more info)
[INFO] [stdout] 
[INFO] [stdout] 
[INFO] [stdout] warning: non-local `impl` definition, `impl` blocks should be written at the same level as their item
[INFO] [stdout]   --> src/lego/consts.rs:44:17
[INFO] [stdout]    |
[INFO] [stdout] 44 | #[derive(Debug, FromPrimitive, PartialEq, Clone, Copy)]
[INFO] [stdout]    |                 ^------------
[INFO] [stdout]    |                 |
[INFO] [stdout]    |                 `FromPrimitive` is not local
[INFO] [stdout]    |                 move the `impl` block outside of this constant `_IMPL_NUM_FromPrimitive_FOR_PortType`
[INFO] [stdout] 45 | pub enum PortType {
[INFO] [stdout]    |          -------- `PortType` is not local
[INFO] [stdout]    |
[INFO] [stdout]    = note: the derive macro `FromPrimitive` defines the non-local `impl`, and may need to be changed
[INFO] [stdout]    = note: the derive macro `FromPrimitive` may come from an old version of the `num_derive` crate, try updating your dependency with `cargo update -p num_derive`
[INFO] [stdout]    = note: an `impl` is never scoped, even when it is nested inside an item, as it may impact type checking outside of that item, which can be the case if neither the trait or the self type are at the same nesting level as the `impl`
[INFO] [stdout]    = note: items in an anonymous const item (`const _: () = { ... }`) are treated as in the same scope as the anonymous const's declaration for the purpose of this lint
[INFO] [stdout]    = note: this warning originates in the derive macro `FromPrimitive` (in Nightly builds, run with -Z macro-backtrace for more info)
[INFO] [stdout] 
[INFO] [stdout] 
[INFO] [stdout] warning: non-local `impl` definition, `impl` blocks should be written at the same level as their item
[INFO] [stdout]    --> src/lego/consts.rs:125:45
[INFO] [stdout]     |
[INFO] [stdout] 125 | #[derive(Copy, Clone, Debug, PartialEq, Eq, FromPrimitive)]
[INFO] [stdout]     |                                             ^------------
[INFO] [stdout]     |                                             |
[INFO] [stdout]     |                                             `FromPrimitive` is not local
[INFO] [stdout]     |                                             move the `impl` block outside of this constant `_IMPL_NUM_FromPrimitive_FOR_LegoErrorTypes`
[INFO] [stdout] 126 | pub enum LegoErrorTypes {
[INFO] [stdout]     |          -------------- `LegoErrorTypes` is not local
[INFO] [stdout]     |
[INFO] [stdout]     = note: the derive macro `FromPrimitive` defines the non-local `impl`, and may need to be changed
[INFO] [stdout]     = note: the derive macro `FromPrimitive` may come from an old version of the `num_derive` crate, try updating your dependency with `cargo update -p num_derive`
[INFO] [stdout]     = note: an `impl` is never scoped, even when it is nested inside an item, as it may impact type checking outside of that item, which can be the case if neither the trait or the self type are at the same nesting level as the `impl`
[INFO] [stdout]     = note: items in an anonymous const item (`const _: () = { ... }`) are treated as in the same scope as the anonymous const's declaration for the purpose of this lint
[INFO] [stdout]     = note: this warning originates in the derive macro `FromPrimitive` (in Nightly builds, run with -Z macro-backtrace for more info)
[INFO] [stdout] 
[INFO] [stdout] 
[INFO] [stderr]    Compiling rust-powered-lego v0.2.0 (/opt/rustwide/workdir)
[INFO] [stdout] warning: hiding a lifetime that's named elsewhere is confusing
[INFO] [stdout]   --> src/lib.rs:89:54
[INFO] [stdout]    |
[INFO] [stdout] 89 |     async fn get_motor(&self, port_id: u8) -> Result<Motor>;
[INFO] [stdout]    |     ----- the lifetime is named here                 ^^^^^ the same lifetime is hidden here
[INFO] [stdout]    |
[INFO] [stdout]    = help: the same lifetime is referred to in inconsistent ways, making the signature confusing
[INFO] [stdout]    = note: `#[warn(mismatched_lifetime_syntaxes)]` on by default
[INFO] [stdout] help: consistently use `'life0`
[INFO] [stdout]    |
[INFO] [stdout] 89 |     async fn get_motor(&self, port_id: u8) -> Result<Motor<'life0>>;
[INFO] [stdout]    |                                                           ++++++++
[INFO] [stdout] 
[INFO] [stdout] 
[INFO] [stdout] warning: hiding a lifetime that's named elsewhere is confusing
[INFO] [stdout]    --> src/hub.rs:174:54
[INFO] [stdout]     |
[INFO] [stdout] 174 |     async fn get_motor(&self, port_id: u8) -> Result<Motor> {
[INFO] [stdout]     |     ----- the lifetime is named here                 ^^^^^ the same lifetime is hidden here
[INFO] [stdout]     |
[INFO] [stdout]     = help: the same lifetime is referred to in inconsistent ways, making the signature confusing
[INFO] [stdout] help: consistently use `'life0`
[INFO] [stdout]     |
[INFO] [stdout] 174 |     async fn get_motor(&self, port_id: u8) -> Result<Motor<'life0>> {
[INFO] [stdout]     |                                                           ++++++++
[INFO] [stdout] 
[INFO] [stdout] 
[INFO] [stdout] warning: non-local `impl` definition, `impl` blocks should be written at the same level as their item
[INFO] [stdout]  --> src/lego/message_types.rs:8:45
[INFO] [stdout]   |
[INFO] [stdout] 8 | #[derive(Copy, Clone, Debug, PartialEq, Eq, FromPrimitive)]
[INFO] [stdout]   |                                             ^------------
[INFO] [stdout]   |                                             |
[INFO] [stdout]   |                                             `FromPrimitive` is not local
[INFO] [stdout]   |                                             move the `impl` block outside of this constant `_IMPL_NUM_FromPrimitive_FOR_MessageTypes`
[INFO] [stdout] 9 | pub enum MessageTypes {                             //  Comm.        Rply2   Notes
[INFO] [stdout]   |          ------------ `MessageTypes` is not local
[INFO] [stdout]   |
[INFO] [stdout]   = note: the derive macro `FromPrimitive` defines the non-local `impl`, and may need to be changed
[INFO] [stdout]   = note: the derive macro `FromPrimitive` may come from an old version of the `num_derive` crate, try updating your dependency with `cargo update -p num_derive`
[INFO] [stdout]   = note: an `impl` is never scoped, even when it is nested inside an item, as it may impact type checking outside of that item, which can be the case if neither the trait or the self type are at the same nesting level as the `impl`
[INFO] [stdout]   = note: items in an anonymous const item (`const _: () = { ... }`) are treated as in the same scope as the anonymous const's declaration for the purpose of this lint
[INFO] [stdout]   = note: `#[warn(non_local_definitions)]` on by default
[INFO] [stdout]   = note: this warning originates in the derive macro `FromPrimitive` (in Nightly builds, run with -Z macro-backtrace for more info)
[INFO] [stdout] 
[INFO] [stdout] 
[INFO] [stdout] warning: non-local `impl` definition, `impl` blocks should be written at the same level as their item
[INFO] [stdout]   --> src/lego/consts.rs:44:17
[INFO] [stdout]    |
[INFO] [stdout] 44 | #[derive(Debug, FromPrimitive, PartialEq, Clone, Copy)]
[INFO] [stdout]    |                 ^------------
[INFO] [stdout]    |                 |
[INFO] [stdout]    |                 `FromPrimitive` is not local
[INFO] [stdout]    |                 move the `impl` block outside of this constant `_IMPL_NUM_FromPrimitive_FOR_PortType`
[INFO] [stdout] 45 | pub enum PortType {
[INFO] [stdout]    |          -------- `PortType` is not local
[INFO] [stdout]    |
[INFO] [stdout]    = note: the derive macro `FromPrimitive` defines the non-local `impl`, and may need to be changed
[INFO] [stdout]    = note: the derive macro `FromPrimitive` may come from an old version of the `num_derive` crate, try updating your dependency with `cargo update -p num_derive`
[INFO] [stdout]    = note: an `impl` is never scoped, even when it is nested inside an item, as it may impact type checking outside of that item, which can be the case if neither the trait or the self type are at the same nesting level as the `impl`
[INFO] [stdout]    = note: items in an anonymous const item (`const _: () = { ... }`) are treated as in the same scope as the anonymous const's declaration for the purpose of this lint
[INFO] [stdout]    = note: this warning originates in the derive macro `FromPrimitive` (in Nightly builds, run with -Z macro-backtrace for more info)
[INFO] [stdout] 
[INFO] [stdout] 
[INFO] [stdout] warning: non-local `impl` definition, `impl` blocks should be written at the same level as their item
[INFO] [stdout]    --> src/lego/consts.rs:125:45
[INFO] [stdout]     |
[INFO] [stdout] 125 | #[derive(Copy, Clone, Debug, PartialEq, Eq, FromPrimitive)]
[INFO] [stdout]     |                                             ^------------
[INFO] [stdout]     |                                             |
[INFO] [stdout]     |                                             `FromPrimitive` is not local
[INFO] [stdout]     |                                             move the `impl` block outside of this constant `_IMPL_NUM_FromPrimitive_FOR_LegoErrorTypes`
[INFO] [stdout] 126 | pub enum LegoErrorTypes {
[INFO] [stdout]     |          -------------- `LegoErrorTypes` is not local
[INFO] [stdout]     |
[INFO] [stdout]     = note: the derive macro `FromPrimitive` defines the non-local `impl`, and may need to be changed
[INFO] [stdout]     = note: the derive macro `FromPrimitive` may come from an old version of the `num_derive` crate, try updating your dependency with `cargo update -p num_derive`
[INFO] [stdout]     = note: an `impl` is never scoped, even when it is nested inside an item, as it may impact type checking outside of that item, which can be the case if neither the trait or the self type are at the same nesting level as the `impl`
[INFO] [stdout]     = note: items in an anonymous const item (`const _: () = { ... }`) are treated as in the same scope as the anonymous const's declaration for the purpose of this lint
[INFO] [stdout]     = note: this warning originates in the derive macro `FromPrimitive` (in Nightly builds, run with -Z macro-backtrace for more info)
[INFO] [stdout] 
[INFO] [stdout] 
[INFO] [stderr] warning: unused dependency `bincode`
[INFO] [stderr]  --> Cargo.toml:7:15
[INFO] [stderr]   |
[INFO] [stderr] 7 | [dependencies.bincode]
[INFO] [stderr]   |               ^^^^^^^^
[INFO] [stderr]   |
[INFO] [stderr]   = note: `cargo::unused_dependencies` is set to `warn` by default
[INFO] [stderr] help: consider removing the dependency on `bincode`
[INFO] [stderr] warning: unused dependency `winit`
[INFO] [stderr]   --> Cargo.toml:34:15
[INFO] [stderr]    |
[INFO] [stderr] 34 | [dependencies.winit]
[INFO] [stderr]    |               ^^^^^^
[INFO] [stderr]    |
[INFO] [stderr] help: consider removing the dependency on `winit`
[INFO] [stderr] help: to still use for development builds, move to `dev-dependencies`
[INFO] [stderr] warning: `rust-powered-lego` (manifest) generated 2 warnings
[INFO] [stderr]     Finished `release` profile [optimized] target(s) in 12.04s
[INFO] running `Command { std: "docker" "inspect" "bb60a28ed7fcf3c1a55b06941f19d6b7c8ce85115f0b49332a5d8f4f1b2c48b7", kill_on_drop: false }`
[INFO] running `Command { std: "docker" "exec" "-e" "SOURCE_DIR=/opt/rustwide/workdir" "-e" "CARGO_HOME=/opt/rustwide/cargo-home" "-e" "RUSTUP_HOME=/opt/rustwide/rustup-home" "-e" "CARGO_TARGET_DIR=/opt/rustwide/target" "-e" "CARGO_INCREMENTAL=0" "-e" "RUST_BACKTRACE=full" "-e" "RUSTFLAGS=--cap-lints=warn" "-e" "RUSTDOCFLAGS=--cap-lints=warn" "-w" "/opt/rustwide/workdir" "--user" "0:0" "bb60a28ed7fcf3c1a55b06941f19d6b7c8ce85115f0b49332a5d8f4f1b2c48b7" "/opt/rustwide/cargo-home/bin/cargo" "+1.100.0-beta.1" "test" "--frozen" "--release", kill_on_drop: false }`
[INFO] [stderr] warning: `package.homepage` is redundant with `package.repository`
[INFO] [stderr]   --> Cargo.toml:40:12
[INFO] [stderr]    |
[INFO] [stderr] 40 | homepage = "https://github.com/blu3c0ral/rust-powered-lego/"
[INFO] [stderr]    |            ^^^^^^^^^^^^^^^^^^^^^^^^^^^^^^^^^^^^^^^^^^^^^^^^^
[INFO] [stderr] ...
[INFO] [stderr] 44 | repository = "https://github.com/blu3c0ral/rust-powered-lego/"
[INFO] [stderr]    |              -------------------------------------------------
[INFO] [stderr]    |
[INFO] [stderr]    = note: `cargo::redundant_homepage` is set to `warn` by default
[INFO] [stderr] help: consider removing `package.homepage`
[INFO] [stderr] warning: `rust-powered-lego` (manifest) generated 1 warning
[INFO] [stderr] warning: hiding a lifetime that's named elsewhere is confusing
[INFO] [stderr]   --> src/lib.rs:89:54
[INFO] [stderr]    |
[INFO] [stderr] 89 |     async fn get_motor(&self, port_id: u8) -> Result<Motor>;
[INFO] [stderr]    |     ----- the lifetime is named here                 ^^^^^ the same lifetime is hidden here
[INFO] [stderr]    |
[INFO] [stderr]    = help: the same lifetime is referred to in inconsistent ways, making the signature confusing
[INFO] [stderr]    = note: `#[warn(mismatched_lifetime_syntaxes)]` on by default
[INFO] [stderr] help: consistently use `'life0`
[INFO] [stderr]    |
[INFO] [stderr] 89 |     async fn get_motor(&self, port_id: u8) -> Result<Motor<'life0>>;
[INFO] [stderr]    |                                                           ++++++++
[INFO] [stderr] 
[INFO] [stderr] warning: hiding a lifetime that's named elsewhere is confusing
[INFO] [stderr]    --> src/hub.rs:174:54
[INFO] [stderr]     |
[INFO] [stderr] 174 |     async fn get_motor(&self, port_id: u8) -> Result<Motor> {
[INFO] [stderr]     |     ----- the lifetime is named here                 ^^^^^ the same lifetime is hidden here
[INFO] [stderr]     |
[INFO] [stderr]     = help: the same lifetime is referred to in inconsistent ways, making the signature confusing
[INFO] [stderr] help: consistently use `'life0`
[INFO] [stderr]     |
[INFO] [stderr] 174 |     async fn get_motor(&self, port_id: u8) -> Result<Motor<'life0>> {
[INFO] [stderr]     |                                                           ++++++++
[INFO] [stderr] 
[INFO] [stderr] warning: non-local `impl` definition, `impl` blocks should be written at the same level as their item
[INFO] [stderr]  --> src/lego/message_types.rs:8:45
[INFO] [stderr]   |
[INFO] [stderr] 8 | #[derive(Copy, Clone, Debug, PartialEq, Eq, FromPrimitive)]
[INFO] [stderr]   |                                             ^------------
[INFO] [stderr]   |                                             |
[INFO] [stderr]   |                                             `FromPrimitive` is not local
[INFO] [stderr]   |                                             move the `impl` block outside of this constant `_IMPL_NUM_FromPrimitive_FOR_MessageTypes`
[INFO] [stderr] 9 | pub enum MessageTypes {                             //  Comm.        Rply2   Notes
[INFO] [stderr]   |          ------------ `MessageTypes` is not local
[INFO] [stderr]   |
[INFO] [stderr]   = note: the derive macro `FromPrimitive` defines the non-local `impl`, and may need to be changed
[INFO] [stderr]   = note: the derive macro `FromPrimitive` may come from an old version of the `num_derive` crate, try updating your dependency with `cargo update -p num_derive`
[INFO] [stderr]   = note: an `impl` is never scoped, even when it is nested inside an item, as it may impact type checking outside of that item, which can be the case if neither the trait or the self type are at the same nesting level as the `impl`
[INFO] [stderr]   = note: items in an anonymous const item (`const _: () = { ... }`) are treated as in the same scope as the anonymous const's declaration for the purpose of this lint
[INFO] [stderr]   = note: `#[warn(non_local_definitions)]` on by default
[INFO] [stderr]   = note: this warning originates in the derive macro `FromPrimitive` (in Nightly builds, run with -Z macro-backtrace for more info)
[INFO] [stderr] 
[INFO] [stderr] warning: non-local `impl` definition, `impl` blocks should be written at the same level as their item
[INFO] [stderr]   --> src/lego/consts.rs:44:17
[INFO] [stderr]    |
[INFO] [stderr] 44 | #[derive(Debug, FromPrimitive, PartialEq, Clone, Copy)]
[INFO] [stderr]    |                 ^------------
[INFO] [stderr]    |                 |
[INFO] [stderr]    |                 `FromPrimitive` is not local
[INFO] [stderr]    |                 move the `impl` block outside of this constant `_IMPL_NUM_FromPrimitive_FOR_PortType`
[INFO] [stderr] 45 | pub enum PortType {
[INFO] [stderr]    |          -------- `PortType` is not local
[INFO] [stderr]    |
[INFO] [stderr]    = note: the derive macro `FromPrimitive` defines the non-local `impl`, and may need to be changed
[INFO] [stderr]    = note: the derive macro `FromPrimitive` may come from an old version of the `num_derive` crate, try updating your dependency with `cargo update -p num_derive`
[INFO] [stderr]    = note: an `impl` is never scoped, even when it is nested inside an item, as it may impact type checking outside of that item, which can be the case if neither the trait or the self type are at the same nesting level as the `impl`
[INFO] [stderr]    = note: items in an anonymous const item (`const _: () = { ... }`) are treated as in the same scope as the anonymous const's declaration for the purpose of this lint
[INFO] [stderr]    = note: this warning originates in the derive macro `FromPrimitive` (in Nightly builds, run with -Z macro-backtrace for more info)
[INFO] [stderr] 
[INFO] [stderr] warning: non-local `impl` definition, `impl` blocks should be written at the same level as their item
[INFO] [stderr]    --> src/lego/consts.rs:125:45
[INFO] [stderr]     |
[INFO] [stderr] 125 | #[derive(Copy, Clone, Debug, PartialEq, Eq, FromPrimitive)]
[INFO] [stderr]     |                                             ^------------
[INFO] [stderr]     |                                             |
[INFO] [stderr]     |                                             `FromPrimitive` is not local
[INFO] [stderr]     |                                             move the `impl` block outside of this constant `_IMPL_NUM_FromPrimitive_FOR_LegoErrorTypes`
[INFO] [stderr] 126 | pub enum LegoErrorTypes {
[INFO] [stderr]     |          -------------- `LegoErrorTypes` is not local
[INFO] [stderr]     |
[INFO] [stderr]     = note: the derive macro `FromPrimitive` defines the non-local `impl`, and may need to be changed
[INFO] [stderr]     = note: the derive macro `FromPrimitive` may come from an old version of the `num_derive` crate, try updating your dependency with `cargo update -p num_derive`
[INFO] [stderr]     = note: an `impl` is never scoped, even when it is nested inside an item, as it may impact type checking outside of that item, which can be the case if neither the trait or the self type are at the same nesting level as the `impl`
[INFO] [stderr]     = note: items in an anonymous const item (`const _: () = { ... }`) are treated as in the same scope as the anonymous const's declaration for the purpose of this lint
[INFO] [stderr]     = note: this warning originates in the derive macro `FromPrimitive` (in Nightly builds, run with -Z macro-backtrace for more info)
[INFO] [stderr] 
[INFO] [stderr] warning: `rust-powered-lego` (lib) generated 5 warnings (run `cargo fix --lib -p rust-powered-lego` to apply 2 suggestions)
[INFO] [stderr] warning: `rust-powered-lego` (lib test) generated 5 warnings (5 duplicates)
[INFO] [stderr] warning: unused dependency `bincode`
[INFO] [stderr]  --> Cargo.toml:7:15
[INFO] [stderr]   |
[INFO] [stderr] 7 | [dependencies.bincode]
[INFO] [stderr]   |               ^^^^^^^^
[INFO] [stderr]   |
[INFO] [stderr]   = note: `cargo::unused_dependencies` is set to `warn` by default
[INFO] [stderr] help: consider removing the dependency on `bincode`
[INFO] [stderr] warning: unused dependency `winit`
[INFO] [stderr]   --> Cargo.toml:34:15
[INFO] [stderr]    |
[INFO] [stderr] 34 | [dependencies.winit]
[INFO] [stderr]    |               ^^^^^^
[INFO] [stderr]    |
[INFO] [stderr] help: consider removing the dependency on `winit`
[INFO] [stderr] help: to still use for development builds, move to `dev-dependencies`
[INFO] [stderr] warning: `rust-powered-lego` (manifest) generated 2 warnings
[INFO] [stderr]     Finished `release` profile [optimized] target(s) in 0.18s
[INFO] [stderr]      Running unittests src/lib.rs (/opt/rustwide/target/release/build/rust-powered-lego/675f138d08030ff5/out/rust_powered_lego-675f138d08030ff5)
[INFO] [stdout] 
[INFO] [stdout] running 0 tests
[INFO] [stdout] 
[INFO] [stdout] test result: ok. 0 passed; 0 failed; 0 ignored; 0 measured; 0 filtered out; finished in 0.00s
[INFO] [stdout] 
[INFO] [stderr]      Running tests/communicator_test.rs (/opt/rustwide/target/release/build/rust-powered-lego/35ec6d8286ef5c62/out/communicator_test-35ec6d8286ef5c62)
[INFO] [stdout] 
[INFO] [stdout] running 1 test
[INFO] [stdout] test tests::shut_down_hub_test ... FAILED
[INFO] [stdout] 
[INFO] [stdout] failures:
[INFO] [stdout] 
[INFO] [stdout] ---- tests::shut_down_hub_test stdout ----
[INFO] [stdout] 
[INFO] [stdout] thread 'tests::shut_down_hub_test' (9145) panicked at tests/communicator_test.rs:31:9:
[INFO] [stdout] assertion `left == right` failed
[INFO] [stdout]   left: false
[INFO] [stdout]  right: true
[INFO] [stdout] stack backtrace:
[INFO] [stdout]    0:     0x565559233331 - <<std[617be2ca0a6fd877]::sys::backtrace::BacktraceLock>::print::DisplayBacktrace as core[a373ad73a504971]::fmt::Display>::fmt
[INFO] [stdout]    1:     0x56555924813a - core[a373ad73a504971]::fmt::write
[INFO] [stdout]    2:     0x56555923780c - <alloc[2e1b2a31b91974c5]::vec::Vec<u8> as core[a373ad73a504971]::io::write::Write>::write_fmt
[INFO] [stdout]    3:     0x56555920ecb6 - std[617be2ca0a6fd877]::panicking::default_hook::{closure#0}
[INFO] [stdout]    4:     0x56555922b2c9 - std[617be2ca0a6fd877]::panicking::default_hook
[INFO] [stdout]    5:     0x5655590f22c0 - test[aada8e7e76ba119b]::test_main_inner::{closure#0}
[INFO] [stdout]    6:     0x56555922b5f2 - std[617be2ca0a6fd877]::panicking::panic_with_hook
[INFO] [stdout]    7:     0x56555920ed62 - std[617be2ca0a6fd877]::panicking::panic_handler::{closure#0}
[INFO] [stdout]    8:     0x565559207a49 - std[617be2ca0a6fd877]::sys::backtrace::__rust_end_short_backtrace::<std[617be2ca0a6fd877]::panicking::panic_handler::{closure#0}, !>
[INFO] [stdout]    9:     0x56555920f96d - __rustc[ea4f61d10b84890b]::rust_begin_unwind
[INFO] [stdout]   10:     0x56555924889c - core[a373ad73a504971]::panicking::panic_fmt
[INFO] [stdout]   11:     0x5655592487b3 - core[a373ad73a504971]::panicking::assert_failed_inner
[INFO] [stdout]   12:     0x5655590e32c9 - core[a373ad73a504971]::panicking::assert_failed::<bool, bool>
[INFO] [stdout]   13:     0x5655590d98f1 - <core[a373ad73a504971]::pin::Pin<&mut communicator_test[796de5e9e6c10050]::tests::shut_down_hub_test::{closure#0}> as core[a373ad73a504971]::future::future::Future>::poll
[INFO] [stdout]   14:     0x5655590d3ee0 - <tokio[d401b6f0187329a6]::runtime::scheduler::current_thread::Context>::enter::<core[a373ad73a504971]::task::poll::Poll<()>, <tokio[d401b6f0187329a6]::runtime::scheduler::current_thread::CoreGuard>::block_on<core[a373ad73a504971]::pin::Pin<&mut communicator_test[796de5e9e6c10050]::tests::shut_down_hub_test::{closure#0}>>::{closure#0}::{closure#0}>
[INFO] [stdout]   15:     0x5655590e00f8 - <tokio[d401b6f0187329a6]::macros::scoped_tls::ScopedKey<tokio[d401b6f0187329a6]::runtime::scheduler::current_thread::Context>>::set::<<tokio[d401b6f0187329a6]::runtime::scheduler::current_thread::CoreGuard>::enter<<tokio[d401b6f0187329a6]::runtime::scheduler::current_thread::CoreGuard>::block_on<core[a373ad73a504971]::pin::Pin<&mut communicator_test[796de5e9e6c10050]::tests::shut_down_hub_test::{closure#0}>>::{closure#0}, core[a373ad73a504971]::option::Option<()>>::{closure#0}, (alloc[2e1b2a31b91974c5]::boxed::Box<tokio[d401b6f0187329a6]::runtime::scheduler::current_thread::Core>, core[a373ad73a504971]::option::Option<()>)>
[INFO] [stdout]   16:     0x5655590d3cf0 - <tokio[d401b6f0187329a6]::runtime::scheduler::current_thread::CurrentThread>::block_on::<communicator_test[796de5e9e6c10050]::tests::shut_down_hub_test::{closure#0}>
[INFO] [stdout]   17:     0x5655590de2d0 - <tokio[d401b6f0187329a6]::runtime::Runtime>::block_on::<communicator_test[796de5e9e6c10050]::tests::shut_down_hub_test::{closure#0}>
[INFO] [stdout]   18:     0x5655590d6713 - <communicator_test[796de5e9e6c10050]::tests::shut_down_hub_test::{closure#0} as core[a373ad73a504971]::ops::function::FnOnce<()>>::call_once
[INFO] [stdout]   19:     0x5655590e570b - test[aada8e7e76ba119b]::__rust_begin_short_backtrace::<core[a373ad73a504971]::result::Result<(), alloc[2e1b2a31b91974c5]::string::String>, fn() -> core[a373ad73a504971]::result::Result<(), alloc[2e1b2a31b91974c5]::string::String>>
[INFO] [stdout]   20:     0x5655590f28e5 - test[aada8e7e76ba119b]::run_test::{closure#0}
[INFO] [stdout]   21:     0x5655590ec1d4 - std[617be2ca0a6fd877]::sys::backtrace::__rust_begin_short_backtrace::<test[aada8e7e76ba119b]::run_test::{closure#1}, ()>
[INFO] [stdout]   22:     0x5655590f5972 - <std[617be2ca0a6fd877]::thread::lifecycle::spawn_unchecked<test[aada8e7e76ba119b]::run_test::{closure#1}, ()>::{closure#1} as core[a373ad73a504971]::ops::function::FnOnce<()>>::call_once::{shim:vtable#0}
[INFO] [stdout]   23:     0x565559232b7f - <std[617be2ca0a6fd877]::sys::thread::unix::Thread>::new::thread_start
[INFO] [stdout]   24:     0x7cff541dbdfa - <unknown>
[INFO] [stdout]   25:     0x7cff5426f3d4 - clone
[INFO] [stdout]   26:                0x0 - <unknown>
[INFO] [stdout] 
[INFO] [stdout] 
[INFO] [stdout] failures:
[INFO] [stdout]     tests::shut_down_hub_test
[INFO] [stdout] 
[INFO] [stdout] test result: FAILED. 0 passed; 1 failed; 0 ignored; 0 measured; 0 filtered out; finished in 0.00s
[INFO] [stdout] 
[INFO] [stderr] error: test failed, to rerun pass `--test communicator_test`
[INFO] running `Command { std: "docker" "inspect" "bb60a28ed7fcf3c1a55b06941f19d6b7c8ce85115f0b49332a5d8f4f1b2c48b7", kill_on_drop: false }`
[INFO] running `Command { std: "docker" "rm" "-f" "bb60a28ed7fcf3c1a55b06941f19d6b7c8ce85115f0b49332a5d8f4f1b2c48b7", kill_on_drop: false }`
[INFO] [stdout] bb60a28ed7fcf3c1a55b06941f19d6b7c8ce85115f0b49332a5d8f4f1b2c48b7
