[INFO] fetching crate rust-pipe 0.1.2...
[INFO] testing rust-pipe-0.1.2 against 1.100.0-beta.1+cargoflags=--release for beta-release-1.100-2
[INFO] extracting crate rust-pipe 0.1.2 into /workspace/builds/worker-3-tc2/source
[INFO] started tweaking crates.io crate rust-pipe 0.1.2
[INFO] removed 0 missing examples
[INFO] removed 0 missing tests
[INFO] finished tweaking crates.io crate rust-pipe 0.1.2
[INFO] tweaked toml for crates.io crate rust-pipe 0.1.2 written to /workspace/builds/worker-3-tc2/source/Cargo.toml
[INFO] validating manifest of crates.io crate rust-pipe 0.1.2 on toolchain 1.100.0-beta.1
[INFO] running `Command { std: CARGO_HOME="/workspace/cargo-home" RUSTUP_HOME="/workspace/rustup-home" "/workspace/cargo-home/bin/cargo" "+1.100.0-beta.1" "metadata" "--manifest-path" "Cargo.toml" "--no-deps", kill_on_drop: false }`
[INFO] crate crates.io crate rust-pipe 0.1.2 already has a lockfile, it will not be regenerated
[INFO] running `Command { std: CARGO_HOME="/workspace/cargo-home" RUSTUP_HOME="/workspace/rustup-home" "/workspace/cargo-home/bin/cargo" "+1.100.0-beta.1" "fetch" "--manifest-path" "Cargo.toml", kill_on_drop: false }`
[INFO] running `Command { std: "docker" "create" "-v" "/var/lib/crater-agent-workspace/builds/worker-3-tc2/source:/opt/rustwide/workdir:ro,Z" "-v" "/var/lib/crater-agent-workspace/builds/worker-3-tc2/target:/opt/rustwide/target:rw,Z" "-v" "/var/lib/crater-agent-workspace/cargo-home:/opt/rustwide/cargo-home:ro,Z" "-v" "/var/lib/crater-agent-workspace/rustup-home:/opt/rustwide/rustup-home:ro,Z" "-m" "1610612736" "--network" "none" "ghcr.io/rust-lang/crates-build-env/linux@sha256:77db811e55d90add9212f6832c23229e3de5f1c1f9905e8cb07319ea15df73ac" "sleep" "infinity", kill_on_drop: false }`
[INFO] [stdout] d66d8128522509d51a33c42a45f7775cd426013c2dd442a4d9cf54dda805e5aa
[INFO] running `Command { std: "docker" "start" "d66d8128522509d51a33c42a45f7775cd426013c2dd442a4d9cf54dda805e5aa", kill_on_drop: false }`
[INFO] running `Command { std: "docker" "inspect" "d66d8128522509d51a33c42a45f7775cd426013c2dd442a4d9cf54dda805e5aa", kill_on_drop: false }`
[INFO] running `Command { std: "docker" "exec" "-e" "SOURCE_DIR=/opt/rustwide/workdir" "-e" "CARGO_HOME=/opt/rustwide/cargo-home" "-e" "RUSTUP_HOME=/opt/rustwide/rustup-home" "-e" "CARGO_TARGET_DIR=/opt/rustwide/target" "-w" "/opt/rustwide/workdir" "--user" "0:0" "d66d8128522509d51a33c42a45f7775cd426013c2dd442a4d9cf54dda805e5aa" "/opt/rustwide/cargo-home/bin/cargo" "+1.100.0-beta.1" "metadata" "--no-deps" "--format-version=1", kill_on_drop: false }`
[INFO] running `Command { std: "docker" "inspect" "d66d8128522509d51a33c42a45f7775cd426013c2dd442a4d9cf54dda805e5aa", kill_on_drop: false }`
[INFO] running `Command { std: "docker" "exec" "-e" "SOURCE_DIR=/opt/rustwide/workdir" "-e" "CARGO_HOME=/opt/rustwide/cargo-home" "-e" "RUSTUP_HOME=/opt/rustwide/rustup-home" "-e" "CARGO_TARGET_DIR=/opt/rustwide/target" "-e" "CARGO_INCREMENTAL=0" "-e" "RUST_BACKTRACE=full" "-e" "RUSTFLAGS=--cap-lints=warn" "-e" "RUSTDOCFLAGS=--cap-lints=warn" "-w" "/opt/rustwide/workdir" "--user" "0:0" "d66d8128522509d51a33c42a45f7775cd426013c2dd442a4d9cf54dda805e5aa" "/opt/rustwide/cargo-home/bin/cargo" "+1.100.0-beta.1" "build" "--frozen" "--message-format=json" "--release", kill_on_drop: false }`
[INFO] [stderr]    Compiling typenum v1.20.0
[INFO] [stderr]    Compiling syn v2.0.117
[INFO] [stderr]    Compiling http v1.4.0
[INFO] [stderr]    Compiling parking_lot_core v0.9.12
[INFO] [stderr]    Compiling socket2 v0.6.3
[INFO] [stderr]    Compiling mio v1.2.0
[INFO] [stderr]    Compiling utf-8 v0.7.6
[INFO] [stderr]    Compiling futures-core v0.3.32
[INFO] [stderr]    Compiling rand_chacha v0.3.1
[INFO] [stderr]    Compiling uuid v1.23.1
[INFO] [stderr]    Compiling serde_json v1.0.149
[INFO] [stderr]    Compiling parking_lot v0.12.5
[INFO] [stderr]    Compiling dashmap v6.1.0
[INFO] [stderr]    Compiling rand v0.8.6
[INFO] [stderr]    Compiling generic-array v0.14.7
[INFO] [stderr]    Compiling crypto-common v0.1.7
[INFO] [stderr]    Compiling block-buffer v0.10.4
[INFO] [stderr]    Compiling digest v0.10.7
[INFO] [stderr]    Compiling sha1 v0.10.6
[INFO] [stderr]    Compiling thiserror-impl v1.0.69
[INFO] [stderr]    Compiling tokio-macros v2.7.0
[INFO] [stderr]    Compiling futures-macro v0.3.32
[INFO] [stderr]    Compiling serde_derive v1.0.228
[INFO] [stderr]    Compiling thiserror-impl v2.0.18
[INFO] [stderr]    Compiling tracing-attributes v0.1.31
[INFO] [stderr]    Compiling async-trait v0.1.89
[INFO] [stderr]    Compiling tokio v1.52.3
[INFO] [stderr]    Compiling futures-util v0.3.32
[INFO] [stderr]    Compiling thiserror v2.0.18
[INFO] [stderr]    Compiling tracing v0.1.44
[INFO] [stderr]    Compiling thiserror v1.0.69
[INFO] [stderr]    Compiling tungstenite v0.24.0
[INFO] [stderr]    Compiling serde v1.0.228
[INFO] [stderr]    Compiling chrono v0.4.44
[INFO] [stderr]    Compiling tokio-tungstenite v0.24.0
[INFO] [stderr]    Compiling rust-pipe v0.1.2 (/opt/rustwide/workdir)
[INFO] [stderr]     Finished `release` profile [optimized] target(s) in 37.68s
[INFO] running `Command { std: "docker" "inspect" "d66d8128522509d51a33c42a45f7775cd426013c2dd442a4d9cf54dda805e5aa", kill_on_drop: false }`
[INFO] running `Command { std: "docker" "exec" "-e" "SOURCE_DIR=/opt/rustwide/workdir" "-e" "CARGO_HOME=/opt/rustwide/cargo-home" "-e" "RUSTUP_HOME=/opt/rustwide/rustup-home" "-e" "CARGO_TARGET_DIR=/opt/rustwide/target" "-e" "CARGO_INCREMENTAL=0" "-e" "RUST_BACKTRACE=full" "-e" "RUSTFLAGS=--cap-lints=warn" "-e" "RUSTDOCFLAGS=--cap-lints=warn" "-w" "/opt/rustwide/workdir" "--user" "0:0" "d66d8128522509d51a33c42a45f7775cd426013c2dd442a4d9cf54dda805e5aa" "/opt/rustwide/cargo-home/bin/cargo" "+1.100.0-beta.1" "test" "--frozen" "--no-run" "--message-format=json" "--release", kill_on_drop: false }`
[INFO] [stderr]    Compiling tokio v1.52.3
[INFO] [stderr]    Compiling futures-util v0.3.32
[INFO] [stderr]    Compiling sdd v3.0.10
[INFO] [stderr]    Compiling tracing v0.1.44
[INFO] [stderr]    Compiling serial_test_derive v3.4.0
[INFO] [stderr]    Compiling tracing-log v0.2.0
[INFO] [stderr]    Compiling tungstenite v0.24.0
[INFO] [stderr]    Compiling tracing-subscriber v0.3.23
[INFO] [stderr]    Compiling scc v2.4.0
[INFO] [stderr]    Compiling futures-executor v0.3.32
[INFO] [stderr]    Compiling serial_test v3.4.0
[INFO] [stderr]    Compiling tokio-stream v0.1.18
[INFO] [stderr]    Compiling tokio-tungstenite v0.24.0
[INFO] [stderr]    Compiling tokio-test v0.4.5
[INFO] [stderr]    Compiling rust-pipe v0.1.2 (/opt/rustwide/workdir)
[INFO] [stderr]     Finished `release` profile [optimized] target(s) in 47.06s
[INFO] running `Command { std: "docker" "inspect" "d66d8128522509d51a33c42a45f7775cd426013c2dd442a4d9cf54dda805e5aa", kill_on_drop: false }`
[INFO] running `Command { std: "docker" "exec" "-e" "SOURCE_DIR=/opt/rustwide/workdir" "-e" "CARGO_HOME=/opt/rustwide/cargo-home" "-e" "RUSTUP_HOME=/opt/rustwide/rustup-home" "-e" "CARGO_TARGET_DIR=/opt/rustwide/target" "-e" "CARGO_INCREMENTAL=0" "-e" "RUST_BACKTRACE=full" "-e" "RUSTFLAGS=--cap-lints=warn" "-e" "RUSTDOCFLAGS=--cap-lints=warn" "-w" "/opt/rustwide/workdir" "--user" "0:0" "d66d8128522509d51a33c42a45f7775cd426013c2dd442a4d9cf54dda805e5aa" "/opt/rustwide/cargo-home/bin/cargo" "+1.100.0-beta.1" "test" "--frozen" "--release", kill_on_drop: false }`
[INFO] [stderr]     Finished `release` profile [optimized] target(s) in 0.12s
[INFO] [stderr]      Running unittests src/lib.rs (/opt/rustwide/target/release/build/rust-pipe/635caa30d0d5cb15/out/rust_pipe-635caa30d0d5cb15)
[INFO] [stdout] 
[INFO] [stdout] running 156 tests
[INFO] [stdout] test dispatch::tests::test_builder_chaining ... ok
[INFO] [stdout] test dispatch::tests::test_builder_default_heartbeat_timeout ... ok
[INFO] [stdout] test dispatch::tests::test_builder_build_pool_starts_empty ... ok
[INFO] [stdout] test dispatch::tests::test_builder_on_pool_below_min ... ok
[INFO] [stdout] test dispatch::tests::test_builder_pool_limits_chaining ... ok
[INFO] [stdout] test dispatch::tests::test_builder_debug_format ... ok
[INFO] [stdout] test dispatch::tests::test_builder_default_host ... ok
[INFO] [stdout] test dispatch::tests::test_dispatch_error_from_transport_error ... ok
[INFO] [stdout] test dispatch::tests::test_builder_port_sets_value ... ok
[INFO] [stdout] test dispatch::tests::test_builder_host_sets_value ... ok
[INFO] [stdout] test dispatch::tests::test_dispatch_result_worker_disconnected ... ok
[INFO] [stdout] test dispatch::tests::test_builder_default_port ... ok
[INFO] [stdout] test dispatch::tests::test_builder_heartbeat_timeout_sets_value ... ok
[INFO] [stdout] test dispatch::tests::test_builder_max_pool_size ... ok
[INFO] [stdout] test dispatch::tests::test_dispatch_error_display_timeout ... ok
[INFO] [stdout] test dispatch::tests::test_builder_max_connections_sets_value ... ok
[INFO] [stdout] test dispatch::tests::test_dispatch_result_await_result_receives_value ... ok
[INFO] [stdout] test dispatch::tests::test_kill_task_unknown_id_returns_false ... ok
[INFO] [stdout] test dispatch::tests::test_builder_min_pool_size ... ok
[INFO] [stdout] test dispatch::tests::test_dispatcher_builder_shortcut ... ok
[INFO] [stdout] test dispatch::tests::test_dispatcher_drain_worker_not_found ... ok
[INFO] [stdout] test dispatch::tests::test_dispatcher_remove_worker_not_found ... ok
[INFO] [stdout] test dispatch::tests::test_builder_heartbeat_interval_sets_value ... ok
[INFO] [stdout] test dispatch::tests::test_dispatcher_workers_empty ... ok
[INFO] [stdout] test dispatch::tests::test_kill_task_pending_drops_receiver_and_frees_slot ... ok
[INFO] [stdout] test schema::tests::test_priority_ordering ... ok
[INFO] [stdout] test dispatch::tests::test_dispatch_result_debug_format ... ok
[INFO] [stdout] test dispatch::tests::test_dispatch_error_display_transport_not_started ... ok
[INFO] [stdout] test dispatch::tests::test_dispatch_error_display_worker_disconnected ... ok
[INFO] [stdout] test dispatch::tests::test_dispatch_error_display_no_worker ... ok
[INFO] [stdout] test schema::tests::test_task_new_default_retry_count ... ok
[INFO] [stdout] test schema::tests::test_task_new_default_trace_id_none ... ok
[INFO] [stdout] test schema::tests::test_task_new_sets_uuid ... ok
[INFO] [stdout] test schema::tests::test_priority_serde_all_variants ... ok
[INFO] [stdout] test schema::tests::test_task_new_stores_payload ... ok
[INFO] [stdout] test schema::tests::test_task_new_from_owned_string ... ok
[INFO] [stdout] test schema::tests::test_task_payload_empty_object ... ok
[INFO] [stdout] test schema::tests::test_task_payload_nested_json ... ok
[INFO] [stdout] test schema::tests::test_task_new_sets_task_type ... ok
[INFO] [stdout] test schema::tests::test_task_result_json_uses_camel_case ... ok
[INFO] [stdout] test schema::tests::test_task_builder_chaining ... ok
[INFO] [stdout] test schema::tests::test_task_error_serde_roundtrip ... ok
[INFO] [stdout] test schema::tests::test_task_json_uses_camel_case ... ok
[INFO] [stdout] test schema::tests::test_task_new_created_at_is_recent ... ok
[INFO] [stdout] test schema::tests::test_task_new_default_max_retries ... ok
[INFO] [stdout] test schema::tests::test_task_new_default_priority ... ok
[INFO] [stdout] test schema::tests::test_task_new_default_timeout ... ok
[INFO] [stdout] test schema::tests::test_task_payload_array ... ok
[INFO] [stdout] test schema::tests::test_task_serde_roundtrip ... ok
[INFO] [stdout] test schema::tests::test_task_result_serde_null_optionals ... ok
[INFO] [stdout] test schema::tests::test_task_result_serde_roundtrip ... ok
[INFO] [stdout] test transport::tests::test_message_serde_backpressure ... ok
[INFO] [stdout] test transport::tests::test_message_serde_heartbeat_ack ... ok
[INFO] [stdout] test schema::tests::test_task_with_priority ... ok
[INFO] [stdout] test transport::tests::test_message_serde_heartbeat ... ok
[INFO] [stdout] test transport::tests::test_message_serde_shutdown_not_graceful ... ok
[INFO] [stdout] test transport::tests::test_message_serde_shutdown_graceful ... ok
[INFO] [stdout] test dispatch::tests::test_dispatch_result_timeout ... ok
[INFO] [stdout] test schema::tests::test_task_status_serde_all_variants ... ok
[INFO] [stdout] test transport::tests::test_heartbeat_payload_camel_case ... ok
[INFO] [stdout] test transport::tests::test_message_serde_task_dispatch ... ok
[INFO] [stdout] test transport::tests::test_backpressure_signal_serde ... ok
[INFO] [stdout] test transport::tests::test_message_serde_task_result ... ok
[INFO] [stdout] test transport::tests::test_message_serde_worker_register ... ok
[INFO] [stdout] test transport::tests::test_message_serde_worker_registered ... ok
[INFO] [stdout] test schema::tests::test_task_with_max_retries ... ok
[INFO] [stdout] test schema::tests::test_task_with_max_retries_zero ... ok
[INFO] [stdout] test schema::tests::test_task_with_timeout ... ok
[INFO] [stdout] test schema::tests::test_task_with_timeout_zero ... ok
[INFO] [stdout] test schema::tests::test_task_with_trace_id ... ok
[INFO] [stdout] test transport::tests::test_message_deserialization_rejects_unknown_type ... ok
[INFO] [stdout] test transport::tests::test_message_internally_tagged ... ok
[INFO] [stdout] test transport::tests::test_message_serde_kill ... ok
[INFO] [stdout] test transport::tests::test_transport_config_defaults ... ok
[INFO] [stdout] test transport::tests::test_transport_error_display ... ok
[INFO] [stdout] test transport::tests::test_worker_language_serde_all_variants ... ok
[INFO] [stdout] test validation::tests::test_invalid_hostnames ... ok
[INFO] [stdout] test validation::tests::test_valid_docker_images ... ok
[INFO] [stdout] test validation::tests::test_valid_hostnames ... ok
[INFO] [stdout] test validation::tests::test_valid_usernames ... ok
[INFO] [stdout] test worker::tests::test_deregister_existing_worker ... ok
[INFO] [stdout] test validation::tests::test_valid_worker_ids ... ok
[INFO] [stdout] test worker::tests::test_deregister_nonexistent_worker ... ok
[INFO] [stdout] test validation::tests::test_invalid_docker_images ... ok
[INFO] [stdout] test transport::tests::test_worker_language_serde_other ... ok
[INFO] [stdout] test worker::tests::test_active_workers_excludes_dead_and_draining ... ok
[INFO] [stdout] test validation::tests::test_invalid_usernames ... ok
[INFO] [stdout] test worker::tests::test_drain_worker_not_selected ... ok
[INFO] [stdout] test worker::tests::test_drain_worker_sets_status ... ok
[INFO] [stdout] test worker::tests::test_heartbeat_nonexistent_worker_is_noop ... ok
[INFO] [stdout] test worker::tests::test_drain_worker_not_found ... ok
[INFO] [stdout] test worker::tests::test_detect_dead_workers_empty_pool ... ok
[INFO] [stdout] test transport::tests::test_worker_registration_empty_tasks ... ok
[INFO] [stdout] test worker::tests::test_active_workers_includes_active_and_busy ... ok
[INFO] [stdout] test validation::tests::test_path_traversal_rejection ... ok
[INFO] [stdout] test validation::tests::test_invalid_worker_ids ... ok
[INFO] [stdout] test transport::tests::test_worker_registration_serde_roundtrip ... ok
[INFO] [stdout] test validation::tests::test_shell_metacharacter_rejection ... ok
[INFO] [stdout] test worker::tests::test_heartbeat_updates_active_tasks ... ok
[INFO] [stdout] test worker::tests::test_mark_task_completed_saturating_at_zero ... ok
[INFO] [stdout] test worker::tests::test_heartbeat_sets_active_when_below_capacity ... ok
[INFO] [stdout] test worker::tests::test_heartbeat_sets_busy_when_at_capacity ... ok
[INFO] [stdout] test worker::tests::test_mark_task_completed_decrements ... ok
[INFO] [stdout] test worker::tests::test_max_pool_size_rejects_over_limit ... ok
[INFO] [stdout] test worker::tests::test_detect_dead_workers_marks_stale ... ok
[INFO] [stdout] test worker::tests::test_mark_task_completed_transitions_busy_to_active ... ok
[INFO] [stdout] test worker::tests::test_min_pool_size_does_not_fire_on_register ... ok
[INFO] [stdout] test worker::tests::test_detect_dead_workers_spares_fresh ... ok
[INFO] [stdout] test worker::tests::test_min_pool_size_fires_callback_on_deregister ... ok
[INFO] [stdout] test worker::tests::test_heartbeat_does_not_overwrite_draining ... ok
[INFO] [stdout] test worker::tests::test_remove_worker_removes_from_pool ... ok
[INFO] [stdout] test worker::tests::test_reregistration_allowed_at_max_capacity ... ok
[INFO] [stdout] test worker::tests::test_mark_task_dispatched_sets_busy_at_capacity ... ok
[INFO] [stdout] test worker::tests::test_mark_task_dispatched_increments ... ok
[INFO] [stdout] test worker::tests::test_register_does_not_fire_below_min_callback ... ok
[INFO] [stdout] test worker::tests::test_mark_task_dispatched_nonexistent_is_noop ... ok
[INFO] [stdout] test worker::tests::test_reserve_specific_worker_draining ... ok
[INFO] [stdout] test worker::tests::test_max_pool_size_none_allows_unlimited ... ok
[INFO] [stdout] test worker::tests::test_reserve_specific_worker_not_found ... ok
[INFO] [stdout] test worker::tests::test_reserve_specific_worker_at_capacity_existing ... ok
[INFO] [stdout] test worker::tests::test_select_and_reserve_with_tag_none_when_no_match ... ok
[INFO] [stdout] test worker::tests::test_reserve_specific_worker_success ... ok
[INFO] [stdout] test worker::tests::test_select_and_reserve_with_tag_finds_matching ... ok
[INFO] [stdout] test worker::tests::test_min_pool_size_no_callback_when_above_min ... ok
[INFO] [stdout] test worker::tests::test_pool_error_display_pool_full ... ok
[INFO] [stdout] test worker::tests::test_pool_error_display_worker_not_found ... ok
[INFO] [stdout] test worker::tests::test_reserve_specific_worker_at_capacity ... ok
[INFO] [stdout] test worker::tests::test_select_and_reserve_with_tag_requires_task_type_match ... ok
[INFO] [stdout] test worker::tests::test_select_worker_multiple_task_types ... ok
[INFO] [stdout] test worker::tests::test_register_multiple_workers ... ok
[INFO] [stdout] test worker::tests::test_select_and_reserve_with_tag_skips_draining ... ok
[INFO] [stdout] test worker::tests::test_select_and_reserve_with_tag_reserves_capacity ... ok
[INFO] [stdout] test worker::tests::test_select_worker_picks_least_loaded ... ok
[INFO] [stdout] test worker::tests::test_pool_new_empty ... ok
[INFO] [stdout] test worker::tests::test_register_single_worker ... ok
[INFO] [stdout] test worker::tests::test_remove_worker_fires_below_min_callback ... ok
[INFO] [stdout] test worker::tests::test_remove_worker_not_found ... ok
[INFO] [stdout] test worker::tests::test_register_overwrites_same_id ... ok
[INFO] [stdout] test worker::tests::test_select_worker_returns_none_when_no_matching_type ... ok
[INFO] [stdout] test worker::tests::test_select_worker_returns_none_when_pool_empty ... ok
[INFO] [stdout] test worker::tests::test_select_worker_skips_at_capacity ... ok
[INFO] [stdout] test worker::tests::test_worker_info_serde_without_tags_defaults_empty ... ok
[INFO] [stdout] test worker::tests::test_select_worker_skips_draining_worker ... ok
[INFO] [stdout] test worker::tests::test_stats_capacity_tracking ... ok
[INFO] [stdout] test worker::tests::test_worker_info_tags_set ... ok
[INFO] [stdout] test worker::tests::test_worker_info_serde_with_tags ... ok
[INFO] [stdout] test worker::tests::test_select_worker_single_matching ... ok
[INFO] [stdout] test worker::tests::test_select_worker_skips_dead_worker ... ok
[INFO] [stdout] test worker::tests::test_try_register_returns_error_on_full ... ok
[INFO] [stdout] test worker::tests::test_workers_empty_pool ... ok
[INFO] [stdout] test worker::tests::test_try_register_succeeds_under_limit ... ok
[INFO] [stdout] test worker::tests::test_with_limits_sets_max ... ok
[INFO] [stdout] test worker::tests::test_stats_empty_pool ... ok
[INFO] [stdout] test worker::tests::test_stats_counts_all_statuses ... ok
[INFO] [stdout] test worker::tests::test_workers_returns_all ... ok
[INFO] [stdout] test worker::tests::test_worker_info_tags_default_empty ... ok
[INFO] [stderr]      Running tests/dispatch.rs (/opt/rustwide/target/release/build/rust-pipe/5159951d611ad105/out/dispatch-5159951d611ad105)
[INFO] [stdout] 
[INFO] [stdout] test result: ok. 156 passed; 0 failed; 0 ignored; 0 measured; 0 filtered out; finished in 0.04s
[INFO] [stdout] 
[INFO] [stdout] 
[INFO] [stdout] running 12 tests
[INFO] [stdout] test test_dispatch_without_start_returns_error ... ok
[INFO] [stdout] test test_dispatcher_dispatch_before_start ... ok
[INFO] [stdout] test test_no_worker_available_error ... ok
[INFO] [stdout] test test_websocket_invalid_json_ignored ... ok
[INFO] [stdout] test test_full_task_dispatch_and_result ... ok
[INFO] [stdout] test test_dispatcher_starts_and_accepts_connections ... ok
[INFO] [stdout] test test_kill_task_delivers_kill_frees_slot_and_disconnects_caller ... ok
[INFO] [stdout] test test_websocket_multiple_workers_concurrent ... ok
[INFO] [stdout] test test_dispatcher_handles_backpressure_signal ... ok
[INFO] [stdout] test test_dispatcher_dead_worker_detection ... ok
[INFO] [stdout] test test_websocket_worker_disconnect_cleanup ... ok
[INFO] [stdout] test test_dispatch_dead_worker_detection_loop_fires ... ok
[INFO] [stdout] 
[INFO] [stdout] test result: ok. 12 passed; 0 failed; 0 ignored; 0 measured; 0 filtered out; finished in 6.33s
[INFO] [stdout] 
[INFO] [stderr]      Running tests/schema.rs (/opt/rustwide/target/release/build/rust-pipe/e077cdec4b8ec00f/out/schema-e077cdec4b8ec00f)
[INFO] [stdout] 
[INFO] [stdout] running 4 tests
[INFO] [stdout] test test_task_camel_case ... ok
[INFO] [stdout] test test_message_serialization_format ... ok
[INFO] [stderr]      Running tests/transport.rs (/opt/rustwide/target/release/build/rust-pipe/6aca8425adff4baa/out/transport-6aca8425adff4baa)
[INFO] [stdout] test test_message_deserialization_from_bash ... ok
[INFO] [stdout] test test_python_worker_response_format ... ok
[INFO] [stdout] 
[INFO] [stdout] test result: ok. 4 passed; 0 failed; 0 ignored; 0 measured; 0 filtered out; finished in 0.00s
[INFO] [stdout] 
[INFO] [stdout] 
[INFO] [stdout] running 60 tests
[INFO] [stdout] test test_docker_rejects_invalid_image ... ok
[INFO] [stdout] test test_docker_transport_send_to_unknown_worker ... ok
[INFO] [stdout] test test_docker_rejects_invalid_worker_id ... ok
[INFO] [stderr] tests/stdio_worker/worker.sh: line 9: jq: command not found
[INFO] [stderr] tests/stdio_worker/worker.sh: line 9: jq: command not found
[INFO] [stdout] test test_bash_stdio_via_dispatcher ... FAILED
[INFO] [stdout] test test_python_worker_e2e ... FAILED
[INFO] [stdout] test test_docker_transport_dispatch_and_result ... FAILED
[INFO] [stdout] test test_ssh_rejects_invalid_hostname ... ok
[INFO] [stdout] test test_ssh_rejects_invalid_worker_id ... ok
[INFO] [stdout] test test_docker_nonjson_from_container ... FAILED
[INFO] [stdout] test test_docker_rejects_dangerous_env_key ... ok
[INFO] [stdout] test test_ssh_stdin_write_error_after_remote_dies ... ok
[INFO] [stdout] test test_docker_all_config_fields ... FAILED
[INFO] [stdout] test test_ssh_connection_failure ... ok
[INFO] [stdout] test test_ssh_nonjson_and_close ... ok
[INFO] [stdout] test test_ssh_transport_start_and_register ... ok
[INFO] [stdout] test test_stdio_bash_worker_unknown_task ... FAILED
[INFO] [stdout] test test_stdio_bash_worker_word_count ... FAILED
[INFO] [stdout] test test_ssh_with_identity_file ... FAILED
[INFO] [stdout] test test_ssh_transport_stop ... ok
[INFO] [stdout] test test_stdio_send_to_unknown_worker ... ok
[INFO] [stdout] test test_stdio_spawn_failure ... ok
[INFO] [stdout] test test_stdio_stdin_write_error ... ok
[INFO] [stdout] test test_stdio_stop ... ok
[INFO] [stdout] test test_stdio_worker_dies_stdin_write_error ... ok
[INFO] [stdout] test test_stdio_nonjson_output_handled ... ok
[INFO] [stdout] test test_typescript_worker_e2e ... ignored, requires npm install in tests/ts_worker
[INFO] [stdout] test test_stdio_worker_nonjson_output_debug_path ... ok
[INFO] [stdout] test test_stdio_broadcast ... FAILED
[INFO] [stdout] test test_stdio_multiple_tasks_sequential ... FAILED
[INFO] [stdout] test test_ssh_broadcast ... FAILED
[INFO] [stdout] test test_wasm_broadcast ... ok
[INFO] [stdout] test test_docker_run_failure ... FAILED
[INFO] [stdout] test test_wasm_transport_send_to_unknown_worker ... ok
[INFO] [stdout] test test_wasm_transport_nonexistent_module ... ok
[INFO] [stdout] test test_docker_stdin_write_after_container_dies ... ok
[INFO] [stdout] test test_docker_transport_start_and_register ... ok
[INFO] [stdout] test test_ssh_rejects_dangerous_identity_file ... ok
[INFO] [stdout] test test_docker_rejects_dangerous_volume ... ok
[INFO] [stdout] test test_docker_transport_stop ... ok
[INFO] [stdout] test test_websocket_broadcast ... ok
[INFO] [stdout] test test_websocket_handshake_failure ... ok
[INFO] [stdout] test test_websocket_client_disconnect_cleanup ... ok
[INFO] [stdout] test test_websocket_invalid_json_message ... ok
[INFO] [stdout] test test_websocket_disconnect_removes_from_transport ... ok
[INFO] [stdout] test test_websocket_send_to_unknown_worker ... ok
[INFO] [stdout] test test_websocket_raw_tcp_handshake_failure ... ok
[INFO] [stdout] test test_websocket_outbound_send_failure ... ok
[INFO] [stdout] test test_websocket_stop_sends_shutdown ... ok
[INFO] [stdout] test test_websocket_send_after_client_disconnect ... ok
[INFO] [stdout] test test_ssh_transport_dispatch_and_result ... FAILED
[INFO] [stdout] test test_wasm_timeout_path ... ok
[INFO] [stdout] test test_wasm_parse_error_path ... ok
[INFO] [stdout] test test_wasm_transport_dispatch_and_result ... ok
[INFO] [stdout] test test_docker_transport_broadcast ... FAILED
[INFO] [stdout] test test_wasm_transport_start_and_register ... ok
[INFO] [stdout] test test_wasm_transport_stop ... ok
[INFO] [stdout] test test_docker_rejects_dangerous_env_value ... ok
[INFO] [stdout] test test_ssh_transport_send_to_unknown_worker ... ok
[INFO] [stdout] test test_wasm_execution_error_path ... ok
[INFO] [stdout] test test_ssh_rejects_invalid_username ... ok
[INFO] [stdout] 
[INFO] [stdout] failures:
[INFO] [stdout] 
[INFO] [stdout] ---- test_bash_stdio_via_dispatcher stdout ----
[INFO] [stdout] 
[INFO] [stdout] thread 'test_bash_stdio_via_dispatcher' (1475) panicked at tests/transport.rs:2352:5:
[INFO] [stdout] Expected word count of 5, got: 
[INFO] [stdout] stack backtrace:
[INFO] [stdout]    0:     0x638f92481a41 - <<std[617be2ca0a6fd877]::sys::backtrace::BacktraceLock>::print::DisplayBacktrace as core[a373ad73a504971]::fmt::Display>::fmt
[INFO] [stdout]    1:     0x638f9249818a - core[a373ad73a504971]::fmt::write
[INFO] [stdout]    2:     0x638f9248659c - <alloc[2e1b2a31b91974c5]::vec::Vec<u8> as core[a373ad73a504971]::io::write::Write>::write_fmt
[INFO] [stdout]    3:     0x638f9245b256 - std[617be2ca0a6fd877]::panicking::default_hook::{closure#0}
[INFO] [stdout]    4:     0x638f92478d09 - std[617be2ca0a6fd877]::panicking::default_hook
[INFO] [stdout]    5:     0x638f923315e0 - test[aada8e7e76ba119b]::test_main_inner::{closure#0}
[INFO] [stdout]    6:     0x638f92479032 - std[617be2ca0a6fd877]::panicking::panic_with_hook
[INFO] [stdout]    7:     0x638f9245b302 - std[617be2ca0a6fd877]::panicking::panic_handler::{closure#0}
[INFO] [stdout]    8:     0x638f92453c29 - std[617be2ca0a6fd877]::sys::backtrace::__rust_end_short_backtrace::<std[617be2ca0a6fd877]::panicking::panic_handler::{closure#0}, !>
[INFO] [stdout]    9:     0x638f9245c34d - __rustc[ea4f61d10b84890b]::rust_begin_unwind
[INFO] [stdout]   10:     0x638f924988ec - core[a373ad73a504971]::panicking::panic_fmt
[INFO] [stdout]   11:     0x638f922c411d - transport[badf4e8cbae702d3]::test_bash_stdio_via_dispatcher::{closure#0}
[INFO] [stdout]   12:     0x638f922f805b - <tokio[a311d56815dcfe47]::runtime::runtime::Runtime>::block_on::<core[a373ad73a504971]::pin::Pin<&mut dyn core[a373ad73a504971]::future::future::Future<Output = ()>>>
[INFO] [stdout]   13:     0x638f922d604e - <transport[badf4e8cbae702d3]::test_bash_stdio_via_dispatcher::{closure#0} as core[a373ad73a504971]::ops::function::FnOnce<()>>::call_once
[INFO] [stdout]   14:     0x638f92324a2b - test[aada8e7e76ba119b]::__rust_begin_short_backtrace::<core[a373ad73a504971]::result::Result<(), alloc[2e1b2a31b91974c5]::string::String>, fn() -> core[a373ad73a504971]::result::Result<(), alloc[2e1b2a31b91974c5]::string::String>>
[INFO] [stdout]   15:     0x638f92331c05 - test[aada8e7e76ba119b]::run_test::{closure#0}
[INFO] [stdout]   16:     0x638f9232b4f4 - std[617be2ca0a6fd877]::sys::backtrace::__rust_begin_short_backtrace::<test[aada8e7e76ba119b]::run_test::{closure#1}, ()>
[INFO] [stdout]   17:     0x638f92334c92 - <std[617be2ca0a6fd877]::thread::lifecycle::spawn_unchecked<test[aada8e7e76ba119b]::run_test::{closure#1}, ()>::{closure#1} as core[a373ad73a504971]::ops::function::FnOnce<()>>::call_once::{shim:vtable#0}
[INFO] [stdout]   18:     0x638f92480d0f - <std[617be2ca0a6fd877]::sys::thread::unix::Thread>::new::thread_start
[INFO] [stdout]   19:     0x75c29c704dfa - <unknown>
[INFO] [stdout]   20:     0x75c29c7983d4 - clone
[INFO] [stdout]   21:                0x0 - <unknown>
[INFO] [stdout] 
[INFO] [stdout] ---- test_python_worker_e2e stdout ----
[INFO] [stdout] Pool stats: total=0 active=0 busy=0
[INFO] [stdout] 
[INFO] [stdout] thread 'test_python_worker_e2e' (1490) panicked at tests/transport.rs:2282:5:
[INFO] [stdout] Python worker should have registered. Got: 0
[INFO] [stdout] stack backtrace:
[INFO] [stdout]    0:     0x638f92481a41 - <<std[617be2ca0a6fd877]::sys::backtrace::BacktraceLock>::print::DisplayBacktrace as core[a373ad73a504971]::fmt::Display>::fmt
[INFO] [stdout]    1:     0x638f9249818a - core[a373ad73a504971]::fmt::write
[INFO] [stdout]    2:     0x638f9248659c - <alloc[2e1b2a31b91974c5]::vec::Vec<u8> as core[a373ad73a504971]::io::write::Write>::write_fmt
[INFO] [stdout]    3:     0x638f9245b256 - std[617be2ca0a6fd877]::panicking::default_hook::{closure#0}
[INFO] [stdout]    4:     0x638f92478d09 - std[617be2ca0a6fd877]::panicking::default_hook
[INFO] [stdout]    5:     0x638f923315e0 - test[aada8e7e76ba119b]::test_main_inner::{closure#0}
[INFO] [stdout]    6:     0x638f92479032 - std[617be2ca0a6fd877]::panicking::panic_with_hook
[INFO] [stdout]    7:     0x638f9245b302 - std[617be2ca0a6fd877]::panicking::panic_handler::{closure#0}
[INFO] [stdout]    8:     0x638f92453c29 - std[617be2ca0a6fd877]::sys::backtrace::__rust_end_short_backtrace::<std[617be2ca0a6fd877]::panicking::panic_handler::{closure#0}, !>
[INFO] [stdout]    9:     0x638f9245c34d - __rustc[ea4f61d10b84890b]::rust_begin_unwind
[INFO] [stdout]   10:     0x638f924988ec - core[a373ad73a504971]::panicking::panic_fmt
[INFO] [stdout]   11:     0x638f922c0075 - transport[badf4e8cbae702d3]::test_python_worker_e2e::{closure#0}
[INFO] [stdout]   12:     0x638f922f805b - <tokio[a311d56815dcfe47]::runtime::runtime::Runtime>::block_on::<core[a373ad73a504971]::pin::Pin<&mut dyn core[a373ad73a504971]::future::future::Future<Output = ()>>>
[INFO] [stdout]   13:     0x638f922d546e - <transport[badf4e8cbae702d3]::test_python_worker_e2e::{closure#0} as core[a373ad73a504971]::ops::function::FnOnce<()>>::call_once
[INFO] [stdout]   14:     0x638f92324a2b - test[aada8e7e76ba119b]::__rust_begin_short_backtrace::<core[a373ad73a504971]::result::Result<(), alloc[2e1b2a31b91974c5]::string::String>, fn() -> core[a373ad73a504971]::result::Result<(), alloc[2e1b2a31b91974c5]::string::String>>
[INFO] [stdout]   15:     0x638f92331c05 - test[aada8e7e76ba119b]::run_test::{closure#0}
[INFO] [stdout]   16:     0x638f9232b4f4 - std[617be2ca0a6fd877]::sys::backtrace::__rust_begin_short_backtrace::<test[aada8e7e76ba119b]::run_test::{closure#1}, ()>
[INFO] [stdout]   17:     0x638f92334c92 - <std[617be2ca0a6fd877]::thread::lifecycle::spawn_unchecked<test[aada8e7e76ba119b]::run_test::{closure#1}, ()>::{closure#1} as core[a373ad73a504971]::ops::function::FnOnce<()>>::call_once::{shim:vtable#0}
[INFO] [stdout]   18:     0x638f92480d0f - <std[617be2ca0a6fd877]::sys::thread::unix::Thread>::new::thread_start
[INFO] [stdout]   19:     0x75c29c704dfa - <unknown>
[INFO] [stdout]   20:     0x75c29c7983d4 - clone
[INFO] [stdout]   21:                0x0 - <unknown>
[INFO] [stdout] 
[INFO] [stdout] ---- test_docker_transport_dispatch_and_result stdout ----
[INFO] [stdout] 
[INFO] [stdout] thread 'test_docker_transport_dispatch_and_result' (1486) panicked at tests/transport.rs:961:10:
[INFO] [stdout] called `Result::unwrap()` on an `Err` value: Elapsed(())
[INFO] [stdout] stack backtrace:
[INFO] [stdout]    0:     0x638f92481a41 - <<std[617be2ca0a6fd877]::sys::backtrace::BacktraceLock>::print::DisplayBacktrace as core[a373ad73a504971]::fmt::Display>::fmt
[INFO] [stdout]    1:     0x638f9249818a - core[a373ad73a504971]::fmt::write
[INFO] [stdout]    2:     0x638f9248659c - <alloc[2e1b2a31b91974c5]::vec::Vec<u8> as core[a373ad73a504971]::io::write::Write>::write_fmt
[INFO] [stdout]    3:     0x638f9245b256 - std[617be2ca0a6fd877]::panicking::default_hook::{closure#0}
[INFO] [stdout]    4:     0x638f92478d09 - std[617be2ca0a6fd877]::panicking::default_hook
[INFO] [stdout]    5:     0x638f923315e0 - test[aada8e7e76ba119b]::test_main_inner::{closure#0}
[INFO] [stdout]    6:     0x638f92479032 - std[617be2ca0a6fd877]::panicking::panic_with_hook
[INFO] [stdout]    7:     0x638f9245b302 - std[617be2ca0a6fd877]::panicking::panic_handler::{closure#0}
[INFO] [stdout]    8:     0x638f92453c29 - std[617be2ca0a6fd877]::sys::backtrace::__rust_end_short_backtrace::<std[617be2ca0a6fd877]::panicking::panic_handler::{closure#0}, !>
[INFO] [stdout]    9:     0x638f9245c34d - __rustc[ea4f61d10b84890b]::rust_begin_unwind
[INFO] [stdout]   10:     0x638f924988ec - core[a373ad73a504971]::panicking::panic_fmt
[INFO] [stdout]   11:     0x638f924986c2 - core[a373ad73a504971]::result::unwrap_failed
[INFO] [stdout]   12:     0x638f922b9deb - transport[badf4e8cbae702d3]::test_docker_transport_dispatch_and_result::{closure#0}::{closure#0}
[INFO] [stdout]   13:     0x638f922f805b - <tokio[a311d56815dcfe47]::runtime::runtime::Runtime>::block_on::<core[a373ad73a504971]::pin::Pin<&mut dyn core[a373ad73a504971]::future::future::Future<Output = ()>>>
[INFO] [stdout]   14:     0x638f922daa7b - <transport[badf4e8cbae702d3]::test_docker_transport_dispatch_and_result::{closure#0} as core[a373ad73a504971]::ops::function::FnOnce<()>>::call_once
[INFO] [stdout]   15:     0x638f92365e87 - serial_test[e31f19e4d38cd586]::serial_code_lock::local_serial_core
[INFO] [stdout]   16:     0x638f922d7d10 - <transport[badf4e8cbae702d3]::test_docker_transport_dispatch_and_result::{closure#0} as core[a373ad73a504971]::ops::function::FnOnce<()>>::call_once
[INFO] [stdout]   17:     0x638f92324a2b - test[aada8e7e76ba119b]::__rust_begin_short_backtrace::<core[a373ad73a504971]::result::Result<(), alloc[2e1b2a31b91974c5]::string::String>, fn() -> core[a373ad73a504971]::result::Result<(), alloc[2e1b2a31b91974c5]::string::String>>
[INFO] [stdout]   18:     0x638f92331c05 - test[aada8e7e76ba119b]::run_test::{closure#0}
[INFO] [stdout]   19:     0x638f9232b4f4 - std[617be2ca0a6fd877]::sys::backtrace::__rust_begin_short_backtrace::<test[aada8e7e76ba119b]::run_test::{closure#1}, ()>
[INFO] [stdout]   20:     0x638f92334c92 - <std[617be2ca0a6fd877]::thread::lifecycle::spawn_unchecked<test[aada8e7e76ba119b]::run_test::{closure#1}, ()>::{closure#1} as core[a373ad73a504971]::ops::function::FnOnce<()>>::call_once::{shim:vtable#0}
[INFO] [stdout]   21:     0x638f92480d0f - <std[617be2ca0a6fd877]::sys::thread::unix::Thread>::new::thread_start
[INFO] [stdout]   22:     0x75c29c704dfa - <unknown>
[INFO] [stdout]   23:     0x75c29c7983d4 - clone
[INFO] [stdout]   24:                0x0 - <unknown>
[INFO] [stdout] 
[INFO] [stdout] ---- test_docker_nonjson_from_container stdout ----
[INFO] [stdout] 
[INFO] [stdout] thread 'test_docker_nonjson_from_container' (1477) panicked at tests/transport.rs:1223:5:
[INFO] [stdout] called `Result::unwrap()` on an `Err` value: Os { code: 2, kind: NotFound, message: "No such file or directory" }
[INFO] [stdout] stack backtrace:
[INFO] [stdout]    0:     0x638f92481a41 - <<std[617be2ca0a6fd877]::sys::backtrace::BacktraceLock>::print::DisplayBacktrace as core[a373ad73a504971]::fmt::Display>::fmt
[INFO] [stdout]    1:     0x638f9249818a - core[a373ad73a504971]::fmt::write
[INFO] [stdout]    2:     0x638f9248659c - <alloc[2e1b2a31b91974c5]::vec::Vec<u8> as core[a373ad73a504971]::io::write::Write>::write_fmt
[INFO] [stdout]    3:     0x638f9245b256 - std[617be2ca0a6fd877]::panicking::default_hook::{closure#0}
[INFO] [stdout]    4:     0x638f92478d09 - std[617be2ca0a6fd877]::panicking::default_hook
[INFO] [stdout]    5:     0x638f923315e0 - test[aada8e7e76ba119b]::test_main_inner::{closure#0}
[INFO] [stdout]    6:     0x638f92479032 - std[617be2ca0a6fd877]::panicking::panic_with_hook
[INFO] [stdout]    7:     0x638f9245b302 - std[617be2ca0a6fd877]::panicking::panic_handler::{closure#0}
[INFO] [stdout]    8:     0x638f92453c29 - std[617be2ca0a6fd877]::sys::backtrace::__rust_end_short_backtrace::<std[617be2ca0a6fd877]::panicking::panic_handler::{closure#0}, !>
[INFO] [stdout]    9:     0x638f9245c34d - __rustc[ea4f61d10b84890b]::rust_begin_unwind
[INFO] [stdout]   10:     0x638f924988ec - core[a373ad73a504971]::panicking::panic_fmt
[INFO] [stdout]   11:     0x638f924986c2 - core[a373ad73a504971]::result::unwrap_failed
[INFO] [stdout]   12:     0x638f922b2bfc - transport[badf4e8cbae702d3]::test_docker_nonjson_from_container::{closure#0}::{closure#0}
[INFO] [stdout]   13:     0x638f922f805b - <tokio[a311d56815dcfe47]::runtime::runtime::Runtime>::block_on::<core[a373ad73a504971]::pin::Pin<&mut dyn core[a373ad73a504971]::future::future::Future<Output = ()>>>
[INFO] [stdout]   14:     0x638f922d9abb - <transport[badf4e8cbae702d3]::test_docker_nonjson_from_container::{closure#0} as core[a373ad73a504971]::ops::function::FnOnce<()>>::call_once
[INFO] [stdout]   15:     0x638f92365e87 - serial_test[e31f19e4d38cd586]::serial_code_lock::local_serial_core
[INFO] [stdout]   16:     0x638f922d6950 - <transport[badf4e8cbae702d3]::test_docker_nonjson_from_container::{closure#0} as core[a373ad73a504971]::ops::function::FnOnce<()>>::call_once
[INFO] [stdout]   17:     0x638f92324a2b - test[aada8e7e76ba119b]::__rust_begin_short_backtrace::<core[a373ad73a504971]::result::Result<(), alloc[2e1b2a31b91974c5]::string::String>, fn() -> core[a373ad73a504971]::result::Result<(), alloc[2e1b2a31b91974c5]::string::String>>
[INFO] [stdout]   18:     0x638f92331c05 - test[aada8e7e76ba119b]::run_test::{closure#0}
[INFO] [stdout]   19:     0x638f9232b4f4 - std[617be2ca0a6fd877]::sys::backtrace::__rust_begin_short_backtrace::<test[aada8e7e76ba119b]::run_test::{closure#1}, ()>
[INFO] [stdout]   20:     0x638f92334c92 - <std[617be2ca0a6fd877]::thread::lifecycle::spawn_unchecked<test[aada8e7e76ba119b]::run_test::{closure#1}, ()>::{closure#1} as core[a373ad73a504971]::ops::function::FnOnce<()>>::call_once::{shim:vtable#0}
[INFO] [stdout]   21:     0x638f92480d0f - <std[617be2ca0a6fd877]::sys::thread::unix::Thread>::new::thread_start
[INFO] [stdout]   22:     0x75c29c704dfa - <unknown>
[INFO] [stdout]   23:     0x75c29c7983d4 - clone
[INFO] [stdout]   24:                0x0 - <unknown>
[INFO] [stdout] 
[INFO] [stdout] ---- test_docker_all_config_fields stdout ----
[INFO] [stdout] 
[INFO] [stdout] thread 'test_docker_all_config_fields' (1476) panicked at tests/transport.rs:1103:10:
[INFO] [stdout] called `Result::unwrap()` on an `Err` value: Elapsed(())
[INFO] [stdout] stack backtrace:
[INFO] [stdout]    0:     0x638f92481a41 - <<std[617be2ca0a6fd877]::sys::backtrace::BacktraceLock>::print::DisplayBacktrace as core[a373ad73a504971]::fmt::Display>::fmt
[INFO] [stdout]    1:     0x638f9249818a - core[a373ad73a504971]::fmt::write
[INFO] [stdout]    2:     0x638f9248659c - <alloc[2e1b2a31b91974c5]::vec::Vec<u8> as core[a373ad73a504971]::io::write::Write>::write_fmt
[INFO] [stdout]    3:     0x638f9245b256 - std[617be2ca0a6fd877]::panicking::default_hook::{closure#0}
[INFO] [stdout]    4:     0x638f92478d09 - std[617be2ca0a6fd877]::panicking::default_hook
[INFO] [stdout]    5:     0x638f923315e0 - test[aada8e7e76ba119b]::test_main_inner::{closure#0}
[INFO] [stdout]    6:     0x638f92479032 - std[617be2ca0a6fd877]::panicking::panic_with_hook
[INFO] [stdout]    7:     0x638f9245b302 - std[617be2ca0a6fd877]::panicking::panic_handler::{closure#0}
[INFO] [stdout]    8:     0x638f92453c29 - std[617be2ca0a6fd877]::sys::backtrace::__rust_end_short_backtrace::<std[617be2ca0a6fd877]::panicking::panic_handler::{closure#0}, !>
[INFO] [stdout]    9:     0x638f9245c34d - __rustc[ea4f61d10b84890b]::rust_begin_unwind
[INFO] [stdout]   10:     0x638f924988ec - core[a373ad73a504971]::panicking::panic_fmt
[INFO] [stdout]   11:     0x638f924986c2 - core[a373ad73a504971]::result::unwrap_failed
[INFO] [stdout]   12:     0x638f922ae6b3 - transport[badf4e8cbae702d3]::test_docker_all_config_fields::{closure#0}::{closure#0}
[INFO] [stdout]   13:     0x638f922f805b - <tokio[a311d56815dcfe47]::runtime::runtime::Runtime>::block_on::<core[a373ad73a504971]::pin::Pin<&mut dyn core[a373ad73a504971]::future::future::Future<Output = ()>>>
[INFO] [stdout]   14:     0x638f922d92db - <transport[badf4e8cbae702d3]::test_docker_all_config_fields::{closure#0} as core[a373ad73a504971]::ops::function::FnOnce<()>>::call_once
[INFO] [stdout]   15:     0x638f92365e87 - serial_test[e31f19e4d38cd586]::serial_code_lock::local_serial_core
[INFO] [stdout]   16:     0x638f922d5f90 - <transport[badf4e8cbae702d3]::test_docker_all_config_fields::{closure#0} as core[a373ad73a504971]::ops::function::FnOnce<()>>::call_once
[INFO] [stdout]   17:     0x638f92324a2b - test[aada8e7e76ba119b]::__rust_begin_short_backtrace::<core[a373ad73a504971]::result::Result<(), alloc[2e1b2a31b91974c5]::string::String>, fn() -> core[a373ad73a504971]::result::Result<(), alloc[2e1b2a31b91974c5]::string::String>>
[INFO] [stdout]   18:     0x638f92331c05 - test[aada8e7e76ba119b]::run_test::{closure#0}
[INFO] [stdout]   19:     0x638f9232b4f4 - std[617be2ca0a6fd877]::sys::backtrace::__rust_begin_short_backtrace::<test[aada8e7e76ba119b]::run_test::{closure#1}, ()>
[INFO] [stdout]   20:     0x638f92334c92 - <std[617be2ca0a6fd877]::thread::lifecycle::spawn_unchecked<test[aada8e7e76ba119b]::run_test::{closure#1}, ()>::{closure#1} as core[a373ad73a504971]::ops::function::FnOnce<()>>::call_once::{shim:vtable#0}
[INFO] [stdout]   21:     0x638f92480d0f - <std[617be2ca0a6fd877]::sys::thread::unix::Thread>::new::thread_start
[INFO] [stdout]   22:     0x75c29c704dfa - <unknown>
[INFO] [stdout]   23:     0x75c29c7983d4 - clone
[INFO] [stdout]   24:                0x0 - <unknown>
[INFO] [stdout] 
[INFO] [stdout] ---- test_stdio_bash_worker_unknown_task stdout ----
[INFO] [stdout] 
[INFO] [stdout] thread 'test_stdio_bash_worker_unknown_task' (1531) panicked at tests/transport.rs:576:10:
[INFO] [stdout] called `Result::unwrap()` on an `Err` value: Elapsed(())
[INFO] [stdout] stack backtrace:
[INFO] [stdout]    0:     0x638f92481a41 - <<std[617be2ca0a6fd877]::sys::backtrace::BacktraceLock>::print::DisplayBacktrace as core[a373ad73a504971]::fmt::Display>::fmt
[INFO] [stdout]    1:     0x638f9249818a - core[a373ad73a504971]::fmt::write
[INFO] [stdout]    2:     0x638f9248659c - <alloc[2e1b2a31b91974c5]::vec::Vec<u8> as core[a373ad73a504971]::io::write::Write>::write_fmt
[INFO] [stdout]    3:     0x638f9245b256 - std[617be2ca0a6fd877]::panicking::default_hook::{closure#0}
[INFO] [stdout]    4:     0x638f92478d09 - std[617be2ca0a6fd877]::panicking::default_hook
[INFO] [stdout]    5:     0x638f923315e0 - test[aada8e7e76ba119b]::test_main_inner::{closure#0}
[INFO] [stdout]    6:     0x638f92479032 - std[617be2ca0a6fd877]::panicking::panic_with_hook
[INFO] [stdout]    7:     0x638f9245b302 - std[617be2ca0a6fd877]::panicking::panic_handler::{closure#0}
[INFO] [stdout]    8:     0x638f92453c29 - std[617be2ca0a6fd877]::sys::backtrace::__rust_end_short_backtrace::<std[617be2ca0a6fd877]::panicking::panic_handler::{closure#0}, !>
[INFO] [stdout]    9:     0x638f9245c34d - __rustc[ea4f61d10b84890b]::rust_begin_unwind
[INFO] [stdout]   10:     0x638f924988ec - core[a373ad73a504971]::panicking::panic_fmt
[INFO] [stdout]   11:     0x638f924986c2 - core[a373ad73a504971]::result::unwrap_failed
[INFO] [stdout]   12:     0x638f922c8ae5 - transport[badf4e8cbae702d3]::test_stdio_bash_worker_unknown_task::{closure#0}
[INFO] [stdout]   13:     0x638f922f805b - <tokio[a311d56815dcfe47]::runtime::runtime::Runtime>::block_on::<core[a373ad73a504971]::pin::Pin<&mut dyn core[a373ad73a504971]::future::future::Future<Output = ()>>>
[INFO] [stdout]   14:     0x638f922d6bee - <transport[badf4e8cbae702d3]::test_stdio_bash_worker_unknown_task::{closure#0} as core[a373ad73a504971]::ops::function::FnOnce<()>>::call_once
[INFO] [stdout]   15:     0x638f92324a2b - test[aada8e7e76ba119b]::__rust_begin_short_backtrace::<core[a373ad73a504971]::result::Result<(), alloc[2e1b2a31b91974c5]::string::String>, fn() -> core[a373ad73a504971]::result::Result<(), alloc[2e1b2a31b91974c5]::string::String>>
[INFO] [stdout]   16:     0x638f92331c05 - test[aada8e7e76ba119b]::run_test::{closure#0}
[INFO] [stdout]   17:     0x638f9232b4f4 - std[617be2ca0a6fd877]::sys::backtrace::__rust_begin_short_backtrace::<test[aada8e7e76ba119b]::run_test::{closure#1}, ()>
[INFO] [stdout]   18:     0x638f92334c92 - <std[617be2ca0a6fd877]::thread::lifecycle::spawn_unchecked<test[aada8e7e76ba119b]::run_test::{closure#1}, ()>::{closure#1} as core[a373ad73a504971]::ops::function::FnOnce<()>>::call_once::{shim:vtable#0}
[INFO] [stdout]   19:     0x638f92480d0f - <std[617be2ca0a6fd877]::sys::thread::unix::Thread>::new::thread_start
[INFO] [stdout]   20:     0x75c29c704dfa - <unknown>
[INFO] [stdout]   21:     0x75c29c7983d4 - clone
[INFO] [stdout]   22:                0x0 - <unknown>
[INFO] [stdout] 
[INFO] [stdout] ---- test_stdio_bash_worker_word_count stdout ----
[INFO] [stdout] 
[INFO] [stdout] thread 'test_stdio_bash_worker_word_count' (1534) panicked at tests/transport.rs:528:10:
[INFO] [stdout] called `Result::unwrap()` on an `Err` value: Elapsed(())
[INFO] [stdout] stack backtrace:
[INFO] [stdout]    0:     0x638f92481a41 - <<std[617be2ca0a6fd877]::sys::backtrace::BacktraceLock>::print::DisplayBacktrace as core[a373ad73a504971]::fmt::Display>::fmt
[INFO] [stdout]    1:     0x638f9249818a - core[a373ad73a504971]::fmt::write
[INFO] [stdout]    2:     0x638f9248659c - <alloc[2e1b2a31b91974c5]::vec::Vec<u8> as core[a373ad73a504971]::io::write::Write>::write_fmt
[INFO] [stdout]    3:     0x638f9245b256 - std[617be2ca0a6fd877]::panicking::default_hook::{closure#0}
[INFO] [stdout]    4:     0x638f92478d09 - std[617be2ca0a6fd877]::panicking::default_hook
[INFO] [stdout]    5:     0x638f923315e0 - test[aada8e7e76ba119b]::test_main_inner::{closure#0}
[INFO] [stdout]    6:     0x638f92479032 - std[617be2ca0a6fd877]::panicking::panic_with_hook
[INFO] [stdout]    7:     0x638f9245b302 - std[617be2ca0a6fd877]::panicking::panic_handler::{closure#0}
[INFO] [stdout]    8:     0x638f92453c29 - std[617be2ca0a6fd877]::sys::backtrace::__rust_end_short_backtrace::<std[617be2ca0a6fd877]::panicking::panic_handler::{closure#0}, !>
[INFO] [stdout]    9:     0x638f9245c34d - __rustc[ea4f61d10b84890b]::rust_begin_unwind
[INFO] [stdout]   10:     0x638f924988ec - core[a373ad73a504971]::panicking::panic_fmt
[INFO] [stdout]   11:     0x638f924986c2 - core[a373ad73a504971]::result::unwrap_failed
[INFO] [stdout]   12:     0x638f922c5487 - transport[badf4e8cbae702d3]::test_stdio_bash_worker_word_count::{closure#0}
[INFO] [stdout]   13:     0x638f922f805b - <tokio[a311d56815dcfe47]::runtime::runtime::Runtime>::block_on::<core[a373ad73a504971]::pin::Pin<&mut dyn core[a373ad73a504971]::future::future::Future<Output = ()>>>
[INFO] [stdout]   14:     0x638f922d656e - <transport[badf4e8cbae702d3]::test_stdio_bash_worker_word_count::{closure#0} as core[a373ad73a504971]::ops::function::FnOnce<()>>::call_once
[INFO] [stdout]   15:     0x638f92324a2b - test[aada8e7e76ba119b]::__rust_begin_short_backtrace::<core[a373ad73a504971]::result::Result<(), alloc[2e1b2a31b91974c5]::string::String>, fn() -> core[a373ad73a504971]::result::Result<(), alloc[2e1b2a31b91974c5]::string::String>>
[INFO] [stdout]   16:     0x638f92331c05 - test[aada8e7e76ba119b]::run_test::{closure#0}
[INFO] [stdout]   17:     0x638f9232b4f4 - std[617be2ca0a6fd877]::sys::backtrace::__rust_begin_short_backtrace::<test[aada8e7e76ba119b]::run_test::{closure#1}, ()>
[INFO] [stdout]   18:     0x638f92334c92 - <std[617be2ca0a6fd877]::thread::lifecycle::spawn_unchecked<test[aada8e7e76ba119b]::run_test::{closure#1}, ()>::{closure#1} as core[a373ad73a504971]::ops::function::FnOnce<()>>::call_once::{shim:vtable#0}
[INFO] [stdout]   19:     0x638f92480d0f - <std[617be2ca0a6fd877]::sys::thread::unix::Thread>::new::thread_start
[INFO] [stdout]   20:     0x75c29c704dfa - <unknown>
[INFO] [stdout]   21:     0x75c29c7983d4 - clone
[INFO] [stdout]   22:                0x0 - <unknown>
[INFO] [stdout] 
[INFO] [stdout] ---- test_ssh_with_identity_file stdout ----
[INFO] [stdout] 
[INFO] [stdout] thread 'test_ssh_with_identity_file' (1529) panicked at tests/transport.rs:1434:10:
[INFO] [stdout] called `Result::unwrap()` on an `Err` value: Elapsed(())
[INFO] [stdout] stack backtrace:
[INFO] [stdout]    0:     0x638f92481a41 - <<std[617be2ca0a6fd877]::sys::backtrace::BacktraceLock>::print::DisplayBacktrace as core[a373ad73a504971]::fmt::Display>::fmt
[INFO] [stdout]    1:     0x638f9249818a - core[a373ad73a504971]::fmt::write
[INFO] [stdout]    2:     0x638f9248659c - <alloc[2e1b2a31b91974c5]::vec::Vec<u8> as core[a373ad73a504971]::io::write::Write>::write_fmt
[INFO] [stdout]    3:     0x638f9245b256 - std[617be2ca0a6fd877]::panicking::default_hook::{closure#0}
[INFO] [stdout]    4:     0x638f92478d09 - std[617be2ca0a6fd877]::panicking::default_hook
[INFO] [stdout]    5:     0x638f923315e0 - test[aada8e7e76ba119b]::test_main_inner::{closure#0}
[INFO] [stdout]    6:     0x638f92479032 - std[617be2ca0a6fd877]::panicking::panic_with_hook
[INFO] [stdout]    7:     0x638f9245b302 - std[617be2ca0a6fd877]::panicking::panic_handler::{closure#0}
[INFO] [stdout]    8:     0x638f92453c29 - std[617be2ca0a6fd877]::sys::backtrace::__rust_end_short_backtrace::<std[617be2ca0a6fd877]::panicking::panic_handler::{closure#0}, !>
[INFO] [stdout]    9:     0x638f9245c34d - __rustc[ea4f61d10b84890b]::rust_begin_unwind
[INFO] [stdout]   10:     0x638f924988ec - core[a373ad73a504971]::panicking::panic_fmt
[INFO] [stdout]   11:     0x638f924986c2 - core[a373ad73a504971]::result::unwrap_failed
[INFO] [stdout]   12:     0x638f922ad172 - transport[badf4e8cbae702d3]::test_ssh_with_identity_file::{closure#0}::{closure#0}
[INFO] [stdout]   13:     0x638f922f805b - <tokio[a311d56815dcfe47]::runtime::runtime::Runtime>::block_on::<core[a373ad73a504971]::pin::Pin<&mut dyn core[a373ad73a504971]::future::future::Future<Output = ()>>>
[INFO] [stdout]   14:     0x638f922d918b - <transport[badf4e8cbae702d3]::test_ssh_with_identity_file::{closure#0} as core[a373ad73a504971]::ops::function::FnOnce<()>>::call_once
[INFO] [stdout]   15:     0x638f92365e87 - serial_test[e31f19e4d38cd586]::serial_code_lock::local_serial_core
[INFO] [stdout]   16:     0x638f922d5db0 - <transport[badf4e8cbae702d3]::test_ssh_with_identity_file::{closure#0} as core[a373ad73a504971]::ops::function::FnOnce<()>>::call_once
[INFO] [stdout]   17:     0x638f92324a2b - test[aada8e7e76ba119b]::__rust_begin_short_backtrace::<core[a373ad73a504971]::result::Result<(), alloc[2e1b2a31b91974c5]::string::String>, fn() -> core[a373ad73a504971]::result::Result<(), alloc[2e1b2a31b91974c5]::string::String>>
[INFO] [stdout]   18:     0x638f92331c05 - test[aada8e7e76ba119b]::run_test::{closure#0}
[INFO] [stdout]   19:     0x638f9232b4f4 - std[617be2ca0a6fd877]::sys::backtrace::__rust_begin_short_backtrace::<test[aada8e7e76ba119b]::run_test::{closure#1}, ()>
[INFO] [stdout]   20:     0x638f92334c92 - <std[617be2ca0a6fd877]::thread::lifecycle::spawn_unchecked<test[aada8e7e76ba119b]::run_test::{closure#1}, ()>::{closure#1} as core[a373ad73a504971]::ops::function::FnOnce<()>>::call_once::{shim:vtable#0}
[INFO] [stdout]   21:     0x638f92480d0f - <std[617be2ca0a6fd877]::sys::thread::unix::Thread>::new::thread_start
[INFO] [stdout]   22:     0x75c29c704dfa - <unknown>
[INFO] [stdout]   23:     0x75c29c7983d4 - clone
[INFO] [stdout]   24:                0x0 - <unknown>
[INFO] [stdout] 
[INFO] [stdout] ---- test_stdio_broadcast stdout ----
[INFO] [stdout] 
[INFO] [stdout] thread 'test_stdio_broadcast' (1546) panicked at tests/transport.rs:697:10:
[INFO] [stdout] called `Result::unwrap()` on an `Err` value: Elapsed(())
[INFO] [stdout] stack backtrace:
[INFO] [stdout]    0:     0x638f92481a41 - <<std[617be2ca0a6fd877]::sys::backtrace::BacktraceLock>::print::DisplayBacktrace as core[a373ad73a504971]::fmt::Display>::fmt
[INFO] [stdout]    1:     0x638f9249818a - core[a373ad73a504971]::fmt::write
[INFO] [stdout]    2:     0x638f9248659c - <alloc[2e1b2a31b91974c5]::vec::Vec<u8> as core[a373ad73a504971]::io::write::Write>::write_fmt
[INFO] [stdout]    3:     0x638f9245b256 - std[617be2ca0a6fd877]::panicking::default_hook::{closure#0}
[INFO] [stdout]    4:     0x638f92478d09 - std[617be2ca0a6fd877]::panicking::default_hook
[INFO] [stdout]    5:     0x638f923315e0 - test[aada8e7e76ba119b]::test_main_inner::{closure#0}
[INFO] [stdout]    6:     0x638f92479032 - std[617be2ca0a6fd877]::panicking::panic_with_hook
[INFO] [stdout]    7:     0x638f9245b302 - std[617be2ca0a6fd877]::panicking::panic_handler::{closure#0}
[INFO] [stdout]    8:     0x638f92453c29 - std[617be2ca0a6fd877]::sys::backtrace::__rust_end_short_backtrace::<std[617be2ca0a6fd877]::panicking::panic_handler::{closure#0}, !>
[INFO] [stdout]    9:     0x638f9245c34d - __rustc[ea4f61d10b84890b]::rust_begin_unwind
[INFO] [stdout]   10:     0x638f924988ec - core[a373ad73a504971]::panicking::panic_fmt
[INFO] [stdout]   11:     0x638f924986c2 - core[a373ad73a504971]::result::unwrap_failed
[INFO] [stdout]   12:     0x638f922be39c - transport[badf4e8cbae702d3]::test_stdio_broadcast::{closure#0}
[INFO] [stdout]   13:     0x638f922f805b - <tokio[a311d56815dcfe47]::runtime::runtime::Runtime>::block_on::<core[a373ad73a504971]::pin::Pin<&mut dyn core[a373ad73a504971]::future::future::Future<Output = ()>>>
[INFO] [stdout]   14:     0x638f922d530e - <transport[badf4e8cbae702d3]::test_stdio_broadcast::{closure#0} as core[a373ad73a504971]::ops::function::FnOnce<()>>::call_once
[INFO] [stdout]   15:     0x638f92324a2b - test[aada8e7e76ba119b]::__rust_begin_short_backtrace::<core[a373ad73a504971]::result::Result<(), alloc[2e1b2a31b91974c5]::string::String>, fn() -> core[a373ad73a504971]::result::Result<(), alloc[2e1b2a31b91974c5]::string::String>>
[INFO] [stdout]   16:     0x638f92331c05 - test[aada8e7e76ba119b]::run_test::{closure#0}
[INFO] [stdout]   17:     0x638f9232b4f4 - std[617be2ca0a6fd877]::sys::backtrace::__rust_begin_short_backtrace::<test[aada8e7e76ba119b]::run_test::{closure#1}, ()>
[INFO] [stdout]   18:     0x638f92334c92 - <std[617be2ca0a6fd877]::thread::lifecycle::spawn_unchecked<test[aada8e7e76ba119b]::run_test::{closure#1}, ()>::{closure#1} as core[a373ad73a504971]::ops::function::FnOnce<()>>::call_once::{shim:vtable#0}
[INFO] [stdout]   19:     0x638f92480d0f - <std[617be2ca0a6fd877]::sys::thread::unix::Thread>::new::thread_start
[INFO] [stdout]   20:     0x75c29c704dfa - <unknown>
[INFO] [stdout]   21:     0x75c29c7983d4 - clone
[INFO] [stdout]   22:                0x0 - <unknown>
[INFO] [stdout] 
[INFO] [stdout] ---- test_stdio_multiple_tasks_sequential stdout ----
[INFO] [stdout] 
[INFO] [stdout] thread 'test_stdio_multiple_tasks_sequential' (1547) panicked at tests/transport.rs:624:14:
[INFO] [stdout] called `Result::unwrap()` on an `Err` value: Elapsed(())
[INFO] [stdout] stack backtrace:
[INFO] [stdout]    0:     0x638f92481a41 - <<std[617be2ca0a6fd877]::sys::backtrace::BacktraceLock>::print::DisplayBacktrace as core[a373ad73a504971]::fmt::Display>::fmt
[INFO] [stdout]    1:     0x638f9249818a - core[a373ad73a504971]::fmt::write
[INFO] [stdout]    2:     0x638f9248659c - <alloc[2e1b2a31b91974c5]::vec::Vec<u8> as core[a373ad73a504971]::io::write::Write>::write_fmt
[INFO] [stdout]    3:     0x638f9245b256 - std[617be2ca0a6fd877]::panicking::default_hook::{closure#0}
[INFO] [stdout]    4:     0x638f92478d09 - std[617be2ca0a6fd877]::panicking::default_hook
[INFO] [stdout]    5:     0x638f923315e0 - test[aada8e7e76ba119b]::test_main_inner::{closure#0}
[INFO] [stdout]    6:     0x638f92479032 - std[617be2ca0a6fd877]::panicking::panic_with_hook
[INFO] [stdout]    7:     0x638f9245b302 - std[617be2ca0a6fd877]::panicking::panic_handler::{closure#0}
[INFO] [stdout]    8:     0x638f92453c29 - std[617be2ca0a6fd877]::sys::backtrace::__rust_end_short_backtrace::<std[617be2ca0a6fd877]::panicking::panic_handler::{closure#0}, !>
[INFO] [stdout]    9:     0x638f9245c34d - __rustc[ea4f61d10b84890b]::rust_begin_unwind
[INFO] [stdout]   10:     0x638f924988ec - core[a373ad73a504971]::panicking::panic_fmt
[INFO] [stdout]   11:     0x638f924986c2 - core[a373ad73a504971]::result::unwrap_failed
[INFO] [stdout]   12:     0x638f922cab1d - transport[badf4e8cbae702d3]::test_stdio_multiple_tasks_sequential::{closure#0}
[INFO] [stdout]   13:     0x638f922f805b - <tokio[a311d56815dcfe47]::runtime::runtime::Runtime>::block_on::<core[a373ad73a504971]::pin::Pin<&mut dyn core[a373ad73a504971]::future::future::Future<Output = ()>>>
[INFO] [stdout]   14:     0x638f922d6f2e - <transport[badf4e8cbae702d3]::test_stdio_multiple_tasks_sequential::{closure#0} as core[a373ad73a504971]::ops::function::FnOnce<()>>::call_once
[INFO] [stdout]   15:     0x638f92324a2b - test[aada8e7e76ba119b]::__rust_begin_short_backtrace::<core[a373ad73a504971]::result::Result<(), alloc[2e1b2a31b91974c5]::string::String>, fn() -> core[a373ad73a504971]::result::Result<(), alloc[2e1b2a31b91974c5]::string::String>>
[INFO] [stdout]   16:     0x638f92331c05 - test[aada8e7e76ba119b]::run_test::{closure#0}
[INFO] [stdout]   17:     0x638f9232b4f4 - std[617be2ca0a6fd877]::sys::backtrace::__rust_begin_short_backtrace::<test[aada8e7e76ba119b]::run_test::{closure#1}, ()>
[INFO] [stdout]   18:     0x638f92334c92 - <std[617be2ca0a6fd877]::thread::lifecycle::spawn_unchecked<test[aada8e7e76ba119b]::run_test::{closure#1}, ()>::{closure#1} as core[a373ad73a504971]::ops::function::FnOnce<()>>::call_once::{shim:vtable#0}
[INFO] [stdout]   19:     0x638f92480d0f - <std[617be2ca0a6fd877]::sys::thread::unix::Thread>::new::thread_start
[INFO] [stdout]   20:     0x75c29c704dfa - <unknown>
[INFO] [stdout]   21:     0x75c29c7983d4 - clone
[INFO] [stdout]   22:                0x0 - <unknown>
[INFO] [stdout] 
[INFO] [stdout] ---- test_ssh_broadcast stdout ----
[INFO] [stdout] 
[INFO] [stdout] thread 'test_ssh_broadcast' (1492) panicked at tests/transport.rs:1481:10:
[INFO] [stdout] called `Result::unwrap()` on an `Err` value: Elapsed(())
[INFO] [stdout] stack backtrace:
[INFO] [stdout]    0:     0x638f92481a41 - <<std[617be2ca0a6fd877]::sys::backtrace::BacktraceLock>::print::DisplayBacktrace as core[a373ad73a504971]::fmt::Display>::fmt
[INFO] [stdout]    1:     0x638f9249818a - core[a373ad73a504971]::fmt::write
[INFO] [stdout]    2:     0x638f9248659c - <alloc[2e1b2a31b91974c5]::vec::Vec<u8> as core[a373ad73a504971]::io::write::Write>::write_fmt
[INFO] [stdout]    3:     0x638f9245b256 - std[617be2ca0a6fd877]::panicking::default_hook::{closure#0}
[INFO] [stdout]    4:     0x638f92478d09 - std[617be2ca0a6fd877]::panicking::default_hook
[INFO] [stdout]    5:     0x638f923315e0 - test[aada8e7e76ba119b]::test_main_inner::{closure#0}
[INFO] [stdout]    6:     0x638f92479032 - std[617be2ca0a6fd877]::panicking::panic_with_hook
[INFO] [stdout]    7:     0x638f9245b302 - std[617be2ca0a6fd877]::panicking::panic_handler::{closure#0}
[INFO] [stdout]    8:     0x638f92453c29 - std[617be2ca0a6fd877]::sys::backtrace::__rust_end_short_backtrace::<std[617be2ca0a6fd877]::panicking::panic_handler::{closure#0}, !>
[INFO] [stdout]    9:     0x638f9245c34d - __rustc[ea4f61d10b84890b]::rust_begin_unwind
[INFO] [stdout]   10:     0x638f924988ec - core[a373ad73a504971]::panicking::panic_fmt
[INFO] [stdout]   11:     0x638f924986c2 - core[a373ad73a504971]::result::unwrap_failed
[INFO] [stdout]   12:     0x638f922a611b - transport[badf4e8cbae702d3]::test_ssh_broadcast::{closure#0}::{closure#0}
[INFO] [stdout]   13:     0x638f922f805b - <tokio[a311d56815dcfe47]::runtime::runtime::Runtime>::block_on::<core[a373ad73a504971]::pin::Pin<&mut dyn core[a373ad73a504971]::future::future::Future<Output = ()>>>
[INFO] [stdout]   14:     0x638f922d846b - <transport[badf4e8cbae702d3]::test_ssh_broadcast::{closure#0} as core[a373ad73a504971]::ops::function::FnOnce<()>>::call_once
[INFO] [stdout]   15:     0x638f92365e87 - serial_test[e31f19e4d38cd586]::serial_code_lock::local_serial_core
[INFO] [stdout]   16:     0x638f922d51d0 - <transport[badf4e8cbae702d3]::test_ssh_broadcast::{closure#0} as core[a373ad73a504971]::ops::function::FnOnce<()>>::call_once
[INFO] [stdout]   17:     0x638f92324a2b - test[aada8e7e76ba119b]::__rust_begin_short_backtrace::<core[a373ad73a504971]::result::Result<(), alloc[2e1b2a31b91974c5]::string::String>, fn() -> core[a373ad73a504971]::result::Result<(), alloc[2e1b2a31b91974c5]::string::String>>
[INFO] [stdout]   18:     0x638f92331c05 - test[aada8e7e76ba119b]::run_test::{closure#0}
[INFO] [stdout]   19:     0x638f9232b4f4 - std[617be2ca0a6fd877]::sys::backtrace::__rust_begin_short_backtrace::<test[aada8e7e76ba119b]::run_test::{closure#1}, ()>
[INFO] [stdout]   20:     0x638f92334c92 - <std[617be2ca0a6fd877]::thread::lifecycle::spawn_unchecked<test[aada8e7e76ba119b]::run_test::{closure#1}, ()>::{closure#1} as core[a373ad73a504971]::ops::function::FnOnce<()>>::call_once::{shim:vtable#0}
[INFO] [stdout]   21:     0x638f92480d0f - <std[617be2ca0a6fd877]::sys::thread::unix::Thread>::new::thread_start
[INFO] [stdout]   22:     0x75c29c704dfa - <unknown>
[INFO] [stdout]   23:     0x75c29c7983d4 - clone
[INFO] [stdout]   24:                0x0 - <unknown>
[INFO] [stdout] 
[INFO] [stdout] ---- test_docker_run_failure stdout ----
[INFO] [stdout] 
[INFO] [stdout] thread 'test_docker_run_failure' (1483) panicked at tests/transport.rs:1126:40:
[INFO] [stdout] called `Result::unwrap()` on an `Err` value: Os { code: 30, kind: ReadOnlyFilesystem, message: "Read-only file system" }
[INFO] [stdout] stack backtrace:
[INFO] [stdout]    0:     0x638f92481a41 - <<std[617be2ca0a6fd877]::sys::backtrace::BacktraceLock>::print::DisplayBacktrace as core[a373ad73a504971]::fmt::Display>::fmt
[INFO] [stdout]    1:     0x638f9249818a - core[a373ad73a504971]::fmt::write
[INFO] [stdout]    2:     0x638f9248659c - <alloc[2e1b2a31b91974c5]::vec::Vec<u8> as core[a373ad73a504971]::io::write::Write>::write_fmt
[INFO] [stdout]    3:     0x638f9245b256 - std[617be2ca0a6fd877]::panicking::default_hook::{closure#0}
[INFO] [stdout]    4:     0x638f92478d09 - std[617be2ca0a6fd877]::panicking::default_hook
[INFO] [stdout]    5:     0x638f923315e0 - test[aada8e7e76ba119b]::test_main_inner::{closure#0}
[INFO] [stdout]    6:     0x638f92479032 - std[617be2ca0a6fd877]::panicking::panic_with_hook
[INFO] [stdout]    7:     0x638f9245b302 - std[617be2ca0a6fd877]::panicking::panic_handler::{closure#0}
[INFO] [stdout]    8:     0x638f92453c29 - std[617be2ca0a6fd877]::sys::backtrace::__rust_end_short_backtrace::<std[617be2ca0a6fd877]::panicking::panic_handler::{closure#0}, !>
[INFO] [stdout]    9:     0x638f9245c34d - __rustc[ea4f61d10b84890b]::rust_begin_unwind
[INFO] [stdout]   10:     0x638f924988ec - core[a373ad73a504971]::panicking::panic_fmt
[INFO] [stdout]   11:     0x638f924986c2 - core[a373ad73a504971]::result::unwrap_failed
[INFO] [stdout]   12:     0x638f922a87e2 - transport[badf4e8cbae702d3]::test_docker_run_failure::{closure#0}::{closure#0}
[INFO] [stdout]   13:     0x638f922f805b - <tokio[a311d56815dcfe47]::runtime::runtime::Runtime>::block_on::<core[a373ad73a504971]::pin::Pin<&mut dyn core[a373ad73a504971]::future::future::Future<Output = ()>>>
[INFO] [stdout]   14:     0x638f922d885b - <transport[badf4e8cbae702d3]::test_docker_run_failure::{closure#0} as core[a373ad73a504971]::ops::function::FnOnce<()>>::call_once
[INFO] [stdout]   15:     0x638f92365e87 - serial_test[e31f19e4d38cd586]::serial_code_lock::local_serial_core
[INFO] [stdout]   16:     0x638f922d5610 - <transport[badf4e8cbae702d3]::test_docker_run_failure::{closure#0} as core[a373ad73a504971]::ops::function::FnOnce<()>>::call_once
[INFO] [stdout]   17:     0x638f92324a2b - test[aada8e7e76ba119b]::__rust_begin_short_backtrace::<core[a373ad73a504971]::result::Result<(), alloc[2e1b2a31b91974c5]::string::String>, fn() -> core[a373ad73a504971]::result::Result<(), alloc[2e1b2a31b91974c5]::string::String>>
[INFO] [stdout]   18:     0x638f92331c05 - test[aada8e7e76ba119b]::run_test::{closure#0}
[INFO] [stdout]   19:     0x638f9232b4f4 - std[617be2ca0a6fd877]::sys::backtrace::__rust_begin_short_backtrace::<test[aada8e7e76ba119b]::run_test::{closure#1}, ()>
[INFO] [stdout]   20:     0x638f92334c92 - <std[617be2ca0a6fd877]::thread::lifecycle::spawn_unchecked<test[aada8e7e76ba119b]::run_test::{closure#1}, ()>::{closure#1} as core[a373ad73a504971]::ops::function::FnOnce<()>>::call_once::{shim:vtable#0}
[INFO] [stdout]   21:     0x638f92480d0f - <std[617be2ca0a6fd877]::sys::thread::unix::Thread>::new::thread_start
[INFO] [stdout]   22:     0x75c29c704dfa - <unknown>
[INFO] [stdout]   23:     0x75c29c7983d4 - clone
[INFO] [stdout]   24:                0x0 - <unknown>
[INFO] [stdout] 
[INFO] [stdout] ---- test_ssh_transport_dispatch_and_result stdout ----
[INFO] [stdout] 
[INFO] [stdout] thread 'test_ssh_transport_dispatch_and_result' (1512) panicked at tests/transport.rs:1342:10:
[INFO] [stdout] called `Result::unwrap()` on an `Err` value: Elapsed(())
[INFO] [stdout] stack backtrace:
[INFO] [stdout]    0:     0x638f92481a41 - <<std[617be2ca0a6fd877]::sys::backtrace::BacktraceLock>::print::DisplayBacktrace as core[a373ad73a504971]::fmt::Display>::fmt
[INFO] [stdout]    1:     0x638f9249818a - core[a373ad73a504971]::fmt::write
[INFO] [stdout]    2:     0x638f9248659c - <alloc[2e1b2a31b91974c5]::vec::Vec<u8> as core[a373ad73a504971]::io::write::Write>::write_fmt
[INFO] [stdout]    3:     0x638f9245b256 - std[617be2ca0a6fd877]::panicking::default_hook::{closure#0}
[INFO] [stdout]    4:     0x638f92478d09 - std[617be2ca0a6fd877]::panicking::default_hook
[INFO] [stdout]    5:     0x638f923315e0 - test[aada8e7e76ba119b]::test_main_inner::{closure#0}
[INFO] [stdout]    6:     0x638f92479032 - std[617be2ca0a6fd877]::panicking::panic_with_hook
[INFO] [stdout]    7:     0x638f9245b302 - std[617be2ca0a6fd877]::panicking::panic_handler::{closure#0}
[INFO] [stdout]    8:     0x638f92453c29 - std[617be2ca0a6fd877]::sys::backtrace::__rust_end_short_backtrace::<std[617be2ca0a6fd877]::panicking::panic_handler::{closure#0}, !>
[INFO] [stdout]    9:     0x638f9245c34d - __rustc[ea4f61d10b84890b]::rust_begin_unwind
[INFO] [stdout]   10:     0x638f924988ec - core[a373ad73a504971]::panicking::panic_fmt
[INFO] [stdout]   11:     0x638f924986c2 - core[a373ad73a504971]::result::unwrap_failed
[INFO] [stdout]   12:     0x638f922b602b - transport[badf4e8cbae702d3]::test_ssh_transport_dispatch_and_result::{closure#0}::{closure#0}
[INFO] [stdout]   13:     0x638f922f805b - <tokio[a311d56815dcfe47]::runtime::runtime::Runtime>::block_on::<core[a373ad73a504971]::pin::Pin<&mut dyn core[a373ad73a504971]::future::future::Future<Output = ()>>>
[INFO] [stdout]   14:     0x638f922da29b - <transport[badf4e8cbae702d3]::test_ssh_transport_dispatch_and_result::{closure#0} as core[a373ad73a504971]::ops::function::FnOnce<()>>::call_once
[INFO] [stdout]   15:     0x638f92365e87 - serial_test[e31f19e4d38cd586]::serial_code_lock::local_serial_core
[INFO] [stdout]   16:     0x638f922d7490 - <transport[badf4e8cbae702d3]::test_ssh_transport_dispatch_and_result::{closure#0} as core[a373ad73a504971]::ops::function::FnOnce<()>>::call_once
[INFO] [stdout]   17:     0x638f92324a2b - test[aada8e7e76ba119b]::__rust_begin_short_backtrace::<core[a373ad73a504971]::result::Result<(), alloc[2e1b2a31b91974c5]::string::String>, fn() -> core[a373ad73a504971]::result::Result<(), alloc[2e1b2a31b91974c5]::string::String>>
[INFO] [stdout]   18:     0x638f92331c05 - test[aada8e7e76ba119b]::run_test::{closure#0}
[INFO] [stdout]   19:     0x638f9232b4f4 - std[617be2ca0a6fd877]::sys::backtrace::__rust_begin_short_backtrace::<test[aada8e7e76ba119b]::run_test::{closure#1}, ()>
[INFO] [stdout]   20:     0x638f92334c92 - <std[617be2ca0a6fd877]::thread::lifecycle::spawn_unchecked<test[aada8e7e76ba119b]::run_test::{closure#1}, ()>::{closure#1} as core[a373ad73a504971]::ops::function::FnOnce<()>>::call_once::{shim:vtable#0}
[INFO] [stdout]   21:     0x638f92480d0f - <std[617be2ca0a6fd877]::sys::thread::unix::Thread>::new::thread_start
[INFO] [stdout]   22:     0x75c29c704dfa - <unknown>
[INFO] [stdout]   23:     0x75c29c7983d4 - clone
[INFO] [stdout]   24:                0x0 - <unknown>
[INFO] [stdout] 
[INFO] [stdout] ---- test_docker_transport_broadcast stdout ----
[INFO] [stdout] 
[INFO] [stdout] thread 'test_docker_transport_broadcast' (1485) panicked at tests/transport.rs:1049:10:
[INFO] [stdout] called `Result::unwrap()` on an `Err` value: Elapsed(())
[INFO] [stdout] stack backtrace:
[INFO] [stdout]    0:     0x638f92481a41 - <<std[617be2ca0a6fd877]::sys::backtrace::BacktraceLock>::print::DisplayBacktrace as core[a373ad73a504971]::fmt::Display>::fmt
[INFO] [stdout]    1:     0x638f9249818a - core[a373ad73a504971]::fmt::write
[INFO] [stdout]    2:     0x638f9248659c - <alloc[2e1b2a31b91974c5]::vec::Vec<u8> as core[a373ad73a504971]::io::write::Write>::write_fmt
[INFO] [stdout]    3:     0x638f9245b256 - std[617be2ca0a6fd877]::panicking::default_hook::{closure#0}
[INFO] [stdout]    4:     0x638f92478d09 - std[617be2ca0a6fd877]::panicking::default_hook
[INFO] [stdout]    5:     0x638f923315e0 - test[aada8e7e76ba119b]::test_main_inner::{closure#0}
[INFO] [stdout]    6:     0x638f92479032 - std[617be2ca0a6fd877]::panicking::panic_with_hook
[INFO] [stdout]    7:     0x638f9245b302 - std[617be2ca0a6fd877]::panicking::panic_handler::{closure#0}
[INFO] [stdout]    8:     0x638f92453c29 - std[617be2ca0a6fd877]::sys::backtrace::__rust_end_short_backtrace::<std[617be2ca0a6fd877]::panicking::panic_handler::{closure#0}, !>
[INFO] [stdout]    9:     0x638f9245c34d - __rustc[ea4f61d10b84890b]::rust_begin_unwind
[INFO] [stdout]   10:     0x638f924988ec - core[a373ad73a504971]::panicking::panic_fmt
[INFO] [stdout]   11:     0x638f924986c2 - core[a373ad73a504971]::result::unwrap_failed
[INFO] [stdout]   12:     0x638f922b06e1 - transport[badf4e8cbae702d3]::test_docker_transport_broadcast::{closure#0}::{closure#0}
[INFO] [stdout]   13:     0x638f922f805b - <tokio[a311d56815dcfe47]::runtime::runtime::Runtime>::block_on::<core[a373ad73a504971]::pin::Pin<&mut dyn core[a373ad73a504971]::future::future::Future<Output = ()>>>
[INFO] [stdout]   14:     0x638f922d957b - <transport[badf4e8cbae702d3]::test_docker_transport_broadcast::{closure#0} as core[a373ad73a504971]::ops::function::FnOnce<()>>::call_once
[INFO] [stdout]   15:     0x638f92365e87 - serial_test[e31f19e4d38cd586]::serial_code_lock::local_serial_core
[INFO] [stdout]   16:     0x638f922d61d0 - <transport[badf4e8cbae702d3]::test_docker_transport_broadcast::{closure#0} as core[a373ad73a504971]::ops::function::FnOnce<()>>::call_once
[INFO] [stdout]   17:     0x638f92324a2b - test[aada8e7e76ba119b]::__rust_begin_short_backtrace::<core[a373ad73a504971]::result::Result<(), alloc[2e1b2a31b91974c5]::string::String>, fn() -> core[a373ad73a504971]::result::Result<(), alloc[2e1b2a31b91974c5]::string::String>>
[INFO] [stdout]   18:     0x638f92331c05 - test[aada8e7e76ba119b]::run_test::{closure#0}
[INFO] [stdout]   19:     0x638f9232b4f4 - std[617be2ca0a6fd877]::sys::backtrace::__rust_begin_short_backtrace::<test[aada8e7e76ba119b]::run_test::{closure#1}, ()>
[INFO] [stdout]   20:     0x638f92334c92 - <std[617be2ca0a6fd877]::thread::lifecycle::spawn_unchecked<test[aada8e7e76ba119b]::run_test::{closure#1}, ()>::{closure#1} as core[a373ad73a504971]::ops::function::FnOnce<()>>::call_once::{shim:vtable#0}
[INFO] [stdout]   21:     0x638f92480d0f - <std[617be2ca0a6fd877]::sys::thread::unix::Thread>::new::thread_start
[INFO] [stdout]   22:     0x75c29c704dfa - <unknown>
[INFO] [stdout]   23:     0x75c29c7983d4 - clone
[INFO] [stdout]   24:                0x0 - <unknown>
[INFO] [stdout] 
[INFO] [stdout] 
[INFO] [stdout] failures:
[INFO] [stdout]     test_bash_stdio_via_dispatcher
[INFO] [stdout]     test_docker_all_config_fields
[INFO] [stdout]     test_docker_nonjson_from_container
[INFO] [stdout]     test_docker_run_failure
[INFO] [stdout]     test_docker_transport_broadcast
[INFO] [stdout]     test_docker_transport_dispatch_and_result
[INFO] [stdout]     test_python_worker_e2e
[INFO] [stdout]     test_ssh_broadcast
[INFO] [stdout]     test_ssh_transport_dispatch_and_result
[INFO] [stdout]     test_ssh_with_identity_file
[INFO] [stdout]     test_stdio_bash_worker_unknown_task
[INFO] [stdout]     test_stdio_bash_worker_word_count
[INFO] [stdout]     test_stdio_broadcast
[INFO] [stdout]     test_stdio_multiple_tasks_sequential
[INFO] [stdout] 
[INFO] [stdout] test result: FAILED. 45 passed; 14 failed; 1 ignored; 0 measured; 0 filtered out; finished in 37.21s
[INFO] [stdout] 
[INFO] [stderr] error: test failed, to rerun pass `--test transport`
[INFO] running `Command { std: "docker" "inspect" "d66d8128522509d51a33c42a45f7775cd426013c2dd442a4d9cf54dda805e5aa", kill_on_drop: false }`
[INFO] running `Command { std: "docker" "rm" "-f" "d66d8128522509d51a33c42a45f7775cd426013c2dd442a4d9cf54dda805e5aa", kill_on_drop: false }`
[INFO] [stdout] d66d8128522509d51a33c42a45f7775cd426013c2dd442a4d9cf54dda805e5aa
