[INFO] fetching crate rust-pattern-components 0.1.3...
[INFO] testing rust-pattern-components-0.1.3 against 1.100.0-beta.1+cargoflags=--release for beta-release-1.100-2
[INFO] extracting crate rust-pattern-components 0.1.3 into /workspace/builds/worker-7-tc2/source
[INFO] started tweaking crates.io crate rust-pattern-components 0.1.3
[INFO] finished tweaking crates.io crate rust-pattern-components 0.1.3
[INFO] tweaked toml for crates.io crate rust-pattern-components 0.1.3 written to /workspace/builds/worker-7-tc2/source/Cargo.toml
[INFO] validating manifest of crates.io crate rust-pattern-components 0.1.3 on toolchain 1.100.0-beta.1
[INFO] running `Command { std: CARGO_HOME="/workspace/cargo-home" RUSTUP_HOME="/workspace/rustup-home" "/workspace/cargo-home/bin/cargo" "+1.100.0-beta.1" "metadata" "--manifest-path" "Cargo.toml" "--no-deps", kill_on_drop: false }`
[INFO] crate crates.io crate rust-pattern-components 0.1.3 already has a lockfile, it will not be regenerated
[INFO] running `Command { std: CARGO_HOME="/workspace/cargo-home" RUSTUP_HOME="/workspace/rustup-home" "/workspace/cargo-home/bin/cargo" "+1.100.0-beta.1" "fetch" "--manifest-path" "Cargo.toml", kill_on_drop: false }`
[INFO] running `Command { std: "docker" "create" "-v" "/var/lib/crater-agent-workspace/builds/worker-7-tc2/source:/opt/rustwide/workdir:ro,Z" "-v" "/var/lib/crater-agent-workspace/builds/worker-7-tc2/target:/opt/rustwide/target:rw,Z" "-v" "/var/lib/crater-agent-workspace/cargo-home:/opt/rustwide/cargo-home:ro,Z" "-v" "/var/lib/crater-agent-workspace/rustup-home:/opt/rustwide/rustup-home:ro,Z" "-m" "1610612736" "--network" "none" "ghcr.io/rust-lang/crates-build-env/linux@sha256:77db811e55d90add9212f6832c23229e3de5f1c1f9905e8cb07319ea15df73ac" "sleep" "infinity", kill_on_drop: false }`
[INFO] [stdout] 06e88f9842f8df14139420adb9737a5b7db5492f6adfc01cfeab8292f84b4083
[INFO] running `Command { std: "docker" "start" "06e88f9842f8df14139420adb9737a5b7db5492f6adfc01cfeab8292f84b4083", kill_on_drop: false }`
[INFO] running `Command { std: "docker" "inspect" "06e88f9842f8df14139420adb9737a5b7db5492f6adfc01cfeab8292f84b4083", kill_on_drop: false }`
[INFO] running `Command { std: "docker" "exec" "-e" "SOURCE_DIR=/opt/rustwide/workdir" "-e" "CARGO_HOME=/opt/rustwide/cargo-home" "-e" "RUSTUP_HOME=/opt/rustwide/rustup-home" "-e" "CARGO_TARGET_DIR=/opt/rustwide/target" "-w" "/opt/rustwide/workdir" "--user" "0:0" "06e88f9842f8df14139420adb9737a5b7db5492f6adfc01cfeab8292f84b4083" "/opt/rustwide/cargo-home/bin/cargo" "+1.100.0-beta.1" "metadata" "--no-deps" "--format-version=1", kill_on_drop: false }`
[INFO] running `Command { std: "docker" "inspect" "06e88f9842f8df14139420adb9737a5b7db5492f6adfc01cfeab8292f84b4083", kill_on_drop: false }`
[INFO] running `Command { std: "docker" "exec" "-e" "SOURCE_DIR=/opt/rustwide/workdir" "-e" "CARGO_HOME=/opt/rustwide/cargo-home" "-e" "RUSTUP_HOME=/opt/rustwide/rustup-home" "-e" "CARGO_TARGET_DIR=/opt/rustwide/target" "-e" "CARGO_INCREMENTAL=0" "-e" "RUST_BACKTRACE=full" "-e" "RUSTFLAGS=--cap-lints=warn" "-e" "RUSTDOCFLAGS=--cap-lints=warn" "-w" "/opt/rustwide/workdir" "--user" "0:0" "06e88f9842f8df14139420adb9737a5b7db5492f6adfc01cfeab8292f84b4083" "/opt/rustwide/cargo-home/bin/cargo" "+1.100.0-beta.1" "build" "--frozen" "--message-format=json" "--release", kill_on_drop: false }`
[INFO] [stderr]    Compiling inventory v0.3.24
[INFO] [stderr]    Compiling rust-pattern-components v0.1.3 (/opt/rustwide/workdir)
[INFO] [stderr]     Finished `release` profile [optimized] target(s) in 0.24s
[INFO] running `Command { std: "docker" "inspect" "06e88f9842f8df14139420adb9737a5b7db5492f6adfc01cfeab8292f84b4083", kill_on_drop: false }`
[INFO] running `Command { std: "docker" "exec" "-e" "SOURCE_DIR=/opt/rustwide/workdir" "-e" "CARGO_HOME=/opt/rustwide/cargo-home" "-e" "RUSTUP_HOME=/opt/rustwide/rustup-home" "-e" "CARGO_TARGET_DIR=/opt/rustwide/target" "-e" "CARGO_INCREMENTAL=0" "-e" "RUST_BACKTRACE=full" "-e" "RUSTFLAGS=--cap-lints=warn" "-e" "RUSTDOCFLAGS=--cap-lints=warn" "-w" "/opt/rustwide/workdir" "--user" "0:0" "06e88f9842f8df14139420adb9737a5b7db5492f6adfc01cfeab8292f84b4083" "/opt/rustwide/cargo-home/bin/cargo" "+1.100.0-beta.1" "test" "--frozen" "--no-run" "--message-format=json" "--release", kill_on_drop: false }`
[INFO] [stderr]    Compiling rust-pattern-components v0.1.3 (/opt/rustwide/workdir)
[INFO] [stderr]     Finished `release` profile [optimized] target(s) in 1.86s
[INFO] running `Command { std: "docker" "inspect" "06e88f9842f8df14139420adb9737a5b7db5492f6adfc01cfeab8292f84b4083", kill_on_drop: false }`
[INFO] running `Command { std: "docker" "exec" "-e" "SOURCE_DIR=/opt/rustwide/workdir" "-e" "CARGO_HOME=/opt/rustwide/cargo-home" "-e" "RUSTUP_HOME=/opt/rustwide/rustup-home" "-e" "CARGO_TARGET_DIR=/opt/rustwide/target" "-e" "CARGO_INCREMENTAL=0" "-e" "RUST_BACKTRACE=full" "-e" "RUSTFLAGS=--cap-lints=warn" "-e" "RUSTDOCFLAGS=--cap-lints=warn" "-w" "/opt/rustwide/workdir" "--user" "0:0" "06e88f9842f8df14139420adb9737a5b7db5492f6adfc01cfeab8292f84b4083" "/opt/rustwide/cargo-home/bin/cargo" "+1.100.0-beta.1" "test" "--frozen" "--release", kill_on_drop: false }`
[INFO] [stderr]     Finished `release` profile [optimized] target(s) in 0.05s
[INFO] [stderr]      Running unittests src/lib.rs (/opt/rustwide/target/release/build/rust-pattern-components/8001e173e8e6d8bf/out/rust_pattern_components-8001e173e8e6d8bf)
[INFO] [stdout] 
[INFO] [stdout] running 26 tests
[INFO] [stdout] test builder::tests::test_when_some_with_some ... ok
[INFO] [stdout] test builder::tests::test_builder_helper_multiple_types ... ok
[INFO] [stdout] test builder::tests::test_chaining_with_when_some ... ok
[INFO] [stdout] test builder::tests::test_when_some_with_none ... ok
[INFO] [stdout] test factory::tests::test_factory_creation ... ok
[INFO] [stdout] test builder::tests::test_builder_helper_mut_self ... ok
[INFO] [stdout] test builder::tests::test_builder_helper_self ... ok
[INFO] [stdout] test factory::tests::test_factory_error_cases ... ok
[INFO] [stdout] test factory::tests::test_factory_fallback_last ... ok
[INFO] [stdout] test factory::tests::test_factory_registration ... ok
[INFO] [stdout] test observer::tests::test_attach_and_notify ... ok
[INFO] [stdout] test factory::tests::test_factory_registry_new ... ok
[INFO] [stdout] test factory::tests::test_factory_fallback_first ... ok
[INFO] [stdout] test factory::tests::test_factory_error_display ... ok
[INFO] [stdout] test factory::tests::test_factory_no_factories_available ... ok
[INFO] [stdout] test factory::tests::test_factory_fallback_eq ... ok
[INFO] [stdout] test factory::tests::test_simple_factory_debug ... ok
[INFO] [stdout] test factory::tests::test_factory_fallback_debug ... ok
[INFO] [stdout] test observer::tests::test_detach ... ok
[INFO] [stdout] test observer::tests::test_detach_non_existent ... ok
[INFO] [stdout] test observer::tests::test_observer_weak_references ... ok
[INFO] [stdout] test observer::tests::test_duplicate_attach ... ok
[INFO] [stdout] test observer::tests::test_multiple_observers ... ok
[INFO] [stdout] test observer::tests::test_notify_with_no_observers ... ok
[INFO] [stdout] test observer::tests::test_notify_ignore_error ... ok
[INFO] [stdout] test observer::tests::test_notify_stop_on_error ... ok
[INFO] [stdout] 
[INFO] [stdout] test result: ok. 26 passed; 0 failed; 0 ignored; 0 measured; 0 filtered out; finished in 0.01s
[INFO] [stdout] 
[INFO] [stderr]    Doc-tests rust_pattern_components
[INFO] [stdout] 
[INFO] [stdout] running 10 tests
[INFO] [stdout] test src/builder.rs - builder::builder_helper (line 21) ... FAILED
[INFO] [stdout] test src/builder.rs - builder::builder_helper (line 10) ... FAILED
[INFO] [stdout] test src/builder.rs - builder::builder_helper (line 53) ... FAILED
[INFO] [stdout] test src/builder.rs - builder::builder_helper (line 35) ... FAILED
[INFO] [stdout] test src/observer.rs - observer::Observable (line 111) ... FAILED
[INFO] [stdout] test src/factory.rs - factory::SimpleFactory (line 56) - compile ... ok
[INFO] [stdout] test src/observer.rs - observer::Observer (line 27) ... FAILED
[INFO] [stdout] test src/observer.rs - observer::ObserverRegistry (line 180) ... FAILED
[INFO] [stdout] test src/factory.rs - factory::SimpleFactory (line 91) - compile ... ok
[INFO] [stdout] test src/observer.rs - observer::ObserverRegistry<T>::notify_ignore_error (line 338) ... ok
[INFO] [stdout] 
[INFO] [stdout] failures:
[INFO] [stdout] 
[INFO] [stdout] ---- src/builder.rs - builder::builder_helper (line 21) stdout ----
[INFO] [stdout] error[E0432]: unresolved import `rust_patterns_components`
[INFO] [stdout]   --> src/builder.rs:22:5
[INFO] [stdout]    |
[INFO] [stdout] 22 | use rust_patterns_components::builder_helper;
[INFO] [stdout]    |     ^^^^^^^^^^^^^^^^^^^^^^^^ use of unresolved module or unlinked crate `rust_patterns_components`
[INFO] [stdout]    |
[INFO] [stdout] help: there is a crate or module with a similar name
[INFO] [stdout]    |
[INFO] [stdout] 22 - use rust_patterns_components::builder_helper;
[INFO] [stdout] 22 + use rust_pattern_components::builder_helper;
[INFO] [stdout]    |
[INFO] [stdout] 
[INFO] [stdout] error: aborting due to 1 previous error
[INFO] [stdout] 
[INFO] [stdout] For more information about this error, try `rustc --explain E0432`.
[INFO] [stdout] Couldn't compile the test.
[INFO] [stdout] ---- src/builder.rs - builder::builder_helper (line 10) stdout ----
[INFO] [stdout] error[E0432]: unresolved import `rust_patterns_components`
[INFO] [stdout]   --> src/builder.rs:11:5
[INFO] [stdout]    |
[INFO] [stdout] 11 | use rust_patterns_components::builder_helper;
[INFO] [stdout]    |     ^^^^^^^^^^^^^^^^^^^^^^^^ use of unresolved module or unlinked crate `rust_patterns_components`
[INFO] [stdout]    |
[INFO] [stdout] help: there is a crate or module with a similar name
[INFO] [stdout]    |
[INFO] [stdout] 11 - use rust_patterns_components::builder_helper;
[INFO] [stdout] 11 + use rust_pattern_components::builder_helper;
[INFO] [stdout]    |
[INFO] [stdout] 
[INFO] [stdout] error: aborting due to 1 previous error
[INFO] [stdout] 
[INFO] [stdout] For more information about this error, try `rustc --explain E0432`.
[INFO] [stdout] Couldn't compile the test.
[INFO] [stdout] ---- src/builder.rs - builder::builder_helper (line 53) stdout ----
[INFO] [stdout] error[E0432]: unresolved import `rust_patterns_components`
[INFO] [stdout]   --> src/builder.rs:54:5
[INFO] [stdout]    |
[INFO] [stdout] 54 | use rust_patterns_components::builder_helper;
[INFO] [stdout]    |     ^^^^^^^^^^^^^^^^^^^^^^^^ use of unresolved module or unlinked crate `rust_patterns_components`
[INFO] [stdout]    |
[INFO] [stdout] help: there is a crate or module with a similar name
[INFO] [stdout]    |
[INFO] [stdout] 54 - use rust_patterns_components::builder_helper;
[INFO] [stdout] 54 + use rust_pattern_components::builder_helper;
[INFO] [stdout]    |
[INFO] [stdout] 
[INFO] [stdout] error: aborting due to 1 previous error
[INFO] [stdout] 
[INFO] [stdout] For more information about this error, try `rustc --explain E0432`.
[INFO] [stdout] Couldn't compile the test.
[INFO] [stdout] ---- src/builder.rs - builder::builder_helper (line 35) stdout ----
[INFO] [stdout] error[E0432]: unresolved import `rust_patterns_components`
[INFO] [stdout]   --> src/builder.rs:36:5
[INFO] [stdout]    |
[INFO] [stdout] 36 | use rust_patterns_components::builder_helper;
[INFO] [stdout]    |     ^^^^^^^^^^^^^^^^^^^^^^^^ use of unresolved module or unlinked crate `rust_patterns_components`
[INFO] [stdout]    |
[INFO] [stdout] help: there is a crate or module with a similar name
[INFO] [stdout]    |
[INFO] [stdout] 36 - use rust_patterns_components::builder_helper;
[INFO] [stdout] 36 + use rust_pattern_components::builder_helper;
[INFO] [stdout]    |
[INFO] [stdout] 
[INFO] [stdout] error: aborting due to 1 previous error
[INFO] [stdout] 
[INFO] [stdout] For more information about this error, try `rustc --explain E0432`.
[INFO] [stdout] Couldn't compile the test.
[INFO] [stdout] ---- src/observer.rs - observer::Observable (line 111) stdout ----
[INFO] [stdout] error[E0432]: unresolved import `rust_patterns_components`
[INFO] [stdout]    --> src/observer.rs:113:5
[INFO] [stdout]     |
[INFO] [stdout] 113 | use rust_patterns_components::{Observable, Observer, ObserverRegistry};
[INFO] [stdout]     |     ^^^^^^^^^^^^^^^^^^^^^^^^ use of unresolved module or unlinked crate `rust_patterns_components`
[INFO] [stdout]     |
[INFO] [stdout] help: there is a crate or module with a similar name
[INFO] [stdout]     |
[INFO] [stdout] 113 - use rust_patterns_components::{Observable, Observer, ObserverRegistry};
[INFO] [stdout] 113 + use rust_pattern_components::{Observable, Observer, ObserverRegistry};
[INFO] [stdout]     |
[INFO] [stdout] 
[INFO] [stdout] error: aborting due to 1 previous error
[INFO] [stdout] 
[INFO] [stdout] For more information about this error, try `rustc --explain E0432`.
[INFO] [stdout] Couldn't compile the test.
[INFO] [stdout] ---- src/observer.rs - observer::Observer (line 27) stdout ----
[INFO] [stdout] error[E0432]: unresolved import `rust_patterns_components`
[INFO] [stdout]   --> src/observer.rs:29:5
[INFO] [stdout]    |
[INFO] [stdout] 29 | use rust_patterns_components::{Observer, Observable};
[INFO] [stdout]    |     ^^^^^^^^^^^^^^^^^^^^^^^^ use of unresolved module or unlinked crate `rust_patterns_components`
[INFO] [stdout]    |
[INFO] [stdout] help: there is a crate or module with a similar name
[INFO] [stdout]    |
[INFO] [stdout] 29 - use rust_patterns_components::{Observer, Observable};
[INFO] [stdout] 29 + use rust_pattern_components::{Observer, Observable};
[INFO] [stdout]    |
[INFO] [stdout] 
[INFO] [stdout] error: aborting due to 1 previous error
[INFO] [stdout] 
[INFO] [stdout] For more information about this error, try `rustc --explain E0432`.
[INFO] [stdout] Couldn't compile the test.
[INFO] [stdout] ---- src/observer.rs - observer::ObserverRegistry (line 180) stdout ----
[INFO] [stdout] error[E0432]: unresolved import `rust_patterns_components`
[INFO] [stdout]    --> src/observer.rs:182:5
[INFO] [stdout]     |
[INFO] [stdout] 182 | use rust_patterns_components::{Observable, Observer, ObserverRegistry};
[INFO] [stdout]     |     ^^^^^^^^^^^^^^^^^^^^^^^^ use of unresolved module or unlinked crate `rust_patterns_components`
[INFO] [stdout]     |
[INFO] [stdout] help: there is a crate or module with a similar name
[INFO] [stdout]     |
[INFO] [stdout] 182 - use rust_patterns_components::{Observable, Observer, ObserverRegistry};
[INFO] [stdout] 182 + use rust_pattern_components::{Observable, Observer, ObserverRegistry};
[INFO] [stdout]     |
[INFO] [stdout] 
[INFO] [stdout] error: aborting due to 1 previous error
[INFO] [stdout] 
[INFO] [stdout] For more information about this error, try `rustc --explain E0432`.
[INFO] [stdout] Couldn't compile the test.
[INFO] [stdout] 
[INFO] [stdout] failures:
[INFO] [stdout]     src/builder.rs - builder::builder_helper (line 10)
[INFO] [stdout]     src/builder.rs - builder::builder_helper (line 21)
[INFO] [stdout]     src/builder.rs - builder::builder_helper (line 35)
[INFO] [stdout]     src/builder.rs - builder::builder_helper (line 53)
[INFO] [stdout]     src/observer.rs - observer::Observable (line 111)
[INFO] [stdout]     src/observer.rs - observer::Observer (line 27)
[INFO] [stdout]     src/observer.rs - observer::ObserverRegistry (line 180)
[INFO] [stdout] 
[INFO] [stdout] test result: FAILED. 3 passed; 7 failed; 0 ignored; 0 measured; 0 filtered out; finished in 0.72s
[INFO] [stdout] 
[INFO] [stdout] all doctests ran in 0.81s; merged doctests compilation took 0.08s
[INFO] [stderr] error: doctest failed, to rerun pass `--doc`
[INFO] running `Command { std: "docker" "inspect" "06e88f9842f8df14139420adb9737a5b7db5492f6adfc01cfeab8292f84b4083", kill_on_drop: false }`
[INFO] running `Command { std: "docker" "rm" "-f" "06e88f9842f8df14139420adb9737a5b7db5492f6adfc01cfeab8292f84b4083", kill_on_drop: false }`
[INFO] [stdout] 06e88f9842f8df14139420adb9737a5b7db5492f6adfc01cfeab8292f84b4083
