[INFO] fetching crate rust-main-abel-test 0.1.0...
[INFO] testing rust-main-abel-test-0.1.0 against 1.100.0-beta.1+cargoflags=--release for beta-release-1.100-2
[INFO] extracting crate rust-main-abel-test 0.1.0 into /workspace/builds/worker-3-tc2/source
[INFO] started tweaking crates.io crate rust-main-abel-test 0.1.0
[INFO] finished tweaking crates.io crate rust-main-abel-test 0.1.0
[INFO] tweaked toml for crates.io crate rust-main-abel-test 0.1.0 written to /workspace/builds/worker-3-tc2/source/Cargo.toml
[INFO] validating manifest of crates.io crate rust-main-abel-test 0.1.0 on toolchain 1.100.0-beta.1
[INFO] running `Command { std: CARGO_HOME="/workspace/cargo-home" RUSTUP_HOME="/workspace/rustup-home" "/workspace/cargo-home/bin/cargo" "+1.100.0-beta.1" "metadata" "--manifest-path" "Cargo.toml" "--no-deps", kill_on_drop: false }`
[INFO] crate crates.io crate rust-main-abel-test 0.1.0 already has a lockfile, it will not be regenerated
[INFO] running `Command { std: CARGO_HOME="/workspace/cargo-home" RUSTUP_HOME="/workspace/rustup-home" "/workspace/cargo-home/bin/cargo" "+1.100.0-beta.1" "fetch" "--manifest-path" "Cargo.toml", kill_on_drop: false }`
[INFO] running `Command { std: "docker" "create" "-v" "/var/lib/crater-agent-workspace/builds/worker-3-tc2/source:/opt/rustwide/workdir:ro,Z" "-v" "/var/lib/crater-agent-workspace/builds/worker-3-tc2/target:/opt/rustwide/target:rw,Z" "-v" "/var/lib/crater-agent-workspace/cargo-home:/opt/rustwide/cargo-home:ro,Z" "-v" "/var/lib/crater-agent-workspace/rustup-home:/opt/rustwide/rustup-home:ro,Z" "-m" "1610612736" "--network" "none" "ghcr.io/rust-lang/crates-build-env/linux@sha256:77db811e55d90add9212f6832c23229e3de5f1c1f9905e8cb07319ea15df73ac" "sleep" "infinity", kill_on_drop: false }`
[INFO] [stdout] aec3675df9eb4221fdab424bf66a52e77d8b62589f68234acaf0fb06a40d3b2b
[INFO] running `Command { std: "docker" "start" "aec3675df9eb4221fdab424bf66a52e77d8b62589f68234acaf0fb06a40d3b2b", kill_on_drop: false }`
[INFO] running `Command { std: "docker" "inspect" "aec3675df9eb4221fdab424bf66a52e77d8b62589f68234acaf0fb06a40d3b2b", kill_on_drop: false }`
[INFO] running `Command { std: "docker" "exec" "-e" "SOURCE_DIR=/opt/rustwide/workdir" "-e" "CARGO_HOME=/opt/rustwide/cargo-home" "-e" "RUSTUP_HOME=/opt/rustwide/rustup-home" "-e" "CARGO_TARGET_DIR=/opt/rustwide/target" "-w" "/opt/rustwide/workdir" "--user" "0:0" "aec3675df9eb4221fdab424bf66a52e77d8b62589f68234acaf0fb06a40d3b2b" "/opt/rustwide/cargo-home/bin/cargo" "+1.100.0-beta.1" "metadata" "--no-deps" "--format-version=1", kill_on_drop: false }`
[INFO] running `Command { std: "docker" "inspect" "aec3675df9eb4221fdab424bf66a52e77d8b62589f68234acaf0fb06a40d3b2b", kill_on_drop: false }`
[INFO] running `Command { std: "docker" "exec" "-e" "SOURCE_DIR=/opt/rustwide/workdir" "-e" "CARGO_HOME=/opt/rustwide/cargo-home" "-e" "RUSTUP_HOME=/opt/rustwide/rustup-home" "-e" "CARGO_TARGET_DIR=/opt/rustwide/target" "-e" "CARGO_INCREMENTAL=0" "-e" "RUST_BACKTRACE=full" "-e" "RUSTFLAGS=--cap-lints=warn" "-e" "RUSTDOCFLAGS=--cap-lints=warn" "-w" "/opt/rustwide/workdir" "--user" "0:0" "aec3675df9eb4221fdab424bf66a52e77d8b62589f68234acaf0fb06a40d3b2b" "/opt/rustwide/cargo-home/bin/cargo" "+1.100.0-beta.1" "build" "--frozen" "--message-format=json" "--release", kill_on_drop: false }`
[INFO] [stderr]    Compiling autocfg v1.1.0
[INFO] [stderr]    Compiling libc v0.2.142
[INFO] [stderr]    Compiling cfg-if v1.0.0
[INFO] [stderr]    Compiling proc-macro2 v1.0.47
[INFO] [stderr]    Compiling quote v1.0.21
[INFO] [stderr]    Compiling unicode-ident v1.0.5
[INFO] [stderr]    Compiling syn v1.0.105
[INFO] [stderr]    Compiling log v0.4.17
[INFO] [stderr]    Compiling pkg-config v0.3.26
[INFO] [stderr]    Compiling cc v1.0.79
[INFO] [stderr]    Compiling once_cell v1.17.0
[INFO] [stderr]    Compiling pin-project-lite v0.2.9
[INFO] [stderr]    Compiling parking_lot_core v0.9.5
[INFO] [stderr]    Compiling memchr v2.5.0
[INFO] [stderr]    Compiling bytes v1.3.0
[INFO] [stderr]    Compiling smallvec v1.10.0
[INFO] [stderr]    Compiling futures-core v0.3.26
[INFO] [stderr]    Compiling scopeguard v1.1.0
[INFO] [stderr]    Compiling itoa v1.0.5
[INFO] [stderr]    Compiling futures-task v0.3.26
[INFO] [stderr]    Compiling tracing-core v0.1.30
[INFO] [stderr]    Compiling openssl v0.10.45
[INFO] [stderr]    Compiling foreign-types-shared v0.1.1
[INFO] [stderr]    Compiling fnv v1.0.7
[INFO] [stderr]    Compiling futures-util v0.3.26
[INFO] [stderr]    Compiling foreign-types v0.3.2
[INFO] [stderr]    Compiling futures-channel v0.3.26
[INFO] [stderr]    Compiling bitflags v1.3.2
[INFO] [stderr]    Compiling pin-utils v0.1.0
[INFO] [stderr]    Compiling native-tls v0.2.11
[INFO] [stderr]    Compiling futures-sink v0.3.26
[INFO] [stderr]    Compiling httparse v1.8.0
[INFO] [stderr]    Compiling tinyvec_macros v0.1.0
[INFO] [stderr]    Compiling hashbrown v0.12.3
[INFO] [stderr]    Compiling lock_api v0.4.9
[INFO] [stderr]    Compiling tokio v1.23.0
[INFO] [stderr]    Compiling indexmap v1.9.2
[INFO] [stderr]    Compiling slab v0.4.7
[INFO] [stderr]    Compiling tinyvec v1.6.0
[INFO] [stderr]    Compiling num-traits v0.2.15
[INFO] [stderr]    Compiling serde v1.0.152
[INFO] [stderr]    Compiling try-lock v0.2.4
[INFO] [stderr]    Compiling percent-encoding v2.2.0
[INFO] [stderr]    Compiling openssl-probe v0.1.5
[INFO] [stderr]    Compiling want v0.3.0
[INFO] [stderr]    Compiling tracing v0.1.37
[INFO] [stderr]    Compiling form_urlencoded v1.1.0
[INFO] [stderr]    Compiling num-integer v0.1.45
[INFO] [stderr]    Compiling httpdate v1.0.2
[INFO] [stderr]    Compiling tower-service v0.3.2
[INFO] [stderr]    Compiling unicode-bidi v0.3.10
[INFO] [stderr]    Compiling http v0.2.8
[INFO] [stderr]    Compiling ryu v1.0.12
[INFO] [stderr]    Compiling ppv-lite86 v0.2.17
[INFO] [stderr]    Compiling encoding_rs v0.8.32
[INFO] [stderr]    Compiling openssl-sys v0.9.80
[INFO] [stderr]    Compiling mime v0.3.16
[INFO] [stderr]    Compiling unicode-normalization v0.1.22
[INFO] [stderr]    Compiling ipnet v2.7.1
[INFO] [stderr]    Compiling base64 v0.21.0
[INFO] [stderr]    Compiling iana-time-zone v0.1.53
[INFO] [stderr]    Compiling num_cpus v1.15.0
[INFO] [stderr]    Compiling socket2 v0.4.7
[INFO] [stderr]    Compiling mio v0.8.5
[INFO] [stderr]    Compiling signal-hook-registry v1.4.0
[INFO] [stderr]    Compiling parking_lot v0.12.1
[INFO] [stderr]    Compiling http-body v0.4.5
[INFO] [stderr]    Compiling getrandom v0.2.9
[INFO] [stderr]    Compiling rand_core v0.6.4
[INFO] [stderr]    Compiling idna v0.3.0
[INFO] [stderr]    Compiling time v0.1.45
[INFO] [stderr]    Compiling rand_chacha v0.3.1
[INFO] [stderr]    Compiling chrono v0.4.23
[INFO] [stderr]    Compiling rand v0.8.5
[INFO] [stderr]    Compiling url v2.3.1
[INFO] [stderr]    Compiling serde_urlencoded v0.7.1
[INFO] [stderr]    Compiling tokio-macros v1.8.2
[INFO] [stderr]    Compiling openssl-macros v0.1.0
[INFO] [stderr]    Compiling tokio-util v0.7.7
[INFO] [stderr]    Compiling tokio-native-tls v0.3.1
[INFO] [stderr]    Compiling h2 v0.3.15
[INFO] [stderr]    Compiling hyper v0.14.24
[INFO] [stderr]    Compiling hyper-tls v0.5.0
[INFO] [stderr]    Compiling reqwest v0.11.14
[INFO] [stderr]    Compiling rust-main-abel-test v0.1.0 (/opt/rustwide/workdir)
[INFO] [stderr] warning: unused dependency `chrono`
[INFO] [stderr]  --> Cargo.toml:1:15
[INFO] [stderr]   |
[INFO] [stderr] 1 | [dependencies.chrono]
[INFO] [stderr]   |               ^^^^^^^
[INFO] [stderr]   |
[INFO] [stderr]   = note: `cargo::unused_dependencies` is set to `warn` by default
[INFO] [stderr] help: consider removing the dependency on `chrono`
[INFO] [stderr] warning: unused dependency `rand`
[INFO] [stderr]  --> Cargo.toml:4:15
[INFO] [stderr]   |
[INFO] [stderr] 4 | [dependencies.rand]
[INFO] [stderr]   |               ^^^^^
[INFO] [stderr]   |
[INFO] [stderr] help: consider removing the dependency on `rand`
[INFO] [stderr] warning: unused dependency `reqwest`
[INFO] [stderr]  --> Cargo.toml:7:15
[INFO] [stderr]   |
[INFO] [stderr] 7 | [dependencies.reqwest]
[INFO] [stderr]   |               ^^^^^^^^
[INFO] [stderr]   |
[INFO] [stderr] help: consider removing the dependency on `reqwest`
[INFO] [stderr] warning: `rust-main-abel-test` (manifest) generated 3 warnings
[INFO] [stderr]     Finished `release` profile [optimized] target(s) in 48.35s
[INFO] [stderr] warning: the following packages contain code that will be rejected by a future version of Rust: openssl v0.10.45
[INFO] [stderr] note: to see what the problems were, use the option `--future-incompat-report`, or run `cargo report future-incompatibilities --id 3`
[INFO] running `Command { std: "docker" "inspect" "aec3675df9eb4221fdab424bf66a52e77d8b62589f68234acaf0fb06a40d3b2b", kill_on_drop: false }`
[INFO] running `Command { std: "docker" "exec" "-e" "SOURCE_DIR=/opt/rustwide/workdir" "-e" "CARGO_HOME=/opt/rustwide/cargo-home" "-e" "RUSTUP_HOME=/opt/rustwide/rustup-home" "-e" "CARGO_TARGET_DIR=/opt/rustwide/target" "-e" "CARGO_INCREMENTAL=0" "-e" "RUST_BACKTRACE=full" "-e" "RUSTFLAGS=--cap-lints=warn" "-e" "RUSTDOCFLAGS=--cap-lints=warn" "-w" "/opt/rustwide/workdir" "--user" "0:0" "aec3675df9eb4221fdab424bf66a52e77d8b62589f68234acaf0fb06a40d3b2b" "/opt/rustwide/cargo-home/bin/cargo" "+1.100.0-beta.1" "test" "--frozen" "--no-run" "--message-format=json" "--release", kill_on_drop: false }`
[INFO] [stderr]    Compiling rust-main-abel-test v0.1.0 (/opt/rustwide/workdir)
[INFO] [stderr] warning: unused dependency `chrono`
[INFO] [stderr]  --> Cargo.toml:1:15
[INFO] [stderr]   |
[INFO] [stderr] 1 | [dependencies.chrono]
[INFO] [stderr]   |               ^^^^^^^
[INFO] [stderr]   |
[INFO] [stderr]   = note: `cargo::unused_dependencies` is set to `warn` by default
[INFO] [stderr] help: consider removing the dependency on `chrono`
[INFO] [stderr] warning: unused dependency `rand`
[INFO] [stderr]  --> Cargo.toml:4:15
[INFO] [stderr]   |
[INFO] [stderr] 4 | [dependencies.rand]
[INFO] [stderr]   |               ^^^^^
[INFO] [stderr]   |
[INFO] [stderr] help: consider removing the dependency on `rand`
[INFO] [stderr] warning: unused dependency `reqwest`
[INFO] [stderr]  --> Cargo.toml:7:15
[INFO] [stderr]   |
[INFO] [stderr] 7 | [dependencies.reqwest]
[INFO] [stderr]   |               ^^^^^^^^
[INFO] [stderr]   |
[INFO] [stderr] help: consider removing the dependency on `reqwest`
[INFO] [stderr] warning: `rust-main-abel-test` (manifest) generated 3 warnings
[INFO] [stderr]     Finished `release` profile [optimized] target(s) in 0.74s
[INFO] [stderr] warning: the following packages contain code that will be rejected by a future version of Rust: openssl v0.10.45
[INFO] [stderr] note: to see what the problems were, use the option `--future-incompat-report`, or run `cargo report future-incompatibilities --id 3`
[INFO] running `Command { std: "docker" "inspect" "aec3675df9eb4221fdab424bf66a52e77d8b62589f68234acaf0fb06a40d3b2b", kill_on_drop: false }`
[INFO] running `Command { std: "docker" "exec" "-e" "SOURCE_DIR=/opt/rustwide/workdir" "-e" "CARGO_HOME=/opt/rustwide/cargo-home" "-e" "RUSTUP_HOME=/opt/rustwide/rustup-home" "-e" "CARGO_TARGET_DIR=/opt/rustwide/target" "-e" "CARGO_INCREMENTAL=0" "-e" "RUST_BACKTRACE=full" "-e" "RUSTFLAGS=--cap-lints=warn" "-e" "RUSTDOCFLAGS=--cap-lints=warn" "-w" "/opt/rustwide/workdir" "--user" "0:0" "aec3675df9eb4221fdab424bf66a52e77d8b62589f68234acaf0fb06a40d3b2b" "/opt/rustwide/cargo-home/bin/cargo" "+1.100.0-beta.1" "test" "--frozen" "--release", kill_on_drop: false }`
[INFO] [stderr] warning: unused dependency `chrono`
[INFO] [stderr]  --> Cargo.toml:1:15
[INFO] [stderr]   |
[INFO] [stderr] 1 | [dependencies.chrono]
[INFO] [stderr]   |               ^^^^^^^
[INFO] [stderr]   |
[INFO] [stderr]   = note: `cargo::unused_dependencies` is set to `warn` by default
[INFO] [stderr] help: consider removing the dependency on `chrono`
[INFO] [stderr] warning: unused dependency `rand`
[INFO] [stderr]  --> Cargo.toml:4:15
[INFO] [stderr]   |
[INFO] [stderr] 4 | [dependencies.rand]
[INFO] [stderr]   |               ^^^^^
[INFO] [stderr]   |
[INFO] [stderr] help: consider removing the dependency on `rand`
[INFO] [stderr] warning: unused dependency `reqwest`
[INFO] [stderr]  --> Cargo.toml:7:15
[INFO] [stderr]   |
[INFO] [stderr] 7 | [dependencies.reqwest]
[INFO] [stderr]   |               ^^^^^^^^
[INFO] [stderr]   |
[INFO] [stderr] help: consider removing the dependency on `reqwest`
[INFO] [stderr] warning: `rust-main-abel-test` (manifest) generated 3 warnings
[INFO] [stderr]     Finished `release` profile [optimized] target(s) in 0.14s
[INFO] [stderr] warning: the following packages contain code that will be rejected by a future version of Rust: openssl v0.10.45
[INFO] [stderr] note: to see what the problems were, use the option `--future-incompat-report`, or run `cargo report future-incompatibilities --id 3`
[INFO] [stderr]      Running unittests src/lib.rs (/opt/rustwide/target/release/build/rust-main-abel-test/f69afad9891ef2cb/out/rust_main_abel_test-f69afad9891ef2cb)
[INFO] [stdout] 
[INFO] [stdout] running 1 test
[INFO] [stdout] test tests::case_sensitive ... FAILED
[INFO] [stdout] 
[INFO] [stdout] failures:
[INFO] [stdout] 
[INFO] [stdout] ---- tests::case_sensitive stdout ----
[INFO] [stdout] 
[INFO] [stdout] thread 'tests::case_sensitive' (1986) panicked at src/lib.rs:65:9:
[INFO] [stdout] assertion `left == right` failed
[INFO] [stdout]   left: ["Rust"]
[INFO] [stdout]  right: []
[INFO] [stdout] stack backtrace:
[INFO] [stdout]    0:     0x5d4fd29f1061 - <<std[617be2ca0a6fd877]::sys::backtrace::BacktraceLock>::print::DisplayBacktrace as core[a373ad73a504971]::fmt::Display>::fmt
[INFO] [stdout]    1:     0x5d4fd2a04f8a - core[a373ad73a504971]::fmt::write
[INFO] [stdout]    2:     0x5d4fd29f527c - <alloc[2e1b2a31b91974c5]::vec::Vec<u8> as core[a373ad73a504971]::io::write::Write>::write_fmt
[INFO] [stdout]    3:     0x5d4fd29cd4c6 - std[617be2ca0a6fd877]::panicking::default_hook::{closure#0}
[INFO] [stdout]    4:     0x5d4fd29e96f9 - std[617be2ca0a6fd877]::panicking::default_hook
[INFO] [stdout]    5:     0x5d4fd2985da0 - test[aada8e7e76ba119b]::test_main_inner::{closure#0}
[INFO] [stdout]    6:     0x5d4fd29e98b2 - std[617be2ca0a6fd877]::panicking::panic_with_hook
[INFO] [stdout]    7:     0x5d4fd29cd572 - std[617be2ca0a6fd877]::panicking::panic_handler::{closure#0}
[INFO] [stdout]    8:     0x5d4fd29c6289 - std[617be2ca0a6fd877]::sys::backtrace::__rust_end_short_backtrace::<std[617be2ca0a6fd877]::panicking::panic_handler::{closure#0}, !>
[INFO] [stdout]    9:     0x5d4fd29ce17d - __rustc[ea4f61d10b84890b]::rust_begin_unwind
[INFO] [stdout]   10:     0x5d4fd2a056bc - core[a373ad73a504971]::panicking::panic_fmt
[INFO] [stdout]   11:     0x5d4fd2a055d3 - core[a373ad73a504971]::panicking::assert_failed_inner
[INFO] [stdout]   12:     0x5d4fd2978b9d - core[a373ad73a504971]::panicking::assert_failed::<alloc[2e1b2a31b91974c5]::vec::Vec<&str>, alloc[2e1b2a31b91974c5]::vec::Vec<&str>>
[INFO] [stdout]   13:     0x5d4fd2979140 - <rust_main_abel_test[1e6a749575335a5d]::tests::case_sensitive::{closure#0} as core[a373ad73a504971]::ops::function::FnOnce<()>>::call_once
[INFO] [stdout]   14:     0x5d4fd29791eb - test[aada8e7e76ba119b]::__rust_begin_short_backtrace::<core[a373ad73a504971]::result::Result<(), alloc[2e1b2a31b91974c5]::string::String>, fn() -> core[a373ad73a504971]::result::Result<(), alloc[2e1b2a31b91974c5]::string::String>>
[INFO] [stdout]   15:     0x5d4fd29863c5 - test[aada8e7e76ba119b]::run_test::{closure#0}
[INFO] [stdout]   16:     0x5d4fd297fcb4 - std[617be2ca0a6fd877]::sys::backtrace::__rust_begin_short_backtrace::<test[aada8e7e76ba119b]::run_test::{closure#1}, ()>
[INFO] [stdout]   17:     0x5d4fd2989452 - <std[617be2ca0a6fd877]::thread::lifecycle::spawn_unchecked<test[aada8e7e76ba119b]::run_test::{closure#1}, ()>::{closure#1} as core[a373ad73a504971]::ops::function::FnOnce<()>>::call_once::{shim:vtable#0}
[INFO] [stdout]   18:     0x5d4fd29f08bf - <std[617be2ca0a6fd877]::sys::thread::unix::Thread>::new::thread_start
[INFO] [stdout]   19:     0x712328234dfa - <unknown>
[INFO] [stdout]   20:     0x7123282c83d4 - clone
[INFO] [stdout]   21:                0x0 - <unknown>
[INFO] [stdout] 
[INFO] [stdout] 
[INFO] [stdout] failures:
[INFO] [stdout]     tests::case_sensitive
[INFO] [stdout] 
[INFO] [stdout] test result: FAILED. 0 passed; 1 failed; 0 ignored; 0 measured; 0 filtered out; finished in 0.00s
[INFO] [stdout] 
[INFO] [stderr] error: test failed, to rerun pass `--lib`
[INFO] running `Command { std: "docker" "inspect" "aec3675df9eb4221fdab424bf66a52e77d8b62589f68234acaf0fb06a40d3b2b", kill_on_drop: false }`
[INFO] running `Command { std: "docker" "rm" "-f" "aec3675df9eb4221fdab424bf66a52e77d8b62589f68234acaf0fb06a40d3b2b", kill_on_drop: false }`
[INFO] [stdout] aec3675df9eb4221fdab424bf66a52e77d8b62589f68234acaf0fb06a40d3b2b
